Feb 21 09:46:15.814594 dv-cinder-804735-19-smb neutron-server[109897]: DEBUG neutron.plugins.ml2.rpc [None req-ec3e6d3b-1b7b-421e-829c-296ddfea85f6 None None] Device 9ddbe1a4-9978-4b33-9c00-76d2b8c25ba8 up at agent hyperv_hv-cinder-80473 {{(pid=109897) update_device_up /opt/stack/neutron/neutron/plugins/ml2/rpc.py:296}}
Feb 21 09:46:15.818424 dv-cinder-804735-19-smb neutron-server[109895]: DEBUG neutron.wsgi [-] (109895) accepted ('10.222.0.72', 54748) {{(pid=109895) server /usr/local/lib/python3.8/dist-packages/eventlet/wsgi.py:1004}}
Feb 21 09:46:15.842447 dv-cinder-804735-19-smb neutron-server[109896]: DEBUG neutron_lib.callbacks.manager [None req-ce053e13-7027-4ff0-b110-5a6133754a4f admin admin] Publish callbacks [] for security_group (5e5c3eb3-5782-413b-bdc3-64d1ae66ebd6), before_delete {{(pid=109896) _notify_loop /usr/local/lib/python3.8/dist-packages/neutron_lib/callbacks/manager.py:176}}
Feb 21 09:46:15.874605 dv-cinder-804735-19-smb neutron-server[109896]: DEBUG neutron_lib.callbacks.manager [None req-ce053e13-7027-4ff0-b110-5a6133754a4f admin admin] Publish callbacks [] for security_group (5e5c3eb3-5782-413b-bdc3-64d1ae66ebd6), precommit_delete {{(pid=109896) _notify_loop /usr/local/lib/python3.8/dist-packages/neutron_lib/callbacks/manager.py:176}}
Feb 21 09:46:15.885535 dv-cinder-804735-19-smb neutron-server[109895]: DEBUG neutron_lib.callbacks.manager [None req-ffe36422-6f13-424d-a516-09a1069a4c36 admin admin] Publish callbacks [] for security_group (ea39c85f-e62e-4064-80a2-ff21b2a55035), before_delete {{(pid=109895) _notify_loop /usr/local/lib/python3.8/dist-packages/neutron_lib/callbacks/manager.py:176}}
Feb 21 09:46:15.901561 dv-cinder-804735-19-smb neutron-server[109897]: DEBUG neutron.api.rpc.handlers.resources_rpc [None req-ec3e6d3b-1b7b-421e-829c-296ddfea85f6 None None] Pushing event updated for resources: {'Port': ['ID=8ecaa492-24c4-435f-a4be-81fb4968d0fd,revision_number=5']} {{(pid=109897) push /opt/stack/neutron/neutron/api/rpc/handlers/resources_rpc.py:237}}
Feb 21 09:46:15.914178 dv-cinder-804735-19-smb neutron-server[109895]: DEBUG neutron_lib.callbacks.manager [None req-ffe36422-6f13-424d-a516-09a1069a4c36 admin admin] Publish callbacks [] for security_group (ea39c85f-e62e-4064-80a2-ff21b2a55035), precommit_delete {{(pid=109895) _notify_loop /usr/local/lib/python3.8/dist-packages/neutron_lib/callbacks/manager.py:176}}
Feb 21 09:46:15.948188 dv-cinder-804735-19-smb neutron-server[109897]: DEBUG neutron.notifiers.nova [-] Sending events: [{'server_uuid': 'bd7c254e-5101-48a3-a05b-040a6c96e733', 'name': 'network-vif-plugged', 'status': 'completed', 'tag': '2cc354b9-79b2-4fdc-b0ed-5cc616794f16'}, {'server_uuid': '1d911ca9-c176-457f-a3fb-5592f3288914', 'name': 'network-vif-plugged', 'status': 'completed', 'tag': '8ecaa492-24c4-435f-a4be-81fb4968d0fd'}] {{(pid=109897) send_events /opt/stack/neutron/neutron/notifiers/nova.py:271}}
Feb 21 09:46:15.951054 dv-cinder-804735-19-smb neutron-server[109897]: DEBUG novaclient.v2.client [-] REQ: curl -g -i --cacert "/opt/stack/data/ca-bundle.pem" -X POST http://10.222.0.72/compute/v2.1/os-server-external-events -H "Accept: application/json" -H "Content-Type: application/json" -H "User-Agent: python-novaclient" -H "X-Auth-Token: {SHA256}1110e543f40e38384a9571e89e54275f889c266891516da5bada659d3a092064" -H "X-OpenStack-Nova-API-Version: 2.1" -H "X-OpenStack-Request-ID: req-fb8e9eba-10e2-4dde-813d-ffaac96abcca" -d '{"events": [{"server_uuid": "bd7c254e-5101-48a3-a05b-040a6c96e733", "name": "network-vif-plugged", "status": "completed", "tag": "2cc354b9-79b2-4fdc-b0ed-5cc616794f16"}, {"server_uuid": "1d911ca9-c176-457f-a3fb-5592f3288914", "name": "network-vif-plugged", "status": "completed", "tag": "8ecaa492-24c4-435f-a4be-81fb4968d0fd"}]}' {{(pid=109897) _http_log_request /usr/local/lib/python3.8/dist-packages/keystoneauth1/session.py:519}}
Feb 21 09:46:15.998542 dv-cinder-804735-19-smb neutron-server[109897]: DEBUG novaclient.v2.client [-] RESP: [200] Connection: close Content-Length: 354 Content-Type: application/json Date: Mon, 21 Feb 2022 09:46:15 GMT OpenStack-API-Version: compute 2.1 Server: Apache/2.4.41 (Ubuntu) Vary: OpenStack-API-Version,X-OpenStack-Nova-API-Version X-OpenStack-Nova-API-Version: 2.1 x-compute-request-id: req-f1e698b6-a055-44e4-bff1-5ffae7273867 x-openstack-request-id: req-f1e698b6-a055-44e4-bff1-5ffae7273867 {{(pid=109897) _http_log_response /usr/local/lib/python3.8/dist-packages/keystoneauth1/session.py:550}}
Feb 21 09:46:15.998875 dv-cinder-804735-19-smb neutron-server[109897]: DEBUG novaclient.v2.client [-] RESP BODY: {"events": [{"server_uuid": "bd7c254e-5101-48a3-a05b-040a6c96e733", "name": "network-vif-plugged", "status": "completed", "tag": "2cc354b9-79b2-4fdc-b0ed-5cc616794f16", "code": 200}, {"server_uuid": "1d911ca9-c176-457f-a3fb-5592f3288914", "name": "network-vif-plugged", "status": "completed", "tag": "8ecaa492-24c4-435f-a4be-81fb4968d0fd", "code": 200}]} {{(pid=109897) _http_log_response /usr/local/lib/python3.8/dist-packages/keystoneauth1/session.py:582}}
Feb 21 09:46:15.999156 dv-cinder-804735-19-smb neutron-server[109897]: DEBUG novaclient.v2.client [-] POST call to compute for http://10.222.0.72/compute/v2.1/os-server-external-events used request id req-f1e698b6-a055-44e4-bff1-5ffae7273867 {{(pid=109897) request /usr/local/lib/python3.8/dist-packages/keystoneauth1/session.py:954}}
Feb 21 09:46:15.999591 dv-cinder-804735-19-smb neutron-server[109897]: INFO neutron.notifiers.nova [-] Nova event response: {'server_uuid': 'bd7c254e-5101-48a3-a05b-040a6c96e733', 'name': 'network-vif-plugged', 'status': 'completed', 'tag': '2cc354b9-79b2-4fdc-b0ed-5cc616794f16', 'code': 200}
Feb 21 09:46:16.000128 dv-cinder-804735-19-smb neutron-server[109897]: INFO neutron.notifiers.nova [-] Nova event response: {'server_uuid': '1d911ca9-c176-457f-a3fb-5592f3288914', 'name': 'network-vif-plugged', 'status': 'completed', 'tag': '8ecaa492-24c4-435f-a4be-81fb4968d0fd', 'code': 200}
Feb 21 09:46:16.001404 dv-cinder-804735-19-smb neutron-server[109896]: DEBUG neutron_lib.callbacks.manager [None req-ce053e13-7027-4ff0-b110-5a6133754a4f admin admin] Publish callbacks ['neutron.plugins.ml2.ovo_rpc._ObjectChangeHandler.handle_event-7913853'] for security_group (5e5c3eb3-5782-413b-bdc3-64d1ae66ebd6), after_delete {{(pid=109896) _notify_loop /usr/local/lib/python3.8/dist-packages/neutron_lib/callbacks/manager.py:176}}
Feb 21 09:46:16.002306 dv-cinder-804735-19-smb neutron-server[109897]: DEBUG neutron.db.provisioning_blocks [None req-ec3e6d3b-1b7b-421e-829c-296ddfea85f6 None None] Provisioning for port 9ddbe1a4-9978-4b33-9c00-76d2b8c25ba8 completed by entity L2. {{(pid=109897) provisioning_complete /opt/stack/neutron/neutron/db/provisioning_blocks.py:133}}
Feb 21 09:46:16.003996 dv-cinder-804735-19-smb neutron-server[109896]: DEBUG neutron_lib.callbacks.manager [None req-ce053e13-7027-4ff0-b110-5a6133754a4f admin admin] Publish callbacks [] for security_group (None), before_response {{(pid=109896) _notify_loop /usr/local/lib/python3.8/dist-packages/neutron_lib/callbacks/manager.py:176}}
Feb 21 09:46:16.007934 dv-cinder-804735-19-smb neutron-server[109897]: DEBUG neutron.db.provisioning_blocks [None req-ec3e6d3b-1b7b-421e-829c-296ddfea85f6 None None] Provisioning complete for port 9ddbe1a4-9978-4b33-9c00-76d2b8c25ba8 triggered by entity L2. {{(pid=109897) provisioning_complete /opt/stack/neutron/neutron/db/provisioning_blocks.py:139}}
Feb 21 09:46:16.010669 dv-cinder-804735-19-smb neutron-server[109897]: DEBUG neutron_lib.callbacks.manager [None req-ec3e6d3b-1b7b-421e-829c-296ddfea85f6 None None] Publish callbacks ['neutron.plugins.ml2.plugin.Ml2Plugin._port_provisioned-1106494'] for port (9ddbe1a4-9978-4b33-9c00-76d2b8c25ba8), provisioning_complete {{(pid=109897) _notify_loop /usr/local/lib/python3.8/dist-packages/neutron_lib/callbacks/manager.py:176}}
Feb 21 09:46:16.011272 dv-cinder-804735-19-smb neutron-server[109896]: INFO neutron.wsgi [None req-ce053e13-7027-4ff0-b110-5a6133754a4f admin admin] 10.222.0.72 "DELETE /v2.0/security-groups/5e5c3eb3-5782-413b-bdc3-64d1ae66ebd6 HTTP/1.1" status: 204 len: 168 time: 0.2597115
Feb 21 09:46:16.018274 dv-cinder-804735-19-smb neutron-server[109896]: DEBUG neutron.api.rpc.handlers.resources_rpc [None req-ce053e13-7027-4ff0-b110-5a6133754a4f admin admin] Pushing event deleted for resources: {'SecurityGroup': ['ID=5e5c3eb3-5782-413b-bdc3-64d1ae66ebd6,revision_number=None']} {{(pid=109896) push /opt/stack/neutron/neutron/api/rpc/handlers/resources_rpc.py:237}}
Feb 21 09:46:16.104238 dv-cinder-804735-19-smb neutron-server[109895]: DEBUG neutron_lib.callbacks.manager [None req-ffe36422-6f13-424d-a516-09a1069a4c36 admin admin] Publish callbacks ['neutron.plugins.ml2.ovo_rpc._ObjectChangeHandler.handle_event-7913853'] for security_group (ea39c85f-e62e-4064-80a2-ff21b2a55035), after_delete {{(pid=109895) _notify_loop /usr/local/lib/python3.8/dist-packages/neutron_lib/callbacks/manager.py:176}}
Feb 21 09:46:16.108066 dv-cinder-804735-19-smb neutron-server[109895]: DEBUG neutron_lib.callbacks.manager [None req-ffe36422-6f13-424d-a516-09a1069a4c36 admin admin] Publish callbacks [] for security_group (None), before_response {{(pid=109895) _notify_loop /usr/local/lib/python3.8/dist-packages/neutron_lib/callbacks/manager.py:176}}
Feb 21 09:46:16.114390 dv-cinder-804735-19-smb neutron-server[109895]: INFO neutron.wsgi [None req-ffe36422-6f13-424d-a516-09a1069a4c36 admin admin] 10.222.0.72 "DELETE /v2.0/security-groups/ea39c85f-e62e-4064-80a2-ff21b2a55035 HTTP/1.1" status: 204 len: 168 time: 0.2918890
Feb 21 09:46:16.119542 dv-cinder-804735-19-smb neutron-server[109897]: DEBUG neutron_lib.callbacks.manager [None req-01cfea53-94bc-445e-a9db-3a93ed9ba098 None None] Publish callbacks ['neutron.services.segments.db._update_segment_host_mapping_for_agent-8756285211432', 'neutron.plugins.ml2.plugin.Ml2Plugin._retry_binding_revived_agents-1109404'] for agent (37f850c3-deb9-4e00-aa01-c7a62287e6cb), after_update {{(pid=109897) _notify_loop /usr/local/lib/python3.8/dist-packages/neutron_lib/callbacks/manager.py:176}}
Feb 21 09:46:16.122420 dv-cinder-804735-19-smb neutron-server[109895]: DEBUG neutron.api.rpc.handlers.resources_rpc [None req-ffe36422-6f13-424d-a516-09a1069a4c36 admin admin] Pushing event deleted for resources: {'SecurityGroup': ['ID=ea39c85f-e62e-4064-80a2-ff21b2a55035,revision_number=None']} {{(pid=109895) push /opt/stack/neutron/neutron/api/rpc/handlers/resources_rpc.py:237}}
Feb 21 09:46:16.202311 dv-cinder-804735-19-smb neutron-server[109897]: DEBUG neutron.plugins.ml2.plugin [None req-ec3e6d3b-1b7b-421e-829c-296ddfea85f6 None None] Current status of the port 9ddbe1a4-9978-4b33-9c00-76d2b8c25ba8 is: BUILD; New status is: ACTIVE {{(pid=109897) _update_individual_port_db_status /opt/stack/neutron/neutron/plugins/ml2/plugin.py:2232}}
Feb 21 09:46:16.203314 dv-cinder-804735-19-smb neutron-server[109897]: DEBUG neutron_lib.callbacks.manager [None req-ec3e6d3b-1b7b-421e-829c-296ddfea85f6 None None] Publish callbacks ['neutron.plugins.ml2.plugin.SecurityGroupDbMixin._ensure_default_security_group_handler-1537575'] for port (9ddbe1a4-9978-4b33-9c00-76d2b8c25ba8), before_update {{(pid=109897) _notify_loop /usr/local/lib/python3.8/dist-packages/neutron_lib/callbacks/manager.py:176}}
Feb 21 09:46:16.240287 dv-cinder-804735-19-smb neutron-server[109897]: DEBUG neutron.plugins.ml2.db [None req-ec3e6d3b-1b7b-421e-829c-296ddfea85f6 None None] For port 9ddbe1a4-9978-4b33-9c00-76d2b8c25ba8, host hv-cinder-80473, got binding levels [PortBindingLevel(driver='hyperv',host='hv-cinder-80473',level=0,port_id=9ddbe1a4-9978-4b33-9c00-76d2b8c25ba8,segment=NetworkSegment(4fc062f4-bf71-469c-9961-0eca9bd1375b),segment_id=4fc062f4-bf71-469c-9961-0eca9bd1375b)] {{(pid=109897) get_binding_level_objs /opt/stack/neutron/neutron/plugins/ml2/db.py:74}}
Feb 21 09:46:16.378820 dv-cinder-804735-19-smb neutron-server[109897]: DEBUG neutron_lib.callbacks.manager [None req-ec3e6d3b-1b7b-421e-829c-296ddfea85f6 None None] Publish callbacks ['neutron.plugins.ml2.plugin.SecurityGroupServerNotifierRpcMixin._notify_sg_on_port_change-1526506', 'neutron.plugins.ml2.ovo_rpc._ObjectChangeHandler.handle_event-466708', 'neutron.api.rpc.agentnotifiers.dhcp_rpc_agent_api.DhcpAgentNotifyAPI._native_event_send_dhcp_notification-7905539', 'neutron.db.l3_db.L3RpcNotifierMixin._notify_gateway_port_ip_changed-8756285140619', 'neutron.db.l3_dvrscheduler_db._notify_l3_agent_port_update-8756284698426', 'neutron.db.l3_hascheduler_db._notify_l3_agent_ha_port_update-8756284698444'] for port (9ddbe1a4-9978-4b33-9c00-76d2b8c25ba8), after_update {{(pid=109897) _notify_loop /usr/local/lib/python3.8/dist-packages/neutron_lib/callbacks/manager.py:176}}
Feb 21 09:46:16.443230 dv-cinder-804735-19-smb neutron-server[109897]: DEBUG neutron.api.rpc.handlers.resources_rpc [None req-ec3e6d3b-1b7b-421e-829c-296ddfea85f6 None None] Pushing event updated for resources: {'Port': ['ID=9ddbe1a4-9978-4b33-9c00-76d2b8c25ba8,revision_number=5']} {{(pid=109897) push /opt/stack/neutron/neutron/api/rpc/handlers/resources_rpc.py:237}}
Feb 21 09:46:16.492688 dv-cinder-804735-19-smb neutron-server[109895]: DEBUG neutron.pecan_wsgi.hooks.policy_enforcement [req-7184349b-bb0f-410f-96bb-386e7cd713ab req-960085c5-a9cc-4b98-957b-55918f06f630 service neutron] Attributes excluded by policy engine: ['standard_attr_id'] {{(pid=109895) _exclude_attributes_by_policy /opt/stack/neutron/neutron/pecan_wsgi/hooks/policy_enforcement.py:255}}
Feb 21 09:46:16.494259 dv-cinder-804735-19-smb neutron-server[109895]: INFO neutron.wsgi [req-7184349b-bb0f-410f-96bb-386e7cd713ab req-960085c5-a9cc-4b98-957b-55918f06f630 service neutron] 10.222.0.81 "GET /v2.0/ports?device_id=1d911ca9-c176-457f-a3fb-5592f3288914 HTTP/1.1" status: 200 len: 1129 time: 0.0529270
Feb 21 09:46:16.537122 dv-cinder-804735-19-smb neutron-server[109896]: DEBUG neutron.pecan_wsgi.hooks.policy_enforcement [req-b5193673-9203-4c2c-8754-8cb05410d526 req-93817227-be8e-4aa6-a289-ddfdcbeb3af9 service neutron] Attributes excluded by policy engine: ['standard_attr_id'] {{(pid=109896) _exclude_attributes_by_policy /opt/stack/neutron/neutron/pecan_wsgi/hooks/policy_enforcement.py:255}}
Feb 21 09:46:16.538751 dv-cinder-804735-19-smb neutron-server[109896]: INFO neutron.wsgi [req-b5193673-9203-4c2c-8754-8cb05410d526 req-93817227-be8e-4aa6-a289-ddfdcbeb3af9 service neutron] 10.222.0.81 "GET /v2.0/ports?device_id=bd7c254e-5101-48a3-a05b-040a6c96e733 HTTP/1.1" status: 200 len: 1129 time: 0.0969718
Feb 21 09:46:16.552668 dv-cinder-804735-19-smb neutron-server[109895]: INFO neutron.wsgi [req-7184349b-bb0f-410f-96bb-386e7cd713ab req-9511eec6-0667-4ce5-ad4a-c69b611de844 service neutron] 10.222.0.81 "GET /v2.0/security-groups?id=78353116-f0a5-4fdd-acab-9b1743d17b1a&fields=id&fields=name HTTP/1.1" status: 200 len: 286 time: 0.0495529
Feb 21 09:46:16.646747 dv-cinder-804735-19-smb neutron-server[109896]: INFO neutron.wsgi [req-b5193673-9203-4c2c-8754-8cb05410d526 req-5abb50b9-f2cd-408b-a8ec-cbbf2ffdbe7d service neutron] 10.222.0.81 "GET /v2.0/security-groups?id=78353116-f0a5-4fdd-acab-9b1743d17b1a&fields=id&fields=name HTTP/1.1" status: 200 len: 286 time: 0.1004090
Feb 21 09:46:16.666442 dv-cinder-804735-19-smb neutron-server[109896]: DEBUG neutron.pecan_wsgi.hooks.policy_enforcement [req-2da0d06b-3250-487a-a5f5-3e99dfbedf98 req-927f705e-8438-472d-8f3c-ce604405ad99 tempest-AttachVolumeNegativeTest-1968307374 tempest-AttachVolumeNegativeTest-1968307374-project] Attributes excluded by policy engine: ['standard_attr_id', 'binding:profile', 'binding:host_id', 'binding:vif_type', 'binding:vif_details'] {{(pid=109896) _exclude_attributes_by_policy /opt/stack/neutron/neutron/pecan_wsgi/hooks/policy_enforcement.py:255}}
Feb 21 09:46:16.669450 dv-cinder-804735-19-smb neutron-server[109896]: INFO neutron.wsgi [req-2da0d06b-3250-487a-a5f5-3e99dfbedf98 req-927f705e-8438-472d-8f3c-ce604405ad99 tempest-AttachVolumeNegativeTest-1968307374 tempest-AttachVolumeNegativeTest-1968307374-project] 10.222.0.72 "GET /v2.0/ports?device_id=a3bb204b-e55b-4619-849f-a3d678e24ba9 HTTP/1.1" status: 200 len: 945 time: 0.1080365
Feb 21 09:46:16.682360 dv-cinder-804735-19-smb neutron-server[109895]: DEBUG neutron.pecan_wsgi.hooks.policy_enforcement [req-582eabfa-9e98-4e8c-8839-918e44a90ad5 req-572f12d6-2d1c-4116-9676-d0f946e0261b tempest-ServerRescueNegativeTestJSON-722011708 tempest-ServerRescueNegativeTestJSON-722011708-project] Attributes excluded by policy engine: ['standard_attr_id', 'binding:profile', 'binding:host_id', 'binding:vif_type', 'binding:vif_details'] {{(pid=109895) _exclude_attributes_by_policy /opt/stack/neutron/neutron/pecan_wsgi/hooks/policy_enforcement.py:255}}
Feb 21 09:46:16.685332 dv-cinder-804735-19-smb neutron-server[109895]: INFO neutron.wsgi [req-582eabfa-9e98-4e8c-8839-918e44a90ad5 req-572f12d6-2d1c-4116-9676-d0f946e0261b tempest-ServerRescueNegativeTestJSON-722011708 tempest-ServerRescueNegativeTestJSON-722011708-project] 10.222.0.72 "GET /v2.0/ports?device_id=bd7c254e-5101-48a3-a05b-040a6c96e733 HTTP/1.1" status: 200 len: 945 time: 0.0604787
Feb 21 09:46:16.722906 dv-cinder-804735-19-smb neutron-server[109896]: INFO neutron.wsgi [req-2da0d06b-3250-487a-a5f5-3e99dfbedf98 req-ebbdf2ff-7a50-43e1-909e-f304740843f8 tempest-AttachVolumeNegativeTest-1968307374 tempest-AttachVolumeNegativeTest-1968307374-project] 10.222.0.72 "GET /v2.0/security-groups?id=94977dd8-d15b-4eb9-9d8a-c949be70426a&fields=id&fields=name HTTP/1.1" status: 200 len: 286 time: 0.0473099
Feb 21 09:46:16.733449 dv-cinder-804735-19-smb neutron-server[109895]: INFO neutron.wsgi [req-582eabfa-9e98-4e8c-8839-918e44a90ad5 req-41f8543a-f74d-44d4-8d11-7e0e16f8c36e tempest-ServerRescueNegativeTestJSON-722011708 tempest-ServerRescueNegativeTestJSON-722011708-project] 10.222.0.72 "GET /v2.0/security-groups?id=78353116-f0a5-4fdd-acab-9b1743d17b1a&fields=id&fields=name HTTP/1.1" status: 200 len: 286 time: 0.0424900
Feb 21 09:46:16.887132 dv-cinder-804735-19-smb neutron-server[109895]: DEBUG neutron.wsgi [-] (109895) accepted ('10.222.0.72', 54788) {{(pid=109895) server /usr/local/lib/python3.8/dist-packages/eventlet/wsgi.py:1004}}
Feb 21 09:46:16.892562 dv-cinder-804735-19-smb neutron-server[109896]: DEBUG neutron.pecan_wsgi.hooks.policy_enforcement [req-5de5289f-1030-4140-a729-40bcdc1c702f req-e5ade32d-2a17-48d2-9776-839e2a03ecc4 tempest-DeleteServersTestJSON-660538376 tempest-DeleteServersTestJSON-660538376-project] Attributes excluded by policy engine: ['standard_attr_id', 'binding:profile', 'binding:host_id', 'binding:vif_type', 'binding:vif_details'] {{(pid=109896) _exclude_attributes_by_policy /opt/stack/neutron/neutron/pecan_wsgi/hooks/policy_enforcement.py:255}}
Feb 21 09:46:16.896771 dv-cinder-804735-19-smb neutron-server[109896]: INFO neutron.wsgi [req-5de5289f-1030-4140-a729-40bcdc1c702f req-e5ade32d-2a17-48d2-9776-839e2a03ecc4 tempest-DeleteServersTestJSON-660538376 tempest-DeleteServersTestJSON-660538376-project] 10.222.0.72 "GET /v2.0/ports?device_id=b0f6783a-0323-47d1-bdec-2b33ebecf210 HTTP/1.1" status: 200 len: 945 time: 0.0523579
Feb 21 09:46:16.901783 dv-cinder-804735-19-smb neutron-server[109895]: DEBUG neutron_lib.callbacks.manager [None req-d2508f42-7051-4209-a807-901dce01b8b3 admin admin] Publish callbacks [] for security_group (None), before_create {{(pid=109895) _notify_loop /usr/local/lib/python3.8/dist-packages/neutron_lib/callbacks/manager.py:176}}
Feb 21 09:46:16.950221 dv-cinder-804735-19-smb neutron-server[109896]: INFO neutron.wsgi [req-5de5289f-1030-4140-a729-40bcdc1c702f req-15de08fb-b7ef-4a3f-a4d6-eba70f88626b tempest-DeleteServersTestJSON-660538376 tempest-DeleteServersTestJSON-660538376-project] 10.222.0.72 "GET /v2.0/security-groups?id=838180ce-bb6e-4e16-ac8c-096605c35889&fields=id&fields=name HTTP/1.1" status: 200 len: 286 time: 0.0499604
Feb 21 09:46:16.983693 dv-cinder-804735-19-smb neutron-server[109895]: DEBUG neutron_lib.callbacks.manager [None req-d2508f42-7051-4209-a807-901dce01b8b3 admin admin] Publish callbacks [] for security_group (9f2b16d4-0488-4eb8-8d3e-f59e66b66492), precommit_create {{(pid=109895) _notify_loop /usr/local/lib/python3.8/dist-packages/neutron_lib/callbacks/manager.py:176}}
Feb 21 09:46:17.052483 dv-cinder-804735-19-smb neutron-server[109895]: DEBUG neutron_lib.callbacks.manager [None req-d2508f42-7051-4209-a807-901dce01b8b3 admin admin] Publish callbacks ['neutron.plugins.ml2.ovo_rpc._ObjectChangeHandler.handle_event-7913853'] for security_group (9f2b16d4-0488-4eb8-8d3e-f59e66b66492), after_create {{(pid=109895) _notify_loop /usr/local/lib/python3.8/dist-packages/neutron_lib/callbacks/manager.py:176}}
Feb 21 09:46:17.096803 dv-cinder-804735-19-smb neutron-server[109895]: INFO neutron.wsgi [None req-d2508f42-7051-4209-a807-901dce01b8b3 admin admin] 10.222.0.72 "GET /v2.0/security-groups?tenant_id=c385ddbc246a461f990e3572b50d1e78&name=default HTTP/1.1" status: 200 len: 2996 time: 0.2059729
Feb 21 09:46:17.096803 dv-cinder-804735-19-smb neutron-server[109895]: DEBUG neutron.api.rpc.handlers.resources_rpc [None req-d2508f42-7051-4209-a807-901dce01b8b3 admin admin] Pushing event updated for resources: {'SecurityGroup': ['ID=9f2b16d4-0488-4eb8-8d3e-f59e66b66492,revision_number=1']} {{(pid=109895) push /opt/stack/neutron/neutron/api/rpc/handlers/resources_rpc.py:237}}
Feb 21 09:46:17.097826 dv-cinder-804735-19-smb neutron-server[109896]: DEBUG neutron.wsgi [-] (109896) accepted ('10.222.0.72', 54800) {{(pid=109896) server /usr/local/lib/python3.8/dist-packages/eventlet/wsgi.py:1004}}
Feb 21 09:46:17.153655 dv-cinder-804735-19-smb neutron-server[109896]: DEBUG neutron_lib.callbacks.manager [None req-49935028-16e1-41a6-ab3f-cb8a768f1cc0 admin admin] Publish callbacks [] for security_group (9f2b16d4-0488-4eb8-8d3e-f59e66b66492), before_delete {{(pid=109896) _notify_loop /usr/local/lib/python3.8/dist-packages/neutron_lib/callbacks/manager.py:176}}
Feb 21 09:46:17.176510 dv-cinder-804735-19-smb neutron-server[109896]: DEBUG neutron_lib.callbacks.manager [None req-49935028-16e1-41a6-ab3f-cb8a768f1cc0 admin admin] Publish callbacks [] for security_group (9f2b16d4-0488-4eb8-8d3e-f59e66b66492), precommit_delete {{(pid=109896) _notify_loop /usr/local/lib/python3.8/dist-packages/neutron_lib/callbacks/manager.py:176}}
Feb 21 09:46:17.309774 dv-cinder-804735-19-smb neutron-server[109896]: DEBUG neutron_lib.callbacks.manager [None req-49935028-16e1-41a6-ab3f-cb8a768f1cc0 admin admin] Publish callbacks ['neutron.plugins.ml2.ovo_rpc._ObjectChangeHandler.handle_event-7913853'] for security_group (9f2b16d4-0488-4eb8-8d3e-f59e66b66492), after_delete {{(pid=109896) _notify_loop /usr/local/lib/python3.8/dist-packages/neutron_lib/callbacks/manager.py:176}}
Feb 21 09:46:17.312344 dv-cinder-804735-19-smb neutron-server[109896]: DEBUG neutron_lib.callbacks.manager [None req-49935028-16e1-41a6-ab3f-cb8a768f1cc0 admin admin] Publish callbacks [] for security_group (None), before_response {{(pid=109896) _notify_loop /usr/local/lib/python3.8/dist-packages/neutron_lib/callbacks/manager.py:176}}
Feb 21 09:46:17.313614 dv-cinder-804735-19-smb neutron-server[109896]: INFO neutron.wsgi [None req-49935028-16e1-41a6-ab3f-cb8a768f1cc0 admin admin] 10.222.0.72 "DELETE /v2.0/security-groups/9f2b16d4-0488-4eb8-8d3e-f59e66b66492 HTTP/1.1" status: 204 len: 168 time: 0.2147298
Feb 21 09:46:17.325067 dv-cinder-804735-19-smb neutron-server[109896]: DEBUG neutron.api.rpc.handlers.resources_rpc [None req-49935028-16e1-41a6-ab3f-cb8a768f1cc0 admin admin] Pushing event deleted for resources: {'SecurityGroup': ['ID=9f2b16d4-0488-4eb8-8d3e-f59e66b66492,revision_number=None']} {{(pid=109896) push /opt/stack/neutron/neutron/api/rpc/handlers/resources_rpc.py:237}}
Feb 21 09:46:17.444207 dv-cinder-804735-19-smb neutron-server[109897]: DEBUG neutron_lib.callbacks.manager [None req-3c09346f-6b02-403c-9584-096f0e6f9945 None None] Publish callbacks ['neutron.services.segments.db._update_segment_host_mapping_for_agent-8756285211432', 'neutron.plugins.ml2.plugin.Ml2Plugin._retry_binding_revived_agents-1109404'] for agent (0e3f9ccf-e4f4-41b3-a6c4-443eed989301), after_update {{(pid=109897) _notify_loop /usr/local/lib/python3.8/dist-packages/neutron_lib/callbacks/manager.py:176}}
Feb 21 09:46:17.871137 dv-cinder-804735-19-smb neutron-server[109895]: DEBUG neutron.pecan_wsgi.hooks.policy_enforcement [req-7f7ab742-af7b-42fc-8bfb-e36b09e50760 req-2a695431-8219-4dda-ba6f-cbe855d15576 tempest-AttachVolumeNegativeTest-1968307374 tempest-AttachVolumeNegativeTest-1968307374-project] Attributes excluded by policy engine: ['standard_attr_id', 'binding:profile', 'binding:host_id', 'binding:vif_type', 'binding:vif_details'] {{(pid=109895) _exclude_attributes_by_policy /opt/stack/neutron/neutron/pecan_wsgi/hooks/policy_enforcement.py:255}}
Feb 21 09:46:17.872701 dv-cinder-804735-19-smb neutron-server[109895]: INFO neutron.wsgi [req-7f7ab742-af7b-42fc-8bfb-e36b09e50760 req-2a695431-8219-4dda-ba6f-cbe855d15576 tempest-AttachVolumeNegativeTest-1968307374 tempest-AttachVolumeNegativeTest-1968307374-project] 10.222.0.72 "GET /v2.0/ports?device_id=a3bb204b-e55b-4619-849f-a3d678e24ba9 HTTP/1.1" status: 200 len: 945 time: 0.0603487
Feb 21 09:46:17.877125 dv-cinder-804735-19-smb neutron-server[109896]: DEBUG neutron.pecan_wsgi.hooks.policy_enforcement [req-acbfd9ae-a210-4566-b0ba-e92902dbe2de req-f7813294-2849-463a-9944-36a3ac027c0d tempest-ServerRescueNegativeTestJSON-722011708 tempest-ServerRescueNegativeTestJSON-722011708-project] Attributes excluded by policy engine: ['standard_attr_id', 'binding:profile', 'binding:host_id', 'binding:vif_type', 'binding:vif_details'] {{(pid=109896) _exclude_attributes_by_policy /opt/stack/neutron/neutron/pecan_wsgi/hooks/policy_enforcement.py:255}}
Feb 21 09:46:17.879316 dv-cinder-804735-19-smb neutron-server[109896]: INFO neutron.wsgi [req-acbfd9ae-a210-4566-b0ba-e92902dbe2de req-f7813294-2849-463a-9944-36a3ac027c0d tempest-ServerRescueNegativeTestJSON-722011708 tempest-ServerRescueNegativeTestJSON-722011708-project] 10.222.0.72 "GET /v2.0/ports?device_id=bd7c254e-5101-48a3-a05b-040a6c96e733 HTTP/1.1" status: 200 len: 945 time: 0.0593541
Feb 21 09:46:17.931886 dv-cinder-804735-19-smb neutron-server[109896]: INFO neutron.wsgi [req-acbfd9ae-a210-4566-b0ba-e92902dbe2de req-84cb4e06-b0c1-4e73-9979-0ced4f5a093f tempest-ServerRescueNegativeTestJSON-722011708 tempest-ServerRescueNegativeTestJSON-722011708-project] 10.222.0.72 "GET /v2.0/security-groups?id=78353116-f0a5-4fdd-acab-9b1743d17b1a&fields=id&fields=name HTTP/1.1" status: 200 len: 286 time: 0.0476098
Feb 21 09:46:17.933091 dv-cinder-804735-19-smb neutron-server[109895]: INFO neutron.wsgi [req-7f7ab742-af7b-42fc-8bfb-e36b09e50760 req-8b16b530-15b1-4d2b-bb55-20cb84387ae1 tempest-AttachVolumeNegativeTest-1968307374 tempest-AttachVolumeNegativeTest-1968307374-project] 10.222.0.72 "GET /v2.0/security-groups?id=94977dd8-d15b-4eb9-9d8a-c949be70426a&fields=id&fields=name HTTP/1.1" status: 200 len: 286 time: 0.0500865
Feb 21 09:46:18.001435 dv-cinder-804735-19-smb neutron-server[109897]: DEBUG neutron.notifiers.nova [-] Sending events: [{'server_uuid': 'a3bb204b-e55b-4619-849f-a3d678e24ba9', 'name': 'network-vif-plugged', 'status': 'completed', 'tag': '9ddbe1a4-9978-4b33-9c00-76d2b8c25ba8'}] {{(pid=109897) send_events /opt/stack/neutron/neutron/notifiers/nova.py:271}}
Feb 21 09:46:18.009298 dv-cinder-804735-19-smb neutron-server[109897]: DEBUG novaclient.v2.client [-] REQ: curl -g -i --cacert "/opt/stack/data/ca-bundle.pem" -X POST http://10.222.0.72/compute/v2.1/os-server-external-events -H "Accept: application/json" -H "Content-Type: application/json" -H "User-Agent: python-novaclient" -H "X-Auth-Token: {SHA256}1110e543f40e38384a9571e89e54275f889c266891516da5bada659d3a092064" -H "X-OpenStack-Nova-API-Version: 2.1" -H "X-OpenStack-Request-ID: req-ccc1fca5-a673-4c2c-9cbb-61bcf7b63794" -d '{"events": [{"server_uuid": "a3bb204b-e55b-4619-849f-a3d678e24ba9", "name": "network-vif-plugged", "status": "completed", "tag": "9ddbe1a4-9978-4b33-9c00-76d2b8c25ba8"}]}' {{(pid=109897) _http_log_request /usr/local/lib/python3.8/dist-packages/keystoneauth1/session.py:519}}
Feb 21 09:46:18.051162 dv-cinder-804735-19-smb neutron-server[109897]: DEBUG novaclient.v2.client [-] RESP: [200] Connection: close Content-Length: 183 Content-Type: application/json Date: Mon, 21 Feb 2022 09:46:18 GMT OpenStack-API-Version: compute 2.1 Server: Apache/2.4.41 (Ubuntu) Vary: OpenStack-API-Version,X-OpenStack-Nova-API-Version X-OpenStack-Nova-API-Version: 2.1 x-compute-request-id: req-26c3faae-25cd-46ab-8877-2d16b35d4c4c x-openstack-request-id: req-26c3faae-25cd-46ab-8877-2d16b35d4c4c {{(pid=109897) _http_log_response /usr/local/lib/python3.8/dist-packages/keystoneauth1/session.py:550}}
Feb 21 09:46:18.051547 dv-cinder-804735-19-smb neutron-server[109897]: DEBUG novaclient.v2.client [-] RESP BODY: {"events": [{"server_uuid": "a3bb204b-e55b-4619-849f-a3d678e24ba9", "name": "network-vif-plugged", "status": "completed", "tag": "9ddbe1a4-9978-4b33-9c00-76d2b8c25ba8", "code": 200}]} {{(pid=109897) _http_log_response /usr/local/lib/python3.8/dist-packages/keystoneauth1/session.py:582}}
Feb 21 09:46:18.051812 dv-cinder-804735-19-smb neutron-server[109897]: DEBUG novaclient.v2.client [-] POST call to compute for http://10.222.0.72/compute/v2.1/os-server-external-events used request id req-26c3faae-25cd-46ab-8877-2d16b35d4c4c {{(pid=109897) request /usr/local/lib/python3.8/dist-packages/keystoneauth1/session.py:954}}
Feb 21 09:46:18.052205 dv-cinder-804735-19-smb neutron-server[109897]: INFO neutron.notifiers.nova [-] Nova event response: {'server_uuid': 'a3bb204b-e55b-4619-849f-a3d678e24ba9', 'name': 'network-vif-plugged', 'status': 'completed', 'tag': '9ddbe1a4-9978-4b33-9c00-76d2b8c25ba8', 'code': 200}
Feb 21 09:46:18.083904 dv-cinder-804735-19-smb neutron-server[109896]: DEBUG neutron.pecan_wsgi.hooks.policy_enforcement [req-c442cf88-926d-44b1-8d02-45a430233131 req-41f4c328-2191-4394-95ef-47b0afd8350e tempest-DeleteServersTestJSON-660538376 tempest-DeleteServersTestJSON-660538376-project] Attributes excluded by policy engine: ['standard_attr_id', 'binding:profile', 'binding:host_id', 'binding:vif_type', 'binding:vif_details'] {{(pid=109896) _exclude_attributes_by_policy /opt/stack/neutron/neutron/pecan_wsgi/hooks/policy_enforcement.py:255}}
Feb 21 09:46:18.085387 dv-cinder-804735-19-smb neutron-server[109896]: INFO neutron.wsgi [req-c442cf88-926d-44b1-8d02-45a430233131 req-41f4c328-2191-4394-95ef-47b0afd8350e tempest-DeleteServersTestJSON-660538376 tempest-DeleteServersTestJSON-660538376-project] 10.222.0.72 "GET /v2.0/ports?device_id=b0f6783a-0323-47d1-bdec-2b33ebecf210 HTTP/1.1" status: 200 len: 945 time: 0.0659695
Feb 21 09:46:18.150747 dv-cinder-804735-19-smb neutron-server[109896]: INFO neutron.wsgi [req-c442cf88-926d-44b1-8d02-45a430233131 req-7a8ce58a-cdcb-4fd6-9e9e-b8a1d23cacc1 tempest-DeleteServersTestJSON-660538376 tempest-DeleteServersTestJSON-660538376-project] 10.222.0.72 "GET /v2.0/security-groups?id=838180ce-bb6e-4e16-ac8c-096605c35889&fields=id&fields=name HTTP/1.1" status: 200 len: 286 time: 0.0576379
Feb 21 09:46:18.539954 dv-cinder-804735-19-smb neutron-server[109896]: DEBUG neutron.pecan_wsgi.hooks.policy_enforcement [req-b49cfc09-a00d-4641-b877-fd37e6e4742b req-1a61d6d4-5c44-40ca-ba6d-22d4d2b56505 service neutron] Attributes excluded by policy engine: ['standard_attr_id'] {{(pid=109896) _exclude_attributes_by_policy /opt/stack/neutron/neutron/pecan_wsgi/hooks/policy_enforcement.py:255}}
Feb 21 09:46:18.541476 dv-cinder-804735-19-smb neutron-server[109896]: INFO neutron.wsgi [req-b49cfc09-a00d-4641-b877-fd37e6e4742b req-1a61d6d4-5c44-40ca-ba6d-22d4d2b56505 service neutron] 10.222.0.81 "GET /v2.0/ports?device_id=a3bb204b-e55b-4619-849f-a3d678e24ba9 HTTP/1.1" status: 200 len: 1129 time: 0.0471134
Feb 21 09:46:18.588597 dv-cinder-804735-19-smb neutron-server[109896]: INFO neutron.wsgi [req-b49cfc09-a00d-4641-b877-fd37e6e4742b req-d9e9d85e-5717-43d9-b6d9-678fda5b1c47 service neutron] 10.222.0.81 "GET /v2.0/security-groups?id=94977dd8-d15b-4eb9-9d8a-c949be70426a&fields=id&fields=name HTTP/1.1" status: 200 len: 286 time: 0.0391624
Feb 21 09:46:18.892263 dv-cinder-804735-19-smb neutron-server[109897]: DEBUG neutron_lib.callbacks.manager [None req-ff1ba2d1-794e-4535-ba0e-9c734855f6d4 None None] Publish callbacks ['neutron.services.segments.db._update_segment_host_mapping_for_agent-8756285211432', 'neutron.plugins.ml2.plugin.Ml2Plugin._retry_binding_revived_agents-1109404'] for agent (44d83794-32d9-43a4-9156-744742b50e40), after_update {{(pid=109897) _notify_loop /usr/local/lib/python3.8/dist-packages/neutron_lib/callbacks/manager.py:176}}
Feb 21 09:46:19.062842 dv-cinder-804735-19-smb neutron-server[109896]: DEBUG neutron.pecan_wsgi.hooks.policy_enforcement [req-9be10170-485f-49d5-be88-69f647d9f202 req-3f81a7a7-d282-484b-9787-141969ab5dbd tempest-AttachVolumeNegativeTest-1968307374 tempest-AttachVolumeNegativeTest-1968307374-project] Attributes excluded by policy engine: ['standard_attr_id', 'binding:profile', 'binding:host_id', 'binding:vif_type', 'binding:vif_details'] {{(pid=109896) _exclude_attributes_by_policy /opt/stack/neutron/neutron/pecan_wsgi/hooks/policy_enforcement.py:255}}
Feb 21 09:46:19.064748 dv-cinder-804735-19-smb neutron-server[109896]: INFO neutron.wsgi [req-9be10170-485f-49d5-be88-69f647d9f202 req-3f81a7a7-d282-484b-9787-141969ab5dbd tempest-AttachVolumeNegativeTest-1968307374 tempest-AttachVolumeNegativeTest-1968307374-project] 10.222.0.72 "GET /v2.0/ports?device_id=a3bb204b-e55b-4619-849f-a3d678e24ba9 HTTP/1.1" status: 200 len: 945 time: 0.0600977
Feb 21 09:46:19.073403 dv-cinder-804735-19-smb neutron-server[109895]: DEBUG neutron.pecan_wsgi.hooks.policy_enforcement [req-eca4a929-9203-4e50-8c0a-04461e5e621c req-3ce3e82d-5f21-4020-a881-4a348572bccf tempest-ServerRescueNegativeTestJSON-722011708 tempest-ServerRescueNegativeTestJSON-722011708-project] Attributes excluded by policy engine: ['standard_attr_id', 'binding:profile', 'binding:host_id', 'binding:vif_type', 'binding:vif_details'] {{(pid=109895) _exclude_attributes_by_policy /opt/stack/neutron/neutron/pecan_wsgi/hooks/policy_enforcement.py:255}}
Feb 21 09:46:19.075420 dv-cinder-804735-19-smb neutron-server[109895]: INFO neutron.wsgi [req-eca4a929-9203-4e50-8c0a-04461e5e621c req-3ce3e82d-5f21-4020-a881-4a348572bccf tempest-ServerRescueNegativeTestJSON-722011708 tempest-ServerRescueNegativeTestJSON-722011708-project] 10.222.0.72 "GET /v2.0/ports?device_id=bd7c254e-5101-48a3-a05b-040a6c96e733 HTTP/1.1" status: 200 len: 945 time: 0.0725167
Feb 21 09:46:19.181879 dv-cinder-804735-19-smb neutron-server[109895]: INFO neutron.wsgi [req-eca4a929-9203-4e50-8c0a-04461e5e621c req-7a1ebf49-4f42-49d9-af1b-0fd3189a5e23 tempest-ServerRescueNegativeTestJSON-722011708 tempest-ServerRescueNegativeTestJSON-722011708-project] 10.222.0.72 "GET /v2.0/security-groups?id=78353116-f0a5-4fdd-acab-9b1743d17b1a&fields=id&fields=name HTTP/1.1" status: 200 len: 286 time: 0.0999258
Feb 21 09:46:19.194116 dv-cinder-804735-19-smb neutron-server[109896]: INFO neutron.wsgi [req-9be10170-485f-49d5-be88-69f647d9f202 req-2beb6fe9-53bf-47dc-bae1-8c0190615e7e tempest-AttachVolumeNegativeTest-1968307374 tempest-AttachVolumeNegativeTest-1968307374-project] 10.222.0.72 "GET /v2.0/security-groups?id=94977dd8-d15b-4eb9-9d8a-c949be70426a&fields=id&fields=name HTTP/1.1" status: 200 len: 286 time: 0.1230035
Feb 21 09:46:20.171065 dv-cinder-804735-19-smb neutron-server[109895]: DEBUG neutron.wsgi [-] (109895) accepted ('10.222.0.72', 54932) {{(pid=109895) server /usr/local/lib/python3.8/dist-packages/eventlet/wsgi.py:1004}}
Feb 21 09:46:20.372695 dv-cinder-804735-19-smb neutron-server[109897]: DEBUG neutron_lib.callbacks.manager [None req-9282adaa-88d4-4f52-a07b-df6185fc2c96 None None] Publish callbacks ['neutron.services.segments.db._update_segment_host_mapping_for_agent-8756285211432', 'neutron.plugins.ml2.plugin.Ml2Plugin._retry_binding_revived_agents-1109404'] for agent (cdba4f49-7e7b-4bb8-8b17-3891fe74f240), after_update {{(pid=109897) _notify_loop /usr/local/lib/python3.8/dist-packages/neutron_lib/callbacks/manager.py:176}}
Feb 21 09:46:20.427430 dv-cinder-804735-19-smb neutron-server[109895]: DEBUG neutron.pecan_wsgi.hooks.policy_enforcement [req-1ae3a519-2747-4bff-874e-4a2063934a6d req-7ccb1d72-bc78-48c2-b6c4-de2c5f1ae029 tempest-ServerRescueNegativeTestJSON-722011708 tempest-ServerRescueNegativeTestJSON-722011708-project] Attributes excluded by policy engine: ['standard_attr_id', 'binding:profile', 'binding:host_id', 'binding:vif_type', 'binding:vif_details'] {{(pid=109895) _exclude_attributes_by_policy /opt/stack/neutron/neutron/pecan_wsgi/hooks/policy_enforcement.py:255}}
Feb 21 09:46:20.427849 dv-cinder-804735-19-smb neutron-server[109895]: INFO neutron.wsgi [req-1ae3a519-2747-4bff-874e-4a2063934a6d req-7ccb1d72-bc78-48c2-b6c4-de2c5f1ae029 tempest-ServerRescueNegativeTestJSON-722011708 tempest-ServerRescueNegativeTestJSON-722011708-project] 10.222.0.72 "GET /v2.0/ports?device_id=bd7c254e-5101-48a3-a05b-040a6c96e733 HTTP/1.1" status: 200 len: 945 time: 0.1612253
Feb 21 09:46:20.467893 dv-cinder-804735-19-smb neutron-server[109895]: DEBUG neutron_lib.callbacks.manager [None req-ac878c26-9211-439b-82cf-009feb0dcb67 admin admin] Publish callbacks [] for security_group (None), before_create {{(pid=109895) _notify_loop /usr/local/lib/python3.8/dist-packages/neutron_lib/callbacks/manager.py:176}}
Feb 21 09:46:20.485291 dv-cinder-804735-19-smb neutron-server[109896]: DEBUG neutron.pecan_wsgi.hooks.policy_enforcement [req-980f1ad6-d43a-47c2-874c-fe76a02c02ae req-2fb67e66-574b-490e-913e-8ca6923e9b1f tempest-AttachVolumeNegativeTest-1968307374 tempest-AttachVolumeNegativeTest-1968307374-project] Attributes excluded by policy engine: ['standard_attr_id', 'binding:profile', 'binding:host_id', 'binding:vif_type', 'binding:vif_details'] {{(pid=109896) _exclude_attributes_by_policy /opt/stack/neutron/neutron/pecan_wsgi/hooks/policy_enforcement.py:255}}
Feb 21 09:46:20.487595 dv-cinder-804735-19-smb neutron-server[109896]: INFO neutron.wsgi [req-980f1ad6-d43a-47c2-874c-fe76a02c02ae req-2fb67e66-574b-490e-913e-8ca6923e9b1f tempest-AttachVolumeNegativeTest-1968307374 tempest-AttachVolumeNegativeTest-1968307374-project] 10.222.0.72 "GET /v2.0/ports?device_id=a3bb204b-e55b-4619-849f-a3d678e24ba9 HTTP/1.1" status: 200 len: 945 time: 0.1056046
Feb 21 09:46:20.525361 dv-cinder-804735-19-smb neutron-server[109895]: INFO neutron.wsgi [req-1ae3a519-2747-4bff-874e-4a2063934a6d req-d33c6aec-dbc9-43ec-90e4-0fd41116d9bb tempest-ServerRescueNegativeTestJSON-722011708 tempest-ServerRescueNegativeTestJSON-722011708-project] 10.222.0.72 "GET /v2.0/security-groups?id=78353116-f0a5-4fdd-acab-9b1743d17b1a&fields=id&fields=name HTTP/1.1" status: 200 len: 286 time: 0.0899403
Feb 21 09:46:20.604113 dv-cinder-804735-19-smb neutron-server[109895]: DEBUG neutron_lib.callbacks.manager [None req-ac878c26-9211-439b-82cf-009feb0dcb67 admin admin] Publish callbacks [] for security_group (f1e20b57-c2de-4868-88da-3deffbb75a39), precommit_create {{(pid=109895) _notify_loop /usr/local/lib/python3.8/dist-packages/neutron_lib/callbacks/manager.py:176}}
Feb 21 09:46:20.727513 dv-cinder-804735-19-smb neutron-server[109895]: DEBUG neutron_lib.callbacks.manager [None req-ac878c26-9211-439b-82cf-009feb0dcb67 admin admin] Publish callbacks ['neutron.plugins.ml2.ovo_rpc._ObjectChangeHandler.handle_event-7913853'] for security_group (f1e20b57-c2de-4868-88da-3deffbb75a39), after_create {{(pid=109895) _notify_loop /usr/local/lib/python3.8/dist-packages/neutron_lib/callbacks/manager.py:176}}
Feb 21 09:46:20.773808 dv-cinder-804735-19-smb neutron-server[109896]: INFO neutron.wsgi [req-980f1ad6-d43a-47c2-874c-fe76a02c02ae req-09cccbc7-c0fb-45d5-aa48-4a0dc3333ddb tempest-AttachVolumeNegativeTest-1968307374 tempest-AttachVolumeNegativeTest-1968307374-project] 10.222.0.72 "GET /v2.0/security-groups?id=94977dd8-d15b-4eb9-9d8a-c949be70426a&fields=id&fields=name HTTP/1.1" status: 200 len: 286 time: 0.2698038
Feb 21 09:46:20.783922 dv-cinder-804735-19-smb neutron-server[109895]: DEBUG neutron.api.rpc.handlers.resources_rpc [None req-ac878c26-9211-439b-82cf-009feb0dcb67 admin admin] Pushing event updated for resources: {'SecurityGroup': ['ID=f1e20b57-c2de-4868-88da-3deffbb75a39,revision_number=1']} {{(pid=109895) push /opt/stack/neutron/neutron/api/rpc/handlers/resources_rpc.py:237}}
Feb 21 09:46:20.790761 dv-cinder-804735-19-smb neutron-server[109895]: INFO neutron.wsgi [None req-ac878c26-9211-439b-82cf-009feb0dcb67 admin admin] 10.222.0.72 "GET /v2.0/security-groups?tenant_id=3f727c9e104242ef98a8cf0e2c79ad91&name=default HTTP/1.1" status: 200 len: 2996 time: 0.6181436
Feb 21 09:46:20.794568 dv-cinder-804735-19-smb neutron-server[109896]: DEBUG neutron.wsgi [-] (109896) accepted ('10.222.0.72', 54972) {{(pid=109896) server /usr/local/lib/python3.8/dist-packages/eventlet/wsgi.py:1004}}
Feb 21 09:46:20.862640 dv-cinder-804735-19-smb neutron-server[109896]: DEBUG neutron_lib.callbacks.manager [None req-e652e787-cc84-4923-b41d-b8d4fe982851 admin admin] Publish callbacks [] for security_group (f1e20b57-c2de-4868-88da-3deffbb75a39), before_delete {{(pid=109896) _notify_loop /usr/local/lib/python3.8/dist-packages/neutron_lib/callbacks/manager.py:176}}
Feb 21 09:46:20.888036 dv-cinder-804735-19-smb neutron-server[109896]: DEBUG neutron_lib.callbacks.manager [None req-e652e787-cc84-4923-b41d-b8d4fe982851 admin admin] Publish callbacks [] for security_group (f1e20b57-c2de-4868-88da-3deffbb75a39), precommit_delete {{(pid=109896) _notify_loop /usr/local/lib/python3.8/dist-packages/neutron_lib/callbacks/manager.py:176}}
Feb 21 09:46:21.002061 dv-cinder-804735-19-smb neutron-server[109896]: DEBUG neutron_lib.callbacks.manager [None req-e652e787-cc84-4923-b41d-b8d4fe982851 admin admin] Publish callbacks ['neutron.plugins.ml2.ovo_rpc._ObjectChangeHandler.handle_event-7913853'] for security_group (f1e20b57-c2de-4868-88da-3deffbb75a39), after_delete {{(pid=109896) _notify_loop /usr/local/lib/python3.8/dist-packages/neutron_lib/callbacks/manager.py:176}}
Feb 21 09:46:21.005461 dv-cinder-804735-19-smb neutron-server[109896]: DEBUG neutron_lib.callbacks.manager [None req-e652e787-cc84-4923-b41d-b8d4fe982851 admin admin] Publish callbacks [] for security_group (None), before_response {{(pid=109896) _notify_loop /usr/local/lib/python3.8/dist-packages/neutron_lib/callbacks/manager.py:176}}
Feb 21 09:46:21.005876 dv-cinder-804735-19-smb neutron-server[109896]: INFO neutron.wsgi [None req-e652e787-cc84-4923-b41d-b8d4fe982851 admin admin] 10.222.0.72 "DELETE /v2.0/security-groups/f1e20b57-c2de-4868-88da-3deffbb75a39 HTTP/1.1" status: 204 len: 168 time: 0.2100713
Feb 21 09:46:21.019728 dv-cinder-804735-19-smb neutron-server[109896]: DEBUG neutron.api.rpc.handlers.resources_rpc [None req-e652e787-cc84-4923-b41d-b8d4fe982851 admin admin] Pushing event deleted for resources: {'SecurityGroup': ['ID=f1e20b57-c2de-4868-88da-3deffbb75a39,revision_number=None']} {{(pid=109896) push /opt/stack/neutron/neutron/api/rpc/handlers/resources_rpc.py:237}}
Feb 21 09:46:21.384794 dv-cinder-804735-19-smb neutron-server[109896]: DEBUG neutron.pecan_wsgi.hooks.policy_enforcement [req-62872ea7-b0fc-4302-a753-4829382654b0 req-790641cd-f78a-422c-8197-fad1ec9e2655 tempest-ServerRescueNegativeTestJSON-722011708 tempest-ServerRescueNegativeTestJSON-722011708-project] Attributes excluded by policy engine: ['standard_attr_id', 'binding:profile', 'binding:host_id', 'binding:vif_type', 'binding:vif_details'] {{(pid=109896) _exclude_attributes_by_policy /opt/stack/neutron/neutron/pecan_wsgi/hooks/policy_enforcement.py:255}}
Feb 21 09:46:21.387109 dv-cinder-804735-19-smb neutron-server[109896]: INFO neutron.wsgi [req-62872ea7-b0fc-4302-a753-4829382654b0 req-790641cd-f78a-422c-8197-fad1ec9e2655 tempest-ServerRescueNegativeTestJSON-722011708 tempest-ServerRescueNegativeTestJSON-722011708-project] 10.222.0.72 "GET /v2.0/ports?device_id=bd7c254e-5101-48a3-a05b-040a6c96e733 HTTP/1.1" status: 200 len: 945 time: 0.0561650
Feb 21 09:46:21.504197 dv-cinder-804735-19-smb neutron-server[109896]: INFO neutron.wsgi [req-62872ea7-b0fc-4302-a753-4829382654b0 req-bd20e832-3065-436a-86a6-8280bf80c2ab tempest-ServerRescueNegativeTestJSON-722011708 tempest-ServerRescueNegativeTestJSON-722011708-project] 10.222.0.72 "GET /v2.0/security-groups?id=78353116-f0a5-4fdd-acab-9b1743d17b1a&fields=id&fields=name HTTP/1.1" status: 200 len: 286 time: 0.1058753
Feb 21 09:46:21.528704 dv-cinder-804735-19-smb neutron-server[109896]: DEBUG neutron.pecan_wsgi.hooks.policy_enforcement [req-34c4ec0e-f9fb-4217-baca-b8af5e9649f4 req-eb214eee-d372-414e-bfd1-3292c2f535ea service neutron] Attributes excluded by policy engine: ['standard_attr_id'] {{(pid=109896) _exclude_attributes_by_policy /opt/stack/neutron/neutron/pecan_wsgi/hooks/policy_enforcement.py:255}}
Feb 21 09:46:21.532622 dv-cinder-804735-19-smb neutron-server[109896]: INFO neutron.wsgi [req-34c4ec0e-f9fb-4217-baca-b8af5e9649f4 req-eb214eee-d372-414e-bfd1-3292c2f535ea service neutron] 10.222.0.81 "GET /v2.0/ports?tenant_id=b7ea95bff7e24db9a7f4dfc591a65733&device_id=bd7c254e-5101-48a3-a05b-040a6c96e733 HTTP/1.1" status: 200 len: 1129 time: 0.0853031
Feb 21 09:46:21.647335 dv-cinder-804735-19-smb neutron-server[109896]: DEBUG neutron.pecan_wsgi.hooks.policy_enforcement [req-34c4ec0e-f9fb-4217-baca-b8af5e9649f4 req-57794658-79f2-46d1-86d6-4d963f676b61 service neutron] Attributes excluded by policy engine: ['standard_attr_id', 'vlan_transparent'] {{(pid=109896) _exclude_attributes_by_policy /opt/stack/neutron/neutron/pecan_wsgi/hooks/policy_enforcement.py:255}}
Feb 21 09:46:21.648816 dv-cinder-804735-19-smb neutron-server[109896]: INFO neutron.wsgi [req-34c4ec0e-f9fb-4217-baca-b8af5e9649f4 req-57794658-79f2-46d1-86d6-4d963f676b61 service neutron] 10.222.0.81 "GET /v2.0/networks?id=3875be99-64d3-404b-9651-0255a4f6901b HTTP/1.1" status: 200 len: 919 time: 0.1096175
Feb 21 09:46:21.705789 dv-cinder-804735-19-smb neutron-server[109896]: INFO neutron.wsgi [req-34c4ec0e-f9fb-4217-baca-b8af5e9649f4 req-46bfbe96-b638-46c2-aa7b-455baa28bd85 service neutron] 10.222.0.81 "GET /v2.0/floatingips?fixed_ip_address=172.20.0.8&port_id=2cc354b9-79b2-4fdc-b0ed-5cc616794f16 HTTP/1.1" status: 200 len: 217 time: 0.0423076
Feb 21 09:46:21.757805 dv-cinder-804735-19-smb neutron-server[109896]: DEBUG neutron.pecan_wsgi.hooks.policy_enforcement [req-34c4ec0e-f9fb-4217-baca-b8af5e9649f4 req-1ad97424-7026-468f-abae-80e547e8b75d service neutron] Attributes excluded by policy engine: ['standard_attr_id', 'shared'] {{(pid=109896) _exclude_attributes_by_policy /opt/stack/neutron/neutron/pecan_wsgi/hooks/policy_enforcement.py:255}}
Feb 21 09:46:21.759292 dv-cinder-804735-19-smb neutron-server[109896]: INFO neutron.wsgi [req-34c4ec0e-f9fb-4217-baca-b8af5e9649f4 req-1ad97424-7026-468f-abae-80e547e8b75d service neutron] 10.222.0.81 "GET /v2.0/subnets?id=9d234cfa-d895-43ad-ab4c-a531bab65fd8 HTTP/1.1" status: 200 len: 858 time: 0.0443738
Feb 21 09:46:21.790419 dv-cinder-804735-19-smb neutron-server[109896]: INFO neutron.wsgi [req-34c4ec0e-f9fb-4217-baca-b8af5e9649f4 req-721a8655-829f-4e61-b4d3-94b30cccebde service neutron] 10.222.0.81 "GET /v2.0/ports?network_id=3875be99-64d3-404b-9651-0255a4f6901b&device_owner=network%3Adhcp HTTP/1.1" status: 200 len: 210 time: 0.0249765
Feb 21 09:46:21.933720 dv-cinder-804735-19-smb neutron-server[109896]: DEBUG neutron.pecan_wsgi.hooks.policy_enforcement [req-f8e47b61-797b-4fad-a0ed-fbfaf364e724 req-dd073dc0-70b3-4c27-af17-4c25905be2e7 tempest-AttachVolumeNegativeTest-1968307374 tempest-AttachVolumeNegativeTest-1968307374-project] Attributes excluded by policy engine: ['standard_attr_id', 'binding:profile', 'binding:host_id', 'binding:vif_type', 'binding:vif_details'] {{(pid=109896) _exclude_attributes_by_policy /opt/stack/neutron/neutron/pecan_wsgi/hooks/policy_enforcement.py:255}}
Feb 21 09:46:21.935223 dv-cinder-804735-19-smb neutron-server[109896]: INFO neutron.wsgi [req-f8e47b61-797b-4fad-a0ed-fbfaf364e724 req-dd073dc0-70b3-4c27-af17-4c25905be2e7 tempest-AttachVolumeNegativeTest-1968307374 tempest-AttachVolumeNegativeTest-1968307374-project] 10.222.0.72 "GET /v2.0/ports?device_id=a3bb204b-e55b-4619-849f-a3d678e24ba9 HTTP/1.1" status: 200 len: 945 time: 0.0843270
Feb 21 09:46:21.937075 dv-cinder-804735-19-smb neutron-server[109896]: INFO neutron.wsgi [req-34c4ec0e-f9fb-4217-baca-b8af5e9649f4 req-2b2fd3dc-fd2b-43df-b632-000ffbe9c2ac service neutron] 10.222.0.81 "GET /v2.0/networks/3875be99-64d3-404b-9651-0255a4f6901b?fields=segments HTTP/1.1" status: 200 len: 212 time: 0.1390533
Feb 21 09:46:22.000430 dv-cinder-804735-19-smb neutron-server[109895]: DEBUG neutron.wsgi [-] (109895) accepted ('10.222.0.72', 55012) {{(pid=109895) server /usr/local/lib/python3.8/dist-packages/eventlet/wsgi.py:1004}}
Feb 21 09:46:22.015851 dv-cinder-804735-19-smb neutron-server[109895]: DEBUG neutron_lib.callbacks.manager [None req-1db56672-498e-4664-bc77-285396a147f8 admin admin] Publish callbacks [] for security_group (None), before_create {{(pid=109895) _notify_loop /usr/local/lib/python3.8/dist-packages/neutron_lib/callbacks/manager.py:176}}
Feb 21 09:46:22.047118 dv-cinder-804735-19-smb neutron-server[109896]: INFO neutron.wsgi [req-f8e47b61-797b-4fad-a0ed-fbfaf364e724 req-228ed9a6-6e0e-45b5-8d37-2966b86b7e53 tempest-AttachVolumeNegativeTest-1968307374 tempest-AttachVolumeNegativeTest-1968307374-project] 10.222.0.72 "GET /v2.0/security-groups?id=94977dd8-d15b-4eb9-9d8a-c949be70426a&fields=id&fields=name HTTP/1.1" status: 200 len: 286 time: 0.1058028
