Feb 18 12:07:29.205265 dv-cinder-804735-18-smb devstack@n-api.service[116629]: DEBUG oslo_concurrency.lockutils [None req-4996f40d-f227-4a54-aadf-60f9d9324722 None None] Lock "e96fd3e7-e68f-4790-b36b-2af3ec851939" "released" by "nova.context.set_target_cell..get_or_set_cached_cell_and_set_connections" :: held 0.002s {{(pid=116629) inner /usr/local/lib/python3.8/dist-packages/oslo_concurrency/lockutils.py:400}}
Feb 18 12:07:29.216816 dv-cinder-804735-18-smb devstack@n-api.service[116629]: DEBUG oslo_db.sqlalchemy.engines [None req-4996f40d-f227-4a54-aadf-60f9d9324722 None None] MySQL server mode set to STRICT_TRANS_TABLES,STRICT_ALL_TABLES,NO_ZERO_IN_DATE,NO_ZERO_DATE,ERROR_FOR_DIVISION_BY_ZERO,TRADITIONAL,NO_ENGINE_SUBSTITUTION {{(pid=116629) _check_effective_sql_mode /usr/local/lib/python3.8/dist-packages/oslo_db/sqlalchemy/engines.py:314}}
Feb 18 12:07:29.218530 dv-cinder-804735-18-smb devstack@n-api.service[116629]: DEBUG oslo_db.sqlalchemy.engines [None req-4996f40d-f227-4a54-aadf-60f9d9324722 None None] MySQL server mode set to STRICT_TRANS_TABLES,STRICT_ALL_TABLES,NO_ZERO_IN_DATE,NO_ZERO_DATE,ERROR_FOR_DIVISION_BY_ZERO,TRADITIONAL,NO_ENGINE_SUBSTITUTION {{(pid=116629) _check_effective_sql_mode /usr/local/lib/python3.8/dist-packages/oslo_db/sqlalchemy/engines.py:314}}
Feb 18 12:07:29.231888 dv-cinder-804735-18-smb devstack@n-api.service[116630]: DEBUG nova.context [None req-78dc7611-dec1-4d33-b352-db45fc9b3df7 None None] Found 2 cells: 00000000-0000-0000-0000-000000000000(cell0),e96fd3e7-e68f-4790-b36b-2af3ec851939(cell1) {{(pid=116630) load_cells /opt/stack/nova/nova/context.py:464}}
Feb 18 12:07:29.236161 dv-cinder-804735-18-smb devstack@n-api.service[116630]: DEBUG oslo_concurrency.lockutils [None req-78dc7611-dec1-4d33-b352-db45fc9b3df7 None None] Lock "00000000-0000-0000-0000-000000000000" acquired by "nova.context.set_target_cell..get_or_set_cached_cell_and_set_connections" :: waited 0.000s {{(pid=116630) inner /usr/local/lib/python3.8/dist-packages/oslo_concurrency/lockutils.py:386}}
Feb 18 12:07:29.237977 dv-cinder-804735-18-smb devstack@n-api.service[116630]: DEBUG oslo_concurrency.lockutils [None req-78dc7611-dec1-4d33-b352-db45fc9b3df7 None None] Lock "00000000-0000-0000-0000-000000000000" "released" by "nova.context.set_target_cell..get_or_set_cached_cell_and_set_connections" :: held 0.002s {{(pid=116630) inner /usr/local/lib/python3.8/dist-packages/oslo_concurrency/lockutils.py:400}}
Feb 18 12:07:29.238938 dv-cinder-804735-18-smb devstack@n-api.service[116630]: DEBUG oslo_concurrency.lockutils [None req-78dc7611-dec1-4d33-b352-db45fc9b3df7 None None] Lock "e96fd3e7-e68f-4790-b36b-2af3ec851939" acquired by "nova.context.set_target_cell..get_or_set_cached_cell_and_set_connections" :: waited 0.000s {{(pid=116630) inner /usr/local/lib/python3.8/dist-packages/oslo_concurrency/lockutils.py:386}}
Feb 18 12:07:29.240880 dv-cinder-804735-18-smb devstack@n-api.service[116630]: DEBUG oslo_concurrency.lockutils [None req-78dc7611-dec1-4d33-b352-db45fc9b3df7 None None] Lock "e96fd3e7-e68f-4790-b36b-2af3ec851939" "released" by "nova.context.set_target_cell..get_or_set_cached_cell_and_set_connections" :: held 0.002s {{(pid=116630) inner /usr/local/lib/python3.8/dist-packages/oslo_concurrency/lockutils.py:400}}
Feb 18 12:07:29.251259 dv-cinder-804735-18-smb devstack@n-api.service[116630]: DEBUG oslo_db.sqlalchemy.engines [None req-78dc7611-dec1-4d33-b352-db45fc9b3df7 None None] MySQL server mode set to STRICT_TRANS_TABLES,STRICT_ALL_TABLES,NO_ZERO_IN_DATE,NO_ZERO_DATE,ERROR_FOR_DIVISION_BY_ZERO,TRADITIONAL,NO_ENGINE_SUBSTITUTION {{(pid=116630) _check_effective_sql_mode /usr/local/lib/python3.8/dist-packages/oslo_db/sqlalchemy/engines.py:314}}
Feb 18 12:07:29.252144 dv-cinder-804735-18-smb devstack@n-api.service[116630]: DEBUG oslo_db.sqlalchemy.engines [None req-78dc7611-dec1-4d33-b352-db45fc9b3df7 None None] MySQL server mode set to STRICT_TRANS_TABLES,STRICT_ALL_TABLES,NO_ZERO_IN_DATE,NO_ZERO_DATE,ERROR_FOR_DIVISION_BY_ZERO,TRADITIONAL,NO_ENGINE_SUBSTITUTION {{(pid=116630) _check_effective_sql_mode /usr/local/lib/python3.8/dist-packages/oslo_db/sqlalchemy/engines.py:314}}
Feb 18 12:07:29.377542 dv-cinder-804735-18-smb devstack@n-api.service[116629]: DEBUG oslo_db.sqlalchemy.engines [None req-4996f40d-f227-4a54-aadf-60f9d9324722 None None] MySQL server mode set to STRICT_TRANS_TABLES,STRICT_ALL_TABLES,NO_ZERO_IN_DATE,NO_ZERO_DATE,ERROR_FOR_DIVISION_BY_ZERO,TRADITIONAL,NO_ENGINE_SUBSTITUTION {{(pid=116629) _check_effective_sql_mode /usr/local/lib/python3.8/dist-packages/oslo_db/sqlalchemy/engines.py:314}}
Feb 18 12:07:29.414315 dv-cinder-804735-18-smb devstack@n-api.service[116630]: DEBUG oslo_db.sqlalchemy.engines [None req-78dc7611-dec1-4d33-b352-db45fc9b3df7 None None] MySQL server mode set to STRICT_TRANS_TABLES,STRICT_ALL_TABLES,NO_ZERO_IN_DATE,NO_ZERO_DATE,ERROR_FOR_DIVISION_BY_ZERO,TRADITIONAL,NO_ENGINE_SUBSTITUTION {{(pid=116630) _check_effective_sql_mode /usr/local/lib/python3.8/dist-packages/oslo_db/sqlalchemy/engines.py:314}}
Feb 18 12:07:29.704250 dv-cinder-804735-18-smb devstack@n-api.service[116629]: WARNING keystonemiddleware.auth_token [None req-4996f40d-f227-4a54-aadf-60f9d9324722 None None] AuthToken middleware is set with keystone_authtoken.service_token_roles_required set to False. This is backwards compatible but deprecated behaviour. Please set this to True.
Feb 18 12:07:29.712718 dv-cinder-804735-18-smb devstack@n-api.service[116629]: WARNING keystonemiddleware.auth_token [None req-4996f40d-f227-4a54-aadf-60f9d9324722 None None] Configuring www_authenticate_uri to point to the public identity endpoint is required; clients may not be able to authenticate against an admin endpoint
Feb 18 12:07:29.759786 dv-cinder-804735-18-smb devstack@n-api.service[116630]: WARNING keystonemiddleware.auth_token [None req-78dc7611-dec1-4d33-b352-db45fc9b3df7 None None] AuthToken middleware is set with keystone_authtoken.service_token_roles_required set to False. This is backwards compatible but deprecated behaviour. Please set this to True.
Feb 18 12:07:29.767834 dv-cinder-804735-18-smb devstack@n-api.service[116630]: WARNING keystonemiddleware.auth_token [None req-78dc7611-dec1-4d33-b352-db45fc9b3df7 None None] Configuring www_authenticate_uri to point to the public identity endpoint is required; clients may not be able to authenticate against an admin endpoint
Feb 18 12:07:30.058799 dv-cinder-804735-18-smb devstack@n-api.service[116629]: WARNING keystonemiddleware.auth_token [None req-4996f40d-f227-4a54-aadf-60f9d9324722 None None] AuthToken middleware is set with keystone_authtoken.service_token_roles_required set to False. This is backwards compatible but deprecated behaviour. Please set this to True.
Feb 18 12:07:30.064061 dv-cinder-804735-18-smb devstack@n-api.service[116629]: WARNING keystonemiddleware.auth_token [None req-4996f40d-f227-4a54-aadf-60f9d9324722 None None] Configuring www_authenticate_uri to point to the public identity endpoint is required; clients may not be able to authenticate against an admin endpoint
Feb 18 12:07:30.069934 dv-cinder-804735-18-smb devstack@n-api.service[116629]: WSGI app 0 (mountpoint='') ready in 6 seconds on interpreter 0x55c0ced6c9c0 pid: 116629 (default app)
Feb 18 12:07:30.114594 dv-cinder-804735-18-smb devstack@n-api.service[116630]: WARNING keystonemiddleware.auth_token [None req-78dc7611-dec1-4d33-b352-db45fc9b3df7 None None] AuthToken middleware is set with keystone_authtoken.service_token_roles_required set to False. This is backwards compatible but deprecated behaviour. Please set this to True.
Feb 18 12:07:30.119816 dv-cinder-804735-18-smb devstack@n-api.service[116630]: WARNING keystonemiddleware.auth_token [None req-78dc7611-dec1-4d33-b352-db45fc9b3df7 None None] Configuring www_authenticate_uri to point to the public identity endpoint is required; clients may not be able to authenticate against an admin endpoint
Feb 18 12:07:30.125197 dv-cinder-804735-18-smb devstack@n-api.service[116630]: WSGI app 0 (mountpoint='') ready in 6 seconds on interpreter 0x55c0ced6c9c0 pid: 116630 (default app)
Feb 18 12:08:07.378205 dv-cinder-804735-18-smb devstack@n-api.service[116629]: DEBUG nova.api.openstack.wsgi [None req-5c319dba-d4f6-4b99-bca6-ee90f08febb1 tempest-VolumesSnapshotsTestJSON-838652547 tempest-VolumesSnapshotsTestJSON-838652547-project] Action: 'create', calling method: .version_select at 0x7f67dca4d0d0>, body: {"volume": {"size": 1, "display_name": "tempest-VolumesSnapshotsTestJSON-volume-201094001"}} {{(pid=116629) _process_stack /opt/stack/nova/nova/api/openstack/wsgi.py:511}}
Feb 18 12:08:07.633142 dv-cinder-804735-18-smb devstack@n-api.service[116630]: DEBUG nova.api.openstack.wsgi [None req-914dcbe3-7ab9-4cd9-8b87-6892728047bb tempest-VolumesGetTestJSON-1161170853 tempest-VolumesGetTestJSON-1161170853-project] Action: 'create', calling method: .version_select at 0x7f67dca4c0d0>, body: {"volume": {"size": 1, "display_name": "tempest-VolumesGetTestJSON-Volume-1332131925", "metadata": {"Type": "work"}}} {{(pid=116630) _process_stack /opt/stack/nova/nova/api/openstack/wsgi.py:511}}
Feb 18 12:08:09.564988 dv-cinder-804735-18-smb devstack@n-api.service[116629]: INFO nova.api.openstack.requestlog [None req-5c319dba-d4f6-4b99-bca6-ee90f08febb1 tempest-VolumesSnapshotsTestJSON-838652547 tempest-VolumesSnapshotsTestJSON-838652547-project] 10.222.0.30 "POST /compute/v2.1/os-volumes" status: 200 len: 344 microversion: 2.1 time: 3.816882
Feb 18 12:08:09.566600 dv-cinder-804735-18-smb devstack@n-api.service[116629]: [pid: 116629|app: 0|req: 1/1] 10.222.0.30 () {60 vars in 1154 bytes} [Fri Feb 18 12:08:05 2022] POST /compute/v2.1/os-volumes => generated 344 bytes in 3820 msecs (HTTP/1.1 200) 10 headers in 448 bytes (1 switches on core 0)
Feb 18 12:08:09.636696 dv-cinder-804735-18-smb devstack@n-api.service[116630]: INFO nova.api.openstack.requestlog [None req-914dcbe3-7ab9-4cd9-8b87-6892728047bb tempest-VolumesGetTestJSON-1161170853 tempest-VolumesGetTestJSON-1161170853-project] 10.222.0.30 "POST /compute/v2.1/os-volumes" status: 200 len: 353 microversion: 2.1 time: 2.939960
Feb 18 12:08:09.645094 dv-cinder-804735-18-smb devstack@n-api.service[116630]: [pid: 116630|app: 0|req: 1/2] 10.222.0.30 () {60 vars in 1155 bytes} [Fri Feb 18 12:08:06 2022] POST /compute/v2.1/os-volumes => generated 353 bytes in 2950 msecs (HTTP/1.1 200) 10 headers in 448 bytes (1 switches on core 0)
Feb 18 12:08:09.995367 dv-cinder-804735-18-smb devstack@n-api.service[116629]: DEBUG nova.api.openstack.wsgi [None req-03cbdf68-1530-4bda-994c-0128494a4827 tempest-DeleteServersTestJSON-159335397 tempest-DeleteServersTestJSON-159335397-project] Action: 'create', calling method: >, body: {"server": {"name": "tempest-DeleteServersTestJSON-server-557679799", "imageRef": "fb683661-5c4f-4039-8e07-5c289cfe8528", "flavorRef": "452", "networks": [{"uuid": "d3b20299-b740-4bef-9dd6-ec4095a5e402"}]}} {{(pid=116629) _process_stack /opt/stack/nova/nova/api/openstack/wsgi.py:511}}
Feb 18 12:08:10.086927 dv-cinder-804735-18-smb devstack@n-api.service[116630]: DEBUG nova.api.openstack.wsgi [None req-fa942ac9-cc8d-4c33-9a1a-972b4a38edbe tempest-AttachVolumeNegativeTest-1750686242 tempest-AttachVolumeNegativeTest-1750686242-project] Action: 'create', calling method: >, body: {"server": {"name": "tempest-AttachVolumeNegativeTest-server-1053452810", "imageRef": "fb683661-5c4f-4039-8e07-5c289cfe8528", "flavorRef": "452", "networks": [{"uuid": "db6f1ccc-2a5a-42bd-a301-45a4c951b5dc"}]}} {{(pid=116630) _process_stack /opt/stack/nova/nova/api/openstack/wsgi.py:511}}
Feb 18 12:08:10.211157 dv-cinder-804735-18-smb devstack@n-api.service[116629]: DEBUG nova.network.neutron [None req-03cbdf68-1530-4bda-994c-0128494a4827 tempest-DeleteServersTestJSON-159335397 tempest-DeleteServersTestJSON-159335397-project] validate_networks() for [('d3b20299-b740-4bef-9dd6-ec4095a5e402', None, None, None, None, None)] {{(pid=116629) validate_networks /opt/stack/nova/nova/network/neutron.py:2633}}
Feb 18 12:08:10.290058 dv-cinder-804735-18-smb devstack@n-api.service[116630]: DEBUG nova.network.neutron [None req-fa942ac9-cc8d-4c33-9a1a-972b4a38edbe tempest-AttachVolumeNegativeTest-1750686242 tempest-AttachVolumeNegativeTest-1750686242-project] validate_networks() for [('db6f1ccc-2a5a-42bd-a301-45a4c951b5dc', None, None, None, None, None)] {{(pid=116630) validate_networks /opt/stack/nova/nova/network/neutron.py:2633}}
Feb 18 12:08:11.878975 dv-cinder-804735-18-smb devstack@n-api.service[116629]: DEBUG nova.virt.hardware [None req-03cbdf68-1530-4bda-994c-0128494a4827 tempest-DeleteServersTestJSON-159335397 tempest-DeleteServersTestJSON-159335397-project] Flavor limits 0:0:0 {{(pid=116629) get_cpu_topology_constraints /opt/stack/nova/nova/virt/hardware.py:343}}
Feb 18 12:08:11.886107 dv-cinder-804735-18-smb devstack@n-api.service[116629]: DEBUG nova.virt.hardware [None req-03cbdf68-1530-4bda-994c-0128494a4827 tempest-DeleteServersTestJSON-159335397 tempest-DeleteServersTestJSON-159335397-project] Image limits 0:0:0 {{(pid=116629) get_cpu_topology_constraints /opt/stack/nova/nova/virt/hardware.py:347}}
Feb 18 12:08:11.887139 dv-cinder-804735-18-smb devstack@n-api.service[116629]: DEBUG nova.virt.hardware [None req-03cbdf68-1530-4bda-994c-0128494a4827 tempest-DeleteServersTestJSON-159335397 tempest-DeleteServersTestJSON-159335397-project] Flavor pref 0:0:0 {{(pid=116629) get_cpu_topology_constraints /opt/stack/nova/nova/virt/hardware.py:383}}
Feb 18 12:08:11.888088 dv-cinder-804735-18-smb devstack@n-api.service[116629]: DEBUG nova.virt.hardware [None req-03cbdf68-1530-4bda-994c-0128494a4827 tempest-DeleteServersTestJSON-159335397 tempest-DeleteServersTestJSON-159335397-project] Image pref 0:0:0 {{(pid=116629) get_cpu_topology_constraints /opt/stack/nova/nova/virt/hardware.py:387}}
Feb 18 12:08:11.889001 dv-cinder-804735-18-smb devstack@n-api.service[116629]: DEBUG nova.virt.hardware [None req-03cbdf68-1530-4bda-994c-0128494a4827 tempest-DeleteServersTestJSON-159335397 tempest-DeleteServersTestJSON-159335397-project] Chose sockets=0, cores=0, threads=0; limits were sockets=65536, cores=65536, threads=65536 {{(pid=116629) get_cpu_topology_constraints /opt/stack/nova/nova/virt/hardware.py:425}}
Feb 18 12:08:11.913794 dv-cinder-804735-18-smb devstack@n-api.service[116629]: DEBUG oslo_concurrency.lockutils [None req-03cbdf68-1530-4bda-994c-0128494a4827 tempest-DeleteServersTestJSON-159335397 tempest-DeleteServersTestJSON-159335397-project] Lock "00000000-0000-0000-0000-000000000000" acquired by "nova.context.set_target_cell..get_or_set_cached_cell_and_set_connections" :: waited 0.000s {{(pid=116629) inner /usr/local/lib/python3.8/dist-packages/oslo_concurrency/lockutils.py:386}}
Feb 18 12:08:11.914785 dv-cinder-804735-18-smb devstack@n-api.service[116629]: DEBUG oslo_concurrency.lockutils [None req-03cbdf68-1530-4bda-994c-0128494a4827 tempest-DeleteServersTestJSON-159335397 tempest-DeleteServersTestJSON-159335397-project] Lock "00000000-0000-0000-0000-000000000000" "released" by "nova.context.set_target_cell..get_or_set_cached_cell_and_set_connections" :: held 0.001s {{(pid=116629) inner /usr/local/lib/python3.8/dist-packages/oslo_concurrency/lockutils.py:400}}
Feb 18 12:08:11.915849 dv-cinder-804735-18-smb devstack@n-api.service[116629]: DEBUG oslo_concurrency.lockutils [None req-03cbdf68-1530-4bda-994c-0128494a4827 tempest-DeleteServersTestJSON-159335397 tempest-DeleteServersTestJSON-159335397-project] Lock "e96fd3e7-e68f-4790-b36b-2af3ec851939" acquired by "nova.context.set_target_cell..get_or_set_cached_cell_and_set_connections" :: waited 0.000s {{(pid=116629) inner /usr/local/lib/python3.8/dist-packages/oslo_concurrency/lockutils.py:386}}
Feb 18 12:08:11.916505 dv-cinder-804735-18-smb devstack@n-api.service[116629]: DEBUG oslo_concurrency.lockutils [None req-03cbdf68-1530-4bda-994c-0128494a4827 tempest-DeleteServersTestJSON-159335397 tempest-DeleteServersTestJSON-159335397-project] Lock "e96fd3e7-e68f-4790-b36b-2af3ec851939" "released" by "nova.context.set_target_cell..get_or_set_cached_cell_and_set_connections" :: held 0.001s {{(pid=116629) inner /usr/local/lib/python3.8/dist-packages/oslo_concurrency/lockutils.py:400}}
Feb 18 12:08:11.959639 dv-cinder-804735-18-smb devstack@n-api.service[116630]: DEBUG nova.virt.hardware [None req-fa942ac9-cc8d-4c33-9a1a-972b4a38edbe tempest-AttachVolumeNegativeTest-1750686242 tempest-AttachVolumeNegativeTest-1750686242-project] Flavor limits 0:0:0 {{(pid=116630) get_cpu_topology_constraints /opt/stack/nova/nova/virt/hardware.py:343}}
Feb 18 12:08:11.961062 dv-cinder-804735-18-smb devstack@n-api.service[116630]: DEBUG nova.virt.hardware [None req-fa942ac9-cc8d-4c33-9a1a-972b4a38edbe tempest-AttachVolumeNegativeTest-1750686242 tempest-AttachVolumeNegativeTest-1750686242-project] Image limits 0:0:0 {{(pid=116630) get_cpu_topology_constraints /opt/stack/nova/nova/virt/hardware.py:347}}
Feb 18 12:08:11.964149 dv-cinder-804735-18-smb devstack@n-api.service[116630]: DEBUG nova.virt.hardware [None req-fa942ac9-cc8d-4c33-9a1a-972b4a38edbe tempest-AttachVolumeNegativeTest-1750686242 tempest-AttachVolumeNegativeTest-1750686242-project] Flavor pref 0:0:0 {{(pid=116630) get_cpu_topology_constraints /opt/stack/nova/nova/virt/hardware.py:383}}
Feb 18 12:08:11.965486 dv-cinder-804735-18-smb devstack@n-api.service[116630]: DEBUG nova.virt.hardware [None req-fa942ac9-cc8d-4c33-9a1a-972b4a38edbe tempest-AttachVolumeNegativeTest-1750686242 tempest-AttachVolumeNegativeTest-1750686242-project] Image pref 0:0:0 {{(pid=116630) get_cpu_topology_constraints /opt/stack/nova/nova/virt/hardware.py:387}}
Feb 18 12:08:11.965952 dv-cinder-804735-18-smb devstack@n-api.service[116630]: DEBUG nova.virt.hardware [None req-fa942ac9-cc8d-4c33-9a1a-972b4a38edbe tempest-AttachVolumeNegativeTest-1750686242 tempest-AttachVolumeNegativeTest-1750686242-project] Chose sockets=0, cores=0, threads=0; limits were sockets=65536, cores=65536, threads=65536 {{(pid=116630) get_cpu_topology_constraints /opt/stack/nova/nova/virt/hardware.py:425}}
Feb 18 12:08:11.999377 dv-cinder-804735-18-smb devstack@n-api.service[116630]: DEBUG oslo_concurrency.lockutils [None req-fa942ac9-cc8d-4c33-9a1a-972b4a38edbe tempest-AttachVolumeNegativeTest-1750686242 tempest-AttachVolumeNegativeTest-1750686242-project] Lock "00000000-0000-0000-0000-000000000000" acquired by "nova.context.set_target_cell..get_or_set_cached_cell_and_set_connections" :: waited 0.000s {{(pid=116630) inner /usr/local/lib/python3.8/dist-packages/oslo_concurrency/lockutils.py:386}}
Feb 18 12:08:11.999803 dv-cinder-804735-18-smb devstack@n-api.service[116630]: DEBUG oslo_concurrency.lockutils [None req-fa942ac9-cc8d-4c33-9a1a-972b4a38edbe tempest-AttachVolumeNegativeTest-1750686242 tempest-AttachVolumeNegativeTest-1750686242-project] Lock "00000000-0000-0000-0000-000000000000" "released" by "nova.context.set_target_cell..get_or_set_cached_cell_and_set_connections" :: held 0.001s {{(pid=116630) inner /usr/local/lib/python3.8/dist-packages/oslo_concurrency/lockutils.py:400}}
Feb 18 12:08:12.000787 dv-cinder-804735-18-smb devstack@n-api.service[116630]: DEBUG oslo_concurrency.lockutils [None req-fa942ac9-cc8d-4c33-9a1a-972b4a38edbe tempest-AttachVolumeNegativeTest-1750686242 tempest-AttachVolumeNegativeTest-1750686242-project] Lock "e96fd3e7-e68f-4790-b36b-2af3ec851939" acquired by "nova.context.set_target_cell..get_or_set_cached_cell_and_set_connections" :: waited 0.000s {{(pid=116630) inner /usr/local/lib/python3.8/dist-packages/oslo_concurrency/lockutils.py:386}}
Feb 18 12:08:12.001570 dv-cinder-804735-18-smb devstack@n-api.service[116630]: DEBUG oslo_concurrency.lockutils [None req-fa942ac9-cc8d-4c33-9a1a-972b4a38edbe tempest-AttachVolumeNegativeTest-1750686242 tempest-AttachVolumeNegativeTest-1750686242-project] Lock "e96fd3e7-e68f-4790-b36b-2af3ec851939" "released" by "nova.context.set_target_cell..get_or_set_cached_cell_and_set_connections" :: held 0.001s {{(pid=116630) inner /usr/local/lib/python3.8/dist-packages/oslo_concurrency/lockutils.py:400}}
Feb 18 12:08:12.004880 dv-cinder-804735-18-smb devstack@n-api.service[116629]: DEBUG nova.quota [None req-03cbdf68-1530-4bda-994c-0128494a4827 tempest-DeleteServersTestJSON-159335397 tempest-DeleteServersTestJSON-159335397-project] Getting quotas for project 90f0540a4b0e4f04a80578a7f691b3ed. Resources: {'ram', 'cores', 'instances'} {{(pid=116629) _get_quotas /opt/stack/nova/nova/quota.py:387}}
Feb 18 12:08:12.023079 dv-cinder-804735-18-smb devstack@n-api.service[116629]: DEBUG nova.quota [None req-03cbdf68-1530-4bda-994c-0128494a4827 tempest-DeleteServersTestJSON-159335397 tempest-DeleteServersTestJSON-159335397-project] Getting quotas for user 6e55923a1d674d178c8a7dae3604bb7a and project 90f0540a4b0e4f04a80578a7f691b3ed. Resources: {'ram', 'cores', 'instances'} {{(pid=116629) _get_quotas /opt/stack/nova/nova/quota.py:377}}
Feb 18 12:08:12.043040 dv-cinder-804735-18-smb devstack@n-api.service[116629]: DEBUG nova.compute.api [None req-03cbdf68-1530-4bda-994c-0128494a4827 tempest-DeleteServersTestJSON-159335397 tempest-DeleteServersTestJSON-159335397-project] Going to run 1 instances... {{(pid=116629) _provision_instances /opt/stack/nova/nova/compute/api.py:1350}}
Feb 18 12:08:12.047477 dv-cinder-804735-18-smb devstack@n-api.service[116629]: DEBUG nova.compute.api [None req-03cbdf68-1530-4bda-994c-0128494a4827 tempest-DeleteServersTestJSON-159335397 tempest-DeleteServersTestJSON-159335397-project] [instance: 76d694b9-76d9-411c-b021-d9b6a52bbeec] block_device_mapping [BlockDeviceMapping(attachment_id=,boot_index=0,connection_info=None,created_at=,delete_on_termination=True,deleted=,deleted_at=,destination_type='local',device_name=None,device_type='disk',disk_bus=None,guest_format=None,id=,image_id='fb683661-5c4f-4039-8e07-5c289cfe8528',instance=,instance_uuid=,no_device=False,snapshot_id=None,source_type='image',tag=None,updated_at=,uuid=,volume_id=None,volume_size=None,volume_type=None)] {{(pid=116629) _bdm_validate_set_size_and_instance /opt/stack/nova/nova/compute/api.py:1757}}
Feb 18 12:08:12.051611 dv-cinder-804735-18-smb devstack@n-api.service[116630]: DEBUG nova.quota [None req-fa942ac9-cc8d-4c33-9a1a-972b4a38edbe tempest-AttachVolumeNegativeTest-1750686242 tempest-AttachVolumeNegativeTest-1750686242-project] Getting quotas for project 40954ed408f64b3088a61601c09bda72. Resources: {'ram', 'cores', 'instances'} {{(pid=116630) _get_quotas /opt/stack/nova/nova/quota.py:387}}
Feb 18 12:08:12.065393 dv-cinder-804735-18-smb devstack@n-api.service[116630]: DEBUG nova.quota [None req-fa942ac9-cc8d-4c33-9a1a-972b4a38edbe tempest-AttachVolumeNegativeTest-1750686242 tempest-AttachVolumeNegativeTest-1750686242-project] Getting quotas for user 0d4256fe11d0426ebcbbed601ec1456c and project 40954ed408f64b3088a61601c09bda72. Resources: {'ram', 'cores', 'instances'} {{(pid=116630) _get_quotas /opt/stack/nova/nova/quota.py:377}}
Feb 18 12:08:12.092736 dv-cinder-804735-18-smb devstack@n-api.service[116630]: DEBUG nova.compute.api [None req-fa942ac9-cc8d-4c33-9a1a-972b4a38edbe tempest-AttachVolumeNegativeTest-1750686242 tempest-AttachVolumeNegativeTest-1750686242-project] Going to run 1 instances... {{(pid=116630) _provision_instances /opt/stack/nova/nova/compute/api.py:1350}}
Feb 18 12:08:12.098858 dv-cinder-804735-18-smb devstack@n-api.service[116630]: DEBUG nova.compute.api [None req-fa942ac9-cc8d-4c33-9a1a-972b4a38edbe tempest-AttachVolumeNegativeTest-1750686242 tempest-AttachVolumeNegativeTest-1750686242-project] [instance: 68847be7-d7a8-4c75-8202-7f6ae8856406] block_device_mapping [BlockDeviceMapping(attachment_id=,boot_index=0,connection_info=None,created_at=,delete_on_termination=True,deleted=,deleted_at=,destination_type='local',device_name=None,device_type='disk',disk_bus=None,guest_format=None,id=,image_id='fb683661-5c4f-4039-8e07-5c289cfe8528',instance=,instance_uuid=,no_device=False,snapshot_id=None,source_type='image',tag=None,updated_at=,uuid=,volume_id=None,volume_size=None,volume_type=None)] {{(pid=116630) _bdm_validate_set_size_and_instance /opt/stack/nova/nova/compute/api.py:1757}}
Feb 18 12:08:12.162484 dv-cinder-804735-18-smb devstack@n-api.service[116629]: INFO nova.api.openstack.requestlog [None req-03cbdf68-1530-4bda-994c-0128494a4827 tempest-DeleteServersTestJSON-159335397 tempest-DeleteServersTestJSON-159335397-project] 10.222.0.30 "POST /compute/v2.1/servers" status: 202 len: 380 microversion: 2.1 time: 2.594208
Feb 18 12:08:12.163747 dv-cinder-804735-18-smb devstack@n-api.service[116629]: [pid: 116629|app: 0|req: 2/3] 10.222.0.30 () {60 vars in 1146 bytes} [Fri Feb 18 12:08:09 2022] POST /compute/v2.1/servers => generated 380 bytes in 2596 msecs (HTTP/1.1 202) 10 headers in 451 bytes (1 switches on core 0)
Feb 18 12:08:12.174031 dv-cinder-804735-18-smb devstack@n-api.service[116629]: DEBUG nova.api.openstack.wsgi [None req-d6052eba-9247-4d93-b576-7d9227ba47c8 tempest-VolumesSnapshotsTestJSON-838652547 tempest-VolumesSnapshotsTestJSON-838652547-project] Calling method '.version_select at 0x7f67dc827430>' {{(pid=116629) _process_stack /opt/stack/nova/nova/api/openstack/wsgi.py:513}}
Feb 18 12:08:12.201078 dv-cinder-804735-18-smb devstack@n-api.service[116630]: INFO nova.api.openstack.requestlog [None req-fa942ac9-cc8d-4c33-9a1a-972b4a38edbe tempest-AttachVolumeNegativeTest-1750686242 tempest-AttachVolumeNegativeTest-1750686242-project] 10.222.0.30 "POST /compute/v2.1/servers" status: 202 len: 380 microversion: 2.1 time: 2.528798
Feb 18 12:08:12.207320 dv-cinder-804735-18-smb devstack@n-api.service[116630]: [pid: 116630|app: 0|req: 2/4] 10.222.0.30 () {60 vars in 1146 bytes} [Fri Feb 18 12:08:09 2022] POST /compute/v2.1/servers => generated 380 bytes in 2556 msecs (HTTP/1.1 202) 10 headers in 451 bytes (1 switches on core 0)
Feb 18 12:08:12.208181 dv-cinder-804735-18-smb devstack@n-api.service[116630]: DEBUG nova.api.openstack.wsgi [None req-748d6fb5-91f6-4876-ba7c-68d667c831c1 tempest-VolumesGetTestJSON-1161170853 tempest-VolumesGetTestJSON-1161170853-project] Calling method '.version_select at 0x7f67dc828430>' {{(pid=116630) _process_stack /opt/stack/nova/nova/api/openstack/wsgi.py:513}}
Feb 18 12:08:12.252806 dv-cinder-804735-18-smb devstack@n-api.service[116629]: INFO nova.api.openstack.requestlog [None req-d6052eba-9247-4d93-b576-7d9227ba47c8 tempest-VolumesSnapshotsTestJSON-838652547 tempest-VolumesSnapshotsTestJSON-838652547-project] 10.222.0.30 "GET /compute/v2.1/os-volumes/6160f4c4-e2f4-4bc8-b2cf-8228ba42b7ee" status: 200 len: 345 microversion: 2.1 time: 0.086577
Feb 18 12:08:12.253791 dv-cinder-804735-18-smb devstack@n-api.service[116629]: [pid: 116629|app: 0|req: 3/5] 10.222.0.30 () {58 vars in 1244 bytes} [Fri Feb 18 12:08:12 2022] GET /compute/v2.1/os-volumes/6160f4c4-e2f4-4bc8-b2cf-8228ba42b7ee => generated 345 bytes in 89 msecs (HTTP/1.1 200) 9 headers in 357 bytes (1 switches on core 0)
Feb 18 12:08:12.465933 dv-cinder-804735-18-smb devstack@n-api.service[116630]: INFO nova.api.openstack.requestlog [None req-748d6fb5-91f6-4876-ba7c-68d667c831c1 tempest-VolumesGetTestJSON-1161170853 tempest-VolumesGetTestJSON-1161170853-project] 10.222.0.30 "GET /compute/v2.1/os-volumes/89387f65-b1cc-4543-bd76-35a5c71ce7a6" status: 200 len: 354 microversion: 2.1 time: 0.262128
Feb 18 12:08:12.466526 dv-cinder-804735-18-smb devstack@n-api.service[116630]: [pid: 116630|app: 0|req: 3/6] 10.222.0.30 () {58 vars in 1244 bytes} [Fri Feb 18 12:08:12 2022] GET /compute/v2.1/os-volumes/89387f65-b1cc-4543-bd76-35a5c71ce7a6 => generated 354 bytes in 264 msecs (HTTP/1.1 200) 9 headers in 357 bytes (1 switches on core 0)
Feb 18 12:08:12.471524 dv-cinder-804735-18-smb devstack@n-api.service[116630]: DEBUG nova.api.openstack.wsgi [None req-a89c3da2-338d-4af1-8749-5ec4c13cb526 tempest-DeleteServersTestJSON-159335397 tempest-DeleteServersTestJSON-159335397-project] Calling method '>' {{(pid=116630) _process_stack /opt/stack/nova/nova/api/openstack/wsgi.py:513}}
Feb 18 12:08:12.472139 dv-cinder-804735-18-smb devstack@n-api.service[116630]: DEBUG nova.compute.api [None req-a89c3da2-338d-4af1-8749-5ec4c13cb526 tempest-DeleteServersTestJSON-159335397 tempest-DeleteServersTestJSON-159335397-project] [instance: 76d694b9-76d9-411c-b021-d9b6a52bbeec] Fetching instance by UUID {{(pid=116630) get /opt/stack/nova/nova/compute/api.py:2865}}
Feb 18 12:08:12.610994 dv-cinder-804735-18-smb devstack@n-api.service[116629]: DEBUG nova.api.openstack.wsgi [None req-f20cf4ab-226d-4f03-9f63-dabcb5a75bae tempest-ServerRescueNegativeTestJSON-600616269 tempest-ServerRescueNegativeTestJSON-600616269-project] Action: 'create', calling method: >, body: {"server": {"name": "tempest-ServerRescueNegativeTestJSON-server-1989225821", "imageRef": "fb683661-5c4f-4039-8e07-5c289cfe8528", "flavorRef": "452", "adminPass": "***", "networks": [{"uuid": "}]}} {{(pid=116629) _process_stack /opt/stack/nova/nova/api/openstack/wsgi.py:511}}
Feb 18 12:08:12.710998 dv-cinder-804735-18-smb devstack@n-api.service[116630]: DEBUG nova.policy [None req-a89c3da2-338d-4af1-8749-5ec4c13cb526 tempest-DeleteServersTestJSON-159335397 tempest-DeleteServersTestJSON-159335397-project] Policy check for os_compute_api:os-extended-server-attributes failed with credentials {'is_admin': False, 'user_id': '6e55923a1d674d178c8a7dae3604bb7a', 'user_domain_id': 'default', 'system_scope': None, 'domain_id': None, 'project_id': '90f0540a4b0e4f04a80578a7f691b3ed', 'project_domain_id': 'default', 'roles': ['reader', 'member'], 'is_admin_project': True, 'service_user_id': None, 'service_user_domain_id': None, 'service_project_id': None, 'service_project_domain_id': None, 'service_roles': []} {{(pid=116630) authorize /opt/stack/nova/nova/policy.py:199}}
Feb 18 12:08:12.748942 dv-cinder-804735-18-smb devstack@n-api.service[116630]: INFO nova.api.openstack.requestlog [None req-a89c3da2-338d-4af1-8749-5ec4c13cb526 tempest-DeleteServersTestJSON-159335397 tempest-DeleteServersTestJSON-159335397-project] 10.222.0.30 "GET /compute/v2.1/servers/76d694b9-76d9-411c-b021-d9b6a52bbeec" status: 200 len: 1214 microversion: 2.1 time: 0.261795
Feb 18 12:08:12.753666 dv-cinder-804735-18-smb devstack@n-api.service[116630]: [pid: 116630|app: 0|req: 4/7] 10.222.0.30 () {58 vars in 1235 bytes} [Fri Feb 18 12:08:12 2022] GET /compute/v2.1/servers/76d694b9-76d9-411c-b021-d9b6a52bbeec => generated 1214 bytes in 286 msecs (HTTP/1.1 200) 9 headers in 358 bytes (1 switches on core 0)
Feb 18 12:08:12.763993 dv-cinder-804735-18-smb devstack@n-api.service[116629]: DEBUG nova.network.neutron [None req-f20cf4ab-226d-4f03-9f63-dabcb5a75bae tempest-ServerRescueNegativeTestJSON-600616269 tempest-ServerRescueNegativeTestJSON-600616269-project] validate_networks() for [('a2f65b39-0b78-414a-aadf-6ceb150298fa', None, None, None, None, None)] {{(pid=116629) validate_networks /opt/stack/nova/nova/network/neutron.py:2633}}
Feb 18 12:08:12.765407 dv-cinder-804735-18-smb devstack@n-api.service[116630]: DEBUG nova.api.openstack.wsgi [None req-6dd580c7-cd88-4427-96c6-7c3a380dd707 tempest-AttachVolumeNegativeTest-1750686242 tempest-AttachVolumeNegativeTest-1750686242-project] Calling method '>' {{(pid=116630) _process_stack /opt/stack/nova/nova/api/openstack/wsgi.py:513}}
Feb 18 12:08:12.766057 dv-cinder-804735-18-smb devstack@n-api.service[116630]: DEBUG nova.compute.api [None req-6dd580c7-cd88-4427-96c6-7c3a380dd707 tempest-AttachVolumeNegativeTest-1750686242 tempest-AttachVolumeNegativeTest-1750686242-project] [instance: 68847be7-d7a8-4c75-8202-7f6ae8856406] Fetching instance by UUID {{(pid=116630) get /opt/stack/nova/nova/compute/api.py:2865}}
Feb 18 12:08:13.018024 dv-cinder-804735-18-smb devstack@n-api.service[116630]: DEBUG nova.policy [None req-6dd580c7-cd88-4427-96c6-7c3a380dd707 tempest-AttachVolumeNegativeTest-1750686242 tempest-AttachVolumeNegativeTest-1750686242-project] Policy check for os_compute_api:os-extended-server-attributes failed with credentials {'is_admin': False, 'user_id': '0d4256fe11d0426ebcbbed601ec1456c', 'user_domain_id': 'default', 'system_scope': None, 'domain_id': None, 'project_id': '40954ed408f64b3088a61601c09bda72', 'project_domain_id': 'default', 'roles': ['reader', 'member'], 'is_admin_project': True, 'service_user_id': None, 'service_user_domain_id': None, 'service_project_id': None, 'service_project_domain_id': None, 'service_roles': []} {{(pid=116630) authorize /opt/stack/nova/nova/policy.py:199}}
Feb 18 12:08:13.032837 dv-cinder-804735-18-smb devstack@n-api.service[116630]: INFO nova.api.openstack.requestlog [None req-6dd580c7-cd88-4427-96c6-7c3a380dd707 tempest-AttachVolumeNegativeTest-1750686242 tempest-AttachVolumeNegativeTest-1750686242-project] 10.222.0.30 "GET /compute/v2.1/servers/68847be7-d7a8-4c75-8202-7f6ae8856406" status: 200 len: 1218 microversion: 2.1 time: 0.277856
Feb 18 12:08:13.038024 dv-cinder-804735-18-smb devstack@n-api.service[116630]: [pid: 116630|app: 0|req: 5/8] 10.222.0.30 () {58 vars in 1235 bytes} [Fri Feb 18 12:08:12 2022] GET /compute/v2.1/servers/68847be7-d7a8-4c75-8202-7f6ae8856406 => generated 1218 bytes in 282 msecs (HTTP/1.1 200) 9 headers in 358 bytes (1 switches on core 0)
Feb 18 12:08:13.050640 dv-cinder-804735-18-smb devstack@n-api.service[116630]: DEBUG nova.api.openstack.wsgi [None req-31d27f8d-028b-45c4-8d8b-098bed4038d2 tempest-VolumesSnapshotsTestJSON-838652547 tempest-VolumesSnapshotsTestJSON-838652547-project] Action: 'create', calling method: .version_select at 0x7f67dbfe25e0>, body: {"snapshot": {"volume_id": "6160f4c4-e2f4-4bc8-b2cf-8228ba42b7ee", "display_name": "tempest-VolumesSnapshotsTestJSON-Snapshot-815891444"}} {{(pid=116630) _process_stack /opt/stack/nova/nova/api/openstack/wsgi.py:511}}
Feb 18 12:08:13.468557 dv-cinder-804735-18-smb devstack@n-api.service[116630]: INFO nova.api.openstack.requestlog [None req-31d27f8d-028b-45c4-8d8b-098bed4038d2 tempest-VolumesSnapshotsTestJSON-838652547 tempest-VolumesSnapshotsTestJSON-838652547-project] 10.222.0.30 "POST /compute/v2.1/os-snapshots" status: 200 len: 286 microversion: 2.1 time: 0.429229
Feb 18 12:08:13.469144 dv-cinder-804735-18-smb devstack@n-api.service[116630]: [pid: 116630|app: 0|req: 6/9] 10.222.0.30 () {60 vars in 1161 bytes} [Fri Feb 18 12:08:13 2022] POST /compute/v2.1/os-snapshots => generated 286 bytes in 430 msecs (HTTP/1.1 200) 9 headers in 357 bytes (1 switches on core 0)
Feb 18 12:08:13.475131 dv-cinder-804735-18-smb devstack@n-api.service[116630]: DEBUG nova.api.openstack.wsgi [None req-6ed625af-310a-453d-9f6a-ad4156c7e4b7 tempest-VolumesGetTestJSON-1161170853 tempest-VolumesGetTestJSON-1161170853-project] Calling method '.version_select at 0x7f67dbfc1040>' {{(pid=116630) _process_stack /opt/stack/nova/nova/api/openstack/wsgi.py:513}}
Feb 18 12:08:13.604134 dv-cinder-804735-18-smb devstack@n-api.service[116630]: INFO nova.api.openstack.requestlog [None req-6ed625af-310a-453d-9f6a-ad4156c7e4b7 tempest-VolumesGetTestJSON-1161170853 tempest-VolumesGetTestJSON-1161170853-project] 10.222.0.30 "GET /compute/v2.1/os-volumes/89387f65-b1cc-4543-bd76-35a5c71ce7a6" status: 200 len: 354 microversion: 2.1 time: 0.133188
Feb 18 12:08:13.605023 dv-cinder-804735-18-smb devstack@n-api.service[116630]: [pid: 116630|app: 0|req: 7/10] 10.222.0.30 () {58 vars in 1244 bytes} [Fri Feb 18 12:08:13 2022] GET /compute/v2.1/os-volumes/89387f65-b1cc-4543-bd76-35a5c71ce7a6 => generated 354 bytes in 135 msecs (HTTP/1.1 200) 9 headers in 357 bytes (1 switches on core 0)
Feb 18 12:08:13.611932 dv-cinder-804735-18-smb devstack@n-api.service[116630]: DEBUG nova.api.openstack.wsgi [None req-ead63a72-9908-4f47-ae91-ac669befc620 tempest-VolumesSnapshotsTestJSON-838652547 tempest-VolumesSnapshotsTestJSON-838652547-project] Calling method '.version_select at 0x7f67dbfe2790>' {{(pid=116630) _process_stack /opt/stack/nova/nova/api/openstack/wsgi.py:513}}
Feb 18 12:08:13.686320 dv-cinder-804735-18-smb devstack@n-api.service[116630]: INFO nova.api.openstack.requestlog [None req-ead63a72-9908-4f47-ae91-ac669befc620 tempest-VolumesSnapshotsTestJSON-838652547 tempest-VolumesSnapshotsTestJSON-838652547-project] 10.222.0.30 "GET /compute/v2.1/os-snapshots/c1fa2f8e-ad89-499c-9380-2a098f5ae0fa" status: 200 len: 286 microversion: 2.1 time: 0.079568
Feb 18 12:08:13.686912 dv-cinder-804735-18-smb devstack@n-api.service[116630]: [pid: 116630|app: 0|req: 8/11] 10.222.0.30 () {58 vars in 1250 bytes} [Fri Feb 18 12:08:13 2022] GET /compute/v2.1/os-snapshots/c1fa2f8e-ad89-499c-9380-2a098f5ae0fa => generated 286 bytes in 81 msecs (HTTP/1.1 200) 9 headers in 357 bytes (1 switches on core 0)
Feb 18 12:08:13.693562 dv-cinder-804735-18-smb devstack@n-api.service[116630]: DEBUG nova.api.openstack.wsgi [None req-eeaf1dc6-aa46-4232-88a6-3e9cdbdc2ed0 tempest-VolumesGetTestJSON-1161170853 tempest-VolumesGetTestJSON-1161170853-project] Calling method '.version_select at 0x7f67dbfe2430>' {{(pid=116630) _process_stack /opt/stack/nova/nova/api/openstack/wsgi.py:513}}
Feb 18 12:08:13.788913 dv-cinder-804735-18-smb devstack@n-api.service[116629]: DEBUG nova.virt.hardware [None req-f20cf4ab-226d-4f03-9f63-dabcb5a75bae tempest-ServerRescueNegativeTestJSON-600616269 tempest-ServerRescueNegativeTestJSON-600616269-project] Flavor limits 0:0:0 {{(pid=116629) get_cpu_topology_constraints /opt/stack/nova/nova/virt/hardware.py:343}}
Feb 18 12:08:13.790179 dv-cinder-804735-18-smb devstack@n-api.service[116629]: DEBUG nova.virt.hardware [None req-f20cf4ab-226d-4f03-9f63-dabcb5a75bae tempest-ServerRescueNegativeTestJSON-600616269 tempest-ServerRescueNegativeTestJSON-600616269-project] Image limits 0:0:0 {{(pid=116629) get_cpu_topology_constraints /opt/stack/nova/nova/virt/hardware.py:347}}
Feb 18 12:08:13.790966 dv-cinder-804735-18-smb devstack@n-api.service[116629]: DEBUG nova.virt.hardware [None req-f20cf4ab-226d-4f03-9f63-dabcb5a75bae tempest-ServerRescueNegativeTestJSON-600616269 tempest-ServerRescueNegativeTestJSON-600616269-project] Flavor pref 0:0:0 {{(pid=116629) get_cpu_topology_constraints /opt/stack/nova/nova/virt/hardware.py:383}}
Feb 18 12:08:13.791580 dv-cinder-804735-18-smb devstack@n-api.service[116629]: DEBUG nova.virt.hardware [None req-f20cf4ab-226d-4f03-9f63-dabcb5a75bae tempest-ServerRescueNegativeTestJSON-600616269 tempest-ServerRescueNegativeTestJSON-600616269-project] Image pref 0:0:0 {{(pid=116629) get_cpu_topology_constraints /opt/stack/nova/nova/virt/hardware.py:387}}
Feb 18 12:08:13.792134 dv-cinder-804735-18-smb devstack@n-api.service[116629]: DEBUG nova.virt.hardware [None req-f20cf4ab-226d-4f03-9f63-dabcb5a75bae tempest-ServerRescueNegativeTestJSON-600616269 tempest-ServerRescueNegativeTestJSON-600616269-project] Chose sockets=0, cores=0, threads=0; limits were sockets=65536, cores=65536, threads=65536 {{(pid=116629) get_cpu_topology_constraints /opt/stack/nova/nova/virt/hardware.py:425}}
Feb 18 12:08:13.807998 dv-cinder-804735-18-smb devstack@n-api.service[116629]: DEBUG oslo_concurrency.lockutils [None req-f20cf4ab-226d-4f03-9f63-dabcb5a75bae tempest-ServerRescueNegativeTestJSON-600616269 tempest-ServerRescueNegativeTestJSON-600616269-project] Lock "00000000-0000-0000-0000-000000000000" acquired by "nova.context.set_target_cell..get_or_set_cached_cell_and_set_connections" :: waited 0.000s {{(pid=116629) inner /usr/local/lib/python3.8/dist-packages/oslo_concurrency/lockutils.py:386}}
Feb 18 12:08:13.820675 dv-cinder-804735-18-smb devstack@n-api.service[116629]: DEBUG oslo_concurrency.lockutils [None req-f20cf4ab-226d-4f03-9f63-dabcb5a75bae tempest-ServerRescueNegativeTestJSON-600616269 tempest-ServerRescueNegativeTestJSON-600616269-project] Lock "00000000-0000-0000-0000-000000000000" "released" by "nova.context.set_target_cell..get_or_set_cached_cell_and_set_connections" :: held 0.014s {{(pid=116629) inner /usr/local/lib/python3.8/dist-packages/oslo_concurrency/lockutils.py:400}}
Feb 18 12:08:13.824520 dv-cinder-804735-18-smb devstack@n-api.service[116629]: DEBUG oslo_concurrency.lockutils [None req-f20cf4ab-226d-4f03-9f63-dabcb5a75bae tempest-ServerRescueNegativeTestJSON-600616269 tempest-ServerRescueNegativeTestJSON-600616269-project] Lock "e96fd3e7-e68f-4790-b36b-2af3ec851939" acquired by "nova.context.set_target_cell..get_or_set_cached_cell_and_set_connections" :: waited 0.000s {{(pid=116629) inner /usr/local/lib/python3.8/dist-packages/oslo_concurrency/lockutils.py:386}}
Feb 18 12:08:13.825211 dv-cinder-804735-18-smb devstack@n-api.service[116629]: DEBUG oslo_concurrency.lockutils [None req-f20cf4ab-226d-4f03-9f63-dabcb5a75bae tempest-ServerRescueNegativeTestJSON-600616269 tempest-ServerRescueNegativeTestJSON-600616269-project] Lock "e96fd3e7-e68f-4790-b36b-2af3ec851939" "released" by "nova.context.set_target_cell..get_or_set_cached_cell_and_set_connections" :: held 0.002s {{(pid=116629) inner /usr/local/lib/python3.8/dist-packages/oslo_concurrency/lockutils.py:400}}
Feb 18 12:08:13.870786 dv-cinder-804735-18-smb devstack@n-api.service[116630]: INFO nova.api.openstack.requestlog [None req-eeaf1dc6-aa46-4232-88a6-3e9cdbdc2ed0 tempest-VolumesGetTestJSON-1161170853 tempest-VolumesGetTestJSON-1161170853-project] 10.222.0.30 "DELETE /compute/v2.1/os-volumes/89387f65-b1cc-4543-bd76-35a5c71ce7a6" status: 202 len: 0 microversion: 2.1 time: 0.182295
Feb 18 12:08:13.872159 dv-cinder-804735-18-smb devstack@n-api.service[116630]: [pid: 116630|app: 0|req: 9/12] 10.222.0.30 () {58 vars in 1247 bytes} [Fri Feb 18 12:08:13 2022] DELETE /compute/v2.1/os-volumes/89387f65-b1cc-4543-bd76-35a5c71ce7a6 => generated 0 bytes in 185 msecs (HTTP/1.1 202) 9 headers in 361 bytes (1 switches on core 0)
Feb 18 12:08:13.877379 dv-cinder-804735-18-smb devstack@n-api.service[116630]: DEBUG nova.api.openstack.wsgi [None req-62c6672c-6664-4912-915c-93291c68bf1b tempest-VolumesSnapshotsTestJSON-838652547 tempest-VolumesSnapshotsTestJSON-838652547-project] Calling method '.version_select at 0x7f67dbfd4f70>' {{(pid=116630) _process_stack /opt/stack/nova/nova/api/openstack/wsgi.py:513}}
Feb 18 12:08:13.905788 dv-cinder-804735-18-smb devstack@n-api.service[116629]: DEBUG nova.quota [None req-f20cf4ab-226d-4f03-9f63-dabcb5a75bae tempest-ServerRescueNegativeTestJSON-600616269 tempest-ServerRescueNegativeTestJSON-600616269-project] Getting quotas for project d75063ee20644719ba53900bcad5b3d5. Resources: {'ram', 'cores', 'instances'} {{(pid=116629) _get_quotas /opt/stack/nova/nova/quota.py:387}}
Feb 18 12:08:13.922991 dv-cinder-804735-18-smb devstack@n-api.service[116629]: DEBUG nova.quota [None req-f20cf4ab-226d-4f03-9f63-dabcb5a75bae tempest-ServerRescueNegativeTestJSON-600616269 tempest-ServerRescueNegativeTestJSON-600616269-project] Getting quotas for user 4b04c655b3fb4503946dc758d61512a0 and project d75063ee20644719ba53900bcad5b3d5. Resources: {'ram', 'cores', 'instances'} {{(pid=116629) _get_quotas /opt/stack/nova/nova/quota.py:377}}
Feb 18 12:08:13.970242 dv-cinder-804735-18-smb devstack@n-api.service[116629]: DEBUG nova.compute.api [None req-f20cf4ab-226d-4f03-9f63-dabcb5a75bae tempest-ServerRescueNegativeTestJSON-600616269 tempest-ServerRescueNegativeTestJSON-600616269-project] Going to run 1 instances... {{(pid=116629) _provision_instances /opt/stack/nova/nova/compute/api.py:1350}}
Feb 18 12:08:13.976534 dv-cinder-804735-18-smb devstack@n-api.service[116630]: INFO nova.api.openstack.requestlog [None req-62c6672c-6664-4912-915c-93291c68bf1b tempest-VolumesSnapshotsTestJSON-838652547 tempest-VolumesSnapshotsTestJSON-838652547-project] 10.222.0.30 "GET /compute/v2.1/os-snapshots" status: 200 len: 289 microversion: 2.1 time: 0.103078
Feb 18 12:08:13.984519 dv-cinder-804735-18-smb devstack@n-api.service[116630]: [pid: 116630|app: 0|req: 10/13] 10.222.0.30 () {58 vars in 1139 bytes} [Fri Feb 18 12:08:13 2022] GET /compute/v2.1/os-snapshots => generated 289 bytes in 112 msecs (HTTP/1.1 200) 9 headers in 357 bytes (1 switches on core 0)
Feb 18 12:08:13.989333 dv-cinder-804735-18-smb devstack@n-api.service[116629]: DEBUG nova.compute.api [None req-f20cf4ab-226d-4f03-9f63-dabcb5a75bae tempest-ServerRescueNegativeTestJSON-600616269 tempest-ServerRescueNegativeTestJSON-600616269-project] [instance: 50daaeb9-b869-483c-8122-4f7bde789cd2] block_device_mapping [BlockDeviceMapping(attachment_id=,boot_index=0,connection_info=None,created_at=,delete_on_termination=True,deleted=,deleted_at=,destination_type='local',device_name=None,device_type='disk',disk_bus=None,guest_format=None,id=,image_id='fb683661-5c4f-4039-8e07-5c289cfe8528',instance=,instance_uuid=,no_device=False,snapshot_id=None,source_type='image',tag=None,updated_at=,uuid=,volume_id=None,volume_size=None,volume_type=None)] {{(pid=116629) _bdm_validate_set_size_and_instance /opt/stack/nova/nova/compute/api.py:1757}}
Feb 18 12:08:13.990048 dv-cinder-804735-18-smb devstack@n-api.service[116630]: DEBUG nova.api.openstack.wsgi [None req-61c2c099-06ed-4fe1-8532-90968c53804d tempest-DeleteServersTestJSON-159335397 tempest-DeleteServersTestJSON-159335397-project] Calling method '>' {{(pid=116630) _process_stack /opt/stack/nova/nova/api/openstack/wsgi.py:513}}
Feb 18 12:08:13.992182 dv-cinder-804735-18-smb devstack@n-api.service[116630]: DEBUG nova.compute.api [None req-61c2c099-06ed-4fe1-8532-90968c53804d tempest-DeleteServersTestJSON-159335397 tempest-DeleteServersTestJSON-159335397-project] [instance: 76d694b9-76d9-411c-b021-d9b6a52bbeec] Fetching instance by UUID {{(pid=116630) get /opt/stack/nova/nova/compute/api.py:2865}}
Feb 18 12:08:14.141505 dv-cinder-804735-18-smb devstack@n-api.service[116629]: INFO nova.api.openstack.requestlog [None req-f20cf4ab-226d-4f03-9f63-dabcb5a75bae tempest-ServerRescueNegativeTestJSON-600616269 tempest-ServerRescueNegativeTestJSON-600616269-project] 10.222.0.30 "POST /compute/v2.1/servers" status: 202 len: 383 microversion: 2.1 time: 1.879190
Feb 18 12:08:14.144240 dv-cinder-804735-18-smb devstack@n-api.service[116629]: [pid: 116629|app: 0|req: 4/14] 10.222.0.30 () {60 vars in 1146 bytes} [Fri Feb 18 12:08:12 2022] POST /compute/v2.1/servers => generated 383 bytes in 1890 msecs (HTTP/1.1 202) 10 headers in 451 bytes (1 switches on core 0)
Feb 18 12:08:14.155667 dv-cinder-804735-18-smb devstack@n-api.service[116629]: DEBUG nova.api.openstack.wsgi [None req-58c93fd2-478f-4935-9e8c-3efdd7732ef5 tempest-VolumesGetTestJSON-1161170853 tempest-VolumesGetTestJSON-1161170853-project] Calling method '.version_select at 0x7f67dbfc3ca0>' {{(pid=116629) _process_stack /opt/stack/nova/nova/api/openstack/wsgi.py:513}}
Feb 18 12:08:14.173291 dv-cinder-804735-18-smb devstack@n-api.service[116630]: DEBUG nova.policy [None req-61c2c099-06ed-4fe1-8532-90968c53804d tempest-DeleteServersTestJSON-159335397 tempest-DeleteServersTestJSON-159335397-project] Policy check for os_compute_api:os-extended-server-attributes failed with credentials {'is_admin': False, 'user_id': '6e55923a1d674d178c8a7dae3604bb7a', 'user_domain_id': 'default', 'system_scope': None, 'domain_id': None, 'project_id': '90f0540a4b0e4f04a80578a7f691b3ed', 'project_domain_id': 'default', 'roles': ['reader', 'member'], 'is_admin_project': True, 'service_user_id': None, 'service_user_domain_id': None, 'service_project_id': None, 'service_project_domain_id': None, 'service_roles': []} {{(pid=116630) authorize /opt/stack/nova/nova/policy.py:199}}
Feb 18 12:08:14.198897 dv-cinder-804735-18-smb devstack@n-api.service[116630]: INFO nova.api.openstack.requestlog [None req-61c2c099-06ed-4fe1-8532-90968c53804d tempest-DeleteServersTestJSON-159335397 tempest-DeleteServersTestJSON-159335397-project] 10.222.0.30 "GET /compute/v2.1/servers/76d694b9-76d9-411c-b021-d9b6a52bbeec" status: 200 len: 1214 microversion: 2.1 time: 0.208126
Feb 18 12:08:14.199531 dv-cinder-804735-18-smb devstack@n-api.service[116630]: [pid: 116630|app: 0|req: 11/15] 10.222.0.30 () {58 vars in 1235 bytes} [Fri Feb 18 12:08:13 2022] GET /compute/v2.1/servers/76d694b9-76d9-411c-b021-d9b6a52bbeec => generated 1214 bytes in 214 msecs (HTTP/1.1 200) 9 headers in 358 bytes (1 switches on core 0)
Feb 18 12:08:14.221626 dv-cinder-804735-18-smb devstack@n-api.service[116630]: DEBUG nova.api.openstack.wsgi [None req-63c3e4d1-3f68-4504-b702-cd1a407d04b2 tempest-VolumesSnapshotsTestJSON-838652547 tempest-VolumesSnapshotsTestJSON-838652547-project] Calling method '.version_select at 0x7f67dbfe2280>' {{(pid=116630) _process_stack /opt/stack/nova/nova/api/openstack/wsgi.py:513}}
Feb 18 12:08:14.239919 dv-cinder-804735-18-smb devstack@n-api.service[116629]: INFO nova.api.openstack.wsgi [None req-58c93fd2-478f-4935-9e8c-3efdd7732ef5 tempest-VolumesGetTestJSON-1161170853 tempest-VolumesGetTestJSON-1161170853-project] HTTP exception thrown: Volume 89387f65-b1cc-4543-bd76-35a5c71ce7a6 could not be found.
Feb 18 12:08:14.240257 dv-cinder-804735-18-smb devstack@n-api.service[116629]: DEBUG nova.api.openstack.wsgi [None req-58c93fd2-478f-4935-9e8c-3efdd7732ef5 tempest-VolumesGetTestJSON-1161170853 tempest-VolumesGetTestJSON-1161170853-project] Returning 404 to user: Volume 89387f65-b1cc-4543-bd76-35a5c71ce7a6 could not be found. {{(pid=116629) __call__ /opt/stack/nova/nova/api/openstack/wsgi.py:936}}
Feb 18 12:08:14.241309 dv-cinder-804735-18-smb devstack@n-api.service[116629]: INFO nova.api.openstack.requestlog [None req-58c93fd2-478f-4935-9e8c-3efdd7732ef5 tempest-VolumesGetTestJSON-1161170853 tempest-VolumesGetTestJSON-1161170853-project] 10.222.0.30 "GET /compute/v2.1/os-volumes/89387f65-b1cc-4543-bd76-35a5c71ce7a6" status: 404 len: 109 microversion: 2.1 time: 0.095813
Feb 18 12:08:14.241840 dv-cinder-804735-18-smb devstack@n-api.service[116629]: [pid: 116629|app: 0|req: 5/16] 10.222.0.30 () {58 vars in 1244 bytes} [Fri Feb 18 12:08:14 2022] GET /compute/v2.1/os-volumes/89387f65-b1cc-4543-bd76-35a5c71ce7a6 => generated 109 bytes in 97 msecs (HTTP/1.1 404) 9 headers in 379 bytes (1 switches on core 0)
