Feb 16 14:16:22.489262 dv-cinder-804735-16-iscsi devstack@n-api.service[102571]: DEBUG nova.api.openstack.wsgi_app [-] oslo_messaging_notifications.transport_url = **** {{(pid=102571) log_opt_values /usr/local/lib/python3.8/dist-packages/oslo_config/cfg.py:2609}}
Feb 16 14:16:22.489524 dv-cinder-804735-16-iscsi devstack@n-api.service[102572]: DEBUG nova.api.openstack.wsgi_app [-] oslo_messaging_rabbit.ssl_cert_file = {{(pid=102572) log_opt_values /usr/local/lib/python3.8/dist-packages/oslo_config/cfg.py:2609}}
Feb 16 14:16:22.489615 dv-cinder-804735-16-iscsi devstack@n-api.service[102571]: DEBUG nova.api.openstack.wsgi_app [-] oslo_reports.file_event_handler = None {{(pid=102571) log_opt_values /usr/local/lib/python3.8/dist-packages/oslo_config/cfg.py:2609}}
Feb 16 14:16:22.489891 dv-cinder-804735-16-iscsi devstack@n-api.service[102571]: DEBUG nova.api.openstack.wsgi_app [-] oslo_reports.file_event_handler_interval = 1 {{(pid=102571) log_opt_values /usr/local/lib/python3.8/dist-packages/oslo_config/cfg.py:2609}}
Feb 16 14:16:22.489981 dv-cinder-804735-16-iscsi devstack@n-api.service[102572]: DEBUG nova.api.openstack.wsgi_app [-] oslo_messaging_rabbit.ssl_key_file = {{(pid=102572) log_opt_values /usr/local/lib/python3.8/dist-packages/oslo_config/cfg.py:2609}}
Feb 16 14:16:22.490202 dv-cinder-804735-16-iscsi devstack@n-api.service[102571]: DEBUG nova.api.openstack.wsgi_app [-] oslo_reports.log_dir = None {{(pid=102571) log_opt_values /usr/local/lib/python3.8/dist-packages/oslo_config/cfg.py:2609}}
Feb 16 14:16:22.490311 dv-cinder-804735-16-iscsi devstack@n-api.service[102572]: DEBUG nova.api.openstack.wsgi_app [-] oslo_messaging_rabbit.ssl_version = {{(pid=102572) log_opt_values /usr/local/lib/python3.8/dist-packages/oslo_config/cfg.py:2609}}
Feb 16 14:16:22.490445 dv-cinder-804735-16-iscsi devstack@n-api.service[102571]: DEBUG nova.api.openstack.wsgi_app [-] ******************************************************************************** {{(pid=102571) log_opt_values /usr/local/lib/python3.8/dist-packages/oslo_config/cfg.py:2613}}
Feb 16 14:16:22.490575 dv-cinder-804735-16-iscsi devstack@n-api.service[102572]: DEBUG nova.api.openstack.wsgi_app [-] oslo_messaging_notifications.driver = ['messagingv2'] {{(pid=102572) log_opt_values /usr/local/lib/python3.8/dist-packages/oslo_config/cfg.py:2609}}
Feb 16 14:16:22.490923 dv-cinder-804735-16-iscsi devstack@n-api.service[102572]: DEBUG nova.api.openstack.wsgi_app [-] oslo_messaging_notifications.retry = -1 {{(pid=102572) log_opt_values /usr/local/lib/python3.8/dist-packages/oslo_config/cfg.py:2609}}
Feb 16 14:16:22.492938 dv-cinder-804735-16-iscsi devstack@n-api.service[102572]: DEBUG nova.api.openstack.wsgi_app [-] oslo_messaging_notifications.topics = ['notifications'] {{(pid=102572) log_opt_values /usr/local/lib/python3.8/dist-packages/oslo_config/cfg.py:2609}}
Feb 16 14:16:22.492938 dv-cinder-804735-16-iscsi devstack@n-api.service[102572]: DEBUG nova.api.openstack.wsgi_app [-] oslo_messaging_notifications.transport_url = **** {{(pid=102572) log_opt_values /usr/local/lib/python3.8/dist-packages/oslo_config/cfg.py:2609}}
Feb 16 14:16:22.492938 dv-cinder-804735-16-iscsi devstack@n-api.service[102572]: DEBUG nova.api.openstack.wsgi_app [-] oslo_reports.file_event_handler = None {{(pid=102572) log_opt_values /usr/local/lib/python3.8/dist-packages/oslo_config/cfg.py:2609}}
Feb 16 14:16:22.492938 dv-cinder-804735-16-iscsi devstack@n-api.service[102572]: DEBUG nova.api.openstack.wsgi_app [-] oslo_reports.file_event_handler_interval = 1 {{(pid=102572) log_opt_values /usr/local/lib/python3.8/dist-packages/oslo_config/cfg.py:2609}}
Feb 16 14:16:22.492938 dv-cinder-804735-16-iscsi devstack@n-api.service[102572]: DEBUG nova.api.openstack.wsgi_app [-] oslo_reports.log_dir = None {{(pid=102572) log_opt_values /usr/local/lib/python3.8/dist-packages/oslo_config/cfg.py:2609}}
Feb 16 14:16:22.492938 dv-cinder-804735-16-iscsi devstack@n-api.service[102572]: DEBUG nova.api.openstack.wsgi_app [-] ******************************************************************************** {{(pid=102572) log_opt_values /usr/local/lib/python3.8/dist-packages/oslo_config/cfg.py:2613}}
Feb 16 14:16:22.513443 dv-cinder-804735-16-iscsi devstack@n-api.service[102571]: DEBUG oslo_db.sqlalchemy.engines [None req-df8f7b3a-08f3-43d9-b157-6842f464756c None None] MySQL server mode set to STRICT_TRANS_TABLES,STRICT_ALL_TABLES,NO_ZERO_IN_DATE,NO_ZERO_DATE,ERROR_FOR_DIVISION_BY_ZERO,TRADITIONAL,NO_ENGINE_SUBSTITUTION {{(pid=102571) _check_effective_sql_mode /usr/local/lib/python3.8/dist-packages/oslo_db/sqlalchemy/engines.py:314}}
Feb 16 14:16:22.515228 dv-cinder-804735-16-iscsi devstack@n-api.service[102572]: DEBUG oslo_db.sqlalchemy.engines [None req-62f6e4ee-9fcf-4371-993c-50922b4f2a2c None None] MySQL server mode set to STRICT_TRANS_TABLES,STRICT_ALL_TABLES,NO_ZERO_IN_DATE,NO_ZERO_DATE,ERROR_FOR_DIVISION_BY_ZERO,TRADITIONAL,NO_ENGINE_SUBSTITUTION {{(pid=102572) _check_effective_sql_mode /usr/local/lib/python3.8/dist-packages/oslo_db/sqlalchemy/engines.py:314}}
Feb 16 14:16:22.578223 dv-cinder-804735-16-iscsi devstack@n-api.service[102572]: DEBUG nova.context [None req-62f6e4ee-9fcf-4371-993c-50922b4f2a2c None None] Found 2 cells: 00000000-0000-0000-0000-000000000000(cell0),d50d195e-47a1-45e7-9830-39e8ce60e8f3(cell1) {{(pid=102572) load_cells /opt/stack/nova/nova/context.py:464}}
Feb 16 14:16:22.578898 dv-cinder-804735-16-iscsi devstack@n-api.service[102571]: DEBUG nova.context [None req-df8f7b3a-08f3-43d9-b157-6842f464756c None None] Found 2 cells: 00000000-0000-0000-0000-000000000000(cell0),d50d195e-47a1-45e7-9830-39e8ce60e8f3(cell1) {{(pid=102571) load_cells /opt/stack/nova/nova/context.py:464}}
Feb 16 14:16:22.582437 dv-cinder-804735-16-iscsi devstack@n-api.service[102572]: DEBUG oslo_concurrency.lockutils [None req-62f6e4ee-9fcf-4371-993c-50922b4f2a2c None None] Lock "00000000-0000-0000-0000-000000000000" acquired by "nova.context.set_target_cell..get_or_set_cached_cell_and_set_connections" :: waited 0.000s {{(pid=102572) inner /usr/local/lib/python3.8/dist-packages/oslo_concurrency/lockutils.py:386}}
Feb 16 14:16:22.584034 dv-cinder-804735-16-iscsi devstack@n-api.service[102571]: DEBUG oslo_concurrency.lockutils [None req-df8f7b3a-08f3-43d9-b157-6842f464756c None None] Lock "00000000-0000-0000-0000-000000000000" acquired by "nova.context.set_target_cell..get_or_set_cached_cell_and_set_connections" :: waited 0.001s {{(pid=102571) inner /usr/local/lib/python3.8/dist-packages/oslo_concurrency/lockutils.py:386}}
Feb 16 14:16:22.584608 dv-cinder-804735-16-iscsi devstack@n-api.service[102572]: DEBUG oslo_concurrency.lockutils [None req-62f6e4ee-9fcf-4371-993c-50922b4f2a2c None None] Lock "00000000-0000-0000-0000-000000000000" "released" by "nova.context.set_target_cell..get_or_set_cached_cell_and_set_connections" :: held 0.002s {{(pid=102572) inner /usr/local/lib/python3.8/dist-packages/oslo_concurrency/lockutils.py:400}}
Feb 16 14:16:22.585422 dv-cinder-804735-16-iscsi devstack@n-api.service[102572]: DEBUG oslo_concurrency.lockutils [None req-62f6e4ee-9fcf-4371-993c-50922b4f2a2c None None] Lock "d50d195e-47a1-45e7-9830-39e8ce60e8f3" acquired by "nova.context.set_target_cell..get_or_set_cached_cell_and_set_connections" :: waited 0.000s {{(pid=102572) inner /usr/local/lib/python3.8/dist-packages/oslo_concurrency/lockutils.py:386}}
Feb 16 14:16:22.585676 dv-cinder-804735-16-iscsi devstack@n-api.service[102571]: DEBUG oslo_concurrency.lockutils [None req-df8f7b3a-08f3-43d9-b157-6842f464756c None None] Lock "00000000-0000-0000-0000-000000000000" "released" by "nova.context.set_target_cell..get_or_set_cached_cell_and_set_connections" :: held 0.002s {{(pid=102571) inner /usr/local/lib/python3.8/dist-packages/oslo_concurrency/lockutils.py:400}}
Feb 16 14:16:22.586491 dv-cinder-804735-16-iscsi devstack@n-api.service[102571]: DEBUG oslo_concurrency.lockutils [None req-df8f7b3a-08f3-43d9-b157-6842f464756c None None] Lock "d50d195e-47a1-45e7-9830-39e8ce60e8f3" acquired by "nova.context.set_target_cell..get_or_set_cached_cell_and_set_connections" :: waited 0.000s {{(pid=102571) inner /usr/local/lib/python3.8/dist-packages/oslo_concurrency/lockutils.py:386}}
Feb 16 14:16:22.587386 dv-cinder-804735-16-iscsi devstack@n-api.service[102572]: DEBUG oslo_concurrency.lockutils [None req-62f6e4ee-9fcf-4371-993c-50922b4f2a2c None None] Lock "d50d195e-47a1-45e7-9830-39e8ce60e8f3" "released" by "nova.context.set_target_cell..get_or_set_cached_cell_and_set_connections" :: held 0.002s {{(pid=102572) inner /usr/local/lib/python3.8/dist-packages/oslo_concurrency/lockutils.py:400}}
Feb 16 14:16:22.588460 dv-cinder-804735-16-iscsi devstack@n-api.service[102571]: DEBUG oslo_concurrency.lockutils [None req-df8f7b3a-08f3-43d9-b157-6842f464756c None None] Lock "d50d195e-47a1-45e7-9830-39e8ce60e8f3" "released" by "nova.context.set_target_cell..get_or_set_cached_cell_and_set_connections" :: held 0.002s {{(pid=102571) inner /usr/local/lib/python3.8/dist-packages/oslo_concurrency/lockutils.py:400}}
Feb 16 14:16:22.597971 dv-cinder-804735-16-iscsi devstack@n-api.service[102572]: DEBUG oslo_db.sqlalchemy.engines [None req-62f6e4ee-9fcf-4371-993c-50922b4f2a2c None None] MySQL server mode set to STRICT_TRANS_TABLES,STRICT_ALL_TABLES,NO_ZERO_IN_DATE,NO_ZERO_DATE,ERROR_FOR_DIVISION_BY_ZERO,TRADITIONAL,NO_ENGINE_SUBSTITUTION {{(pid=102572) _check_effective_sql_mode /usr/local/lib/python3.8/dist-packages/oslo_db/sqlalchemy/engines.py:314}}
Feb 16 14:16:22.600921 dv-cinder-804735-16-iscsi devstack@n-api.service[102571]: DEBUG oslo_db.sqlalchemy.engines [None req-df8f7b3a-08f3-43d9-b157-6842f464756c None None] MySQL server mode set to STRICT_TRANS_TABLES,STRICT_ALL_TABLES,NO_ZERO_IN_DATE,NO_ZERO_DATE,ERROR_FOR_DIVISION_BY_ZERO,TRADITIONAL,NO_ENGINE_SUBSTITUTION {{(pid=102571) _check_effective_sql_mode /usr/local/lib/python3.8/dist-packages/oslo_db/sqlalchemy/engines.py:314}}
Feb 16 14:16:22.603685 dv-cinder-804735-16-iscsi devstack@n-api.service[102572]: DEBUG oslo_db.sqlalchemy.engines [None req-62f6e4ee-9fcf-4371-993c-50922b4f2a2c None None] MySQL server mode set to STRICT_TRANS_TABLES,STRICT_ALL_TABLES,NO_ZERO_IN_DATE,NO_ZERO_DATE,ERROR_FOR_DIVISION_BY_ZERO,TRADITIONAL,NO_ENGINE_SUBSTITUTION {{(pid=102572) _check_effective_sql_mode /usr/local/lib/python3.8/dist-packages/oslo_db/sqlalchemy/engines.py:314}}
Feb 16 14:16:22.606581 dv-cinder-804735-16-iscsi devstack@n-api.service[102571]: DEBUG oslo_db.sqlalchemy.engines [None req-df8f7b3a-08f3-43d9-b157-6842f464756c None None] MySQL server mode set to STRICT_TRANS_TABLES,STRICT_ALL_TABLES,NO_ZERO_IN_DATE,NO_ZERO_DATE,ERROR_FOR_DIVISION_BY_ZERO,TRADITIONAL,NO_ENGINE_SUBSTITUTION {{(pid=102571) _check_effective_sql_mode /usr/local/lib/python3.8/dist-packages/oslo_db/sqlalchemy/engines.py:314}}
Feb 16 14:16:22.761646 dv-cinder-804735-16-iscsi devstack@n-api.service[102572]: DEBUG oslo_db.sqlalchemy.engines [None req-62f6e4ee-9fcf-4371-993c-50922b4f2a2c None None] MySQL server mode set to STRICT_TRANS_TABLES,STRICT_ALL_TABLES,NO_ZERO_IN_DATE,NO_ZERO_DATE,ERROR_FOR_DIVISION_BY_ZERO,TRADITIONAL,NO_ENGINE_SUBSTITUTION {{(pid=102572) _check_effective_sql_mode /usr/local/lib/python3.8/dist-packages/oslo_db/sqlalchemy/engines.py:314}}
Feb 16 14:16:22.771590 dv-cinder-804735-16-iscsi devstack@n-api.service[102571]: DEBUG oslo_db.sqlalchemy.engines [None req-df8f7b3a-08f3-43d9-b157-6842f464756c None None] MySQL server mode set to STRICT_TRANS_TABLES,STRICT_ALL_TABLES,NO_ZERO_IN_DATE,NO_ZERO_DATE,ERROR_FOR_DIVISION_BY_ZERO,TRADITIONAL,NO_ENGINE_SUBSTITUTION {{(pid=102571) _check_effective_sql_mode /usr/local/lib/python3.8/dist-packages/oslo_db/sqlalchemy/engines.py:314}}
Feb 16 14:16:23.280773 dv-cinder-804735-16-iscsi devstack@n-api.service[102572]: WARNING keystonemiddleware.auth_token [None req-62f6e4ee-9fcf-4371-993c-50922b4f2a2c None None] AuthToken middleware is set with keystone_authtoken.service_token_roles_required set to False. This is backwards compatible but deprecated behaviour. Please set this to True.
Feb 16 14:16:23.288215 dv-cinder-804735-16-iscsi devstack@n-api.service[102572]: WARNING keystonemiddleware.auth_token [None req-62f6e4ee-9fcf-4371-993c-50922b4f2a2c None None] Configuring www_authenticate_uri to point to the public identity endpoint is required; clients may not be able to authenticate against an admin endpoint
Feb 16 14:16:23.311205 dv-cinder-804735-16-iscsi devstack@n-api.service[102571]: WARNING keystonemiddleware.auth_token [None req-df8f7b3a-08f3-43d9-b157-6842f464756c None None] AuthToken middleware is set with keystone_authtoken.service_token_roles_required set to False. This is backwards compatible but deprecated behaviour. Please set this to True.
Feb 16 14:16:23.318047 dv-cinder-804735-16-iscsi devstack@n-api.service[102571]: WARNING keystonemiddleware.auth_token [None req-df8f7b3a-08f3-43d9-b157-6842f464756c None None] Configuring www_authenticate_uri to point to the public identity endpoint is required; clients may not be able to authenticate against an admin endpoint
Feb 16 14:16:23.512583 dv-cinder-804735-16-iscsi devstack@n-api.service[102572]: WARNING keystonemiddleware.auth_token [None req-62f6e4ee-9fcf-4371-993c-50922b4f2a2c None None] AuthToken middleware is set with keystone_authtoken.service_token_roles_required set to False. This is backwards compatible but deprecated behaviour. Please set this to True.
Feb 16 14:16:23.517714 dv-cinder-804735-16-iscsi devstack@n-api.service[102572]: WARNING keystonemiddleware.auth_token [None req-62f6e4ee-9fcf-4371-993c-50922b4f2a2c None None] Configuring www_authenticate_uri to point to the public identity endpoint is required; clients may not be able to authenticate against an admin endpoint
Feb 16 14:16:23.523549 dv-cinder-804735-16-iscsi devstack@n-api.service[102572]: WSGI app 0 (mountpoint='') ready in 6 seconds on interpreter 0x5653470229c0 pid: 102572 (default app)
Feb 16 14:16:23.525591 dv-cinder-804735-16-iscsi devstack@n-api.service[102572]: DEBUG nova.api.openstack.wsgi [None req-62f6e4ee-9fcf-4371-993c-50922b4f2a2c None None] Calling method '>' {{(pid=102572) _process_stack /opt/stack/nova/nova/api/openstack/wsgi.py:513}}
Feb 16 14:16:23.526821 dv-cinder-804735-16-iscsi devstack@n-api.service[102572]: INFO nova.api.openstack.requestlog [None req-62f6e4ee-9fcf-4371-993c-50922b4f2a2c None None] 10.222.0.110 "GET /compute/v2.1/" status: 200 len: 389 microversion: 2.1 time: 0.001747
Feb 16 14:16:23.527238 dv-cinder-804735-16-iscsi devstack@n-api.service[102572]: [pid: 102572|app: 0|req: 1/1] 10.222.0.110 () {50 vars in 793 bytes} [Wed Feb 16 14:16:23 2022] GET /compute/v2.1/ => generated 389 bytes in 3 msecs (HTTP/1.1 200) 9 headers in 357 bytes (1 switches on core 0)
Feb 16 14:16:23.548234 dv-cinder-804735-16-iscsi devstack@n-api.service[102571]: WARNING keystonemiddleware.auth_token [None req-df8f7b3a-08f3-43d9-b157-6842f464756c None None] AuthToken middleware is set with keystone_authtoken.service_token_roles_required set to False. This is backwards compatible but deprecated behaviour. Please set this to True.
Feb 16 14:16:23.554089 dv-cinder-804735-16-iscsi devstack@n-api.service[102571]: WARNING keystonemiddleware.auth_token [None req-df8f7b3a-08f3-43d9-b157-6842f464756c None None] Configuring www_authenticate_uri to point to the public identity endpoint is required; clients may not be able to authenticate against an admin endpoint
Feb 16 14:16:23.559612 dv-cinder-804735-16-iscsi devstack@n-api.service[102571]: WSGI app 0 (mountpoint='') ready in 6 seconds on interpreter 0x5653470229c0 pid: 102571 (default app)
Feb 16 14:17:48.571030 dv-cinder-804735-16-iscsi devstack@n-api.service[102572]: DEBUG nova.api.openstack.wsgi [None req-62f6e4ee-9fcf-4371-993c-50922b4f2a2c None None] Calling method '>' {{(pid=102572) _process_stack /opt/stack/nova/nova/api/openstack/wsgi.py:513}}
Feb 16 14:17:48.572018 dv-cinder-804735-16-iscsi devstack@n-api.service[102572]: INFO nova.api.openstack.requestlog [None req-62f6e4ee-9fcf-4371-993c-50922b4f2a2c None None] 10.222.0.110 "GET /compute/v2.1" status: 200 len: 389 microversion: 2.1 time: 0.001446
Feb 16 14:17:48.572408 dv-cinder-804735-16-iscsi devstack@n-api.service[102572]: [pid: 102572|app: 0|req: 2/2] 10.222.0.110 () {54 vars in 935 bytes} [Wed Feb 16 14:17:48 2022] GET /compute/v2.1 => generated 389 bytes in 2 msecs (HTTP/1.1 200) 9 headers in 357 bytes (1 switches on core 0)
Feb 16 14:17:49.003612 dv-cinder-804735-16-iscsi devstack@n-api.service[102571]: DEBUG nova.api.openstack.wsgi [None req-6e6d021d-f4c2-4ecb-ba29-9dd1395eb1c7 admin admin] Calling method '>' {{(pid=102571) _process_stack /opt/stack/nova/nova/api/openstack/wsgi.py:513}}
Feb 16 14:17:49.033205 dv-cinder-804735-16-iscsi devstack@n-api.service[102571]: INFO nova.api.openstack.requestlog [None req-6e6d021d-f4c2-4ecb-ba29-9dd1395eb1c7 admin admin] 10.222.0.110 "GET /compute/v2.1/flavors/detail?is_public=True" status: 200 len: 15 microversion: 2.61 time: 0.454206
Feb 16 14:17:49.033946 dv-cinder-804735-16-iscsi devstack@n-api.service[102571]: [pid: 102571|app: 0|req: 1/3] 10.222.0.110 () {60 vars in 1296 bytes} [Wed Feb 16 14:17:48 2022] GET /compute/v2.1/flavors/detail?is_public=True => generated 15 bytes in 456 msecs (HTTP/1.1 200) 9 headers in 358 bytes (1 switches on core 0)
Feb 16 14:17:51.426016 dv-cinder-804735-16-iscsi devstack@n-api.service[102572]: DEBUG nova.api.openstack.wsgi [None req-62f6e4ee-9fcf-4371-993c-50922b4f2a2c None None] Calling method '>' {{(pid=102572) _process_stack /opt/stack/nova/nova/api/openstack/wsgi.py:513}}
Feb 16 14:17:51.427034 dv-cinder-804735-16-iscsi devstack@n-api.service[102572]: INFO nova.api.openstack.requestlog [None req-62f6e4ee-9fcf-4371-993c-50922b4f2a2c None None] 10.222.0.110 "GET /compute/v2.1" status: 200 len: 389 microversion: 2.1 time: 0.001451
Feb 16 14:17:51.430913 dv-cinder-804735-16-iscsi devstack@n-api.service[102572]: [pid: 102572|app: 0|req: 3/4] 10.222.0.110 () {54 vars in 935 bytes} [Wed Feb 16 14:17:51 2022] GET /compute/v2.1 => generated 389 bytes in 6 msecs (HTTP/1.1 200) 9 headers in 357 bytes (1 switches on core 0)
Feb 16 14:17:51.486235 dv-cinder-804735-16-iscsi devstack@n-api.service[102571]: DEBUG nova.api.openstack.wsgi [None req-ce607fb5-7a71-47b1-af8e-04eb3ea6e22d admin admin] Action: 'create', calling method: >, body: {"flavor": {"disk": 1, "rxtx_factor": 1.0, "ram": 256, "os-flavor-access:is_public": true, "name": "cirros256", "id": "c1", "swap": 0, "OS-FLV-EXT-DATA:ephemeral": 0, "vcpus": 1}} {{(pid=102571) _process_stack /opt/stack/nova/nova/api/openstack/wsgi.py:511}}
Feb 16 14:17:51.504964 dv-cinder-804735-16-iscsi devstack@n-api.service[102571]: /usr/local/lib/python3.8/dist-packages/oslo_policy/policy.py:1119: UserWarning: Policy "os_compute_api:os-flavor-manage:create": "rule:system_admin_api" failed scope check. The token used to make the request was project scoped but the policy requires ['system'] scope. This behavior may change in the future where using the intended scope is required
Feb 16 14:17:51.504964 dv-cinder-804735-16-iscsi devstack@n-api.service[102571]: warnings.warn(msg)
Feb 16 14:17:51.624903 dv-cinder-804735-16-iscsi devstack@n-api.service[102571]: INFO nova.api.openstack.requestlog [None req-ce607fb5-7a71-47b1-af8e-04eb3ea6e22d admin admin] 10.222.0.110 "POST /compute/v2.1/flavors" status: 200 len: 409 microversion: 2.61 time: 0.191690
Feb 16 14:17:51.625382 dv-cinder-804735-16-iscsi devstack@n-api.service[102571]: [pid: 102571|app: 0|req: 2/5] 10.222.0.110 () {64 vars in 1287 bytes} [Wed Feb 16 14:17:51 2022] POST /compute/v2.1/flavors => generated 409 bytes in 193 msecs (HTTP/1.1 200) 9 headers in 359 bytes (1 switches on core 0)
Feb 16 14:17:51.842568 dv-cinder-804735-16-iscsi devstack@n-api.service[102572]: DEBUG nova.api.openstack.wsgi [None req-723d99c8-4b36-45a6-a14d-cdb2ce75d3d1 admin admin] Action: 'create', calling method: >, body: {"extra_specs": {"hw_rng:allowed": "True"}} {{(pid=102572) _process_stack /opt/stack/nova/nova/api/openstack/wsgi.py:511}}
Feb 16 14:17:51.844955 dv-cinder-804735-16-iscsi devstack@n-api.service[102572]: /usr/local/lib/python3.8/dist-packages/oslo_policy/policy.py:1119: UserWarning: Policy "os_compute_api:os-flavor-extra-specs:create": "rule:system_admin_api" failed scope check. The token used to make the request was project scoped but the policy requires ['system'] scope. This behavior may change in the future where using the intended scope is required
Feb 16 14:17:51.844955 dv-cinder-804735-16-iscsi devstack@n-api.service[102572]: warnings.warn(msg)
Feb 16 14:17:51.953675 dv-cinder-804735-16-iscsi devstack@n-api.service[102572]: INFO nova.api.openstack.requestlog [None req-723d99c8-4b36-45a6-a14d-cdb2ce75d3d1 admin admin] 10.222.0.110 "POST /compute/v2.1/flavors/c1/os-extra_specs" status: 200 len: 43 microversion: 2.61 time: 0.319722
Feb 16 14:17:51.954474 dv-cinder-804735-16-iscsi devstack@n-api.service[102572]: [pid: 102572|app: 0|req: 4/6] 10.222.0.110 () {64 vars in 1340 bytes} [Wed Feb 16 14:17:51 2022] POST /compute/v2.1/flavors/c1/os-extra_specs => generated 43 bytes in 321 msecs (HTTP/1.1 200) 9 headers in 358 bytes (1 switches on core 0)
Feb 16 14:17:54.306584 dv-cinder-804735-16-iscsi devstack@n-api.service[102571]: DEBUG nova.api.openstack.wsgi [None req-ce607fb5-7a71-47b1-af8e-04eb3ea6e22d admin admin] Calling method '>' {{(pid=102571) _process_stack /opt/stack/nova/nova/api/openstack/wsgi.py:513}}
Feb 16 14:17:54.307620 dv-cinder-804735-16-iscsi devstack@n-api.service[102571]: INFO nova.api.openstack.requestlog [None req-ce607fb5-7a71-47b1-af8e-04eb3ea6e22d admin admin] 10.222.0.110 "GET /compute/v2.1" status: 200 len: 389 microversion: 2.1 time: 0.001484
Feb 16 14:17:54.308019 dv-cinder-804735-16-iscsi devstack@n-api.service[102571]: [pid: 102571|app: 0|req: 3/7] 10.222.0.110 () {54 vars in 935 bytes} [Wed Feb 16 14:17:54 2022] GET /compute/v2.1 => generated 389 bytes in 2 msecs (HTTP/1.1 200) 9 headers in 357 bytes (1 switches on core 0)
Feb 16 14:17:54.426313 dv-cinder-804735-16-iscsi devstack@n-api.service[102572]: DEBUG nova.api.openstack.wsgi [None req-6c1a618b-3c3d-4970-8942-a6d28222254a admin admin] Action: 'create', calling method: >, body: {"flavor": {"disk": 5, "ram": 512, "OS-FLV-EXT-DATA:ephemeral": 0, "vcpus": 1, "swap": 0, "os-flavor-access:is_public": true, "id": "d1", "rxtx_factor": 1.0, "name": "ds512M"}} {{(pid=102572) _process_stack /opt/stack/nova/nova/api/openstack/wsgi.py:511}}
Feb 16 14:17:54.446792 dv-cinder-804735-16-iscsi devstack@n-api.service[102572]: /usr/local/lib/python3.8/dist-packages/oslo_policy/policy.py:1119: UserWarning: Policy "os_compute_api:os-flavor-manage:create": "rule:system_admin_api" failed scope check. The token used to make the request was project scoped but the policy requires ['system'] scope. This behavior may change in the future where using the intended scope is required
Feb 16 14:17:54.446792 dv-cinder-804735-16-iscsi devstack@n-api.service[102572]: warnings.warn(msg)
Feb 16 14:17:54.571193 dv-cinder-804735-16-iscsi devstack@n-api.service[102572]: INFO nova.api.openstack.requestlog [None req-6c1a618b-3c3d-4970-8942-a6d28222254a admin admin] 10.222.0.110 "POST /compute/v2.1/flavors" status: 200 len: 406 microversion: 2.61 time: 0.257260
Feb 16 14:17:54.572211 dv-cinder-804735-16-iscsi devstack@n-api.service[102572]: [pid: 102572|app: 0|req: 5/8] 10.222.0.110 () {64 vars in 1287 bytes} [Wed Feb 16 14:17:54 2022] POST /compute/v2.1/flavors => generated 406 bytes in 259 msecs (HTTP/1.1 200) 9 headers in 359 bytes (2 switches on core 0)
Feb 16 14:17:54.587747 dv-cinder-804735-16-iscsi devstack@n-api.service[102571]: DEBUG nova.api.openstack.wsgi [None req-e791f5c1-62a4-4e85-bfd9-bea2d41d2a75 admin admin] Action: 'create', calling method: >, body: {"extra_specs": {"hw_rng:allowed": "True"}} {{(pid=102571) _process_stack /opt/stack/nova/nova/api/openstack/wsgi.py:511}}
Feb 16 14:17:54.589618 dv-cinder-804735-16-iscsi devstack@n-api.service[102571]: /usr/local/lib/python3.8/dist-packages/oslo_policy/policy.py:1119: UserWarning: Policy "os_compute_api:os-flavor-extra-specs:create": "rule:system_admin_api" failed scope check. The token used to make the request was project scoped but the policy requires ['system'] scope. This behavior may change in the future where using the intended scope is required
Feb 16 14:17:54.589618 dv-cinder-804735-16-iscsi devstack@n-api.service[102571]: warnings.warn(msg)
Feb 16 14:17:54.682076 dv-cinder-804735-16-iscsi devstack@n-api.service[102571]: INFO nova.api.openstack.requestlog [None req-e791f5c1-62a4-4e85-bfd9-bea2d41d2a75 admin admin] 10.222.0.110 "POST /compute/v2.1/flavors/d1/os-extra_specs" status: 200 len: 43 microversion: 2.61 time: 0.100889
Feb 16 14:17:54.683016 dv-cinder-804735-16-iscsi devstack@n-api.service[102571]: [pid: 102571|app: 0|req: 4/9] 10.222.0.110 () {64 vars in 1340 bytes} [Wed Feb 16 14:17:54 2022] POST /compute/v2.1/flavors/d1/os-extra_specs => generated 43 bytes in 102 msecs (HTTP/1.1 200) 9 headers in 358 bytes (2 switches on core 0)
Feb 16 14:17:57.032788 dv-cinder-804735-16-iscsi devstack@n-api.service[102572]: DEBUG nova.api.openstack.wsgi [None req-6c1a618b-3c3d-4970-8942-a6d28222254a admin admin] Calling method '>' {{(pid=102572) _process_stack /opt/stack/nova/nova/api/openstack/wsgi.py:513}}
Feb 16 14:17:57.033789 dv-cinder-804735-16-iscsi devstack@n-api.service[102572]: INFO nova.api.openstack.requestlog [None req-6c1a618b-3c3d-4970-8942-a6d28222254a admin admin] 10.222.0.110 "GET /compute/v2.1" status: 200 len: 389 microversion: 2.1 time: 0.001448
Feb 16 14:17:57.034188 dv-cinder-804735-16-iscsi devstack@n-api.service[102572]: [pid: 102572|app: 0|req: 6/10] 10.222.0.110 () {54 vars in 935 bytes} [Wed Feb 16 14:17:57 2022] GET /compute/v2.1 => generated 389 bytes in 2 msecs (HTTP/1.1 200) 9 headers in 357 bytes (1 switches on core 0)
Feb 16 14:17:57.092024 dv-cinder-804735-16-iscsi devstack@n-api.service[102571]: DEBUG nova.api.openstack.wsgi [None req-4d4b3757-0724-480e-abb2-2d54c85aa951 admin admin] Action: 'create', calling method: >, body: {"flavor": {"id": "d2", "os-flavor-access:is_public": true, "name": "ds1G", "ram": 1024, "rxtx_factor": 1.0, "swap": 0, "OS-FLV-EXT-DATA:ephemeral": 0, "vcpus": 1, "disk": 10}} {{(pid=102571) _process_stack /opt/stack/nova/nova/api/openstack/wsgi.py:511}}
Feb 16 14:17:57.170115 dv-cinder-804735-16-iscsi devstack@n-api.service[102571]: INFO nova.api.openstack.requestlog [None req-4d4b3757-0724-480e-abb2-2d54c85aa951 admin admin] 10.222.0.110 "POST /compute/v2.1/flavors" status: 200 len: 406 microversion: 2.61 time: 0.129262
Feb 16 14:17:57.170663 dv-cinder-804735-16-iscsi devstack@n-api.service[102571]: [pid: 102571|app: 0|req: 5/11] 10.222.0.110 () {64 vars in 1287 bytes} [Wed Feb 16 14:17:57 2022] POST /compute/v2.1/flavors => generated 406 bytes in 130 msecs (HTTP/1.1 200) 9 headers in 359 bytes (1 switches on core 0)
Feb 16 14:17:57.182704 dv-cinder-804735-16-iscsi devstack@n-api.service[102572]: DEBUG nova.api.openstack.wsgi [None req-7c741ef9-738d-49f6-917a-47b684efd929 admin admin] Action: 'create', calling method: >, body: {"extra_specs": {"hw_rng:allowed": "True"}} {{(pid=102572) _process_stack /opt/stack/nova/nova/api/openstack/wsgi.py:511}}
Feb 16 14:17:57.269635 dv-cinder-804735-16-iscsi devstack@n-api.service[102572]: INFO nova.api.openstack.requestlog [None req-7c741ef9-738d-49f6-917a-47b684efd929 admin admin] 10.222.0.110 "POST /compute/v2.1/flavors/d2/os-extra_specs" status: 200 len: 43 microversion: 2.61 time: 0.089966
Feb 16 14:17:57.270310 dv-cinder-804735-16-iscsi devstack@n-api.service[102572]: [pid: 102572|app: 0|req: 7/12] 10.222.0.110 () {64 vars in 1340 bytes} [Wed Feb 16 14:17:57 2022] POST /compute/v2.1/flavors/d2/os-extra_specs => generated 43 bytes in 92 msecs (HTTP/1.1 200) 9 headers in 358 bytes (1 switches on core 0)
Feb 16 14:17:59.743226 dv-cinder-804735-16-iscsi devstack@n-api.service[102571]: DEBUG nova.api.openstack.wsgi [None req-4d4b3757-0724-480e-abb2-2d54c85aa951 admin admin] Calling method '>' {{(pid=102571) _process_stack /opt/stack/nova/nova/api/openstack/wsgi.py:513}}
Feb 16 14:17:59.744272 dv-cinder-804735-16-iscsi devstack@n-api.service[102571]: INFO nova.api.openstack.requestlog [None req-4d4b3757-0724-480e-abb2-2d54c85aa951 admin admin] 10.222.0.110 "GET /compute/v2.1" status: 200 len: 389 microversion: 2.1 time: 0.001471
Feb 16 14:17:59.744805 dv-cinder-804735-16-iscsi devstack@n-api.service[102571]: [pid: 102571|app: 0|req: 6/13] 10.222.0.110 () {54 vars in 935 bytes} [Wed Feb 16 14:17:59 2022] GET /compute/v2.1 => generated 389 bytes in 2 msecs (HTTP/1.1 200) 9 headers in 357 bytes (1 switches on core 0)
Feb 16 14:17:59.804436 dv-cinder-804735-16-iscsi devstack@n-api.service[102572]: DEBUG nova.api.openstack.wsgi [None req-58dba2c0-0eba-4768-865c-3a6d79d5419a admin admin] Action: 'create', calling method: >, body: {"flavor": {"swap": 0, "OS-FLV-EXT-DATA:ephemeral": 0, "id": "d3", "rxtx_factor": 1.0, "ram": 2048, "vcpus": 2, "disk": 10, "name": "ds2G", "os-flavor-access:is_public": true}} {{(pid=102572) _process_stack /opt/stack/nova/nova/api/openstack/wsgi.py:511}}
Feb 16 14:17:59.880858 dv-cinder-804735-16-iscsi devstack@n-api.service[102572]: INFO nova.api.openstack.requestlog [None req-58dba2c0-0eba-4768-865c-3a6d79d5419a admin admin] 10.222.0.110 "POST /compute/v2.1/flavors" status: 200 len: 406 microversion: 2.61 time: 0.130418
Feb 16 14:17:59.881400 dv-cinder-804735-16-iscsi devstack@n-api.service[102572]: [pid: 102572|app: 0|req: 8/14] 10.222.0.110 () {64 vars in 1287 bytes} [Wed Feb 16 14:17:59 2022] POST /compute/v2.1/flavors => generated 406 bytes in 132 msecs (HTTP/1.1 200) 9 headers in 359 bytes (2 switches on core 0)
Feb 16 14:17:59.893176 dv-cinder-804735-16-iscsi devstack@n-api.service[102571]: DEBUG nova.api.openstack.wsgi [None req-9a2efd15-1eef-4d5f-9a1a-d0f5c5195180 admin admin] Action: 'create', calling method: >, body: {"extra_specs": {"hw_rng:allowed": "True"}} {{(pid=102571) _process_stack /opt/stack/nova/nova/api/openstack/wsgi.py:511}}
Feb 16 14:18:00.001298 dv-cinder-804735-16-iscsi devstack@n-api.service[102571]: INFO nova.api.openstack.requestlog [None req-9a2efd15-1eef-4d5f-9a1a-d0f5c5195180 admin admin] 10.222.0.110 "POST /compute/v2.1/flavors/d3/os-extra_specs" status: 200 len: 43 microversion: 2.61 time: 0.111129
Feb 16 14:18:00.005170 dv-cinder-804735-16-iscsi devstack@n-api.service[102571]: [pid: 102571|app: 0|req: 7/15] 10.222.0.110 () {64 vars in 1340 bytes} [Wed Feb 16 14:17:59 2022] POST /compute/v2.1/flavors/d3/os-extra_specs => generated 43 bytes in 113 msecs (HTTP/1.1 200) 9 headers in 358 bytes (1 switches on core 0)
Feb 16 14:18:02.374039 dv-cinder-804735-16-iscsi devstack@n-api.service[102572]: DEBUG nova.api.openstack.wsgi [None req-58dba2c0-0eba-4768-865c-3a6d79d5419a admin admin] Calling method '>' {{(pid=102572) _process_stack /opt/stack/nova/nova/api/openstack/wsgi.py:513}}
Feb 16 14:18:02.375229 dv-cinder-804735-16-iscsi devstack@n-api.service[102572]: INFO nova.api.openstack.requestlog [None req-58dba2c0-0eba-4768-865c-3a6d79d5419a admin admin] 10.222.0.110 "GET /compute/v2.1" status: 200 len: 389 microversion: 2.1 time: 0.001676
Feb 16 14:18:02.375933 dv-cinder-804735-16-iscsi devstack@n-api.service[102572]: [pid: 102572|app: 0|req: 9/16] 10.222.0.110 () {54 vars in 935 bytes} [Wed Feb 16 14:18:02 2022] GET /compute/v2.1 => generated 389 bytes in 3 msecs (HTTP/1.1 200) 9 headers in 357 bytes (1 switches on core 0)
Feb 16 14:18:02.438304 dv-cinder-804735-16-iscsi devstack@n-api.service[102571]: DEBUG nova.api.openstack.wsgi [None req-2c4b13e2-24fd-49ae-9415-c455a51f4926 admin admin] Action: 'create', calling method: >, body: {"flavor": {"ram": 4096, "vcpus": 4, "disk": 20, "id": "d4", "OS-FLV-EXT-DATA:ephemeral": 0, "swap": 0, "name": "ds4G", "os-flavor-access:is_public": true, "rxtx_factor": 1.0}} {{(pid=102571) _process_stack /opt/stack/nova/nova/api/openstack/wsgi.py:511}}
Feb 16 14:18:02.545483 dv-cinder-804735-16-iscsi devstack@n-api.service[102571]: INFO nova.api.openstack.requestlog [None req-2c4b13e2-24fd-49ae-9415-c455a51f4926 admin admin] 10.222.0.110 "POST /compute/v2.1/flavors" status: 200 len: 406 microversion: 2.61 time: 0.163033
Feb 16 14:18:02.551334 dv-cinder-804735-16-iscsi devstack@n-api.service[102571]: [pid: 102571|app: 0|req: 8/17] 10.222.0.110 () {64 vars in 1287 bytes} [Wed Feb 16 14:18:02 2022] POST /compute/v2.1/flavors => generated 406 bytes in 169 msecs (HTTP/1.1 200) 9 headers in 359 bytes (1 switches on core 0)
Feb 16 14:18:02.560818 dv-cinder-804735-16-iscsi devstack@n-api.service[102572]: DEBUG nova.api.openstack.wsgi [None req-bde417e0-9be3-4b6d-911b-9accae841be5 admin admin] Action: 'create', calling method: >, body: {"extra_specs": {"hw_rng:allowed": "True"}} {{(pid=102572) _process_stack /opt/stack/nova/nova/api/openstack/wsgi.py:511}}
Feb 16 14:18:02.624680 dv-cinder-804735-16-iscsi devstack@n-api.service[102572]: INFO nova.api.openstack.requestlog [None req-bde417e0-9be3-4b6d-911b-9accae841be5 admin admin] 10.222.0.110 "POST /compute/v2.1/flavors/d4/os-extra_specs" status: 200 len: 43 microversion: 2.61 time: 0.070185
Feb 16 14:18:02.625243 dv-cinder-804735-16-iscsi devstack@n-api.service[102572]: [pid: 102572|app: 0|req: 10/18] 10.222.0.110 () {64 vars in 1340 bytes} [Wed Feb 16 14:18:02 2022] POST /compute/v2.1/flavors/d4/os-extra_specs => generated 43 bytes in 71 msecs (HTTP/1.1 200) 9 headers in 358 bytes (1 switches on core 0)
Feb 16 14:18:05.026754 dv-cinder-804735-16-iscsi devstack@n-api.service[102571]: DEBUG nova.api.openstack.wsgi [None req-2c4b13e2-24fd-49ae-9415-c455a51f4926 admin admin] Calling method '>' {{(pid=102571) _process_stack /opt/stack/nova/nova/api/openstack/wsgi.py:513}}
Feb 16 14:18:05.029143 dv-cinder-804735-16-iscsi devstack@n-api.service[102571]: INFO nova.api.openstack.requestlog [None req-2c4b13e2-24fd-49ae-9415-c455a51f4926 admin admin] 10.222.0.110 "GET /compute/v2.1" status: 200 len: 389 microversion: 2.1 time: 0.001465
Feb 16 14:18:05.029610 dv-cinder-804735-16-iscsi devstack@n-api.service[102571]: [pid: 102571|app: 0|req: 9/19] 10.222.0.110 () {54 vars in 935 bytes} [Wed Feb 16 14:18:05 2022] GET /compute/v2.1 => generated 389 bytes in 4 msecs (HTTP/1.1 200) 9 headers in 357 bytes (1 switches on core 0)
Feb 16 14:18:05.089710 dv-cinder-804735-16-iscsi devstack@n-api.service[102572]: DEBUG nova.api.openstack.wsgi [None req-48299d1d-a90c-4883-a885-62754ae62fd7 admin admin] Calling method '>' {{(pid=102572) _process_stack /opt/stack/nova/nova/api/openstack/wsgi.py:513}}
Feb 16 14:18:05.113990 dv-cinder-804735-16-iscsi devstack@n-api.service[102572]: INFO nova.api.openstack.requestlog [None req-48299d1d-a90c-4883-a885-62754ae62fd7 admin admin] 10.222.0.110 "GET /compute/v2.1/flavors/detail?is_public=True" status: 200 len: 2116 microversion: 2.61 time: 0.077185
Feb 16 14:18:05.114603 dv-cinder-804735-16-iscsi devstack@n-api.service[102572]: [pid: 102572|app: 0|req: 11/20] 10.222.0.110 () {60 vars in 1296 bytes} [Wed Feb 16 14:18:05 2022] GET /compute/v2.1/flavors/detail?is_public=True => generated 2116 bytes in 80 msecs (HTTP/1.1 200) 9 headers in 360 bytes (2 switches on core 0)
Feb 16 14:18:07.771023 dv-cinder-804735-16-iscsi devstack@n-api.service[102571]: DEBUG nova.api.openstack.wsgi [None req-2c4b13e2-24fd-49ae-9415-c455a51f4926 admin admin] Calling method '>' {{(pid=102571) _process_stack /opt/stack/nova/nova/api/openstack/wsgi.py:513}}
Feb 16 14:18:07.772028 dv-cinder-804735-16-iscsi devstack@n-api.service[102571]: INFO nova.api.openstack.requestlog [None req-2c4b13e2-24fd-49ae-9415-c455a51f4926 admin admin] 10.222.0.110 "GET /compute/v2.1" status: 200 len: 389 microversion: 2.1 time: 0.001472
Feb 16 14:18:07.772436 dv-cinder-804735-16-iscsi devstack@n-api.service[102571]: [pid: 102571|app: 0|req: 10/21] 10.222.0.110 () {54 vars in 935 bytes} [Wed Feb 16 14:18:07 2022] GET /compute/v2.1 => generated 389 bytes in 3 msecs (HTTP/1.1 200) 9 headers in 357 bytes (2 switches on core 0)
Feb 16 14:18:07.829664 dv-cinder-804735-16-iscsi devstack@n-api.service[102572]: DEBUG nova.api.openstack.wsgi [None req-f2a4d985-28d8-492a-aa2b-e392d34f329b admin admin] Action: 'create', calling method: >, body: {"flavor": {"vcpus": 1, "OS-FLV-EXT-DATA:ephemeral": 0, "disk": 1, "name": "m1.tiny", "os-flavor-access:is_public": true, "id": "1", "rxtx_factor": 1.0, "ram": 512, "swap": 0}} {{(pid=102572) _process_stack /opt/stack/nova/nova/api/openstack/wsgi.py:511}}
Feb 16 14:18:07.908644 dv-cinder-804735-16-iscsi devstack@n-api.service[102572]: INFO nova.api.openstack.requestlog [None req-f2a4d985-28d8-492a-aa2b-e392d34f329b admin admin] 10.222.0.110 "POST /compute/v2.1/flavors" status: 200 len: 404 microversion: 2.61 time: 0.130249
Feb 16 14:18:07.910167 dv-cinder-804735-16-iscsi devstack@n-api.service[102572]: [pid: 102572|app: 0|req: 12/22] 10.222.0.110 () {64 vars in 1287 bytes} [Wed Feb 16 14:18:07 2022] POST /compute/v2.1/flavors => generated 404 bytes in 133 msecs (HTTP/1.1 200) 9 headers in 359 bytes (1 switches on core 0)
Feb 16 14:18:07.925205 dv-cinder-804735-16-iscsi devstack@n-api.service[102571]: DEBUG nova.api.openstack.wsgi [None req-366f28d3-0e11-44c7-9d00-ce2fe874a6d3 admin admin] Action: 'create', calling method: >, body: {"extra_specs": {"hw_rng:allowed": "True"}} {{(pid=102571) _process_stack /opt/stack/nova/nova/api/openstack/wsgi.py:511}}
Feb 16 14:18:08.012995 dv-cinder-804735-16-iscsi devstack@n-api.service[102571]: INFO nova.api.openstack.requestlog [None req-366f28d3-0e11-44c7-9d00-ce2fe874a6d3 admin admin] 10.222.0.110 "POST /compute/v2.1/flavors/1/os-extra_specs" status: 200 len: 43 microversion: 2.61 time: 0.092551
Feb 16 14:18:08.013707 dv-cinder-804735-16-iscsi devstack@n-api.service[102571]: [pid: 102571|app: 0|req: 11/23] 10.222.0.110 () {64 vars in 1337 bytes} [Wed Feb 16 14:18:07 2022] POST /compute/v2.1/flavors/1/os-extra_specs => generated 43 bytes in 94 msecs (HTTP/1.1 200) 9 headers in 358 bytes (1 switches on core 0)
Feb 16 14:18:10.400940 dv-cinder-804735-16-iscsi devstack@n-api.service[102572]: DEBUG nova.api.openstack.wsgi [None req-f2a4d985-28d8-492a-aa2b-e392d34f329b admin admin] Calling method '>' {{(pid=102572) _process_stack /opt/stack/nova/nova/api/openstack/wsgi.py:513}}
Feb 16 14:18:10.402270 dv-cinder-804735-16-iscsi devstack@n-api.service[102572]: INFO nova.api.openstack.requestlog [None req-f2a4d985-28d8-492a-aa2b-e392d34f329b admin admin] 10.222.0.110 "GET /compute/v2.1" status: 200 len: 389 microversion: 2.1 time: 0.001931
Feb 16 14:18:10.402898 dv-cinder-804735-16-iscsi devstack@n-api.service[102572]: [pid: 102572|app: 0|req: 13/24] 10.222.0.110 () {54 vars in 935 bytes} [Wed Feb 16 14:18:10 2022] GET /compute/v2.1 => generated 389 bytes in 3 msecs (HTTP/1.1 200) 9 headers in 357 bytes (1 switches on core 0)
Feb 16 14:18:10.461589 dv-cinder-804735-16-iscsi devstack@n-api.service[102571]: DEBUG nova.api.openstack.wsgi [None req-90454cae-e1ea-43e9-b214-eed879bc936e admin admin] Action: 'create', calling method: >, body: {"flavor": {"os-flavor-access:is_public": true, "id": "2", "swap": 0, "OS-FLV-EXT-DATA:ephemeral": 0, "rxtx_factor": 1.0, "vcpus": 1, "name": "m1.small", "disk": 20, "ram": 2048}} {{(pid=102571) _process_stack /opt/stack/nova/nova/api/openstack/wsgi.py:511}}
Feb 16 14:18:10.535721 dv-cinder-804735-16-iscsi devstack@n-api.service[102571]: INFO nova.api.openstack.requestlog [None req-90454cae-e1ea-43e9-b214-eed879bc936e admin admin] 10.222.0.110 "POST /compute/v2.1/flavors" status: 200 len: 407 microversion: 2.61 time: 0.126740
Feb 16 14:18:10.536453 dv-cinder-804735-16-iscsi devstack@n-api.service[102571]: [pid: 102571|app: 0|req: 12/25] 10.222.0.110 () {64 vars in 1287 bytes} [Wed Feb 16 14:18:10 2022] POST /compute/v2.1/flavors => generated 407 bytes in 128 msecs (HTTP/1.1 200) 9 headers in 359 bytes (1 switches on core 0)
Feb 16 14:18:10.549912 dv-cinder-804735-16-iscsi devstack@n-api.service[102572]: DEBUG nova.api.openstack.wsgi [None req-bb8912f7-d4d6-4d80-8d4b-54722c82135c admin admin] Action: 'create', calling method: >, body: {"extra_specs": {"hw_rng:allowed": "True"}} {{(pid=102572) _process_stack /opt/stack/nova/nova/api/openstack/wsgi.py:511}}
Feb 16 14:18:10.640592 dv-cinder-804735-16-iscsi devstack@n-api.service[102572]: INFO nova.api.openstack.requestlog [None req-bb8912f7-d4d6-4d80-8d4b-54722c82135c admin admin] 10.222.0.110 "POST /compute/v2.1/flavors/2/os-extra_specs" status: 200 len: 43 microversion: 2.61 time: 0.095549
Feb 16 14:18:10.641250 dv-cinder-804735-16-iscsi devstack@n-api.service[102572]: [pid: 102572|app: 0|req: 14/26] 10.222.0.110 () {64 vars in 1337 bytes} [Wed Feb 16 14:18:10 2022] POST /compute/v2.1/flavors/2/os-extra_specs => generated 43 bytes in 97 msecs (HTTP/1.1 200) 9 headers in 358 bytes (1 switches on core 0)
Feb 16 14:18:12.979839 dv-cinder-804735-16-iscsi devstack@n-api.service[102571]: DEBUG nova.api.openstack.wsgi [None req-90454cae-e1ea-43e9-b214-eed879bc936e admin admin] Calling method '>' {{(pid=102571) _process_stack /opt/stack/nova/nova/api/openstack/wsgi.py:513}}
Feb 16 14:18:12.980853 dv-cinder-804735-16-iscsi devstack@n-api.service[102571]: INFO nova.api.openstack.requestlog [None req-90454cae-e1ea-43e9-b214-eed879bc936e admin admin] 10.222.0.110 "GET /compute/v2.1" status: 200 len: 389 microversion: 2.1 time: 0.001490
Feb 16 14:18:12.981259 dv-cinder-804735-16-iscsi devstack@n-api.service[102571]: [pid: 102571|app: 0|req: 13/27] 10.222.0.110 () {54 vars in 935 bytes} [Wed Feb 16 14:18:12 2022] GET /compute/v2.1 => generated 389 bytes in 2 msecs (HTTP/1.1 200) 9 headers in 357 bytes (1 switches on core 0)
Feb 16 14:18:13.040712 dv-cinder-804735-16-iscsi devstack@n-api.service[102572]: DEBUG nova.api.openstack.wsgi [None req-ea015ecd-b44f-44dd-b0bc-0c8b13702e4b admin admin] Action: 'create', calling method: >, body: {"flavor": {"ram": 4096, "swap": 0, "os-flavor-access:is_public": true, "id": "3", "disk": 40, "OS-FLV-EXT-DATA:ephemeral": 0, "rxtx_factor": 1.0, "name": "m1.medium", "vcpus": 2}} {{(pid=102572) _process_stack /opt/stack/nova/nova/api/openstack/wsgi.py:511}}
Feb 16 14:18:13.110156 dv-cinder-804735-16-iscsi devstack@n-api.service[102572]: INFO nova.api.openstack.requestlog [None req-ea015ecd-b44f-44dd-b0bc-0c8b13702e4b admin admin] 10.222.0.110 "POST /compute/v2.1/flavors" status: 200 len: 408 microversion: 2.61 time: 0.123044
Feb 16 14:18:13.110803 dv-cinder-804735-16-iscsi devstack@n-api.service[102572]: [pid: 102572|app: 0|req: 15/28] 10.222.0.110 () {64 vars in 1287 bytes} [Wed Feb 16 14:18:12 2022] POST /compute/v2.1/flavors => generated 408 bytes in 124 msecs (HTTP/1.1 200) 9 headers in 359 bytes (1 switches on core 0)
Feb 16 14:18:13.122609 dv-cinder-804735-16-iscsi devstack@n-api.service[102571]: DEBUG nova.api.openstack.wsgi [None req-0ed7abce-9571-47ab-ad41-68eaedbf705e admin admin] Action: 'create', calling method: >, body: {"extra_specs": {"hw_rng:allowed": "True"}} {{(pid=102571) _process_stack /opt/stack/nova/nova/api/openstack/wsgi.py:511}}
Feb 16 14:18:13.187353 dv-cinder-804735-16-iscsi devstack@n-api.service[102571]: INFO nova.api.openstack.requestlog [None req-0ed7abce-9571-47ab-ad41-68eaedbf705e admin admin] 10.222.0.110 "POST /compute/v2.1/flavors/3/os-extra_specs" status: 200 len: 43 microversion: 2.61 time: 0.068320
Feb 16 14:18:13.187931 dv-cinder-804735-16-iscsi devstack@n-api.service[102571]: [pid: 102571|app: 0|req: 14/29] 10.222.0.110 () {64 vars in 1337 bytes} [Wed Feb 16 14:18:13 2022] POST /compute/v2.1/flavors/3/os-extra_specs => generated 43 bytes in 69 msecs (HTTP/1.1 200) 9 headers in 358 bytes (1 switches on core 0)
Feb 16 14:18:15.579723 dv-cinder-804735-16-iscsi devstack@n-api.service[102572]: DEBUG nova.api.openstack.wsgi [None req-ea015ecd-b44f-44dd-b0bc-0c8b13702e4b admin admin] Calling method '>' {{(pid=102572) _process_stack /opt/stack/nova/nova/api/openstack/wsgi.py:513}}
Feb 16 14:18:15.580793 dv-cinder-804735-16-iscsi devstack@n-api.service[102572]: INFO nova.api.openstack.requestlog [None req-ea015ecd-b44f-44dd-b0bc-0c8b13702e4b admin admin] 10.222.0.110 "GET /compute/v2.1" status: 200 len: 389 microversion: 2.1 time: 0.001474
Feb 16 14:18:15.581877 dv-cinder-804735-16-iscsi devstack@n-api.service[102572]: [pid: 102572|app: 0|req: 16/30] 10.222.0.110 () {54 vars in 935 bytes} [Wed Feb 16 14:18:15 2022] GET /compute/v2.1 => generated 389 bytes in 3 msecs (HTTP/1.1 200) 9 headers in 357 bytes (1 switches on core 0)
Feb 16 14:18:15.641656 dv-cinder-804735-16-iscsi devstack@n-api.service[102571]: DEBUG nova.api.openstack.wsgi [None req-522b09c8-e50a-4aec-a50c-a889e363979e admin admin] Action: 'create', calling method: >, body: {"flavor": {"OS-FLV-EXT-DATA:ephemeral": 0, "ram": 8192, "swap": 0, "disk": 80, "os-flavor-access:is_public": true, "rxtx_factor": 1.0, "vcpus": 4, "id": "4", "name": "m1.large"}} {{(pid=102571) _process_stack /opt/stack/nova/nova/api/openstack/wsgi.py:511}}
Feb 16 14:18:15.797293 dv-cinder-804735-16-iscsi devstack@n-api.service[102571]: INFO nova.api.openstack.requestlog [None req-522b09c8-e50a-4aec-a50c-a889e363979e admin admin] 10.222.0.110 "POST /compute/v2.1/flavors" status: 200 len: 407 microversion: 2.61 time: 0.209378
Feb 16 14:18:15.798459 dv-cinder-804735-16-iscsi devstack@n-api.service[102571]: [pid: 102571|app: 0|req: 15/31] 10.222.0.110 () {64 vars in 1287 bytes} [Wed Feb 16 14:18:15 2022] POST /compute/v2.1/flavors => generated 407 bytes in 211 msecs (HTTP/1.1 200) 9 headers in 359 bytes (2 switches on core 0)
Feb 16 14:18:15.813601 dv-cinder-804735-16-iscsi devstack@n-api.service[102572]: DEBUG nova.api.openstack.wsgi [None req-d0229544-e5b9-4b7f-b3ec-d91ca090c1ff admin admin] Action: 'create', calling method: >, body: {"extra_specs": {"hw_rng:allowed": "True"}} {{(pid=102572) _process_stack /opt/stack/nova/nova/api/openstack/wsgi.py:511}}
Feb 16 14:18:15.920722 dv-cinder-804735-16-iscsi devstack@n-api.service[102572]: INFO nova.api.openstack.requestlog [None req-d0229544-e5b9-4b7f-b3ec-d91ca090c1ff admin admin] 10.222.0.110 "POST /compute/v2.1/flavors/4/os-extra_specs" status: 200 len: 43 microversion: 2.61 time: 0.110288
Feb 16 14:18:15.922154 dv-cinder-804735-16-iscsi devstack@n-api.service[102572]: [pid: 102572|app: 0|req: 17/32] 10.222.0.110 () {64 vars in 1337 bytes} [Wed Feb 16 14:18:15 2022] POST /compute/v2.1/flavors/4/os-extra_specs => generated 43 bytes in 113 msecs (HTTP/1.1 200) 9 headers in 358 bytes (1 switches on core 0)
Feb 16 14:18:18.280059 dv-cinder-804735-16-iscsi devstack@n-api.service[102571]: DEBUG nova.api.openstack.wsgi [None req-522b09c8-e50a-4aec-a50c-a889e363979e admin admin] Calling method '>' {{(pid=102571) _process_stack /opt/stack/nova/nova/api/openstack/wsgi.py:513}}
Feb 16 14:18:18.281741 dv-cinder-804735-16-iscsi devstack@n-api.service[102571]: INFO nova.api.openstack.requestlog [None req-522b09c8-e50a-4aec-a50c-a889e363979e admin admin] 10.222.0.110 "GET /compute/v2.1" status: 200 len: 389 microversion: 2.1 time: 0.002143
Feb 16 14:18:18.282319 dv-cinder-804735-16-iscsi devstack@n-api.service[102571]: [pid: 102571|app: 0|req: 16/33] 10.222.0.110 () {54 vars in 935 bytes} [Wed Feb 16 14:18:18 2022] GET /compute/v2.1 => generated 389 bytes in 3 msecs (HTTP/1.1 200) 9 headers in 357 bytes (1 switches on core 0)
Feb 16 14:18:18.344384 dv-cinder-804735-16-iscsi devstack@n-api.service[102572]: DEBUG nova.api.openstack.wsgi [None req-5c815395-688b-4c38-aa35-12b42da0c1b2 admin admin] Action: 'create', calling method: >, body: {"flavor": {"swap": 0, "rxtx_factor": 1.0, "ram": 16384, "name": "m1.xlarge", "disk": 160, "OS-FLV-EXT-DATA:ephemeral": 0, "vcpus": 8, "os-flavor-access:is_public": true, "id": "5"}} {{(pid=102572) _process_stack /opt/stack/nova/nova/api/openstack/wsgi.py:511}}
Feb 16 14:18:18.415049 dv-cinder-804735-16-iscsi devstack@n-api.service[102572]: INFO nova.api.openstack.requestlog [None req-5c815395-688b-4c38-aa35-12b42da0c1b2 admin admin] 10.222.0.110 "POST /compute/v2.1/flavors" status: 200 len: 410 microversion: 2.61 time: 0.126411
Feb 16 14:18:18.415930 dv-cinder-804735-16-iscsi devstack@n-api.service[102572]: [pid: 102572|app: 0|req: 18/34] 10.222.0.110 () {64 vars in 1287 bytes} [Wed Feb 16 14:18:18 2022] POST /compute/v2.1/flavors => generated 410 bytes in 128 msecs (HTTP/1.1 200) 9 headers in 359 bytes (1 switches on core 0)
Feb 16 14:18:18.428088 dv-cinder-804735-16-iscsi devstack@n-api.service[102571]: DEBUG nova.api.openstack.wsgi [None req-dc38f643-e714-476f-99af-99c256e68fbb admin admin] Action: 'create', calling method: >, body: {"extra_specs": {"hw_rng:allowed": "True"}} {{(pid=102571) _process_stack /opt/stack/nova/nova/api/openstack/wsgi.py:511}}
Feb 16 14:18:18.512359 dv-cinder-804735-16-iscsi devstack@n-api.service[102571]: INFO nova.api.openstack.requestlog [None req-dc38f643-e714-476f-99af-99c256e68fbb admin admin] 10.222.0.110 "POST /compute/v2.1/flavors/5/os-extra_specs" status: 200 len: 43 microversion: 2.61 time: 0.087867
Feb 16 14:18:18.514681 dv-cinder-804735-16-iscsi devstack@n-api.service[102571]: [pid: 102571|app: 0|req: 17/35] 10.222.0.110 () {64 vars in 1337 bytes} [Wed Feb 16 14:18:18 2022] POST /compute/v2.1/flavors/5/os-extra_specs => generated 43 bytes in 90 msecs (HTTP/1.1 200) 9 headers in 358 bytes (1 switches on core 0)
Feb 16 14:18:42.830257 dv-cinder-804735-16-iscsi devstack@n-api.service[102572]: DEBUG nova.api.openstack.wsgi [None req-5c815395-688b-4c38-aa35-12b42da0c1b2 admin admin] Calling method '>' {{(pid=102572) _process_stack /opt/stack/nova/nova/api/openstack/wsgi.py:513}}
Feb 16 14:18:42.831350 dv-cinder-804735-16-iscsi devstack@n-api.service[102572]: INFO nova.api.openstack.requestlog [None req-5c815395-688b-4c38-aa35-12b42da0c1b2 admin admin] 10.222.0.110 "GET /compute/v2.1" status: 200 len: 389 microversion: 2.1 time: 0.001477
