Nov 22 16:58:54.059345 dv-cinder-804735-12-smb neutron-server[114853]: INFO neutron.wsgi [req-0c230c0c-a658-43aa-9a03-7f8a05a6a7a4 req-1dfc00ca-f433-4220-845e-94bf3ffc2b55 service neutron] 10.222.0.53 "GET /v2.0/networks/0f1cf2e3-f37c-4e58-979d-ec60d4c024ad?fields=provider%3Aphysical_network&fields=provider%3Anetwork_type HTTP/1.1" status: 200 len: 281 time: 0.1657217
Nov 22 16:58:54.065767 dv-cinder-804735-12-smb neutron-server[114853]: DEBUG neutron_lib.callbacks.manager [req-55b75fea-312e-4ae6-9fd1-d34d847b28dc req-2c302cd7-86ca-4582-99c9-f3d39ab5a1b9 tempest-ServerRescueNegativeTestJSON-100463542 tempest-ServerRescueNegativeTestJSON-100463542-project] Publish callbacks [] for port, precommit_create {{(pid=114853) _notify_loop /usr/local/lib/python3.8/dist-packages/neutron_lib/callbacks/manager.py:175}}
Nov 22 16:58:54.293847 dv-cinder-804735-12-smb neutron-server[114853]: DEBUG neutron_lib.callbacks.manager [req-55b75fea-312e-4ae6-9fd1-d34d847b28dc req-2c302cd7-86ca-4582-99c9-f3d39ab5a1b9 tempest-ServerRescueNegativeTestJSON-100463542 tempest-ServerRescueNegativeTestJSON-100463542-project] Publish callbacks ['neutron.plugins.ml2.plugin.SecurityGroupServerNotifierRpcMixin._notify_sg_on_port_change-1677615', 'neutron.plugins.ml2.ovo_rpc._ObjectChangeHandler.handle_event-80287', 'neutron.api.rpc.agentnotifiers.dhcp_rpc_agent_api.DhcpAgentNotifyAPI._native_event_send_dhcp_notification-638743', 'neutron.db.l3_dvrscheduler_db._notify_l3_agent_new_port-8727298056084'] for port, after_create {{(pid=114853) _notify_loop /usr/local/lib/python3.8/dist-packages/neutron_lib/callbacks/manager.py:175}}
Nov 22 16:58:54.407963 dv-cinder-804735-12-smb neutron-server[114854]: DEBUG neutron_lib.callbacks.manager [None req-dedaf034-a0a1-48ce-95ab-eb3cc99a7a70 tempest-AttachVolumeTestJSON-144380844 tempest-AttachVolumeTestJSON-144380844-project] Publish callbacks ['neutron.plugins.ml2.plugin.SecurityGroupDbMixin._ensure_default_security_group_handler-1677678'] for port, before_update {{(pid=114854) _notify_loop /usr/local/lib/python3.8/dist-packages/neutron_lib/callbacks/manager.py:175}}
Nov 22 16:58:54.416793 dv-cinder-804735-12-smb neutron-server[114853]: DEBUG neutron.scheduler.dhcp_agent_scheduler [req-55b75fea-312e-4ae6-9fd1-d34d847b28dc req-2c302cd7-86ca-4582-99c9-f3d39ab5a1b9 tempest-ServerRescueNegativeTestJSON-100463542 tempest-ServerRescueNegativeTestJSON-100463542-project] Network 71a29164-19b1-4b72-b0e0-d20e2352d24f is already hosted by enough agents. {{(pid=114853) _get_dhcp_agents_hosting_network /opt/stack/neutron/neutron/scheduler/dhcp_agent_scheduler.py:275}}
Nov 22 16:58:54.449697 dv-cinder-804735-12-smb neutron-server[114853]: DEBUG neutron.api.rpc.handlers.resources_rpc [None req-2c302cd7-86ca-4582-99c9-f3d39ab5a1b9 tempest-ServerRescueNegativeTestJSON-100463542 tempest-ServerRescueNegativeTestJSON-100463542-project] Pushing event updated for resources: {'Port': ['ID=471c5bdb-615e-4cd0-aaa6-10e4d654fd88,revision_number=1']} {{(pid=114853) push /opt/stack/neutron/neutron/api/rpc/handlers/resources_rpc.py:237}}
Nov 22 16:58:54.470434 dv-cinder-804735-12-smb neutron-server[114853]: DEBUG neutron.scheduler.base_scheduler [req-55b75fea-312e-4ae6-9fd1-d34d847b28dc req-2c302cd7-86ca-4582-99c9-f3d39ab5a1b9 tempest-ServerRescueNegativeTestJSON-100463542 tempest-ServerRescueNegativeTestJSON-100463542-project] Resources bound (agent type, host, resource id): {{(pid=114853) schedule /opt/stack/neutron/neutron/scheduler/base_scheduler.py:57}}
Nov 22 16:58:54.474757 dv-cinder-804735-12-smb neutron-server[114853]: DEBUG neutron.db.l3_dvrscheduler_db [req-55b75fea-312e-4ae6-9fd1-d34d847b28dc req-2c302cd7-86ca-4582-99c9-f3d39ab5a1b9 tempest-ServerRescueNegativeTestJSON-100463542 tempest-ServerRescueNegativeTestJSON-100463542-project] Received port after_create {{(pid=114853) _notify_l3_agent_new_port /opt/stack/neutron/neutron/db/l3_dvrscheduler_db.py:535}}
Nov 22 16:58:54.512091 dv-cinder-804735-12-smb neutron-server[114853]: DEBUG neutron.pecan_wsgi.hooks.policy_enforcement [req-55b75fea-312e-4ae6-9fd1-d34d847b28dc req-2c302cd7-86ca-4582-99c9-f3d39ab5a1b9 tempest-ServerRescueNegativeTestJSON-100463542 tempest-ServerRescueNegativeTestJSON-100463542-project] Attributes excluded by policy engine: ['standard_attr_id', 'binding:profile', 'binding:host_id', 'binding:vif_type', 'binding:vif_details', 'network'] {{(pid=114853) _exclude_attributes_by_policy /opt/stack/neutron/neutron/pecan_wsgi/hooks/policy_enforcement.py:255}}
Nov 22 16:58:54.515102 dv-cinder-804735-12-smb neutron-server[114853]: DEBUG neutron_lib.callbacks.manager [req-55b75fea-312e-4ae6-9fd1-d34d847b28dc req-2c302cd7-86ca-4582-99c9-f3d39ab5a1b9 tempest-ServerRescueNegativeTestJSON-100463542 tempest-ServerRescueNegativeTestJSON-100463542-project] Publish callbacks ['neutron.notifiers.nova.Notifier._send_nova_notification-124626', 'neutron.api.rpc.agentnotifiers.dhcp_rpc_agent_api.DhcpAgentNotifyAPI._send_dhcp_notification-638753'] for port, before_response {{(pid=114853) _notify_loop /usr/local/lib/python3.8/dist-packages/neutron_lib/callbacks/manager.py:175}}
Nov 22 16:58:54.703217 dv-cinder-804735-12-smb neutron-server[114854]: INFO neutron.wsgi [req-c489cc44-c223-43fa-b21a-e2a346167040 req-7f2d8814-398d-4d28-ac5d-ba641c08bb8c tempest-ServerRescueNegativeTestJSON-100463542 tempest-ServerRescueNegativeTestJSON-100463542-project] 10.222.0.70 "GET /v2.0/ports?device_id=14981473-ea87-457d-bb0f-cb0c3b864375 HTTP/1.1" status: 200 len: 210 time: 0.0720000
Nov 22 16:58:54.719685 dv-cinder-804735-12-smb neutron-server[114853]: INFO neutron.wsgi [req-55b75fea-312e-4ae6-9fd1-d34d847b28dc req-2c302cd7-86ca-4582-99c9-f3d39ab5a1b9 tempest-ServerRescueNegativeTestJSON-100463542 tempest-ServerRescueNegativeTestJSON-100463542-project] 10.222.0.53 "POST /v2.0/ports HTTP/1.1" status: 201 len: 934 time: 2.7490754
Nov 22 16:58:54.735620 dv-cinder-804735-12-smb neutron-server[114854]: DEBUG neutron.pecan_wsgi.hooks.policy_enforcement [req-75ecd6c4-534b-470a-bcbe-92e71c158eb9 req-01fee295-6102-4573-96fb-098d20e70d2d tempest-DeleteServersTestJSON-1123393565 tempest-DeleteServersTestJSON-1123393565-project] Attributes excluded by policy engine: ['standard_attr_id', 'binding:profile', 'binding:host_id', 'binding:vif_type', 'binding:vif_details'] {{(pid=114854) _exclude_attributes_by_policy /opt/stack/neutron/neutron/pecan_wsgi/hooks/policy_enforcement.py:255}}
Nov 22 16:58:54.737334 dv-cinder-804735-12-smb neutron-server[114854]: INFO neutron.wsgi [req-75ecd6c4-534b-470a-bcbe-92e71c158eb9 req-01fee295-6102-4573-96fb-098d20e70d2d tempest-DeleteServersTestJSON-1123393565 tempest-DeleteServersTestJSON-1123393565-project] 10.222.0.70 "GET /v2.0/ports?device_id=9ad3079c-a7be-4941-8ce7-a1c2d033749f HTTP/1.1" status: 200 len: 944 time: 0.1226878
Nov 22 16:58:54.763011 dv-cinder-804735-12-smb neutron-server[114853]: DEBUG neutron.wsgi [-] (114853) accepted ('10.222.0.70', 42808) {{(pid=114853) server /usr/local/lib/python3.8/dist-packages/eventlet/wsgi.py:1004}}
Nov 22 16:58:54.784901 dv-cinder-804735-12-smb neutron-server[114853]: DEBUG neutron_lib.callbacks.manager [None req-80572fe4-77a1-4eef-b322-7c242c993d86 admin admin] Publish callbacks [] for security_group, before_create {{(pid=114853) _notify_loop /usr/local/lib/python3.8/dist-packages/neutron_lib/callbacks/manager.py:175}}
Nov 22 16:58:54.838456 dv-cinder-804735-12-smb neutron-server[114854]: DEBUG neutron_lib.callbacks.manager [None req-dedaf034-a0a1-48ce-95ab-eb3cc99a7a70 tempest-AttachVolumeTestJSON-144380844 tempest-AttachVolumeTestJSON-144380844-project] Publish callbacks [] for port, precommit_update {{(pid=114854) _notify_loop /usr/local/lib/python3.8/dist-packages/neutron_lib/callbacks/manager.py:175}}
Nov 22 16:58:54.876516 dv-cinder-804735-12-smb neutron-server[114854]: INFO neutron.wsgi [req-2c40b679-e884-420c-b423-21ec5ff69f5e req-db8048e4-a27c-4101-a54d-891d301e935b tempest-AttachVolumeShelveTestJSON-1220979088 tempest-AttachVolumeShelveTestJSON-1220979088-project] 10.222.0.70 "GET /v2.0/ports?device_id=3a0c3659-a2cb-4cb2-ae2a-2a1365f73187 HTTP/1.1" status: 200 len: 210 time: 0.0586760
Nov 22 16:58:54.882980 dv-cinder-804735-12-smb neutron-server[114854]: INFO neutron.wsgi [req-75ecd6c4-534b-470a-bcbe-92e71c158eb9 req-641fb879-5e29-49a7-a52d-1fd596b9e9de tempest-DeleteServersTestJSON-1123393565 tempest-DeleteServersTestJSON-1123393565-project] 10.222.0.70 "GET /v2.0/security-groups?id=4f8418f8-7f94-4406-963b-e9a84ac969c0&fields=id&fields=name HTTP/1.1" status: 200 len: 286 time: 0.1313660
Nov 22 16:58:54.918454 dv-cinder-804735-12-smb neutron-server[114853]: DEBUG neutron_lib.callbacks.manager [None req-80572fe4-77a1-4eef-b322-7c242c993d86 admin admin] Publish callbacks [] for security_group, precommit_create {{(pid=114853) _notify_loop /usr/local/lib/python3.8/dist-packages/neutron_lib/callbacks/manager.py:175}}
Nov 22 16:58:54.944016 dv-cinder-804735-12-smb neutron-server[114854]: DEBUG neutron_lib.callbacks.manager [None req-dedaf034-a0a1-48ce-95ab-eb3cc99a7a70 tempest-AttachVolumeTestJSON-144380844 tempest-AttachVolumeTestJSON-144380844-project] Publish callbacks ['neutron.plugins.ml2.plugin.SecurityGroupServerNotifierRpcMixin._notify_sg_on_port_change-1677615', 'neutron.plugins.ml2.ovo_rpc._ObjectChangeHandler.handle_event-80287', 'neutron.api.rpc.agentnotifiers.dhcp_rpc_agent_api.DhcpAgentNotifyAPI._native_event_send_dhcp_notification-638743', 'neutron.db.l3_db.L3RpcNotifierMixin._notify_gateway_port_ip_changed-8727298587450', 'neutron.db.l3_dvrscheduler_db._notify_l3_agent_port_update-8727298056102', 'neutron.db.l3_hascheduler_db._notify_l3_agent_ha_port_update-8727298056120'] for port, after_update {{(pid=114854) _notify_loop /usr/local/lib/python3.8/dist-packages/neutron_lib/callbacks/manager.py:175}}
Nov 22 16:58:54.991964 dv-cinder-804735-12-smb neutron-server[114854]: DEBUG neutron_lib.callbacks.manager [None req-dedaf034-a0a1-48ce-95ab-eb3cc99a7a70 tempest-AttachVolumeTestJSON-144380844 tempest-AttachVolumeTestJSON-144380844-project] Publish callbacks ['neutron.services.l3_router.l3_router_plugin.DVRResourceOperationHandler._create_dvr_floating_gw_port-584216'] for floatingip, after_create {{(pid=114854) _notify_loop /usr/local/lib/python3.8/dist-packages/neutron_lib/callbacks/manager.py:175}}
Nov 22 16:58:55.016269 dv-cinder-804735-12-smb neutron-server[114853]: DEBUG neutron_lib.callbacks.manager [None req-80572fe4-77a1-4eef-b322-7c242c993d86 admin admin] Publish callbacks ['neutron.plugins.ml2.ovo_rpc._ObjectChangeHandler.handle_event-394011'] for security_group, after_create {{(pid=114853) _notify_loop /usr/local/lib/python3.8/dist-packages/neutron_lib/callbacks/manager.py:175}}
Nov 22 16:58:55.023464 dv-cinder-804735-12-smb neutron-server[114854]: DEBUG neutron.api.rpc.handlers.resources_rpc [None req-dedaf034-a0a1-48ce-95ab-eb3cc99a7a70 tempest-AttachVolumeTestJSON-144380844 tempest-AttachVolumeTestJSON-144380844-project] Pushing event updated for resources: {'Port': ['ID=b526fe92-4b88-4282-a029-1674e4893f9a,revision_number=2']} {{(pid=114854) push /opt/stack/neutron/neutron/api/rpc/handlers/resources_rpc.py:237}}
Nov 22 16:58:55.065741 dv-cinder-804735-12-smb neutron-server[114853]: INFO neutron.wsgi [None req-80572fe4-77a1-4eef-b322-7c242c993d86 admin admin] 10.222.0.70 "GET /v2.0/security-groups?tenant_id=cb6bcef3aae546de8f4e0029d468f1f3&name=default HTTP/1.1" status: 200 len: 2996 time: 0.3013811
Nov 22 16:58:55.066643 dv-cinder-804735-12-smb neutron-server[114853]: DEBUG neutron.api.rpc.handlers.resources_rpc [None req-80572fe4-77a1-4eef-b322-7c242c993d86 admin admin] Pushing event updated for resources: {'SecurityGroup': ['ID=807957bb-d4cb-4b96-8a81-31eaaf488aa0,revision_number=1']} {{(pid=114853) push /opt/stack/neutron/neutron/api/rpc/handlers/resources_rpc.py:237}}
Nov 22 16:58:55.068499 dv-cinder-804735-12-smb neutron-server[114854]: DEBUG neutron.wsgi [-] (114854) accepted ('10.222.0.70', 42816) {{(pid=114854) server /usr/local/lib/python3.8/dist-packages/eventlet/wsgi.py:1004}}
Nov 22 16:58:55.128392 dv-cinder-804735-12-smb neutron-server[114854]: DEBUG neutron_lib.callbacks.manager [None req-dedaf034-a0a1-48ce-95ab-eb3cc99a7a70 tempest-AttachVolumeTestJSON-144380844 tempest-AttachVolumeTestJSON-144380844-project] Publish callbacks ['neutron.notifiers.nova.Notifier._send_nova_notification-124626'] for floatingip, before_response {{(pid=114854) _notify_loop /usr/local/lib/python3.8/dist-packages/neutron_lib/callbacks/manager.py:175}}
Nov 22 16:58:55.129676 dv-cinder-804735-12-smb neutron-server[114854]: INFO neutron.wsgi [None req-dedaf034-a0a1-48ce-95ab-eb3cc99a7a70 tempest-AttachVolumeTestJSON-144380844 tempest-AttachVolumeTestJSON-144380844-project] 10.222.0.70 "POST /v2.0/floatingips HTTP/1.1" status: 201 len: 693 time: 2.9526412
Nov 22 16:58:55.163483 dv-cinder-804735-12-smb neutron-server[114854]: DEBUG neutron_lib.callbacks.manager [None req-c355d177-953d-467f-9e2a-c7a476117eb0 admin admin] Publish callbacks [] for security_group, before_delete {{(pid=114854) _notify_loop /usr/local/lib/python3.8/dist-packages/neutron_lib/callbacks/manager.py:175}}
Nov 22 16:58:55.183344 dv-cinder-804735-12-smb neutron-server[114854]: DEBUG neutron_lib.callbacks.manager [None req-c355d177-953d-467f-9e2a-c7a476117eb0 admin admin] Publish callbacks [] for security_group, precommit_delete {{(pid=114854) _notify_loop /usr/local/lib/python3.8/dist-packages/neutron_lib/callbacks/manager.py:175}}
Nov 22 16:58:55.377771 dv-cinder-804735-12-smb neutron-server[114854]: DEBUG neutron_lib.callbacks.manager [None req-c355d177-953d-467f-9e2a-c7a476117eb0 admin admin] Publish callbacks ['neutron.plugins.ml2.ovo_rpc._ObjectChangeHandler.handle_event-394011'] for security_group, after_delete {{(pid=114854) _notify_loop /usr/local/lib/python3.8/dist-packages/neutron_lib/callbacks/manager.py:175}}
Nov 22 16:58:55.381176 dv-cinder-804735-12-smb neutron-server[114854]: DEBUG neutron_lib.callbacks.manager [None req-c355d177-953d-467f-9e2a-c7a476117eb0 admin admin] Publish callbacks [] for security_group, before_response {{(pid=114854) _notify_loop /usr/local/lib/python3.8/dist-packages/neutron_lib/callbacks/manager.py:175}}
Nov 22 16:58:55.382684 dv-cinder-804735-12-smb neutron-server[114854]: INFO neutron.wsgi [None req-c355d177-953d-467f-9e2a-c7a476117eb0 admin admin] 10.222.0.70 "DELETE /v2.0/security-groups/807957bb-d4cb-4b96-8a81-31eaaf488aa0 HTTP/1.1" status: 204 len: 168 time: 0.3129778
Nov 22 16:58:55.396241 dv-cinder-804735-12-smb neutron-server[114854]: DEBUG neutron.api.rpc.handlers.resources_rpc [None req-c355d177-953d-467f-9e2a-c7a476117eb0 admin admin] Pushing event deleted for resources: {'SecurityGroup': ['ID=807957bb-d4cb-4b96-8a81-31eaaf488aa0,revision_number=None']} {{(pid=114854) push /opt/stack/neutron/neutron/api/rpc/handlers/resources_rpc.py:237}}
Nov 22 16:58:55.436171 dv-cinder-804735-12-smb neutron-server[114854]: INFO neutron.wsgi [req-84f67403-87ac-4fe9-8533-4b4f5992fdd5 req-ccba8a38-5faf-46cc-96f1-9ba7034e1ca8 tempest-AttachVolumeTestJSON-144380844 tempest-AttachVolumeTestJSON-144380844-project] 10.222.0.70 "GET /v2.0/security-groups?name=tempest-securitygroup--17941365&fields=id&tenant_id=fcbc5e0ac5174896a7b4db3776e94cc3 HTTP/1.1" status: 200 len: 267 time: 0.0800457
Nov 22 16:58:55.767452 dv-cinder-804735-12-smb neutron-server[114854]: DEBUG neutron.pecan_wsgi.hooks.policy_enforcement [req-84f67403-87ac-4fe9-8533-4b4f5992fdd5 req-5e47b60f-ef32-4216-8f5e-aef87a1f082c tempest-AttachVolumeTestJSON-144380844 tempest-AttachVolumeTestJSON-144380844-project] Attributes excluded by policy engine: ['standard_attr_id', 'vlan_transparent', 'provider:network_type', 'provider:physical_network', 'provider:segmentation_id'] {{(pid=114854) _exclude_attributes_by_policy /opt/stack/neutron/neutron/pecan_wsgi/hooks/policy_enforcement.py:255}}
Nov 22 16:58:55.768905 dv-cinder-804735-12-smb neutron-server[114854]: INFO neutron.wsgi [req-84f67403-87ac-4fe9-8533-4b4f5992fdd5 req-5e47b60f-ef32-4216-8f5e-aef87a1f082c tempest-AttachVolumeTestJSON-144380844 tempest-AttachVolumeTestJSON-144380844-project] 10.222.0.70 "GET /v2.0/networks?id=19357463-14df-4d78-a4cb-9583f7387ad1 HTTP/1.1" status: 200 len: 810 time: 0.3319368
Nov 22 16:58:55.827197 dv-cinder-804735-12-smb neutron-server[114854]: INFO neutron.wsgi [req-84f67403-87ac-4fe9-8533-4b4f5992fdd5 req-2d039e2f-901f-47ef-909b-d29522463cdb tempest-AttachVolumeTestJSON-144380844 tempest-AttachVolumeTestJSON-144380844-project] 10.222.0.70 "GET /v2.0/quotas/fcbc5e0ac5174896a7b4db3776e94cc3 HTTP/1.1" status: 200 len: 375 time: 0.0457926
Nov 22 16:58:55.845016 dv-cinder-804735-12-smb neutron-server[114854]: INFO neutron.wsgi [req-a0d581b4-c87d-42a2-9355-911d1aabc3c2 req-bedafc03-e7bc-4aad-bf78-74db8a1ab047 tempest-ServerRescueNegativeTestJSON-100463542 tempest-ServerRescueNegativeTestJSON-100463542-project] 10.222.0.70 "GET /v2.0/ports?device_id=14981473-ea87-457d-bb0f-cb0c3b864375 HTTP/1.1" status: 200 len: 210 time: 0.0349813
Nov 22 16:58:55.899354 dv-cinder-804735-12-smb neutron-server[114855]: DEBUG neutron_lib.callbacks.manager [None req-36fd74fe-58d0-46fb-a5f2-a866ae989738 None None] Publish callbacks ['neutron.services.segments.db._update_segment_host_mapping_for_agent-8727298401747', 'neutron.plugins.ml2.plugin.Ml2Plugin._retry_binding_revived_agents-1470720'] for agent, after_update {{(pid=114855) _notify_loop /usr/local/lib/python3.8/dist-packages/neutron_lib/callbacks/manager.py:175}}
Nov 22 16:58:55.912679 dv-cinder-804735-12-smb neutron-server[114854]: INFO neutron.wsgi [req-84f67403-87ac-4fe9-8533-4b4f5992fdd5 req-6f368e82-8ac0-4a1b-ab20-5ff190fac408 tempest-AttachVolumeTestJSON-144380844 tempest-AttachVolumeTestJSON-144380844-project] 10.222.0.70 "GET /v2.0/ports?tenant_id=fcbc5e0ac5174896a7b4db3776e94cc3&fields=id HTTP/1.1" status: 200 len: 302 time: 0.0674653
Nov 22 16:58:56.087493 dv-cinder-804735-12-smb neutron-server[114854]: INFO neutron.wsgi [req-84f67403-87ac-4fe9-8533-4b4f5992fdd5 req-ea5805cf-85e7-434a-ad6e-e3a09f2ec933 service neutron] 10.222.0.70 "GET /v2.0/networks/19357463-14df-4d78-a4cb-9583f7387ad1?fields=segments HTTP/1.1" status: 200 len: 212 time: 0.1684341
Nov 22 16:58:56.226047 dv-cinder-804735-12-smb neutron-server[114854]: DEBUG neutron.pecan_wsgi.hooks.policy_enforcement [req-2c5b3447-66c9-40e9-abee-5432a335bfcc req-04d57d84-06bf-41e6-af33-63665153f46d tempest-DeleteServersTestJSON-1123393565 tempest-DeleteServersTestJSON-1123393565-project] Attributes excluded by policy engine: ['standard_attr_id', 'binding:profile', 'binding:host_id', 'binding:vif_type', 'binding:vif_details'] {{(pid=114854) _exclude_attributes_by_policy /opt/stack/neutron/neutron/pecan_wsgi/hooks/policy_enforcement.py:255}}
Nov 22 16:58:56.226047 dv-cinder-804735-12-smb neutron-server[114854]: INFO neutron.wsgi [req-2c5b3447-66c9-40e9-abee-5432a335bfcc req-04d57d84-06bf-41e6-af33-63665153f46d tempest-DeleteServersTestJSON-1123393565 tempest-DeleteServersTestJSON-1123393565-project] 10.222.0.70 "GET /v2.0/ports?device_id=9ad3079c-a7be-4941-8ce7-a1c2d033749f HTTP/1.1" status: 200 len: 944 time: 0.1377735
Nov 22 16:58:56.235070 dv-cinder-804735-12-smb neutron-server[114854]: INFO neutron.wsgi [req-84f67403-87ac-4fe9-8533-4b4f5992fdd5 req-b43d6e8e-63e6-43d0-b3be-74bedeb1828f service neutron] 10.222.0.70 "GET /v2.0/networks/19357463-14df-4d78-a4cb-9583f7387ad1?fields=provider%3Aphysical_network&fields=provider%3Anetwork_type HTTP/1.1" status: 200 len: 281 time: 0.1461117
Nov 22 16:58:56.247363 dv-cinder-804735-12-smb neutron-server[114854]: INFO neutron.wsgi [req-2c5b3447-66c9-40e9-abee-5432a335bfcc req-73a2a6af-6389-4e10-b44c-7375d09f7d21 tempest-DeleteServersTestJSON-1123393565 tempest-DeleteServersTestJSON-1123393565-project] 10.222.0.70 "GET /v2.0/security-groups?id=4f8418f8-7f94-4406-963b-e9a84ac969c0&fields=id&fields=name HTTP/1.1" status: 200 len: 286 time: 0.0697093
Nov 22 16:58:56.392767 dv-cinder-804735-12-smb neutron-server[114854]: INFO neutron.wsgi [req-1ecc8312-b766-4684-b087-c53994b6cc9d req-12fd4da7-4414-4c3e-98fe-4b921623535a tempest-AttachVolumeShelveTestJSON-1220979088 tempest-AttachVolumeShelveTestJSON-1220979088-project] 10.222.0.70 "GET /v2.0/ports?device_id=3a0c3659-a2cb-4cb2-ae2a-2a1365f73187 HTTP/1.1" status: 200 len: 210 time: 0.0516732
Nov 22 16:58:56.725535 dv-cinder-804735-12-smb neutron-server[114854]: INFO neutron.wsgi [req-1bb6dfef-d336-454e-8786-adb18dfbc94e req-f4ac5a38-363f-4b74-9402-544de1bc2c2d tempest-AttachVolumeTestJSON-144380844 tempest-AttachVolumeTestJSON-144380844-project] 10.222.0.70 "GET /v2.0/ports?device_id=dfa08b95-3d63-44c7-8e08-4f158959fdfd HTTP/1.1" status: 200 len: 210 time: 0.0353310
Nov 22 16:58:56.972983 dv-cinder-804735-12-smb neutron-server[114854]: INFO neutron.wsgi [req-7020aa4b-7951-4743-81ac-abc2a85bc5d9 req-fc388a4d-1006-42fa-8cfa-491b8481609b tempest-ServerRescueNegativeTestJSON-100463542 tempest-ServerRescueNegativeTestJSON-100463542-project] 10.222.0.70 "GET /v2.0/ports?device_id=14981473-ea87-457d-bb0f-cb0c3b864375 HTTP/1.1" status: 200 len: 210 time: 0.0310092
Nov 22 16:58:57.242799 dv-cinder-804735-12-smb neutron-server[114853]: DEBUG neutron.wsgi [-] (114853) accepted ('10.222.0.70', 42918) {{(pid=114853) server /usr/local/lib/python3.8/dist-packages/eventlet/wsgi.py:1004}}
Nov 22 16:58:57.377611 dv-cinder-804735-12-smb neutron-server[114853]: DEBUG neutron_lib.callbacks.manager [None req-a2431c28-f295-4b7b-9fa6-ebcd3bd56d19 admin admin] Publish callbacks [] for security_group, before_create {{(pid=114853) _notify_loop /usr/local/lib/python3.8/dist-packages/neutron_lib/callbacks/manager.py:175}}
Nov 22 16:58:57.438608 dv-cinder-804735-12-smb neutron-server[114854]: DEBUG neutron.pecan_wsgi.hooks.policy_enforcement [req-a19ccc16-712c-4d16-a3c5-ce4f3ea7a6e6 req-a33802bb-2c8a-49fb-b1e2-f3193d9434a2 tempest-DeleteServersTestJSON-1123393565 tempest-DeleteServersTestJSON-1123393565-project] Attributes excluded by policy engine: ['standard_attr_id', 'binding:profile', 'binding:host_id', 'binding:vif_type', 'binding:vif_details'] {{(pid=114854) _exclude_attributes_by_policy /opt/stack/neutron/neutron/pecan_wsgi/hooks/policy_enforcement.py:255}}
Nov 22 16:58:57.440236 dv-cinder-804735-12-smb neutron-server[114854]: INFO neutron.wsgi [req-a19ccc16-712c-4d16-a3c5-ce4f3ea7a6e6 req-a33802bb-2c8a-49fb-b1e2-f3193d9434a2 tempest-DeleteServersTestJSON-1123393565 tempest-DeleteServersTestJSON-1123393565-project] 10.222.0.70 "GET /v2.0/ports?device_id=9ad3079c-a7be-4941-8ce7-a1c2d033749f HTTP/1.1" status: 200 len: 944 time: 0.0938680
Nov 22 16:58:57.475311 dv-cinder-804735-12-smb neutron-server[114853]: DEBUG neutron_lib.callbacks.manager [None req-a2431c28-f295-4b7b-9fa6-ebcd3bd56d19 admin admin] Publish callbacks [] for security_group, precommit_create {{(pid=114853) _notify_loop /usr/local/lib/python3.8/dist-packages/neutron_lib/callbacks/manager.py:175}}
Nov 22 16:58:57.540063 dv-cinder-804735-12-smb neutron-server[114854]: INFO neutron.wsgi [req-6364cb77-e2a1-4f00-ac84-59e7bf869e92 req-449692ee-516a-4639-b527-3fd4230d31ee tempest-AttachVolumeShelveTestJSON-1220979088 tempest-AttachVolumeShelveTestJSON-1220979088-project] 10.222.0.70 "GET /v2.0/ports?device_id=3a0c3659-a2cb-4cb2-ae2a-2a1365f73187 HTTP/1.1" status: 200 len: 210 time: 0.0363183
Nov 22 16:58:57.544071 dv-cinder-804735-12-smb neutron-server[114854]: INFO neutron.wsgi [req-a19ccc16-712c-4d16-a3c5-ce4f3ea7a6e6 req-3a023723-bf56-48c1-b707-e5fdf3cb9451 tempest-DeleteServersTestJSON-1123393565 tempest-DeleteServersTestJSON-1123393565-project] 10.222.0.70 "GET /v2.0/security-groups?id=4f8418f8-7f94-4406-963b-e9a84ac969c0&fields=id&fields=name HTTP/1.1" status: 200 len: 286 time: 0.0972464
Nov 22 16:58:57.604124 dv-cinder-804735-12-smb neutron-server[114853]: DEBUG neutron_lib.callbacks.manager [None req-a2431c28-f295-4b7b-9fa6-ebcd3bd56d19 admin admin] Publish callbacks ['neutron.plugins.ml2.ovo_rpc._ObjectChangeHandler.handle_event-394011'] for security_group, after_create {{(pid=114853) _notify_loop /usr/local/lib/python3.8/dist-packages/neutron_lib/callbacks/manager.py:175}}
Nov 22 16:58:57.643469 dv-cinder-804735-12-smb neutron-server[114853]: INFO neutron.wsgi [None req-a2431c28-f295-4b7b-9fa6-ebcd3bd56d19 admin admin] 10.222.0.70 "GET /v2.0/security-groups?tenant_id=d85c1e8e91574d2495167a74390e3fdc&name=default HTTP/1.1" status: 200 len: 2996 time: 0.3995078
Nov 22 16:58:57.644664 dv-cinder-804735-12-smb neutron-server[114853]: DEBUG neutron.api.rpc.handlers.resources_rpc [None req-a2431c28-f295-4b7b-9fa6-ebcd3bd56d19 admin admin] Pushing event updated for resources: {'SecurityGroup': ['ID=b7a912b9-2010-4148-8655-67f52803032c,revision_number=1']} {{(pid=114853) push /opt/stack/neutron/neutron/api/rpc/handlers/resources_rpc.py:237}}
Nov 22 16:58:57.652864 dv-cinder-804735-12-smb neutron-server[114854]: DEBUG neutron.wsgi [-] (114854) accepted ('10.222.0.70', 42944) {{(pid=114854) server /usr/local/lib/python3.8/dist-packages/eventlet/wsgi.py:1004}}
Nov 22 16:58:57.710809 dv-cinder-804735-12-smb neutron-server[114854]: DEBUG neutron_lib.callbacks.manager [None req-0b1cabb2-c23e-4dfd-b7d1-80b099d1c350 admin admin] Publish callbacks [] for security_group, before_delete {{(pid=114854) _notify_loop /usr/local/lib/python3.8/dist-packages/neutron_lib/callbacks/manager.py:175}}
Nov 22 16:58:57.734031 dv-cinder-804735-12-smb neutron-server[114854]: DEBUG neutron_lib.callbacks.manager [None req-0b1cabb2-c23e-4dfd-b7d1-80b099d1c350 admin admin] Publish callbacks [] for security_group, precommit_delete {{(pid=114854) _notify_loop /usr/local/lib/python3.8/dist-packages/neutron_lib/callbacks/manager.py:175}}
Nov 22 16:58:57.803585 dv-cinder-804735-12-smb neutron-server[114854]: INFO neutron.wsgi [req-6730392c-72a6-4031-a489-8342ac75a9ca req-94f4f740-7b8e-4845-92b7-24ef47a0031a tempest-AttachVolumeTestJSON-144380844 tempest-AttachVolumeTestJSON-144380844-project] 10.222.0.70 "GET /v2.0/ports?device_id=dfa08b95-3d63-44c7-8e08-4f158959fdfd HTTP/1.1" status: 200 len: 210 time: 0.0270433
Nov 22 16:58:57.867415 dv-cinder-804735-12-smb neutron-server[114854]: DEBUG neutron_lib.callbacks.manager [None req-0b1cabb2-c23e-4dfd-b7d1-80b099d1c350 admin admin] Publish callbacks ['neutron.plugins.ml2.ovo_rpc._ObjectChangeHandler.handle_event-394011'] for security_group, after_delete {{(pid=114854) _notify_loop /usr/local/lib/python3.8/dist-packages/neutron_lib/callbacks/manager.py:175}}
Nov 22 16:58:57.870064 dv-cinder-804735-12-smb neutron-server[114854]: DEBUG neutron_lib.callbacks.manager [None req-0b1cabb2-c23e-4dfd-b7d1-80b099d1c350 admin admin] Publish callbacks [] for security_group, before_response {{(pid=114854) _notify_loop /usr/local/lib/python3.8/dist-packages/neutron_lib/callbacks/manager.py:175}}
Nov 22 16:58:57.872140 dv-cinder-804735-12-smb neutron-server[114854]: INFO neutron.wsgi [None req-0b1cabb2-c23e-4dfd-b7d1-80b099d1c350 admin admin] 10.222.0.70 "DELETE /v2.0/security-groups/b7a912b9-2010-4148-8655-67f52803032c HTTP/1.1" status: 204 len: 168 time: 0.2173650
Nov 22 16:58:57.879929 dv-cinder-804735-12-smb neutron-server[114854]: DEBUG neutron.api.rpc.handlers.resources_rpc [None req-0b1cabb2-c23e-4dfd-b7d1-80b099d1c350 admin admin] Pushing event deleted for resources: {'SecurityGroup': ['ID=b7a912b9-2010-4148-8655-67f52803032c,revision_number=None']} {{(pid=114854) push /opt/stack/neutron/neutron/api/rpc/handlers/resources_rpc.py:237}}
Nov 22 16:58:58.087341 dv-cinder-804735-12-smb neutron-server[114854]: INFO neutron.wsgi [req-ba228e31-6ba6-45ef-acbc-8206d93b090a req-7bb378ce-52e5-4428-8ed5-d36e509e32d9 tempest-ServerRescueNegativeTestJSON-100463542 tempest-ServerRescueNegativeTestJSON-100463542-project] 10.222.0.70 "GET /v2.0/ports?device_id=14981473-ea87-457d-bb0f-cb0c3b864375 HTTP/1.1" status: 200 len: 210 time: 0.0390782
Nov 22 16:58:58.613591 dv-cinder-804735-12-smb neutron-server[114853]: DEBUG neutron.api.v2.base [req-55b75fea-312e-4ae6-9fd1-d34d847b28dc req-b5f2818a-7c0b-4fa9-8d25-6adf41bbde3d service neutron] Request body: {'port': {'device_id': '891cb5e0-f5e0-43bc-80da-5bacd41a2722', 'device_owner': 'compute:nova', 'binding:host_id': 'hv-cinder-80473'}} {{(pid=114853) prepare_request_body /opt/stack/neutron/neutron/api/v2/base.py:729}}
Nov 22 16:58:58.670948 dv-cinder-804735-12-smb neutron-server[114854]: INFO neutron.wsgi [req-18fe675f-25c7-4ce0-a772-3f2d702642b0 req-aa398d4e-d9ed-4489-8c05-60fb5766cc2e tempest-AttachVolumeShelveTestJSON-1220979088 tempest-AttachVolumeShelveTestJSON-1220979088-project] 10.222.0.70 "GET /v2.0/ports?device_id=3a0c3659-a2cb-4cb2-ae2a-2a1365f73187 HTTP/1.1" status: 200 len: 210 time: 0.0475450
Nov 22 16:58:58.702072 dv-cinder-804735-12-smb neutron-server[114854]: DEBUG neutron.pecan_wsgi.hooks.policy_enforcement [req-d7ffb169-7df9-4b15-8b52-1a735c252b5e req-df82cf47-76ea-40b8-b988-2cbe9c83c511 tempest-DeleteServersTestJSON-1123393565 tempest-DeleteServersTestJSON-1123393565-project] Attributes excluded by policy engine: ['standard_attr_id', 'binding:profile', 'binding:host_id', 'binding:vif_type', 'binding:vif_details'] {{(pid=114854) _exclude_attributes_by_policy /opt/stack/neutron/neutron/pecan_wsgi/hooks/policy_enforcement.py:255}}
Nov 22 16:58:58.704918 dv-cinder-804735-12-smb neutron-server[114853]: DEBUG neutron.wsgi [-] (114853) accepted ('10.222.0.70', 42984) {{(pid=114853) server /usr/local/lib/python3.8/dist-packages/eventlet/wsgi.py:1004}}
Nov 22 16:58:58.706467 dv-cinder-804735-12-smb neutron-server[114854]: INFO neutron.wsgi [req-d7ffb169-7df9-4b15-8b52-1a735c252b5e req-df82cf47-76ea-40b8-b988-2cbe9c83c511 tempest-DeleteServersTestJSON-1123393565 tempest-DeleteServersTestJSON-1123393565-project] 10.222.0.70 "GET /v2.0/ports?device_id=9ad3079c-a7be-4941-8ce7-a1c2d033749f HTTP/1.1" status: 200 len: 944 time: 0.0918698
Nov 22 16:58:58.738247 dv-cinder-804735-12-smb neutron-server[114853]: DEBUG neutron_lib.callbacks.manager [req-55b75fea-312e-4ae6-9fd1-d34d847b28dc req-b5f2818a-7c0b-4fa9-8d25-6adf41bbde3d service neutron] Publish callbacks ['neutron.plugins.ml2.plugin.SecurityGroupDbMixin._ensure_default_security_group_handler-1677678'] for port, before_update {{(pid=114853) _notify_loop /usr/local/lib/python3.8/dist-packages/neutron_lib/callbacks/manager.py:175}}
Nov 22 16:58:58.758728 dv-cinder-804735-12-smb neutron-server[114854]: INFO neutron.wsgi [req-d7ffb169-7df9-4b15-8b52-1a735c252b5e req-96909c64-f222-41d7-985d-acf620d3707f tempest-DeleteServersTestJSON-1123393565 tempest-DeleteServersTestJSON-1123393565-project] 10.222.0.70 "GET /v2.0/security-groups?id=4f8418f8-7f94-4406-963b-e9a84ac969c0&fields=id&fields=name HTTP/1.1" status: 200 len: 286 time: 0.0512404
Nov 22 16:58:58.779496 dv-cinder-804735-12-smb neutron-server[114853]: DEBUG neutron_lib.callbacks.manager [None req-4655a9d4-3096-4198-935c-71ffb35d7f38 admin admin] Publish callbacks [] for security_group, before_create {{(pid=114853) _notify_loop /usr/local/lib/python3.8/dist-packages/neutron_lib/callbacks/manager.py:175}}
Nov 22 16:58:58.923948 dv-cinder-804735-12-smb neutron-server[114853]: DEBUG neutron.pecan_wsgi.hooks.policy_enforcement [req-6fa6f69f-bd47-4427-af91-07621a7f51c3 req-1a87a80e-c7d4-4d50-881d-c642a073f355 tempest-ServerRescueNegativeTestJSON-100463542 tempest-ServerRescueNegativeTestJSON-100463542-project] Attributes excluded by policy engine: ['standard_attr_id', 'vlan_transparent', 'provider:network_type', 'provider:physical_network', 'provider:segmentation_id'] {{(pid=114853) _exclude_attributes_by_policy /opt/stack/neutron/neutron/pecan_wsgi/hooks/policy_enforcement.py:255}}
Nov 22 16:58:58.925438 dv-cinder-804735-12-smb neutron-server[114853]: INFO neutron.wsgi [req-6fa6f69f-bd47-4427-af91-07621a7f51c3 req-1a87a80e-c7d4-4d50-881d-c642a073f355 tempest-ServerRescueNegativeTestJSON-100463542 tempest-ServerRescueNegativeTestJSON-100463542-project] 10.222.0.53 "GET /v2.0/networks?id=71a29164-19b1-4b72-b0e0-d20e2352d24f HTTP/1.1" status: 200 len: 819 time: 0.2195714
Nov 22 16:58:58.960977 dv-cinder-804735-12-smb neutron-server[114854]: INFO neutron.wsgi [req-e6639c1d-79c8-4b10-a583-a7ef35d98b72 req-4b56ffa5-dab6-41ea-9021-db0714436d6c tempest-AttachVolumeTestJSON-144380844 tempest-AttachVolumeTestJSON-144380844-project] 10.222.0.70 "GET /v2.0/ports?device_id=dfa08b95-3d63-44c7-8e08-4f158959fdfd HTTP/1.1" status: 200 len: 210 time: 0.0681024
Nov 22 16:58:58.981745 dv-cinder-804735-12-smb neutron-server[114853]: DEBUG neutron.api.v2.base [req-6fa6f69f-bd47-4427-af91-07621a7f51c3 req-2df729c9-90e4-4baa-8042-cdecd52d539c tempest-ServerRescueNegativeTestJSON-100463542 tempest-ServerRescueNegativeTestJSON-100463542-project] Request body: {'port': {'device_id': '14981473-ea87-457d-bb0f-cb0c3b864375', 'network_id': '71a29164-19b1-4b72-b0e0-d20e2352d24f', 'admin_state_up': True, 'tenant_id': '3e50b83266d840e2914613066f872053'}} {{(pid=114853) prepare_request_body /opt/stack/neutron/neutron/api/v2/base.py:729}}
Nov 22 16:58:59.196951 dv-cinder-804735-12-smb neutron-server[114854]: INFO neutron.wsgi [req-bce66131-3107-496f-8132-a231366589d6 req-d6c0f8aa-ead6-4c83-bc6a-587b84ef23a3 tempest-ServerRescueNegativeTestJSON-100463542 tempest-ServerRescueNegativeTestJSON-100463542-project] 10.222.0.70 "GET /v2.0/ports?device_id=14981473-ea87-457d-bb0f-cb0c3b864375 HTTP/1.1" status: 200 len: 210 time: 0.0282276
Nov 22 16:58:59.332788 dv-cinder-804735-12-smb neutron-server[114853]: DEBUG neutron_lib.callbacks.manager [None req-4655a9d4-3096-4198-935c-71ffb35d7f38 admin admin] Publish callbacks [] for security_group, precommit_create {{(pid=114853) _notify_loop /usr/local/lib/python3.8/dist-packages/neutron_lib/callbacks/manager.py:175}}
Nov 22 16:58:59.401208 dv-cinder-804735-12-smb neutron-server[114853]: DEBUG neutron_lib.callbacks.manager [None req-4655a9d4-3096-4198-935c-71ffb35d7f38 admin admin] Publish callbacks ['neutron.plugins.ml2.ovo_rpc._ObjectChangeHandler.handle_event-394011'] for security_group, after_create {{(pid=114853) _notify_loop /usr/local/lib/python3.8/dist-packages/neutron_lib/callbacks/manager.py:175}}
Nov 22 16:58:59.463178 dv-cinder-804735-12-smb neutron-server[114853]: DEBUG neutron.pecan_wsgi.hooks.quota_enforcement [req-6fa6f69f-bd47-4427-af91-07621a7f51c3 req-2df729c9-90e4-4baa-8042-cdecd52d539c tempest-ServerRescueNegativeTestJSON-100463542 tempest-ServerRescueNegativeTestJSON-100463542-project] Made reservation on behalf of 3e50b83266d840e2914613066f872053 for: {'port': 1} {{(pid=114853) before /opt/stack/neutron/neutron/pecan_wsgi/hooks/quota_enforcement.py:53}}
Nov 22 16:58:59.466985 dv-cinder-804735-12-smb neutron-server[114853]: DEBUG neutron_lib.callbacks.manager [req-6fa6f69f-bd47-4427-af91-07621a7f51c3 req-2df729c9-90e4-4baa-8042-cdecd52d539c tempest-ServerRescueNegativeTestJSON-100463542 tempest-ServerRescueNegativeTestJSON-100463542-project] Publish callbacks ['neutron.plugins.ml2.plugin.SecurityGroupDbMixin._ensure_default_security_group_handler-1677678'] for port, before_create {{(pid=114853) _notify_loop /usr/local/lib/python3.8/dist-packages/neutron_lib/callbacks/manager.py:175}}
Nov 22 16:58:59.475640 dv-cinder-804735-12-smb neutron-server[114853]: INFO neutron.wsgi [None req-4655a9d4-3096-4198-935c-71ffb35d7f38 admin admin] 10.222.0.70 "GET /v2.0/security-groups?tenant_id=304a55e3a81c4009b45136b969497ca4&name=default HTTP/1.1" status: 200 len: 2996 time: 0.7649763
Nov 22 16:58:59.478490 dv-cinder-804735-12-smb neutron-server[114854]: DEBUG neutron.wsgi [-] (114854) accepted ('10.222.0.70', 43016) {{(pid=114854) server /usr/local/lib/python3.8/dist-packages/eventlet/wsgi.py:1004}}
Nov 22 16:58:59.483254 dv-cinder-804735-12-smb neutron-server[114853]: DEBUG neutron.api.rpc.handlers.resources_rpc [None req-4655a9d4-3096-4198-935c-71ffb35d7f38 admin admin] Pushing event updated for resources: {'SecurityGroup': ['ID=694f720a-76d4-401d-bfd8-957e22b47deb,revision_number=1']} {{(pid=114853) push /opt/stack/neutron/neutron/api/rpc/handlers/resources_rpc.py:237}}
Nov 22 16:58:59.489541 dv-cinder-804735-12-smb neutron-server[114853]: DEBUG neutron.notifiers.nova [req-55b75fea-312e-4ae6-9fd1-d34d847b28dc req-b5f2818a-7c0b-4fa9-8d25-6adf41bbde3d service neutron] Ignoring state change previous_port_status: DOWN current_port_status: DOWN port_id 471c5bdb-615e-4cd0-aaa6-10e4d654fd88 {{(pid=114853) record_port_status_changed /opt/stack/neutron/neutron/notifiers/nova.py:224}}
Nov 22 16:58:59.501193 dv-cinder-804735-12-smb neutron-server[114853]: DEBUG neutron_lib.callbacks.manager [req-55b75fea-312e-4ae6-9fd1-d34d847b28dc req-b5f2818a-7c0b-4fa9-8d25-6adf41bbde3d service neutron] Publish callbacks [] for port, precommit_update {{(pid=114853) _notify_loop /usr/local/lib/python3.8/dist-packages/neutron_lib/callbacks/manager.py:175}}
Nov 22 16:58:59.530252 dv-cinder-804735-12-smb neutron-server[114854]: DEBUG neutron_lib.callbacks.manager [None req-76bddfba-25fc-4c8e-944f-925b6019f704 admin admin] Publish callbacks [] for security_group, before_delete {{(pid=114854) _notify_loop /usr/local/lib/python3.8/dist-packages/neutron_lib/callbacks/manager.py:175}}
Nov 22 16:58:59.545980 dv-cinder-804735-12-smb neutron-server[114853]: DEBUG neutron.db.provisioning_blocks [req-55b75fea-312e-4ae6-9fd1-d34d847b28dc req-b5f2818a-7c0b-4fa9-8d25-6adf41bbde3d service neutron] Transition to ACTIVE for port object 471c5bdb-615e-4cd0-aaa6-10e4d654fd88 will not be triggered until provisioned by entity L2. {{(pid=114853) add_provisioning_component /opt/stack/neutron/neutron/db/provisioning_blocks.py:73}}
Nov 22 16:58:59.551932 dv-cinder-804735-12-smb neutron-server[114854]: DEBUG neutron_lib.callbacks.manager [None req-76bddfba-25fc-4c8e-944f-925b6019f704 admin admin] Publish callbacks [] for security_group, precommit_delete {{(pid=114854) _notify_loop /usr/local/lib/python3.8/dist-packages/neutron_lib/callbacks/manager.py:175}}
Nov 22 16:58:59.653125 dv-cinder-804735-12-smb neutron-server[114853]: DEBUG neutron_lib.callbacks.manager [req-55b75fea-312e-4ae6-9fd1-d34d847b28dc req-b5f2818a-7c0b-4fa9-8d25-6adf41bbde3d service neutron] Publish callbacks ['neutron.plugins.ml2.plugin.SecurityGroupServerNotifierRpcMixin._notify_sg_on_port_change-1677615', 'neutron.plugins.ml2.ovo_rpc._ObjectChangeHandler.handle_event-80287', 'neutron.api.rpc.agentnotifiers.dhcp_rpc_agent_api.DhcpAgentNotifyAPI._native_event_send_dhcp_notification-638743', 'neutron.db.l3_db.L3RpcNotifierMixin._notify_gateway_port_ip_changed-8727298587450', 'neutron.db.l3_dvrscheduler_db._notify_l3_agent_port_update-8727298056102', 'neutron.db.l3_hascheduler_db._notify_l3_agent_ha_port_update-8727298056120'] for port, after_update {{(pid=114853) _notify_loop /usr/local/lib/python3.8/dist-packages/neutron_lib/callbacks/manager.py:175}}
Nov 22 16:58:59.693677 dv-cinder-804735-12-smb neutron-server[114854]: DEBUG neutron_lib.callbacks.manager [None req-76bddfba-25fc-4c8e-944f-925b6019f704 admin admin] Publish callbacks ['neutron.plugins.ml2.ovo_rpc._ObjectChangeHandler.handle_event-394011'] for security_group, after_delete {{(pid=114854) _notify_loop /usr/local/lib/python3.8/dist-packages/neutron_lib/callbacks/manager.py:175}}
Nov 22 16:58:59.701366 dv-cinder-804735-12-smb neutron-server[114854]: DEBUG neutron_lib.callbacks.manager [None req-76bddfba-25fc-4c8e-944f-925b6019f704 admin admin] Publish callbacks [] for security_group, before_response {{(pid=114854) _notify_loop /usr/local/lib/python3.8/dist-packages/neutron_lib/callbacks/manager.py:175}}
Nov 22 16:58:59.703599 dv-cinder-804735-12-smb neutron-server[114854]: INFO neutron.wsgi [None req-76bddfba-25fc-4c8e-944f-925b6019f704 admin admin] 10.222.0.70 "DELETE /v2.0/security-groups/694f720a-76d4-401d-bfd8-957e22b47deb HTTP/1.1" status: 204 len: 168 time: 0.2239089
Nov 22 16:58:59.712582 dv-cinder-804735-12-smb neutron-server[114854]: DEBUG neutron.api.rpc.handlers.resources_rpc [None req-76bddfba-25fc-4c8e-944f-925b6019f704 admin admin] Pushing event deleted for resources: {'SecurityGroup': ['ID=694f720a-76d4-401d-bfd8-957e22b47deb,revision_number=None']} {{(pid=114854) push /opt/stack/neutron/neutron/api/rpc/handlers/resources_rpc.py:237}}
Nov 22 16:58:59.827250 dv-cinder-804735-12-smb neutron-server[114853]: DEBUG neutron.api.rpc.handlers.resources_rpc [None req-b5f2818a-7c0b-4fa9-8d25-6adf41bbde3d service neutron] Pushing event updated for resources: {'Port': ['ID=471c5bdb-615e-4cd0-aaa6-10e4d654fd88,revision_number=2']} {{(pid=114853) push /opt/stack/neutron/neutron/api/rpc/handlers/resources_rpc.py:237}}
Nov 22 16:58:59.827250 dv-cinder-804735-12-smb neutron-server[114853]: DEBUG neutron.db.db_base_plugin_common [req-6fa6f69f-bd47-4427-af91-07621a7f51c3 req-2df729c9-90e4-4baa-8042-cdecd52d539c tempest-ServerRescueNegativeTestJSON-100463542 tempest-ServerRescueNegativeTestJSON-100463542-project] Allocated IP 172.20.0.6 (71a29164-19b1-4b72-b0e0-d20e2352d24f/f1e6e804-9b8b-4b74-94d2-4f42932519cb/c8101a7f-56b7-4434-8f32-fd5e6e7ba399) {{(pid=114853) _store_ip_allocation /opt/stack/neutron/neutron/db/db_base_plugin_common.py:131}}
Nov 22 16:58:59.889927 dv-cinder-804735-12-smb neutron-server[114854]: INFO neutron.wsgi [req-776cddf6-1f99-419e-b8d7-ef20cce3c72f req-7984e11e-671b-466a-83f7-600068e9e922 tempest-AttachVolumeShelveTestJSON-1220979088 tempest-AttachVolumeShelveTestJSON-1220979088-project] 10.222.0.70 "GET /v2.0/ports?device_id=3a0c3659-a2cb-4cb2-ae2a-2a1365f73187 HTTP/1.1" status: 200 len: 210 time: 0.0828125
Nov 22 16:58:59.919840 dv-cinder-804735-12-smb neutron-server[114853]: DEBUG neutron.plugins.ml2.managers [req-55b75fea-312e-4ae6-9fd1-d34d847b28dc req-b5f2818a-7c0b-4fa9-8d25-6adf41bbde3d service neutron] Attempting to bind port 471c5bdb-615e-4cd0-aaa6-10e4d654fd88 on host hv-cinder-80473 for vnic_type normal with profile {{(pid=114853) bind_port /opt/stack/neutron/neutron/plugins/ml2/managers.py:795}}
Nov 22 16:58:59.921226 dv-cinder-804735-12-smb neutron-server[114853]: DEBUG neutron.plugins.ml2.managers [req-55b75fea-312e-4ae6-9fd1-d34d847b28dc req-b5f2818a-7c0b-4fa9-8d25-6adf41bbde3d service neutron] Attempting to bind port 471c5bdb-615e-4cd0-aaa6-10e4d654fd88 by drivers openvswitch,hyperv on host hv-cinder-80473 at level 0 using segments [{'id': '45c7e821-15d6-4fbb-b534-3b9c3a188e16', 'network_type': 'vlan', 'physical_network': 'physnet1', 'segmentation_id': 1034, 'network_id': '71a29164-19b1-4b72-b0e0-d20e2352d24f'}] {{(pid=114853) _bind_port_level /opt/stack/neutron/neutron/plugins/ml2/managers.py:820}}
Nov 22 16:58:59.921904 dv-cinder-804735-12-smb neutron-server[114853]: DEBUG neutron.plugins.ml2.drivers.mech_agent [req-55b75fea-312e-4ae6-9fd1-d34d847b28dc req-b5f2818a-7c0b-4fa9-8d25-6adf41bbde3d service neutron] Attempting to bind port 471c5bdb-615e-4cd0-aaa6-10e4d654fd88 on network 71a29164-19b1-4b72-b0e0-d20e2352d24f {{(pid=114853) bind_port /opt/stack/neutron/neutron/plugins/ml2/drivers/mech_agent.py:91}}
Nov 22 16:58:59.964417 dv-cinder-804735-12-smb neutron-server[114853]: DEBUG neutron.plugins.ml2.drivers.mech_agent [req-55b75fea-312e-4ae6-9fd1-d34d847b28dc req-b5f2818a-7c0b-4fa9-8d25-6adf41bbde3d service neutron] Port 471c5bdb-615e-4cd0-aaa6-10e4d654fd88 on network 71a29164-19b1-4b72-b0e0-d20e2352d24f not bound, no agent of type Open vSwitch agent registered on host hv-cinder-80473 {{(pid=114853) bind_port /opt/stack/neutron/neutron/plugins/ml2/drivers/mech_agent.py:103}}
Nov 22 16:58:59.964417 dv-cinder-804735-12-smb neutron-server[114853]: DEBUG neutron.plugins.ml2.drivers.mech_agent [req-55b75fea-312e-4ae6-9fd1-d34d847b28dc req-b5f2818a-7c0b-4fa9-8d25-6adf41bbde3d service neutron] Attempting to bind port 471c5bdb-615e-4cd0-aaa6-10e4d654fd88 on network 71a29164-19b1-4b72-b0e0-d20e2352d24f {{(pid=114853) bind_port /opt/stack/neutron/neutron/plugins/ml2/drivers/mech_agent.py:91}}
Nov 22 16:58:59.971549 dv-cinder-804735-12-smb neutron-server[114854]: DEBUG neutron.pecan_wsgi.hooks.policy_enforcement [req-0205f22c-dbc1-4265-acf5-f149ddc8c943 req-87f53ce9-9e32-41de-a6ae-170c07abe113 tempest-DeleteServersTestJSON-1123393565 tempest-DeleteServersTestJSON-1123393565-project] Attributes excluded by policy engine: ['standard_attr_id', 'binding:profile', 'binding:host_id', 'binding:vif_type', 'binding:vif_details'] {{(pid=114854) _exclude_attributes_by_policy /opt/stack/neutron/neutron/pecan_wsgi/hooks/policy_enforcement.py:255}}
Nov 22 16:58:59.985674 dv-cinder-804735-12-smb neutron-server[114854]: INFO neutron.wsgi [req-0205f22c-dbc1-4265-acf5-f149ddc8c943 req-87f53ce9-9e32-41de-a6ae-170c07abe113 tempest-DeleteServersTestJSON-1123393565 tempest-DeleteServersTestJSON-1123393565-project] 10.222.0.70 "GET /v2.0/ports?device_id=9ad3079c-a7be-4941-8ce7-a1c2d033749f HTTP/1.1" status: 200 len: 944 time: 0.0869663
Nov 22 16:58:59.988637 dv-cinder-804735-12-smb neutron-server[114853]: DEBUG neutron.plugins.ml2.drivers.mech_agent [req-55b75fea-312e-4ae6-9fd1-d34d847b28dc req-b5f2818a-7c0b-4fa9-8d25-6adf41bbde3d service neutron] Checking agent: {'id': '28327d94-62d4-48d5-9972-ea2433c58d47', 'agent_type': 'HyperV agent', 'binary': 'neutron-hyperv-agent', 'topic': 'N/A', 'host': 'hv-cinder-80473', 'admin_state_up': True, 'created_at': datetime.datetime(2021, 11, 22, 16, 56, 26), 'started_at': datetime.datetime(2021, 11, 22, 16, 56, 26), 'heartbeat_timestamp': datetime.datetime(2021, 11, 22, 16, 58, 56), 'description': None, 'resources_synced': None, 'availability_zone': None, 'alive': True, 'configurations': {'vswitch_mappings': {'physnet1$': 'br-data'}}, 'resource_versions': {}} {{(pid=114853) bind_port /opt/stack/neutron/neutron/plugins/ml2/drivers/mech_agent.py:110}}
Nov 22 16:58:59.988637 dv-cinder-804735-12-smb neutron-server[114853]: DEBUG neutron.plugins.ml2.drivers.mech_agent [req-55b75fea-312e-4ae6-9fd1-d34d847b28dc req-b5f2818a-7c0b-4fa9-8d25-6adf41bbde3d service neutron] Checking segment: {'id': '45c7e821-15d6-4fbb-b534-3b9c3a188e16', 'network_type': 'vlan', 'physical_network': 'physnet1', 'segmentation_id': 1034, 'network_id': '71a29164-19b1-4b72-b0e0-d20e2352d24f'} for mappings: {'physnet1$': 'br-data'} with network types: ['local', 'flat', 'vlan'] {{(pid=114853) check_segment_for_agent /opt/stack/neutron/neutron/plugins/ml2/drivers/mech_agent.py:371}}
Nov 22 16:58:59.988637 dv-cinder-804735-12-smb neutron-server[114853]: DEBUG neutron.plugins.ml2.drivers.mech_agent [req-55b75fea-312e-4ae6-9fd1-d34d847b28dc req-b5f2818a-7c0b-4fa9-8d25-6adf41bbde3d service neutron] Bound using segment: {'id': '45c7e821-15d6-4fbb-b534-3b9c3a188e16', 'network_type': 'vlan', 'physical_network': 'physnet1', 'segmentation_id': 1034, 'network_id': '71a29164-19b1-4b72-b0e0-d20e2352d24f'} {{(pid=114853) bind_port /opt/stack/neutron/neutron/plugins/ml2/drivers/mech_agent.py:120}}
Nov 22 16:58:59.988935 dv-cinder-804735-12-smb neutron-server[114853]: DEBUG neutron.plugins.ml2.managers [req-55b75fea-312e-4ae6-9fd1-d34d847b28dc req-b5f2818a-7c0b-4fa9-8d25-6adf41bbde3d service neutron] Bound port: 471c5bdb-615e-4cd0-aaa6-10e4d654fd88, host: hv-cinder-80473, vif_type: hyperv, vif_details: {"connectivity": "legacy", "port_filter": false}, binding_levels: [{'bound_driver': 'hyperv', 'bound_segment': {'id': '45c7e821-15d6-4fbb-b534-3b9c3a188e16', 'network_type': 'vlan', 'physical_network': 'physnet1', 'segmentation_id': 1034, 'network_id': '71a29164-19b1-4b72-b0e0-d20e2352d24f'}}] {{(pid=114853) _bind_port_level /opt/stack/neutron/neutron/plugins/ml2/managers.py:932}}
Nov 22 16:58:59.989154 dv-cinder-804735-12-smb neutron-server[114853]: DEBUG neutron_lib.callbacks.manager [req-55b75fea-312e-4ae6-9fd1-d34d847b28dc req-b5f2818a-7c0b-4fa9-8d25-6adf41bbde3d service neutron] Publish callbacks ['neutron.plugins.ml2.plugin.SecurityGroupDbMixin._ensure_default_security_group_handler-1677678'] for port, before_update {{(pid=114853) _notify_loop /usr/local/lib/python3.8/dist-packages/neutron_lib/callbacks/manager.py:175}}
Nov 22 16:59:00.012453 dv-cinder-804735-12-smb neutron-server[114854]: DEBUG neutron.wsgi [-] (114854) accepted ('10.222.0.53', 51005) {{(pid=114854) server /usr/local/lib/python3.8/dist-packages/eventlet/wsgi.py:1004}}
Nov 22 16:59:00.143871 dv-cinder-804735-12-smb neutron-server[114853]: DEBUG neutron.plugins.ml2.db [req-55b75fea-312e-4ae6-9fd1-d34d847b28dc req-b5f2818a-7c0b-4fa9-8d25-6adf41bbde3d service neutron] For port 471c5bdb-615e-4cd0-aaa6-10e4d654fd88, host hv-cinder-80473, cleared binding levels {{(pid=114853) clear_binding_levels /opt/stack/neutron/neutron/plugins/ml2/db.py:87}}
Nov 22 16:59:00.151450 dv-cinder-804735-12-smb neutron-server[114853]: DEBUG neutron.plugins.ml2.db [req-55b75fea-312e-4ae6-9fd1-d34d847b28dc req-b5f2818a-7c0b-4fa9-8d25-6adf41bbde3d service neutron] For port 471c5bdb-615e-4cd0-aaa6-10e4d654fd88, host hv-cinder-80473, set binding levels [PortBindingLevel(driver='hyperv',host='hv-cinder-80473',level=0,port_id=471c5bdb-615e-4cd0-aaa6-10e4d654fd88,segment=NetworkSegment(45c7e821-15d6-4fbb-b534-3b9c3a188e16),segment_id=45c7e821-15d6-4fbb-b534-3b9c3a188e16)] {{(pid=114853) set_binding_levels /opt/stack/neutron/neutron/plugins/ml2/db.py:59}}
Nov 22 16:59:00.162735 dv-cinder-804735-12-smb neutron-server[114853]: DEBUG neutron_lib.callbacks.manager [req-6fa6f69f-bd47-4427-af91-07621a7f51c3 req-2df729c9-90e4-4baa-8042-cdecd52d539c tempest-ServerRescueNegativeTestJSON-100463542 tempest-ServerRescueNegativeTestJSON-100463542-project] Publish callbacks [] for port, precommit_create {{(pid=114853) _notify_loop /usr/local/lib/python3.8/dist-packages/neutron_lib/callbacks/manager.py:175}}
Nov 22 16:59:00.166749 dv-cinder-804735-12-smb neutron-server[114854]: INFO neutron.wsgi [req-1ba74f14-2dd3-4e18-b17e-8cd6a68d83ec req-673c785b-b168-4240-bcfb-71b1124ec7d2 tempest-AttachVolumeTestJSON-144380844 tempest-AttachVolumeTestJSON-144380844-project] 10.222.0.70 "GET /v2.0/ports?device_id=dfa08b95-3d63-44c7-8e08-4f158959fdfd HTTP/1.1" status: 200 len: 210 time: 0.0674732
