Sep 14 11:00:39.774750 dv-cinder-804735-11-smb devstack@c-api.service[100721]: /usr/local/lib/python3.8/dist-packages/oslo_context/context.py:105: DeprecationWarning: Policy enforcement is depending on the value of is_admin. This key is deprecated. Please update your policy file to use the standard policy values.
Sep 14 11:00:39.774750 dv-cinder-804735-11-smb devstack@c-api.service[100721]: warnings.warn('Policy enforcement is depending on the value of '
Sep 14 11:00:39.777802 dv-cinder-804735-11-smb devstack@c-api.service[100720]: INFO cinder.api.openstack.wsgi [None req-8899c22c-2e73-41d2-8bfa-fa2acd8c324c tempest-ExtraSpecsNegativeTest-603221320 tempest-ExtraSpecsNegativeTest-603221320-project-admin] HTTP exception thrown: Request body and URI mismatch
Sep 14 11:00:39.778151 dv-cinder-804735-11-smb devstack@c-api.service[100720]: INFO cinder.api.openstack.wsgi [None req-8899c22c-2e73-41d2-8bfa-fa2acd8c324c tempest-ExtraSpecsNegativeTest-603221320 tempest-ExtraSpecsNegativeTest-603221320-project-admin] http://10.222.0.61/volume/v3/895b94e8c436416484ee918b66202b9d/types/d80ab6ef-da11-41c3-9295-a41973ed0162/extra_specs/3ea202a6-9d30-422a-8dc1-4d433be91b6d returned with HTTP 400
Sep 14 11:00:39.781074 dv-cinder-804735-11-smb devstack@c-api.service[100720]: [pid: 100720|app: 0|req: 104/199] 10.222.0.61 () {60 vars in 1486 bytes} [Tue Sep 14 11:00:39 2021] PUT /volume/v3/895b94e8c436416484ee918b66202b9d/types/d80ab6ef-da11-41c3-9295-a41973ed0162/extra_specs/3ea202a6-9d30-422a-8dc1-4d433be91b6d => generated 73 bytes in 25 msecs (HTTP/1.1 400) 7 headers in 293 bytes (2 switches on core 0)
Sep 14 11:00:39.785851 dv-cinder-804735-11-smb devstack@c-api.service[100721]: /usr/local/lib/python3.8/dist-packages/oslo_context/context.py:105: DeprecationWarning: Policy enforcement is depending on the value of is_admin. This key is deprecated. Please update your policy file to use the standard policy values.
Sep 14 11:00:39.785851 dv-cinder-804735-11-smb devstack@c-api.service[100721]: warnings.warn('Policy enforcement is depending on the value of '
Sep 14 11:00:39.788778 dv-cinder-804735-11-smb devstack@c-api.service[100720]: INFO cinder.api.openstack.wsgi [None req-c62fe575-6031-4e99-885e-b67cebae42b5 tempest-ExtraSpecsNegativeTest-603221320 tempest-ExtraSpecsNegativeTest-603221320-project-admin] PUT http://10.222.0.61/volume/v3/895b94e8c436416484ee918b66202b9d/types/ace346e2-b6fb-4095-ad3e-c4462f0987eb/extra_specs/spec1
Sep 14 11:00:39.789432 dv-cinder-804735-11-smb devstack@c-api.service[100720]: DEBUG cinder.api.openstack.wsgi [None req-c62fe575-6031-4e99-885e-b67cebae42b5 tempest-ExtraSpecsNegativeTest-603221320 tempest-ExtraSpecsNegativeTest-603221320-project-admin] Action: 'update', calling method: update, body: {"spec1": "val5"} {{(pid=100720) _process_stack /opt/stack/cinder/cinder/api/openstack/wsgi.py:854}}
Sep 14 11:00:39.791270 dv-cinder-804735-11-smb devstack@c-api.service[100721]: /usr/local/lib/python3.8/dist-packages/oslo_context/context.py:105: DeprecationWarning: Policy enforcement is depending on the value of is_admin. This key is deprecated. Please update your policy file to use the standard policy values.
Sep 14 11:00:39.791270 dv-cinder-804735-11-smb devstack@c-api.service[100721]: warnings.warn('Policy enforcement is depending on the value of '
Sep 14 11:00:39.806394 dv-cinder-804735-11-smb devstack@c-api.service[100720]: INFO cinder.api.openstack.wsgi [None req-c62fe575-6031-4e99-885e-b67cebae42b5 tempest-ExtraSpecsNegativeTest-603221320 tempest-ExtraSpecsNegativeTest-603221320-project-admin] http://10.222.0.61/volume/v3/895b94e8c436416484ee918b66202b9d/types/ace346e2-b6fb-4095-ad3e-c4462f0987eb/extra_specs/spec1 returned with HTTP 404
Sep 14 11:00:39.807453 dv-cinder-804735-11-smb devstack@c-api.service[100720]: [pid: 100720|app: 0|req: 105/200] 10.222.0.61 () {60 vars in 1393 bytes} [Tue Sep 14 11:00:39 2021] PUT /volume/v3/895b94e8c436416484ee918b66202b9d/types/ace346e2-b6fb-4095-ad3e-c4462f0987eb/extra_specs/spec1 => generated 114 bytes in 24 msecs (HTTP/1.1 404) 7 headers in 292 bytes (2 switches on core 0)
Sep 14 11:00:39.811740 dv-cinder-804735-11-smb devstack@c-api.service[100720]: INFO cinder.api.openstack.wsgi [req-2db5d68b-e319-4b05-92ca-bcd98996b5ac req-ae806a46-776d-47fd-8f17-e80acc251a00 tempest-AttachVolumeNegativeTest-172480210 tempest-AttachVolumeNegativeTest-172480210-project] POST http://10.222.0.61/volume/v3/662e0999675d446c804193a4fdd335af/attachments/0b5fbe0d-8bd8-4030-a3fc-8cf3518ace25/action
Sep 14 11:00:39.812447 dv-cinder-804735-11-smb devstack@c-api.service[100720]: DEBUG cinder.api.openstack.wsgi [req-2db5d68b-e319-4b05-92ca-bcd98996b5ac req-ae806a46-776d-47fd-8f17-e80acc251a00 tempest-AttachVolumeNegativeTest-172480210 tempest-AttachVolumeNegativeTest-172480210-project] Action body: b'{"os-complete": null}' {{(pid=100720) get_method /opt/stack/cinder/cinder/api/openstack/wsgi.py:971}}
Sep 14 11:00:39.812764 dv-cinder-804735-11-smb devstack@c-api.service[100720]: DEBUG cinder.api.openstack.wsgi [req-2db5d68b-e319-4b05-92ca-bcd98996b5ac req-ae806a46-776d-47fd-8f17-e80acc251a00 tempest-AttachVolumeNegativeTest-172480210 tempest-AttachVolumeNegativeTest-172480210-project] Action: 'action', calling method: version_select, body: {"os-complete": null} {{(pid=100720) _process_stack /opt/stack/cinder/cinder/api/openstack/wsgi.py:854}}
Sep 14 11:00:39.836292 dv-cinder-804735-11-smb devstack@c-api.service[100720]: /usr/local/lib/python3.8/dist-packages/oslo_context/context.py:105: DeprecationWarning: Policy enforcement is depending on the value of is_admin. This key is deprecated. Please update your policy file to use the standard policy values.
Sep 14 11:00:39.836292 dv-cinder-804735-11-smb devstack@c-api.service[100720]: warnings.warn('Policy enforcement is depending on the value of '
Sep 14 11:00:39.847306 dv-cinder-804735-11-smb devstack@c-api.service[100721]: DEBUG cinder.quota [None req-4b98f7d5-ea1b-4568-9bd9-07ff20393bfa tempest-GroupSnapshotsTest-1823085766 tempest-GroupSnapshotsTest-1823085766-project] Created reservations ['360b5faf-7f0e-434e-a505-db2bcefd9198'] {{(pid=100721) reserve /opt/stack/cinder/cinder/quota.py:755}}
Sep 14 11:00:39.851991 dv-cinder-804735-11-smb devstack@c-api.service[100720]: INFO cinder.api.openstack.wsgi [req-2db5d68b-e319-4b05-92ca-bcd98996b5ac req-ae806a46-776d-47fd-8f17-e80acc251a00 tempest-AttachVolumeNegativeTest-172480210 tempest-AttachVolumeNegativeTest-172480210-project] http://10.222.0.61/volume/v3/662e0999675d446c804193a4fdd335af/attachments/0b5fbe0d-8bd8-4030-a3fc-8cf3518ace25/action returned with HTTP 204
Sep 14 11:00:39.853171 dv-cinder-804735-11-smb devstack@c-api.service[100720]: [pid: 100720|app: 0|req: 106/201] 10.222.0.66 () {64 vars in 1499 bytes} [Tue Sep 14 11:00:39 2021] POST /volume/v3/662e0999675d446c804193a4fdd335af/attachments/0b5fbe0d-8bd8-4030-a3fc-8cf3518ace25/action => generated 0 bytes in 45 msecs (HTTP/1.1 204) 7 headers in 292 bytes (1 switches on core 0)
Sep 14 11:00:39.857193 dv-cinder-804735-11-smb devstack@c-api.service[100720]: INFO cinder.api.openstack.wsgi [None req-b955e765-c1c6-4742-8afa-e5a92098a15b tempest-ExtraSpecsNegativeTest-603221320 tempest-ExtraSpecsNegativeTest-603221320-project-admin] DELETE http://10.222.0.61/volume/v3/895b94e8c436416484ee918b66202b9d/types/d80ab6ef-da11-41c3-9295-a41973ed0162
Sep 14 11:00:39.857687 dv-cinder-804735-11-smb devstack@c-api.service[100720]: DEBUG cinder.api.openstack.wsgi [None req-b955e765-c1c6-4742-8afa-e5a92098a15b tempest-ExtraSpecsNegativeTest-603221320 tempest-ExtraSpecsNegativeTest-603221320-project-admin] Empty body provided in request {{(pid=100720) get_body /opt/stack/cinder/cinder/api/openstack/wsgi.py:703}}
Sep 14 11:00:39.857964 dv-cinder-804735-11-smb devstack@c-api.service[100720]: /usr/local/lib/python3.8/dist-packages/webob/acceptparse.py:1047: DeprecationWarning: The behavior of AcceptValidHeader.best_match is currently being maintained for backward compatibility, but it will be deprecated in the future, as it does not conform to the RFC.
Sep 14 11:00:39.857964 dv-cinder-804735-11-smb devstack@c-api.service[100720]: warnings.warn(
Sep 14 11:00:39.858454 dv-cinder-804735-11-smb devstack@c-api.service[100720]: DEBUG cinder.api.openstack.wsgi [None req-b955e765-c1c6-4742-8afa-e5a92098a15b tempest-ExtraSpecsNegativeTest-603221320 tempest-ExtraSpecsNegativeTest-603221320-project-admin] Calling method '_delete' {{(pid=100720) _process_stack /opt/stack/cinder/cinder/api/openstack/wsgi.py:856}}
Sep 14 11:00:39.935899 dv-cinder-804735-11-smb devstack@c-api.service[100720]: INFO cinder.api.openstack.wsgi [None req-b955e765-c1c6-4742-8afa-e5a92098a15b tempest-ExtraSpecsNegativeTest-603221320 tempest-ExtraSpecsNegativeTest-603221320-project-admin] http://10.222.0.61/volume/v3/895b94e8c436416484ee918b66202b9d/types/d80ab6ef-da11-41c3-9295-a41973ed0162 returned with HTTP 202
Sep 14 11:00:39.941590 dv-cinder-804735-11-smb devstack@c-api.service[100720]: [pid: 100720|app: 0|req: 107/202] 10.222.0.61 () {58 vars in 1322 bytes} [Tue Sep 14 11:00:39 2021] DELETE /volume/v3/895b94e8c436416484ee918b66202b9d/types/d80ab6ef-da11-41c3-9295-a41973ed0162 => generated 0 bytes in 88 msecs (HTTP/1.1 202) 6 headers in 233 bytes (1 switches on core 0)
Sep 14 11:00:39.946485 dv-cinder-804735-11-smb devstack@c-api.service[100720]: INFO cinder.api.openstack.wsgi [None req-fd841f63-832a-42a6-b70b-a084009f226f tempest-DeleteServersTestJSON-778272406 tempest-DeleteServersTestJSON-778272406-project] GET http://10.222.0.61/volume/v3/5593cb4d9ee64b9a93088c9578116f35/volumes/149f255f-b533-472d-900b-355c29e89dd0
Sep 14 11:00:39.947053 dv-cinder-804735-11-smb devstack@c-api.service[100720]: DEBUG cinder.api.openstack.wsgi [None req-fd841f63-832a-42a6-b70b-a084009f226f tempest-DeleteServersTestJSON-778272406 tempest-DeleteServersTestJSON-778272406-project] Empty body provided in request {{(pid=100720) get_body /opt/stack/cinder/cinder/api/openstack/wsgi.py:703}}
Sep 14 11:00:39.947556 dv-cinder-804735-11-smb devstack@c-api.service[100720]: DEBUG cinder.api.openstack.wsgi [None req-fd841f63-832a-42a6-b70b-a084009f226f tempest-DeleteServersTestJSON-778272406 tempest-DeleteServersTestJSON-778272406-project] Calling method 'show' {{(pid=100720) _process_stack /opt/stack/cinder/cinder/api/openstack/wsgi.py:856}}
Sep 14 11:00:39.958629 dv-cinder-804735-11-smb devstack@c-api.service[100721]: INFO cinder.group.api [None req-4b98f7d5-ea1b-4568-9bd9-07ff20393bfa tempest-GroupSnapshotsTest-1823085766 tempest-GroupSnapshotsTest-1823085766-project] A mapping entry already exists for group d543671e-670f-4db7-b989-243cb5ca77f4 and volume type d3539a92-2e85-4d06-b640-58dd03cbbffd. Do not need to create again.
Sep 14 11:00:39.959441 dv-cinder-804735-11-smb devstack@c-api.service[100721]: /usr/local/lib/python3.8/dist-packages/oslo_context/context.py:105: DeprecationWarning: Policy enforcement is depending on the value of is_admin. This key is deprecated. Please update your policy file to use the standard policy values.
Sep 14 11:00:39.959441 dv-cinder-804735-11-smb devstack@c-api.service[100721]: warnings.warn('Policy enforcement is depending on the value of '
Sep 14 11:00:39.960651 dv-cinder-804735-11-smb devstack@c-api.service[100721]: INFO cinder.volume.api [None req-4b98f7d5-ea1b-4568-9bd9-07ff20393bfa tempest-GroupSnapshotsTest-1823085766 tempest-GroupSnapshotsTest-1823085766-project] Availability Zones retrieved successfully.
Sep 14 11:00:39.962007 dv-cinder-804735-11-smb devstack@c-api.service[100720]: /usr/local/lib/python3.8/dist-packages/oslo_context/context.py:105: DeprecationWarning: Policy enforcement is depending on the value of is_admin. This key is deprecated. Please update your policy file to use the standard policy values.
Sep 14 11:00:39.962007 dv-cinder-804735-11-smb devstack@c-api.service[100720]: warnings.warn('Policy enforcement is depending on the value of '
Sep 14 11:00:39.969789 dv-cinder-804735-11-smb devstack@c-api.service[100720]: INFO cinder.volume.api [None req-fd841f63-832a-42a6-b70b-a084009f226f tempest-DeleteServersTestJSON-778272406 tempest-DeleteServersTestJSON-778272406-project] Volume info retrieved successfully.
Sep 14 11:00:39.975311 dv-cinder-804735-11-smb devstack@c-api.service[100721]: DEBUG cinder.volume.api [None req-4b98f7d5-ea1b-4568-9bd9-07ff20393bfa tempest-GroupSnapshotsTest-1823085766 tempest-GroupSnapshotsTest-1823085766-project] Flow 'volume_create_api' (5bbebb40-465d-40bd-99f1-083f3ca041c0) transitioned into state 'RUNNING' from state 'PENDING' {{(pid=100721) _flow_receiver /usr/local/lib/python3.8/dist-packages/taskflow/listeners/logging.py:141}}
Sep 14 11:00:39.978014 dv-cinder-804735-11-smb devstack@c-api.service[100721]: DEBUG cinder.volume.api [None req-4b98f7d5-ea1b-4568-9bd9-07ff20393bfa tempest-GroupSnapshotsTest-1823085766 tempest-GroupSnapshotsTest-1823085766-project] Task 'cinder.volume.flows.api.create_volume.ExtractVolumeRequestTask;volume:create' (6313facd-9a10-4e62-adee-0bb329455e9a) transitioned into state 'RUNNING' from state 'PENDING' {{(pid=100721) _task_receiver /usr/local/lib/python3.8/dist-packages/taskflow/listeners/logging.py:190}}
Sep 14 11:00:39.981403 dv-cinder-804735-11-smb devstack@c-api.service[100721]: DEBUG cinder.volume.flows.api.create_volume [None req-4b98f7d5-ea1b-4568-9bd9-07ff20393bfa tempest-GroupSnapshotsTest-1823085766 tempest-GroupSnapshotsTest-1823085766-project] Validating volume size '1' using validate_int, validate_snap_size {{(pid=100721) _extract_size /opt/stack/cinder/cinder/volume/flows/api/create_volume.py:225}}
Sep 14 11:00:39.984199 dv-cinder-804735-11-smb devstack@c-api.service[100720]: /usr/local/lib/python3.8/dist-packages/oslo_context/context.py:105: DeprecationWarning: Policy enforcement is depending on the value of is_admin. This key is deprecated. Please update your policy file to use the standard policy values.
Sep 14 11:00:39.984199 dv-cinder-804735-11-smb devstack@c-api.service[100720]: warnings.warn('Policy enforcement is depending on the value of '
Sep 14 11:00:39.993222 dv-cinder-804735-11-smb devstack@c-api.service[100720]: INFO cinder.api.openstack.wsgi [None req-fd841f63-832a-42a6-b70b-a084009f226f tempest-DeleteServersTestJSON-778272406 tempest-DeleteServersTestJSON-778272406-project] http://10.222.0.61/volume/v3/5593cb4d9ee64b9a93088c9578116f35/volumes/149f255f-b533-472d-900b-355c29e89dd0 returned with HTTP 200
Sep 14 11:00:39.994218 dv-cinder-804735-11-smb devstack@c-api.service[100720]: [pid: 100720|app: 0|req: 108/203] 10.222.0.61 () {58 vars in 1325 bytes} [Tue Sep 14 11:00:39 2021] GET /volume/v3/5593cb4d9ee64b9a93088c9578116f35/volumes/149f255f-b533-472d-900b-355c29e89dd0 => generated 1204 bytes in 52 msecs (HTTP/1.1 200) 7 headers in 286 bytes (1 switches on core 0)
Sep 14 11:00:39.998469 dv-cinder-804735-11-smb devstack@c-api.service[100720]: INFO cinder.api.openstack.wsgi [None req-b4122ab7-c958-4c86-8310-c6a8b11d43fb tempest-ExtraSpecsNegativeTest-603221320 tempest-ExtraSpecsNegativeTest-603221320-project-admin] GET http://10.222.0.61/volume/v3/895b94e8c436416484ee918b66202b9d/types/d80ab6ef-da11-41c3-9295-a41973ed0162
Sep 14 11:00:39.999249 dv-cinder-804735-11-smb devstack@c-api.service[100720]: DEBUG cinder.api.openstack.wsgi [None req-b4122ab7-c958-4c86-8310-c6a8b11d43fb tempest-ExtraSpecsNegativeTest-603221320 tempest-ExtraSpecsNegativeTest-603221320-project-admin] Empty body provided in request {{(pid=100720) get_body /opt/stack/cinder/cinder/api/openstack/wsgi.py:703}}
Sep 14 11:00:39.999534 dv-cinder-804735-11-smb devstack@c-api.service[100720]: /usr/local/lib/python3.8/dist-packages/webob/acceptparse.py:1047: DeprecationWarning: The behavior of AcceptValidHeader.best_match is currently being maintained for backward compatibility, but it will be deprecated in the future, as it does not conform to the RFC.
Sep 14 11:00:39.999534 dv-cinder-804735-11-smb devstack@c-api.service[100720]: warnings.warn(
Sep 14 11:00:39.999996 dv-cinder-804735-11-smb devstack@c-api.service[100720]: DEBUG cinder.api.openstack.wsgi [None req-b4122ab7-c958-4c86-8310-c6a8b11d43fb tempest-ExtraSpecsNegativeTest-603221320 tempest-ExtraSpecsNegativeTest-603221320-project-admin] Calling method 'show' {{(pid=100720) _process_stack /opt/stack/cinder/cinder/api/openstack/wsgi.py:856}}
Sep 14 11:00:40.005211 dv-cinder-804735-11-smb devstack@c-api.service[100720]: INFO cinder.api.openstack.wsgi [None req-b4122ab7-c958-4c86-8310-c6a8b11d43fb tempest-ExtraSpecsNegativeTest-603221320 tempest-ExtraSpecsNegativeTest-603221320-project-admin] http://10.222.0.61/volume/v3/895b94e8c436416484ee918b66202b9d/types/d80ab6ef-da11-41c3-9295-a41973ed0162 returned with HTTP 404
Sep 14 11:00:40.006162 dv-cinder-804735-11-smb devstack@c-api.service[100720]: [pid: 100720|app: 0|req: 109/204] 10.222.0.61 () {58 vars in 1319 bytes} [Tue Sep 14 11:00:39 2021] GET /volume/v3/895b94e8c436416484ee918b66202b9d/types/d80ab6ef-da11-41c3-9295-a41973ed0162 => generated 114 bytes in 11 msecs (HTTP/1.1 404) 7 headers in 292 bytes (1 switches on core 0)
Sep 14 11:00:40.009882 dv-cinder-804735-11-smb devstack@c-api.service[100720]: INFO cinder.api.openstack.wsgi [None req-f57d75d6-ab2a-4b48-9f26-7431f9ae654a tempest-DeleteServersTestJSON-778272406 tempest-DeleteServersTestJSON-778272406-project] GET http://10.222.0.61/volume/v3/5593cb4d9ee64b9a93088c9578116f35/volumes/149f255f-b533-472d-900b-355c29e89dd0
Sep 14 11:00:40.010735 dv-cinder-804735-11-smb devstack@c-api.service[100720]: DEBUG cinder.api.openstack.wsgi [None req-f57d75d6-ab2a-4b48-9f26-7431f9ae654a tempest-DeleteServersTestJSON-778272406 tempest-DeleteServersTestJSON-778272406-project] Empty body provided in request {{(pid=100720) get_body /opt/stack/cinder/cinder/api/openstack/wsgi.py:703}}
Sep 14 11:00:40.010735 dv-cinder-804735-11-smb devstack@c-api.service[100720]: DEBUG cinder.api.openstack.wsgi [None req-f57d75d6-ab2a-4b48-9f26-7431f9ae654a tempest-DeleteServersTestJSON-778272406 tempest-DeleteServersTestJSON-778272406-project] Calling method 'show' {{(pid=100720) _process_stack /opt/stack/cinder/cinder/api/openstack/wsgi.py:856}}
Sep 14 11:00:40.033141 dv-cinder-804735-11-smb devstack@c-api.service[100721]: DEBUG cinder.volume.api [None req-4b98f7d5-ea1b-4568-9bd9-07ff20393bfa tempest-GroupSnapshotsTest-1823085766 tempest-GroupSnapshotsTest-1823085766-project] Task 'cinder.volume.flows.api.create_volume.ExtractVolumeRequestTask;volume:create' (6313facd-9a10-4e62-adee-0bb329455e9a) transitioned into state 'SUCCESS' from state 'RUNNING' with result '{'size': 1, 'snapshot_id': '09ab494f-1340-48ec-bc5e-01c190ebf407', 'source_volid': None, 'volume_type': VolumeType(created_at=2021-09-14T11:00:35Z,deleted=False,deleted_at=None,description=None,extra_specs={},id=d3539a92-2e85-4d06-b640-58dd03cbbffd,is_public=True,name='tempest-GroupSnapshotsTest-volume-type-2138886435',projects=[],qos_specs=,qos_specs_id=None,updated_at=None), 'volume_type_id': 'd3539a92-2e85-4d06-b640-58dd03cbbffd', 'encryption_key_id': None, 'qos_specs': None, 'consistencygroup_id': None, 'cgsnapshot_id': None, 'group_id': 'd543671e-670f-4db7-b989-243cb5ca77f4', 'replication_status': 'disabled', 'refresh_az': False, 'backup_id': None, 'multiattach': False, 'availability_zones': ['nova']}' {{(pid=100721) _task_receiver /usr/local/lib/python3.8/dist-packages/taskflow/listeners/logging.py:178}}
Sep 14 11:00:40.033703 dv-cinder-804735-11-smb devstack@c-api.service[100720]: /usr/local/lib/python3.8/dist-packages/oslo_context/context.py:105: DeprecationWarning: Policy enforcement is depending on the value of is_admin. This key is deprecated. Please update your policy file to use the standard policy values.
Sep 14 11:00:40.033703 dv-cinder-804735-11-smb devstack@c-api.service[100720]: warnings.warn('Policy enforcement is depending on the value of '
Sep 14 11:00:40.035907 dv-cinder-804735-11-smb devstack@c-api.service[100721]: DEBUG cinder.volume.api [None req-4b98f7d5-ea1b-4568-9bd9-07ff20393bfa tempest-GroupSnapshotsTest-1823085766 tempest-GroupSnapshotsTest-1823085766-project] Task 'cinder.volume.flows.api.create_volume.QuotaReserveTask;volume:create' (8b14db19-57a6-4517-bfbf-3c3c7397b2e2) transitioned into state 'RUNNING' from state 'PENDING' {{(pid=100721) _task_receiver /usr/local/lib/python3.8/dist-packages/taskflow/listeners/logging.py:190}}
Sep 14 11:00:40.040698 dv-cinder-804735-11-smb devstack@c-api.service[100720]: INFO cinder.volume.api [None req-f57d75d6-ab2a-4b48-9f26-7431f9ae654a tempest-DeleteServersTestJSON-778272406 tempest-DeleteServersTestJSON-778272406-project] Volume info retrieved successfully.
Sep 14 11:00:40.052574 dv-cinder-804735-11-smb devstack@c-api.service[100720]: /usr/local/lib/python3.8/dist-packages/oslo_context/context.py:105: DeprecationWarning: Policy enforcement is depending on the value of is_admin. This key is deprecated. Please update your policy file to use the standard policy values.
Sep 14 11:00:40.052574 dv-cinder-804735-11-smb devstack@c-api.service[100720]: warnings.warn('Policy enforcement is depending on the value of '
Sep 14 11:00:40.060700 dv-cinder-804735-11-smb devstack@c-api.service[100720]: INFO cinder.api.openstack.wsgi [None req-f57d75d6-ab2a-4b48-9f26-7431f9ae654a tempest-DeleteServersTestJSON-778272406 tempest-DeleteServersTestJSON-778272406-project] http://10.222.0.61/volume/v3/5593cb4d9ee64b9a93088c9578116f35/volumes/149f255f-b533-472d-900b-355c29e89dd0 returned with HTTP 200
Sep 14 11:00:40.061557 dv-cinder-804735-11-smb devstack@c-api.service[100720]: [pid: 100720|app: 0|req: 110/205] 10.222.0.61 () {58 vars in 1325 bytes} [Tue Sep 14 11:00:40 2021] GET /volume/v3/5593cb4d9ee64b9a93088c9578116f35/volumes/149f255f-b533-472d-900b-355c29e89dd0 => generated 1204 bytes in 55 msecs (HTTP/1.1 200) 7 headers in 286 bytes (1 switches on core 0)
Sep 14 11:00:40.084238 dv-cinder-804735-11-smb devstack@c-api.service[100721]: DEBUG cinder.quota [None req-4b98f7d5-ea1b-4568-9bd9-07ff20393bfa tempest-GroupSnapshotsTest-1823085766 tempest-GroupSnapshotsTest-1823085766-project] Created reservations ['e4094ae2-da1f-452d-a95b-4e8ebdc08c95', '2b5d83ac-9077-49d9-9946-6c60ef0f09ef'] {{(pid=100721) reserve /opt/stack/cinder/cinder/quota.py:755}}
Sep 14 11:00:40.084931 dv-cinder-804735-11-smb devstack@c-api.service[100720]: INFO cinder.api.openstack.wsgi [None req-104c4401-1660-451a-85a4-0fcc7be73d66 tempest-VolumeManageAdminTest-1823522439 tempest-VolumeManageAdminTest-1823522439-project-admin] GET http://10.222.0.61/volume/v3/b63c4136b6114922a08b76a5f061b84d/volumes/27368de2-082b-4006-aa86-94fa6834180f
Sep 14 11:00:40.085635 dv-cinder-804735-11-smb devstack@c-api.service[100720]: DEBUG cinder.api.openstack.wsgi [None req-104c4401-1660-451a-85a4-0fcc7be73d66 tempest-VolumeManageAdminTest-1823522439 tempest-VolumeManageAdminTest-1823522439-project-admin] Empty body provided in request {{(pid=100720) get_body /opt/stack/cinder/cinder/api/openstack/wsgi.py:703}}
Sep 14 11:00:40.085825 dv-cinder-804735-11-smb devstack@c-api.service[100720]: /usr/local/lib/python3.8/dist-packages/webob/acceptparse.py:1047: DeprecationWarning: The behavior of AcceptValidHeader.best_match is currently being maintained for backward compatibility, but it will be deprecated in the future, as it does not conform to the RFC.
Sep 14 11:00:40.085825 dv-cinder-804735-11-smb devstack@c-api.service[100720]: warnings.warn(
Sep 14 11:00:40.086105 dv-cinder-804735-11-smb devstack@c-api.service[100720]: DEBUG cinder.api.openstack.wsgi [None req-104c4401-1660-451a-85a4-0fcc7be73d66 tempest-VolumeManageAdminTest-1823522439 tempest-VolumeManageAdminTest-1823522439-project-admin] Calling method 'show' {{(pid=100720) _process_stack /opt/stack/cinder/cinder/api/openstack/wsgi.py:856}}
Sep 14 11:00:40.087419 dv-cinder-804735-11-smb devstack@c-api.service[100721]: DEBUG cinder.volume.api [None req-4b98f7d5-ea1b-4568-9bd9-07ff20393bfa tempest-GroupSnapshotsTest-1823085766 tempest-GroupSnapshotsTest-1823085766-project] Task 'cinder.volume.flows.api.create_volume.QuotaReserveTask;volume:create' (8b14db19-57a6-4517-bfbf-3c3c7397b2e2) transitioned into state 'SUCCESS' from state 'RUNNING' with result '{'reservations': ['e4094ae2-da1f-452d-a95b-4e8ebdc08c95', '2b5d83ac-9077-49d9-9946-6c60ef0f09ef']}' {{(pid=100721) _task_receiver /usr/local/lib/python3.8/dist-packages/taskflow/listeners/logging.py:178}}
Sep 14 11:00:40.089705 dv-cinder-804735-11-smb devstack@c-api.service[100721]: DEBUG cinder.volume.api [None req-4b98f7d5-ea1b-4568-9bd9-07ff20393bfa tempest-GroupSnapshotsTest-1823085766 tempest-GroupSnapshotsTest-1823085766-project] Task 'cinder.volume.flows.api.create_volume.EntryCreateTask;volume:create' (9cfdb9e2-3f5f-4508-ab7f-a4d4c4f8df09) transitioned into state 'RUNNING' from state 'PENDING' {{(pid=100721) _task_receiver /usr/local/lib/python3.8/dist-packages/taskflow/listeners/logging.py:190}}
Sep 14 11:00:40.100554 dv-cinder-804735-11-smb devstack@c-api.service[100720]: INFO cinder.api.openstack.wsgi [None req-104c4401-1660-451a-85a4-0fcc7be73d66 tempest-VolumeManageAdminTest-1823522439 tempest-VolumeManageAdminTest-1823522439-project-admin] http://10.222.0.61/volume/v3/b63c4136b6114922a08b76a5f061b84d/volumes/27368de2-082b-4006-aa86-94fa6834180f returned with HTTP 404
Sep 14 11:00:40.102169 dv-cinder-804735-11-smb devstack@c-api.service[100720]: [pid: 100720|app: 0|req: 111/206] 10.222.0.61 () {58 vars in 1325 bytes} [Tue Sep 14 11:00:40 2021] GET /volume/v3/b63c4136b6114922a08b76a5f061b84d/volumes/27368de2-082b-4006-aa86-94fa6834180f => generated 109 bytes in 21 msecs (HTTP/1.1 404) 7 headers in 292 bytes (1 switches on core 0)
Sep 14 11:00:40.115476 dv-cinder-804735-11-smb devstack@c-api.service[100720]: INFO cinder.api.openstack.wsgi [None req-e6a9e8b7-b3f1-47c6-884c-5399d7048b96 tempest-VolumeManageAdminTest-976377872 tempest-VolumeManageAdminTest-976377872-project] DELETE http://10.222.0.61/volume/v3/d190b535bf5947ffa3b7457414d8c18f/volumes/cf1d13d1-227b-49ec-b74d-0a9c49314614
Sep 14 11:00:40.115476 dv-cinder-804735-11-smb devstack@c-api.service[100720]: DEBUG cinder.api.openstack.wsgi [None req-e6a9e8b7-b3f1-47c6-884c-5399d7048b96 tempest-VolumeManageAdminTest-976377872 tempest-VolumeManageAdminTest-976377872-project] Empty body provided in request {{(pid=100720) get_body /opt/stack/cinder/cinder/api/openstack/wsgi.py:703}}
Sep 14 11:00:40.115476 dv-cinder-804735-11-smb devstack@c-api.service[100720]: DEBUG cinder.api.openstack.wsgi [None req-e6a9e8b7-b3f1-47c6-884c-5399d7048b96 tempest-VolumeManageAdminTest-976377872 tempest-VolumeManageAdminTest-976377872-project] Calling method 'delete' {{(pid=100720) _process_stack /opt/stack/cinder/cinder/api/openstack/wsgi.py:856}}
Sep 14 11:00:40.115476 dv-cinder-804735-11-smb devstack@c-api.service[100720]: INFO cinder.api.v3.volumes [None req-e6a9e8b7-b3f1-47c6-884c-5399d7048b96 tempest-VolumeManageAdminTest-976377872 tempest-VolumeManageAdminTest-976377872-project] Delete volume with id: cf1d13d1-227b-49ec-b74d-0a9c49314614
Sep 14 11:00:40.138671 dv-cinder-804735-11-smb devstack@c-api.service[100720]: INFO cinder.api.openstack.wsgi [None req-e6a9e8b7-b3f1-47c6-884c-5399d7048b96 tempest-VolumeManageAdminTest-976377872 tempest-VolumeManageAdminTest-976377872-project] http://10.222.0.61/volume/v3/d190b535bf5947ffa3b7457414d8c18f/volumes/cf1d13d1-227b-49ec-b74d-0a9c49314614 returned with HTTP 404
Sep 14 11:00:40.140000 dv-cinder-804735-11-smb devstack@c-api.service[100720]: [pid: 100720|app: 0|req: 112/207] 10.222.0.61 () {58 vars in 1328 bytes} [Tue Sep 14 11:00:40 2021] DELETE /volume/v3/d190b535bf5947ffa3b7457414d8c18f/volumes/cf1d13d1-227b-49ec-b74d-0a9c49314614 => generated 109 bytes in 32 msecs (HTTP/1.1 404) 7 headers in 292 bytes (1 switches on core 0)
Sep 14 11:00:40.166648 dv-cinder-804735-11-smb devstack@c-api.service[100721]: DEBUG cinder.volume.api [None req-4b98f7d5-ea1b-4568-9bd9-07ff20393bfa tempest-GroupSnapshotsTest-1823085766 tempest-GroupSnapshotsTest-1823085766-project] Task 'cinder.volume.flows.api.create_volume.EntryCreateTask;volume:create' (9cfdb9e2-3f5f-4508-ab7f-a4d4c4f8df09) transitioned into state 'SUCCESS' from state 'RUNNING' with result '{'volume_id': '59e518f3-3bcf-4190-b814-0d260f54bf6d', 'volume_properties': VolumeProperties(attach_status='detached',availability_zone='nova',cgsnapshot_id=None,consistencygroup_id=None,display_description=None,display_name=None,encryption_key_id=None,group_id=d543671e-670f-4db7-b989-243cb5ca77f4,group_type_id=,metadata={},multiattach=False,project_id='21f116e991154bccb29620b5ab94864a',qos_specs=None,replication_status=,reservations=['e4094ae2-da1f-452d-a95b-4e8ebdc08c95','2b5d83ac-9077-49d9-9946-6c60ef0f09ef'],size=1,snapshot_id=09ab494f-1340-48ec-bc5e-01c190ebf407,source_replicaid=,source_volid=None,status='creating',user_id='cc3fed8e6dd74cf3a9891e5fb1cc2be9',volume_type_id=d3539a92-2e85-4d06-b640-58dd03cbbffd), 'volume': Volume(_name_id=None,admin_metadata=,attach_status='detached',availability_zone='nova',bootable=False,cluster=,cluster_name=None,consistencygroup=,consistencygroup_id=None,created_at=2021-09-14T11:00:40Z,deleted=False,deleted_at=None,display_description=None,display_name=None,ec2_id=None,encryption_key_id=None,glance_metadata=,group=,group_id=d543671e-670f-4db7-b989-243cb5ca77f4,host=None,id=59e518f3-3bcf-4190-b814-0d260f54bf6d,launched_at=None,metadata={},migration_status=None,multiattach=False,previous_status=None,project_id='21f116e991154bccb29620b5ab94864a',provider_auth=None,provider_geometry=None,provider_id=None,provider_location=None,replication_driver_data=None,replication_extended_status=None,replication_status=None,scheduled_at=None,service_uuid=None,shared_targets=True,size=1,snapshot_id=09ab494f-1340-48ec-bc5e-01c190ebf407,snapshots=,source_volid=None,status='creating',terminated_at=None,updated_at=None,use_quota=True,user_id='cc3fed8e6dd74cf3a9891e5fb1cc2be9',volume_attachment=,volume_type=VolumeType(d3539a92-2e85-4d06-b640-58dd03cbbffd),volume_type_id=d3539a92-2e85-4d06-b640-58dd03cbbffd)}' {{(pid=100721) _task_receiver /usr/local/lib/python3.8/dist-packages/taskflow/listeners/logging.py:178}}
Sep 14 11:00:40.168599 dv-cinder-804735-11-smb devstack@c-api.service[100721]: DEBUG cinder.volume.api [None req-4b98f7d5-ea1b-4568-9bd9-07ff20393bfa tempest-GroupSnapshotsTest-1823085766 tempest-GroupSnapshotsTest-1823085766-project] Task 'cinder.volume.flows.api.create_volume.QuotaCommitTask;volume:create' (27ce63d5-cb85-4b04-bae8-e2b7dfc337c0) transitioned into state 'RUNNING' from state 'PENDING' {{(pid=100721) _task_receiver /usr/local/lib/python3.8/dist-packages/taskflow/listeners/logging.py:190}}
Sep 14 11:00:40.201851 dv-cinder-804735-11-smb devstack@c-api.service[100721]: DEBUG cinder.volume.api [None req-4b98f7d5-ea1b-4568-9bd9-07ff20393bfa tempest-GroupSnapshotsTest-1823085766 tempest-GroupSnapshotsTest-1823085766-project] Task 'cinder.volume.flows.api.create_volume.QuotaCommitTask;volume:create' (27ce63d5-cb85-4b04-bae8-e2b7dfc337c0) transitioned into state 'SUCCESS' from state 'RUNNING' with result '{'volume_properties': VolumeProperties(attach_status='detached',availability_zone='nova',cgsnapshot_id=None,consistencygroup_id=None,display_description=None,display_name=None,encryption_key_id=None,group_id=d543671e-670f-4db7-b989-243cb5ca77f4,group_type_id=,metadata={},multiattach=False,project_id='21f116e991154bccb29620b5ab94864a',qos_specs=None,replication_status=,reservations=['e4094ae2-da1f-452d-a95b-4e8ebdc08c95','2b5d83ac-9077-49d9-9946-6c60ef0f09ef'],size=1,snapshot_id=09ab494f-1340-48ec-bc5e-01c190ebf407,source_replicaid=,source_volid=None,status='creating',user_id='cc3fed8e6dd74cf3a9891e5fb1cc2be9',volume_type_id=d3539a92-2e85-4d06-b640-58dd03cbbffd)}' {{(pid=100721) _task_receiver /usr/local/lib/python3.8/dist-packages/taskflow/listeners/logging.py:178}}
Sep 14 11:00:40.205580 dv-cinder-804735-11-smb devstack@c-api.service[100721]: DEBUG cinder.volume.api [None req-4b98f7d5-ea1b-4568-9bd9-07ff20393bfa tempest-GroupSnapshotsTest-1823085766 tempest-GroupSnapshotsTest-1823085766-project] Flow 'volume_create_api' (5bbebb40-465d-40bd-99f1-083f3ca041c0) transitioned into state 'SUCCESS' from state 'RUNNING' {{(pid=100721) _flow_receiver /usr/local/lib/python3.8/dist-packages/taskflow/listeners/logging.py:141}}
Sep 14 11:00:40.207171 dv-cinder-804735-11-smb devstack@c-api.service[100721]: INFO cinder.volume.api [None req-4b98f7d5-ea1b-4568-9bd9-07ff20393bfa tempest-GroupSnapshotsTest-1823085766 tempest-GroupSnapshotsTest-1823085766-project] Create volume request issued successfully.
Sep 14 11:00:40.250746 dv-cinder-804735-11-smb devstack@c-api.service[100721]: INFO cinder.api.openstack.wsgi [None req-4b98f7d5-ea1b-4568-9bd9-07ff20393bfa tempest-GroupSnapshotsTest-1823085766 tempest-GroupSnapshotsTest-1823085766-project] http://10.222.0.61/volume/v3/21f116e991154bccb29620b5ab94864a/groups/action returned with HTTP 202
Sep 14 11:00:40.257556 dv-cinder-804735-11-smb devstack@c-api.service[100721]: [pid: 100721|app: 0|req: 96/208] 10.222.0.61 () {62 vars in 1295 bytes} [Tue Sep 14 11:00:39 2021] POST /volume/v3/21f116e991154bccb29620b5ab94864a/groups/action => generated 103 bytes in 491 msecs (HTTP/1.1 202) 7 headers in 292 bytes (2 switches on core 0)
Sep 14 11:00:40.271269 dv-cinder-804735-11-smb devstack@c-api.service[100720]: INFO cinder.api.openstack.wsgi [None req-d23e91a5-0e7b-4d34-b9dd-d11d11c78294 tempest-GroupSnapshotsTest-1823085766 tempest-GroupSnapshotsTest-1823085766-project] GET http://10.222.0.61/volume/v3/21f116e991154bccb29620b5ab94864a/volumes/detail
Sep 14 11:00:40.272703 dv-cinder-804735-11-smb devstack@c-api.service[100720]: DEBUG cinder.api.openstack.wsgi [None req-d23e91a5-0e7b-4d34-b9dd-d11d11c78294 tempest-GroupSnapshotsTest-1823085766 tempest-GroupSnapshotsTest-1823085766-project] Empty body provided in request {{(pid=100720) get_body /opt/stack/cinder/cinder/api/openstack/wsgi.py:703}}
Sep 14 11:00:40.273628 dv-cinder-804735-11-smb devstack@c-api.service[100720]: DEBUG cinder.api.openstack.wsgi [None req-d23e91a5-0e7b-4d34-b9dd-d11d11c78294 tempest-GroupSnapshotsTest-1823085766 tempest-GroupSnapshotsTest-1823085766-project] Calling method 'detail' {{(pid=100720) _process_stack /opt/stack/cinder/cinder/api/openstack/wsgi.py:856}}
Sep 14 11:00:40.275676 dv-cinder-804735-11-smb devstack@c-api.service[100720]: DEBUG cinder.api.api_utils [None req-d23e91a5-0e7b-4d34-b9dd-d11d11c78294 tempest-GroupSnapshotsTest-1823085766 tempest-GroupSnapshotsTest-1823085766-project] Removing options '' from query. {{(pid=100720) remove_invalid_filter_options /opt/stack/cinder/cinder/api/api_utils.py:73}}
Sep 14 11:00:40.279063 dv-cinder-804735-11-smb devstack@c-api.service[100720]: DEBUG cinder.volume.api [None req-d23e91a5-0e7b-4d34-b9dd-d11d11c78294 tempest-GroupSnapshotsTest-1823085766 tempest-GroupSnapshotsTest-1823085766-project] Searching by: MultiDict([('no_migration_targets', True)]). {{(pid=100720) get_all /opt/stack/cinder/cinder/volume/api.py:619}}
Sep 14 11:00:40.430021 dv-cinder-804735-11-smb devstack@c-api.service[100720]: INFO cinder.volume.api [None req-d23e91a5-0e7b-4d34-b9dd-d11d11c78294 tempest-GroupSnapshotsTest-1823085766 tempest-GroupSnapshotsTest-1823085766-project] Get all volumes completed successfully.
Sep 14 11:00:40.431411 dv-cinder-804735-11-smb devstack@c-api.service[100720]: WARNING stevedore.named [None req-d23e91a5-0e7b-4d34-b9dd-d11d11c78294 tempest-GroupSnapshotsTest-1823085766 tempest-GroupSnapshotsTest-1823085766-project] Could not load cinder.keymgr.conf_key_mgr.ConfKeyManager
Sep 14 11:00:40.431793 dv-cinder-804735-11-smb devstack@c-api.service[100720]: WARNING castellan.key_manager [None req-d23e91a5-0e7b-4d34-b9dd-d11d11c78294 tempest-GroupSnapshotsTest-1823085766 tempest-GroupSnapshotsTest-1823085766-project] Deprecation Warning : cinder.keymgr.conf_key_mgr.ConfKeyManager is not a stevedore based driver, trying to load it as a class: stevedore.exception.NoMatches: No 'castellan.drivers' driver found, looking for 'cinder.keymgr.conf_key_mgr.ConfKeyManager'
Sep 14 11:00:40.444661 dv-cinder-804735-11-smb devstack@c-api.service[100720]: DEBUG oslo_db.sqlalchemy.engines [None req-d23e91a5-0e7b-4d34-b9dd-d11d11c78294 tempest-GroupSnapshotsTest-1823085766 tempest-GroupSnapshotsTest-1823085766-project] MySQL server mode set to STRICT_TRANS_TABLES,STRICT_ALL_TABLES,NO_ZERO_IN_DATE,NO_ZERO_DATE,ERROR_FOR_DIVISION_BY_ZERO,TRADITIONAL,NO_ENGINE_SUBSTITUTION {{(pid=100720) _check_effective_sql_mode /usr/local/lib/python3.8/dist-packages/oslo_db/sqlalchemy/engines.py:314}}
Sep 14 11:00:40.453454 dv-cinder-804735-11-smb devstack@c-api.service[100720]: /usr/local/lib/python3.8/dist-packages/oslo_context/context.py:105: DeprecationWarning: Policy enforcement is depending on the value of is_admin. This key is deprecated. Please update your policy file to use the standard policy values.
Sep 14 11:00:40.453454 dv-cinder-804735-11-smb devstack@c-api.service[100720]: warnings.warn('Policy enforcement is depending on the value of '
Sep 14 11:00:40.464477 dv-cinder-804735-11-smb devstack@c-api.service[100720]: WARNING stevedore.named [None req-d23e91a5-0e7b-4d34-b9dd-d11d11c78294 tempest-GroupSnapshotsTest-1823085766 tempest-GroupSnapshotsTest-1823085766-project] Could not load cinder.keymgr.conf_key_mgr.ConfKeyManager
Sep 14 11:00:40.465089 dv-cinder-804735-11-smb devstack@c-api.service[100720]: WARNING castellan.key_manager [None req-d23e91a5-0e7b-4d34-b9dd-d11d11c78294 tempest-GroupSnapshotsTest-1823085766 tempest-GroupSnapshotsTest-1823085766-project] Deprecation Warning : cinder.keymgr.conf_key_mgr.ConfKeyManager is not a stevedore based driver, trying to load it as a class: stevedore.exception.NoMatches: No 'castellan.drivers' driver found, looking for 'cinder.keymgr.conf_key_mgr.ConfKeyManager'
Sep 14 11:00:40.478772 dv-cinder-804735-11-smb devstack@c-api.service[100720]: DEBUG oslo_db.sqlalchemy.engines [None req-d23e91a5-0e7b-4d34-b9dd-d11d11c78294 tempest-GroupSnapshotsTest-1823085766 tempest-GroupSnapshotsTest-1823085766-project] MySQL server mode set to STRICT_TRANS_TABLES,STRICT_ALL_TABLES,NO_ZERO_IN_DATE,NO_ZERO_DATE,ERROR_FOR_DIVISION_BY_ZERO,TRADITIONAL,NO_ENGINE_SUBSTITUTION {{(pid=100720) _check_effective_sql_mode /usr/local/lib/python3.8/dist-packages/oslo_db/sqlalchemy/engines.py:314}}
Sep 14 11:00:40.484590 dv-cinder-804735-11-smb devstack@c-api.service[100720]: /usr/local/lib/python3.8/dist-packages/oslo_context/context.py:105: DeprecationWarning: Policy enforcement is depending on the value of is_admin. This key is deprecated. Please update your policy file to use the standard policy values.
Sep 14 11:00:40.484590 dv-cinder-804735-11-smb devstack@c-api.service[100720]: warnings.warn('Policy enforcement is depending on the value of '
Sep 14 11:00:40.499042 dv-cinder-804735-11-smb devstack@c-api.service[100720]: INFO cinder.api.openstack.wsgi [None req-d23e91a5-0e7b-4d34-b9dd-d11d11c78294 tempest-GroupSnapshotsTest-1823085766 tempest-GroupSnapshotsTest-1823085766-project] http://10.222.0.61/volume/v3/21f116e991154bccb29620b5ab94864a/volumes/detail returned with HTTP 200
Sep 14 11:00:40.510478 dv-cinder-804735-11-smb devstack@c-api.service[100720]: [pid: 100720|app: 0|req: 113/209] 10.222.0.61 () {60 vars in 1276 bytes} [Tue Sep 14 11:00:40 2021] GET /volume/v3/21f116e991154bccb29620b5ab94864a/volumes/detail => generated 1986 bytes in 239 msecs (HTTP/1.1 200) 7 headers in 287 bytes (2 switches on core 0)
Sep 14 11:00:40.516635 dv-cinder-804735-11-smb devstack@c-api.service[100721]: INFO cinder.api.openstack.wsgi [None req-7567eeda-109e-4382-b2d2-aaa35ee0392c tempest-GroupSnapshotsTest-1823085766 tempest-GroupSnapshotsTest-1823085766-project] GET http://10.222.0.61/volume/v3/21f116e991154bccb29620b5ab94864a/volumes/59e518f3-3bcf-4190-b814-0d260f54bf6d
Sep 14 11:00:40.519271 dv-cinder-804735-11-smb devstack@c-api.service[100721]: DEBUG cinder.api.openstack.wsgi [None req-7567eeda-109e-4382-b2d2-aaa35ee0392c tempest-GroupSnapshotsTest-1823085766 tempest-GroupSnapshotsTest-1823085766-project] Empty body provided in request {{(pid=100721) get_body /opt/stack/cinder/cinder/api/openstack/wsgi.py:703}}
Sep 14 11:00:40.519530 dv-cinder-804735-11-smb devstack@c-api.service[100721]: /usr/local/lib/python3.8/dist-packages/webob/acceptparse.py:1047: DeprecationWarning: The behavior of AcceptValidHeader.best_match is currently being maintained for backward compatibility, but it will be deprecated in the future, as it does not conform to the RFC.
Sep 14 11:00:40.519530 dv-cinder-804735-11-smb devstack@c-api.service[100721]: warnings.warn(
Sep 14 11:00:40.519772 dv-cinder-804735-11-smb devstack@c-api.service[100721]: DEBUG cinder.api.openstack.wsgi [None req-7567eeda-109e-4382-b2d2-aaa35ee0392c tempest-GroupSnapshotsTest-1823085766 tempest-GroupSnapshotsTest-1823085766-project] Calling method 'show' {{(pid=100721) _process_stack /opt/stack/cinder/cinder/api/openstack/wsgi.py:856}}
Sep 14 11:00:40.539433 dv-cinder-804735-11-smb devstack@c-api.service[100721]: /usr/local/lib/python3.8/dist-packages/oslo_context/context.py:105: DeprecationWarning: Policy enforcement is depending on the value of is_admin. This key is deprecated. Please update your policy file to use the standard policy values.
Sep 14 11:00:40.539433 dv-cinder-804735-11-smb devstack@c-api.service[100721]: warnings.warn('Policy enforcement is depending on the value of '
Sep 14 11:00:40.564260 dv-cinder-804735-11-smb devstack@c-api.service[100721]: INFO cinder.volume.api [None req-7567eeda-109e-4382-b2d2-aaa35ee0392c tempest-GroupSnapshotsTest-1823085766 tempest-GroupSnapshotsTest-1823085766-project] Volume info retrieved successfully.
Sep 14 11:00:40.573699 dv-cinder-804735-11-smb devstack@c-api.service[100721]: WARNING stevedore.named [None req-7567eeda-109e-4382-b2d2-aaa35ee0392c tempest-GroupSnapshotsTest-1823085766 tempest-GroupSnapshotsTest-1823085766-project] Could not load cinder.keymgr.conf_key_mgr.ConfKeyManager
Sep 14 11:00:40.574333 dv-cinder-804735-11-smb devstack@c-api.service[100721]: WARNING castellan.key_manager [None req-7567eeda-109e-4382-b2d2-aaa35ee0392c tempest-GroupSnapshotsTest-1823085766 tempest-GroupSnapshotsTest-1823085766-project] Deprecation Warning : cinder.keymgr.conf_key_mgr.ConfKeyManager is not a stevedore based driver, trying to load it as a class: stevedore.exception.NoMatches: No 'castellan.drivers' driver found, looking for 'cinder.keymgr.conf_key_mgr.ConfKeyManager'
Sep 14 11:00:40.582303 dv-cinder-804735-11-smb devstack@c-api.service[100721]: DEBUG oslo_db.sqlalchemy.engines [None req-7567eeda-109e-4382-b2d2-aaa35ee0392c tempest-GroupSnapshotsTest-1823085766 tempest-GroupSnapshotsTest-1823085766-project] MySQL server mode set to STRICT_TRANS_TABLES,STRICT_ALL_TABLES,NO_ZERO_IN_DATE,NO_ZERO_DATE,ERROR_FOR_DIVISION_BY_ZERO,TRADITIONAL,NO_ENGINE_SUBSTITUTION {{(pid=100721) _check_effective_sql_mode /usr/local/lib/python3.8/dist-packages/oslo_db/sqlalchemy/engines.py:314}}
Sep 14 11:00:40.594081 dv-cinder-804735-11-smb devstack@c-api.service[100721]: /usr/local/lib/python3.8/dist-packages/oslo_context/context.py:105: DeprecationWarning: Policy enforcement is depending on the value of is_admin. This key is deprecated. Please update your policy file to use the standard policy values.
Sep 14 11:00:40.594081 dv-cinder-804735-11-smb devstack@c-api.service[100721]: warnings.warn('Policy enforcement is depending on the value of '
Sep 14 11:00:40.612995 dv-cinder-804735-11-smb devstack@c-api.service[100721]: INFO cinder.api.openstack.wsgi [None req-7567eeda-109e-4382-b2d2-aaa35ee0392c tempest-GroupSnapshotsTest-1823085766 tempest-GroupSnapshotsTest-1823085766-project] http://10.222.0.61/volume/v3/21f116e991154bccb29620b5ab94864a/volumes/59e518f3-3bcf-4190-b814-0d260f54bf6d returned with HTTP 200
Sep 14 11:00:40.614082 dv-cinder-804735-11-smb devstack@c-api.service[100721]: [pid: 100721|app: 0|req: 97/210] 10.222.0.61 () {60 vars in 1366 bytes} [Tue Sep 14 11:00:40 2021] GET /volume/v3/21f116e991154bccb29620b5ab94864a/volumes/59e518f3-3bcf-4190-b814-0d260f54bf6d => generated 992 bytes in 102 msecs (HTTP/1.1 200) 7 headers in 286 bytes (1 switches on core 0)
Sep 14 11:00:40.636849 dv-cinder-804735-11-smb devstack@c-api.service[100720]: INFO cinder.api.openstack.wsgi [None req-5db577d9-ca05-4e87-80ac-61d2d02d9288 tempest-AttachVolumeNegativeTest-172480210 tempest-AttachVolumeNegativeTest-172480210-project] GET http://10.222.0.61/volume/v3/662e0999675d446c804193a4fdd335af/volumes/22c7aff3-6396-4ec5-80c3-939cbe280011
Sep 14 11:00:40.637279 dv-cinder-804735-11-smb devstack@c-api.service[100720]: DEBUG cinder.api.openstack.wsgi [None req-5db577d9-ca05-4e87-80ac-61d2d02d9288 tempest-AttachVolumeNegativeTest-172480210 tempest-AttachVolumeNegativeTest-172480210-project] Empty body provided in request {{(pid=100720) get_body /opt/stack/cinder/cinder/api/openstack/wsgi.py:703}}
Sep 14 11:00:40.637644 dv-cinder-804735-11-smb devstack@c-api.service[100720]: /usr/local/lib/python3.8/dist-packages/webob/acceptparse.py:1047: DeprecationWarning: The behavior of AcceptValidHeader.best_match is currently being maintained for backward compatibility, but it will be deprecated in the future, as it does not conform to the RFC.
Sep 14 11:00:40.637644 dv-cinder-804735-11-smb devstack@c-api.service[100720]: warnings.warn(
Sep 14 11:00:40.638169 dv-cinder-804735-11-smb devstack@c-api.service[100720]: DEBUG cinder.api.openstack.wsgi [None req-5db577d9-ca05-4e87-80ac-61d2d02d9288 tempest-AttachVolumeNegativeTest-172480210 tempest-AttachVolumeNegativeTest-172480210-project] Calling method 'show' {{(pid=100720) _process_stack /opt/stack/cinder/cinder/api/openstack/wsgi.py:856}}
Sep 14 11:00:40.668787 dv-cinder-804735-11-smb devstack@c-api.service[100720]: /usr/local/lib/python3.8/dist-packages/oslo_context/context.py:105: DeprecationWarning: Policy enforcement is depending on the value of is_admin. This key is deprecated. Please update your policy file to use the standard policy values.
Sep 14 11:00:40.668787 dv-cinder-804735-11-smb devstack@c-api.service[100720]: warnings.warn('Policy enforcement is depending on the value of '
Sep 14 11:00:40.677898 dv-cinder-804735-11-smb devstack@c-api.service[100720]: INFO cinder.volume.api [None req-5db577d9-ca05-4e87-80ac-61d2d02d9288 tempest-AttachVolumeNegativeTest-172480210 tempest-AttachVolumeNegativeTest-172480210-project] Volume info retrieved successfully.
Sep 14 11:00:40.692750 dv-cinder-804735-11-smb devstack@c-api.service[100720]: /usr/local/lib/python3.8/dist-packages/oslo_context/context.py:105: DeprecationWarning: Policy enforcement is depending on the value of is_admin. This key is deprecated. Please update your policy file to use the standard policy values.
Sep 14 11:00:40.692750 dv-cinder-804735-11-smb devstack@c-api.service[100720]: warnings.warn('Policy enforcement is depending on the value of '
Sep 14 11:00:40.700753 dv-cinder-804735-11-smb devstack@c-api.service[100720]: INFO cinder.api.openstack.wsgi [None req-5db577d9-ca05-4e87-80ac-61d2d02d9288 tempest-AttachVolumeNegativeTest-172480210 tempest-AttachVolumeNegativeTest-172480210-project] http://10.222.0.61/volume/v3/662e0999675d446c804193a4fdd335af/volumes/22c7aff3-6396-4ec5-80c3-939cbe280011 returned with HTTP 200
Sep 14 11:00:40.701592 dv-cinder-804735-11-smb devstack@c-api.service[100720]: [pid: 100720|app: 0|req: 114/211] 10.222.0.61 () {58 vars in 1325 bytes} [Tue Sep 14 11:00:40 2021] GET /volume/v3/662e0999675d446c804193a4fdd335af/volumes/22c7aff3-6396-4ec5-80c3-939cbe280011 => generated 1209 bytes in 69 msecs (HTTP/1.1 200) 7 headers in 286 bytes (1 switches on core 0)
Sep 14 11:00:40.715929 dv-cinder-804735-11-smb devstack@c-api.service[100721]: INFO cinder.api.openstack.wsgi [None req-b30a973a-7902-43f9-993b-13a42a352c0c tempest-AttachVolumeNegativeTest-172480210 tempest-AttachVolumeNegativeTest-172480210-project] GET http://10.222.0.61/volume/v3/662e0999675d446c804193a4fdd335af/volumes/22c7aff3-6396-4ec5-80c3-939cbe280011
Sep 14 11:00:40.716436 dv-cinder-804735-11-smb devstack@c-api.service[100721]: DEBUG cinder.api.openstack.wsgi [None req-b30a973a-7902-43f9-993b-13a42a352c0c tempest-AttachVolumeNegativeTest-172480210 tempest-AttachVolumeNegativeTest-172480210-project] Empty body provided in request {{(pid=100721) get_body /opt/stack/cinder/cinder/api/openstack/wsgi.py:703}}
Sep 14 11:00:40.716611 dv-cinder-804735-11-smb devstack@c-api.service[100721]: /usr/local/lib/python3.8/dist-packages/webob/acceptparse.py:1047: DeprecationWarning: The behavior of AcceptValidHeader.best_match is currently being maintained for backward compatibility, but it will be deprecated in the future, as it does not conform to the RFC.
Sep 14 11:00:40.716611 dv-cinder-804735-11-smb devstack@c-api.service[100721]: warnings.warn(
Sep 14 11:00:40.717295 dv-cinder-804735-11-smb devstack@c-api.service[100721]: DEBUG cinder.api.openstack.wsgi [None req-b30a973a-7902-43f9-993b-13a42a352c0c tempest-AttachVolumeNegativeTest-172480210 tempest-AttachVolumeNegativeTest-172480210-project] Calling method 'show' {{(pid=100721) _process_stack /opt/stack/cinder/cinder/api/openstack/wsgi.py:856}}
Sep 14 11:00:40.731912 dv-cinder-804735-11-smb devstack@c-api.service[100721]: /usr/local/lib/python3.8/dist-packages/oslo_context/context.py:105: DeprecationWarning: Policy enforcement is depending on the value of is_admin. This key is deprecated. Please update your policy file to use the standard policy values.
Sep 14 11:00:40.731912 dv-cinder-804735-11-smb devstack@c-api.service[100721]: warnings.warn('Policy enforcement is depending on the value of '
Sep 14 11:00:40.741442 dv-cinder-804735-11-smb devstack@c-api.service[100721]: INFO cinder.volume.api [None req-b30a973a-7902-43f9-993b-13a42a352c0c tempest-AttachVolumeNegativeTest-172480210 tempest-AttachVolumeNegativeTest-172480210-project] Volume info retrieved successfully.
