Aug 19 12:36:34.792847 dv-cinder-804603-3-smb devstack@c-api.service[100855]: INFO cinder.api.openstack.wsgi [None req-18271495-89c6-4686-be50-7778200790cb tempest-VolumeTypesAccessTest-1868283534 tempest-VolumeTypesAccessTest-1868283534-project-admin] http://10.222.0.72/volume/v3/973042e94daa4476ad4783d20d03eec7/types/cd9f5301-209f-4c9b-90f7-7cf78b77c600/os-volume-type-access returned with HTTP 200
Aug 19 12:36:34.793571 dv-cinder-804603-3-smb devstack@c-api.service[100855]: [pid: 100855|app: 0|req: 134/284] 10.222.0.72 () {58 vars in 1385 bytes} [Thu Aug 19 12:36:34 2021] GET /volume/v3/973042e94daa4476ad4783d20d03eec7/types/cd9f5301-209f-4c9b-90f7-7cf78b77c600/os-volume-type-access => generated 244 bytes in 23 msecs (HTTP/1.1 200) 7 headers in 285 bytes (2 switches on core 0)
Aug 19 12:36:34.803055 dv-cinder-804603-3-smb devstack@c-api.service[100855]: INFO cinder.api.openstack.wsgi [None req-8c70816e-1683-449d-946a-2cdda9adf1b9 tempest-VolumeTypesAccessTest-1868283534 tempest-VolumeTypesAccessTest-1868283534-project-admin] POST http://10.222.0.72/volume/v3/973042e94daa4476ad4783d20d03eec7/types/cd9f5301-209f-4c9b-90f7-7cf78b77c600/action
Aug 19 12:36:34.803716 dv-cinder-804603-3-smb devstack@c-api.service[100855]: DEBUG cinder.api.openstack.wsgi [None req-8c70816e-1683-449d-946a-2cdda9adf1b9 tempest-VolumeTypesAccessTest-1868283534 tempest-VolumeTypesAccessTest-1868283534-project-admin] Action body: b'{"removeProjectAccess": {"project": "6b4b9bc4a3e04969ab9ee04099df6e2b"}}' {{(pid=100855) get_method /opt/stack/cinder/cinder/api/openstack/wsgi.py:971}}
Aug 19 12:36:34.804099 dv-cinder-804603-3-smb devstack@c-api.service[100855]: DEBUG cinder.api.openstack.wsgi [None req-8c70816e-1683-449d-946a-2cdda9adf1b9 tempest-VolumeTypesAccessTest-1868283534 tempest-VolumeTypesAccessTest-1868283534-project-admin] Action: 'action', calling method: _removeProjectAccess, body: {"removeProjectAccess": {"project": "6b4b9bc4a3e04969ab9ee04099df6e2b"}} {{(pid=100855) _process_stack /opt/stack/cinder/cinder/api/openstack/wsgi.py:854}}
Aug 19 12:36:34.819292 dv-cinder-804603-3-smb devstack@c-api.service[100855]: INFO cinder.api.openstack.wsgi [None req-8c70816e-1683-449d-946a-2cdda9adf1b9 tempest-VolumeTypesAccessTest-1868283534 tempest-VolumeTypesAccessTest-1868283534-project-admin] http://10.222.0.72/volume/v3/973042e94daa4476ad4783d20d03eec7/types/cd9f5301-209f-4c9b-90f7-7cf78b77c600/action returned with HTTP 202
Aug 19 12:36:34.820214 dv-cinder-804603-3-smb devstack@c-api.service[100855]: [pid: 100855|app: 0|req: 135/285] 10.222.0.72 () {60 vars in 1361 bytes} [Thu Aug 19 12:36:34 2021] POST /volume/v3/973042e94daa4476ad4783d20d03eec7/types/cd9f5301-209f-4c9b-90f7-7cf78b77c600/action => generated 0 bytes in 21 msecs (HTTP/1.1 202) 6 headers in 233 bytes (2 switches on core 0)
Aug 19 12:36:34.827901 dv-cinder-804603-3-smb devstack@c-api.service[100855]: INFO cinder.api.openstack.wsgi [None req-349cce72-e220-4e86-88a3-aa9988abf89e tempest-VolumeTypesAccessTest-1868283534 tempest-VolumeTypesAccessTest-1868283534-project-admin] POST http://10.222.0.72/volume/v3/973042e94daa4476ad4783d20d03eec7/types/cd9f5301-209f-4c9b-90f7-7cf78b77c600/action
Aug 19 12:36:34.828560 dv-cinder-804603-3-smb devstack@c-api.service[100855]: DEBUG cinder.api.openstack.wsgi [None req-349cce72-e220-4e86-88a3-aa9988abf89e tempest-VolumeTypesAccessTest-1868283534 tempest-VolumeTypesAccessTest-1868283534-project-admin] Action body: b'{"removeProjectAccess": {"project": "c6a19fd053e14baa863704f1d696ad99"}}' {{(pid=100855) get_method /opt/stack/cinder/cinder/api/openstack/wsgi.py:971}}
Aug 19 12:36:34.829042 dv-cinder-804603-3-smb devstack@c-api.service[100855]: DEBUG cinder.api.openstack.wsgi [None req-349cce72-e220-4e86-88a3-aa9988abf89e tempest-VolumeTypesAccessTest-1868283534 tempest-VolumeTypesAccessTest-1868283534-project-admin] Action: 'action', calling method: _removeProjectAccess, body: {"removeProjectAccess": {"project": "c6a19fd053e14baa863704f1d696ad99"}} {{(pid=100855) _process_stack /opt/stack/cinder/cinder/api/openstack/wsgi.py:854}}
Aug 19 12:36:34.844356 dv-cinder-804603-3-smb devstack@c-api.service[100855]: INFO cinder.api.openstack.wsgi [None req-349cce72-e220-4e86-88a3-aa9988abf89e tempest-VolumeTypesAccessTest-1868283534 tempest-VolumeTypesAccessTest-1868283534-project-admin] http://10.222.0.72/volume/v3/973042e94daa4476ad4783d20d03eec7/types/cd9f5301-209f-4c9b-90f7-7cf78b77c600/action returned with HTTP 202
Aug 19 12:36:34.851181 dv-cinder-804603-3-smb devstack@c-api.service[100855]: [pid: 100855|app: 0|req: 136/286] 10.222.0.72 () {60 vars in 1361 bytes} [Thu Aug 19 12:36:34 2021] POST /volume/v3/973042e94daa4476ad4783d20d03eec7/types/cd9f5301-209f-4c9b-90f7-7cf78b77c600/action => generated 0 bytes in 21 msecs (HTTP/1.1 202) 6 headers in 233 bytes (1 switches on core 0)
Aug 19 12:36:34.855169 dv-cinder-804603-3-smb devstack@c-api.service[100855]: INFO cinder.api.openstack.wsgi [None req-367d356d-ca65-45bb-9883-a0e3a3c0486c tempest-VolumeTypesAccessTest-1868283534 tempest-VolumeTypesAccessTest-1868283534-project-admin] DELETE http://10.222.0.72/volume/v3/973042e94daa4476ad4783d20d03eec7/types/cd9f5301-209f-4c9b-90f7-7cf78b77c600
Aug 19 12:36:34.855608 dv-cinder-804603-3-smb devstack@c-api.service[100855]: DEBUG cinder.api.openstack.wsgi [None req-367d356d-ca65-45bb-9883-a0e3a3c0486c tempest-VolumeTypesAccessTest-1868283534 tempest-VolumeTypesAccessTest-1868283534-project-admin] Empty body provided in request {{(pid=100855) get_body /opt/stack/cinder/cinder/api/openstack/wsgi.py:703}}
Aug 19 12:36:34.856032 dv-cinder-804603-3-smb devstack@c-api.service[100855]: DEBUG cinder.api.openstack.wsgi [None req-367d356d-ca65-45bb-9883-a0e3a3c0486c tempest-VolumeTypesAccessTest-1868283534 tempest-VolumeTypesAccessTest-1868283534-project-admin] Calling method '_delete' {{(pid=100855) _process_stack /opt/stack/cinder/cinder/api/openstack/wsgi.py:856}}
Aug 19 12:36:34.868602 dv-cinder-804603-3-smb devstack@c-api.service[100856]: INFO cinder.api.openstack.wsgi [None req-19067588-9972-41d5-af6f-bb790ee97666 tempest-VolumesTransfersTest-890525613 tempest-VolumesTransfersTest-890525613-project] POST http://10.222.0.72/volume/v3/3e5fe703cd6944c1997f2c8149dce2ab/os-volume-transfer/746ebe14-2df7-4099-9d11-17630ef3ae3d/accept
Aug 19 12:36:34.869358 dv-cinder-804603-3-smb devstack@c-api.service[100856]: DEBUG cinder.api.openstack.wsgi [None req-19067588-9972-41d5-af6f-bb790ee97666 tempest-VolumesTransfersTest-890525613 tempest-VolumesTransfersTest-890525613-project] Action: 'accept', calling method: accept, body: {"accept": {"auth_key": "095cdfc7379031ee"}} {{(pid=100856) _process_stack /opt/stack/cinder/cinder/api/openstack/wsgi.py:854}}
Aug 19 12:36:34.870248 dv-cinder-804603-3-smb devstack@c-api.service[100856]: DEBUG cinder.api.contrib.volume_transfer [None req-19067588-9972-41d5-af6f-bb790ee97666 tempest-VolumesTransfersTest-890525613 tempest-VolumesTransfersTest-890525613-project] Accepting volume transfer 746ebe14-2df7-4099-9d11-17630ef3ae3d {{(pid=100856) accept /opt/stack/cinder/cinder/api/contrib/volume_transfer.py:115}}
Aug 19 12:36:34.870640 dv-cinder-804603-3-smb devstack@c-api.service[100856]: INFO cinder.api.contrib.volume_transfer [None req-19067588-9972-41d5-af6f-bb790ee97666 tempest-VolumesTransfersTest-890525613 tempest-VolumesTransfersTest-890525613-project] Accepting transfer 746ebe14-2df7-4099-9d11-17630ef3ae3d
Aug 19 12:36:34.898411 dv-cinder-804603-3-smb devstack@c-api.service[100855]: INFO cinder.api.openstack.wsgi [None req-367d356d-ca65-45bb-9883-a0e3a3c0486c tempest-VolumeTypesAccessTest-1868283534 tempest-VolumeTypesAccessTest-1868283534-project-admin] http://10.222.0.72/volume/v3/973042e94daa4476ad4783d20d03eec7/types/cd9f5301-209f-4c9b-90f7-7cf78b77c600 returned with HTTP 202
Aug 19 12:36:34.902559 dv-cinder-804603-3-smb devstack@c-api.service[100855]: [pid: 100855|app: 0|req: 137/287] 10.222.0.72 () {58 vars in 1322 bytes} [Thu Aug 19 12:36:34 2021] DELETE /volume/v3/973042e94daa4476ad4783d20d03eec7/types/cd9f5301-209f-4c9b-90f7-7cf78b77c600 => generated 0 bytes in 47 msecs (HTTP/1.1 202) 6 headers in 233 bytes (1 switches on core 0)
Aug 19 12:36:34.906492 dv-cinder-804603-3-smb devstack@c-api.service[100855]: INFO cinder.api.openstack.wsgi [None req-08169e66-e544-4e1b-9f87-0a06f152ba03 tempest-VolumeTypesAccessTest-1868283534 tempest-VolumeTypesAccessTest-1868283534-project-admin] GET http://10.222.0.72/volume/v3/973042e94daa4476ad4783d20d03eec7/types/cd9f5301-209f-4c9b-90f7-7cf78b77c600
Aug 19 12:36:34.906938 dv-cinder-804603-3-smb devstack@c-api.service[100855]: DEBUG cinder.api.openstack.wsgi [None req-08169e66-e544-4e1b-9f87-0a06f152ba03 tempest-VolumeTypesAccessTest-1868283534 tempest-VolumeTypesAccessTest-1868283534-project-admin] Empty body provided in request {{(pid=100855) get_body /opt/stack/cinder/cinder/api/openstack/wsgi.py:703}}
Aug 19 12:36:34.907418 dv-cinder-804603-3-smb devstack@c-api.service[100855]: DEBUG cinder.api.openstack.wsgi [None req-08169e66-e544-4e1b-9f87-0a06f152ba03 tempest-VolumeTypesAccessTest-1868283534 tempest-VolumeTypesAccessTest-1868283534-project-admin] Calling method 'show' {{(pid=100855) _process_stack /opt/stack/cinder/cinder/api/openstack/wsgi.py:856}}
Aug 19 12:36:34.913099 dv-cinder-804603-3-smb devstack@c-api.service[100855]: INFO cinder.api.openstack.wsgi [None req-08169e66-e544-4e1b-9f87-0a06f152ba03 tempest-VolumeTypesAccessTest-1868283534 tempest-VolumeTypesAccessTest-1868283534-project-admin] http://10.222.0.72/volume/v3/973042e94daa4476ad4783d20d03eec7/types/cd9f5301-209f-4c9b-90f7-7cf78b77c600 returned with HTTP 404
Aug 19 12:36:34.914014 dv-cinder-804603-3-smb devstack@c-api.service[100855]: [pid: 100855|app: 0|req: 138/288] 10.222.0.72 () {58 vars in 1319 bytes} [Thu Aug 19 12:36:34 2021] GET /volume/v3/973042e94daa4476ad4783d20d03eec7/types/cd9f5301-209f-4c9b-90f7-7cf78b77c600 => generated 114 bytes in 11 msecs (HTTP/1.1 404) 7 headers in 292 bytes (2 switches on core 0)
Aug 19 12:36:34.922545 dv-cinder-804603-3-smb devstack@c-api.service[100855]: INFO cinder.api.openstack.wsgi [None req-e544eb5e-1568-4cdf-bc70-a14ddcf46f05 tempest-VolumeTypesAccessTest-954888946 tempest-VolumeTypesAccessTest-954888946-project] DELETE http://10.222.0.72/volume/v3/c6a19fd053e14baa863704f1d696ad99/volumes/09c8dc03-2855-4abe-9e44-f88339c9b225
Aug 19 12:36:34.923574 dv-cinder-804603-3-smb devstack@c-api.service[100855]: DEBUG cinder.api.openstack.wsgi [None req-e544eb5e-1568-4cdf-bc70-a14ddcf46f05 tempest-VolumeTypesAccessTest-954888946 tempest-VolumeTypesAccessTest-954888946-project] Empty body provided in request {{(pid=100855) get_body /opt/stack/cinder/cinder/api/openstack/wsgi.py:703}}
Aug 19 12:36:34.924116 dv-cinder-804603-3-smb devstack@c-api.service[100855]: DEBUG cinder.api.openstack.wsgi [None req-e544eb5e-1568-4cdf-bc70-a14ddcf46f05 tempest-VolumeTypesAccessTest-954888946 tempest-VolumeTypesAccessTest-954888946-project] Calling method 'delete' {{(pid=100855) _process_stack /opt/stack/cinder/cinder/api/openstack/wsgi.py:856}}
Aug 19 12:36:34.924942 dv-cinder-804603-3-smb devstack@c-api.service[100855]: INFO cinder.api.v3.volumes [None req-e544eb5e-1568-4cdf-bc70-a14ddcf46f05 tempest-VolumeTypesAccessTest-954888946 tempest-VolumeTypesAccessTest-954888946-project] Delete volume with id: 09c8dc03-2855-4abe-9e44-f88339c9b225
Aug 19 12:36:34.939780 dv-cinder-804603-3-smb devstack@c-api.service[100855]: /usr/local/lib/python3.8/dist-packages/oslo_context/context.py:105: DeprecationWarning: Policy enforcement is depending on the value of is_admin. This key is deprecated. Please update your policy file to use the standard policy values.
Aug 19 12:36:34.939780 dv-cinder-804603-3-smb devstack@c-api.service[100855]: warnings.warn('Policy enforcement is depending on the value of '
Aug 19 12:36:34.941009 dv-cinder-804603-3-smb devstack@c-api.service[100855]: INFO cinder.volume.api [None req-e544eb5e-1568-4cdf-bc70-a14ddcf46f05 tempest-VolumeTypesAccessTest-954888946 tempest-VolumeTypesAccessTest-954888946-project] Volume info retrieved successfully.
Aug 19 12:36:34.973217 dv-cinder-804603-3-smb devstack@c-api.service[100855]: INFO cinder.volume.api [None req-e544eb5e-1568-4cdf-bc70-a14ddcf46f05 tempest-VolumeTypesAccessTest-954888946 tempest-VolumeTypesAccessTest-954888946-project] Delete volume request issued successfully.
Aug 19 12:36:34.973727 dv-cinder-804603-3-smb devstack@c-api.service[100855]: INFO cinder.api.openstack.wsgi [None req-e544eb5e-1568-4cdf-bc70-a14ddcf46f05 tempest-VolumeTypesAccessTest-954888946 tempest-VolumeTypesAccessTest-954888946-project] http://10.222.0.72/volume/v3/c6a19fd053e14baa863704f1d696ad99/volumes/09c8dc03-2855-4abe-9e44-f88339c9b225 returned with HTTP 202
Aug 19 12:36:34.974254 dv-cinder-804603-3-smb devstack@c-api.service[100856]: DEBUG cinder.quota [None req-19067588-9972-41d5-af6f-bb790ee97666 tempest-VolumesTransfersTest-890525613 tempest-VolumesTransfersTest-890525613-project] Created reservations ['a5f4a2aa-ae4f-494c-b0cf-2742fde8886a', 'b77ab80d-6766-49ff-bac4-5c4323a17360', '398b036b-be00-41c4-8428-50338afa5b68', 'd847e56e-72d1-4917-b0c1-0477dd3fe639'] {{(pid=100856) reserve /opt/stack/cinder/cinder/quota.py:755}}
Aug 19 12:36:34.974754 dv-cinder-804603-3-smb devstack@c-api.service[100855]: [pid: 100855|app: 0|req: 139/289] 10.222.0.72 () {58 vars in 1328 bytes} [Thu Aug 19 12:36:34 2021] DELETE /volume/v3/c6a19fd053e14baa863704f1d696ad99/volumes/09c8dc03-2855-4abe-9e44-f88339c9b225 => generated 0 bytes in 57 msecs (HTTP/1.1 202) 6 headers in 233 bytes (2 switches on core 0)
Aug 19 12:36:34.982838 dv-cinder-804603-3-smb devstack@c-api.service[100855]: INFO cinder.api.openstack.wsgi [None req-c67f872d-8a5f-483d-a81d-4e2d8008d3c0 tempest-VolumeTypesAccessTest-954888946 tempest-VolumeTypesAccessTest-954888946-project] GET http://10.222.0.72/volume/v3/c6a19fd053e14baa863704f1d696ad99/volumes/09c8dc03-2855-4abe-9e44-f88339c9b225
Aug 19 12:36:34.983446 dv-cinder-804603-3-smb devstack@c-api.service[100855]: DEBUG cinder.api.openstack.wsgi [None req-c67f872d-8a5f-483d-a81d-4e2d8008d3c0 tempest-VolumeTypesAccessTest-954888946 tempest-VolumeTypesAccessTest-954888946-project] Empty body provided in request {{(pid=100855) get_body /opt/stack/cinder/cinder/api/openstack/wsgi.py:703}}
Aug 19 12:36:34.983680 dv-cinder-804603-3-smb devstack@c-api.service[100855]: /usr/local/lib/python3.8/dist-packages/webob/acceptparse.py:1047: DeprecationWarning: The behavior of AcceptValidHeader.best_match is currently being maintained for backward compatibility, but it will be deprecated in the future, as it does not conform to the RFC.
Aug 19 12:36:34.983680 dv-cinder-804603-3-smb devstack@c-api.service[100855]: warnings.warn(
Aug 19 12:36:34.984348 dv-cinder-804603-3-smb devstack@c-api.service[100855]: DEBUG cinder.api.openstack.wsgi [None req-c67f872d-8a5f-483d-a81d-4e2d8008d3c0 tempest-VolumeTypesAccessTest-954888946 tempest-VolumeTypesAccessTest-954888946-project] Calling method 'show' {{(pid=100855) _process_stack /opt/stack/cinder/cinder/api/openstack/wsgi.py:856}}
Aug 19 12:36:34.999251 dv-cinder-804603-3-smb devstack@c-api.service[100855]: /usr/local/lib/python3.8/dist-packages/oslo_context/context.py:105: DeprecationWarning: Policy enforcement is depending on the value of is_admin. This key is deprecated. Please update your policy file to use the standard policy values.
Aug 19 12:36:34.999251 dv-cinder-804603-3-smb devstack@c-api.service[100855]: warnings.warn('Policy enforcement is depending on the value of '
Aug 19 12:36:35.008195 dv-cinder-804603-3-smb devstack@c-api.service[100855]: INFO cinder.volume.api [None req-c67f872d-8a5f-483d-a81d-4e2d8008d3c0 tempest-VolumeTypesAccessTest-954888946 tempest-VolumeTypesAccessTest-954888946-project] Volume info retrieved successfully.
Aug 19 12:36:35.014473 dv-cinder-804603-3-smb devstack@c-api.service[100856]: DEBUG cinder.quota [None req-19067588-9972-41d5-af6f-bb790ee97666 tempest-VolumesTransfersTest-890525613 tempest-VolumesTransfersTest-890525613-project] Created reservations ['a9b69313-8aad-41b9-8492-e29b61b44ece', '2e75b9ea-c3a9-4092-a85f-85f724362a89', '46392a13-bfdf-47ba-8c6f-a5c1e898bf03', 'f5271ffd-06ea-45db-b008-6e3700873a17'] {{(pid=100856) reserve /opt/stack/cinder/cinder/quota.py:755}}
Aug 19 12:36:35.023768 dv-cinder-804603-3-smb devstack@c-api.service[100855]: INFO cinder.api.openstack.wsgi [None req-c67f872d-8a5f-483d-a81d-4e2d8008d3c0 tempest-VolumeTypesAccessTest-954888946 tempest-VolumeTypesAccessTest-954888946-project] http://10.222.0.72/volume/v3/c6a19fd053e14baa863704f1d696ad99/volumes/09c8dc03-2855-4abe-9e44-f88339c9b225 returned with HTTP 200
Aug 19 12:36:35.024807 dv-cinder-804603-3-smb devstack@c-api.service[100855]: [pid: 100855|app: 0|req: 140/290] 10.222.0.72 () {58 vars in 1325 bytes} [Thu Aug 19 12:36:34 2021] GET /volume/v3/c6a19fd053e14baa863704f1d696ad99/volumes/09c8dc03-2855-4abe-9e44-f88339c9b225 => generated 952 bytes in 46 msecs (HTTP/1.1 200) 7 headers in 285 bytes (2 switches on core 0)
Aug 19 12:36:35.071721 dv-cinder-804603-3-smb devstack@c-api.service[100856]: DEBUG cinder.quota [None req-19067588-9972-41d5-af6f-bb790ee97666 tempest-VolumesTransfersTest-890525613 tempest-VolumesTransfersTest-890525613-project] Created reservations ['c5370caa-dcbb-4c95-81b5-0680fd536cd1', '55611618-9ff1-48d9-a07f-100b01f6abbe', '5c07440e-2187-42eb-b2c2-063a56b81921', 'd1af3dd6-c4bb-4622-995f-30f1a5756947'] {{(pid=100856) reserve /opt/stack/cinder/cinder/quota.py:755}}
Aug 19 12:36:35.129138 dv-cinder-804603-3-smb devstack@c-api.service[100856]: DEBUG cinder.quota [None req-19067588-9972-41d5-af6f-bb790ee97666 tempest-VolumesTransfersTest-890525613 tempest-VolumesTransfersTest-890525613-project] Created reservations ['03403463-f216-4dab-b8fb-7473a0de3d4e', '8f2363cb-ca2e-495e-a9a0-635037526ff4', 'ce0cf858-bfa1-402f-a8dd-d3a7a2bcf075', '9b504c0b-0e0c-43ff-ab91-578c03b41936'] {{(pid=100856) reserve /opt/stack/cinder/cinder/quota.py:755}}
Aug 19 12:36:35.136518 dv-cinder-804603-3-smb devstack@c-api.service[100856]: /usr/local/lib/python3.8/dist-packages/oslo_context/context.py:105: DeprecationWarning: Policy enforcement is depending on the value of is_admin. This key is deprecated. Please update your policy file to use the standard policy values.
Aug 19 12:36:35.136518 dv-cinder-804603-3-smb devstack@c-api.service[100856]: warnings.warn('Policy enforcement is depending on the value of '
Aug 19 12:36:35.221046 dv-cinder-804603-3-smb devstack@c-api.service[100856]: INFO cinder.volume.api [None req-19067588-9972-41d5-af6f-bb790ee97666 tempest-VolumesTransfersTest-890525613 tempest-VolumesTransfersTest-890525613-project] Transfer volume completed successfully.
Aug 19 12:36:35.316268 dv-cinder-804603-3-smb devstack@c-api.service[100855]: INFO cinder.api.openstack.wsgi [None req-8aabd45c-e93f-4b70-b929-c9754579938f tempest-VolumesActionsTest-109847306 tempest-VolumesActionsTest-109847306-project] POST http://10.222.0.72/volume/v3/eb51caf0515248ff969bbf08f265b4a6/volumes
Aug 19 12:36:35.316537 dv-cinder-804603-3-smb devstack@c-api.service[100855]: /usr/local/lib/python3.8/dist-packages/webob/acceptparse.py:1047: DeprecationWarning: The behavior of AcceptValidHeader.best_match is currently being maintained for backward compatibility, but it will be deprecated in the future, as it does not conform to the RFC.
Aug 19 12:36:35.316537 dv-cinder-804603-3-smb devstack@c-api.service[100855]: warnings.warn(
Aug 19 12:36:35.316885 dv-cinder-804603-3-smb devstack@c-api.service[100855]: DEBUG cinder.api.openstack.wsgi [None req-8aabd45c-e93f-4b70-b929-c9754579938f tempest-VolumesActionsTest-109847306 tempest-VolumesActionsTest-109847306-project] Action: 'create', calling method: create, body: {"volume": {"size": 1, "name": "tempest-VolumesActionsTest-Volume-505342087"}} {{(pid=100855) _process_stack /opt/stack/cinder/cinder/api/openstack/wsgi.py:854}}
Aug 19 12:36:35.317835 dv-cinder-804603-3-smb devstack@c-api.service[100855]: DEBUG cinder.api.v3.volumes [None req-8aabd45c-e93f-4b70-b929-c9754579938f tempest-VolumesActionsTest-109847306 tempest-VolumesActionsTest-109847306-project] Create volume request body: {'volume': {'size': 1, 'name': 'tempest-VolumesActionsTest-Volume-505342087'}} {{(pid=100855) create /opt/stack/cinder/cinder/api/v3/volumes.py:290}}
Aug 19 12:36:35.318141 dv-cinder-804603-3-smb devstack@c-api.service[100855]: INFO cinder.api.v3.volumes [None req-8aabd45c-e93f-4b70-b929-c9754579938f tempest-VolumesActionsTest-109847306 tempest-VolumesActionsTest-109847306-project] Create volume of 1 GB
Aug 19 12:36:35.324563 dv-cinder-804603-3-smb devstack@c-api.service[100855]: INFO cinder.volume.api [None req-8aabd45c-e93f-4b70-b929-c9754579938f tempest-VolumesActionsTest-109847306 tempest-VolumesActionsTest-109847306-project] Availability Zones retrieved successfully.
Aug 19 12:36:35.342190 dv-cinder-804603-3-smb devstack@c-api.service[100855]: DEBUG cinder.volume.api [None req-8aabd45c-e93f-4b70-b929-c9754579938f tempest-VolumesActionsTest-109847306 tempest-VolumesActionsTest-109847306-project] Flow 'volume_create_api' (e67208bd-acc4-48d8-9df5-154e490c7080) transitioned into state 'RUNNING' from state 'PENDING' {{(pid=100855) _flow_receiver /usr/local/lib/python3.8/dist-packages/taskflow/listeners/logging.py:141}}
Aug 19 12:36:35.345484 dv-cinder-804603-3-smb devstack@c-api.service[100855]: DEBUG cinder.volume.api [None req-8aabd45c-e93f-4b70-b929-c9754579938f tempest-VolumesActionsTest-109847306 tempest-VolumesActionsTest-109847306-project] Task 'cinder.volume.flows.api.create_volume.ExtractVolumeRequestTask;volume:create' (9931f399-0e24-4fed-b3e4-89d992c59069) transitioned into state 'RUNNING' from state 'PENDING' {{(pid=100855) _task_receiver /usr/local/lib/python3.8/dist-packages/taskflow/listeners/logging.py:190}}
Aug 19 12:36:35.348392 dv-cinder-804603-3-smb devstack@c-api.service[100855]: DEBUG cinder.volume.flows.api.create_volume [None req-8aabd45c-e93f-4b70-b929-c9754579938f tempest-VolumesActionsTest-109847306 tempest-VolumesActionsTest-109847306-project] Validating volume size '1' using validate_int {{(pid=100855) _extract_size /opt/stack/cinder/cinder/volume/flows/api/create_volume.py:225}}
Aug 19 12:36:35.374823 dv-cinder-804603-3-smb devstack@c-api.service[100856]: INFO cinder.transfer.api [None req-19067588-9972-41d5-af6f-bb790ee97666 tempest-VolumesTransfersTest-890525613 tempest-VolumesTransfersTest-890525613-project] Volume 62f260a3-f56e-4c5c-a02a-d3f5b794d8f6 has been transferred.
Aug 19 12:36:35.386666 dv-cinder-804603-3-smb devstack@c-api.service[100855]: DEBUG cinder.volume.api [None req-8aabd45c-e93f-4b70-b929-c9754579938f tempest-VolumesActionsTest-109847306 tempest-VolumesActionsTest-109847306-project] Task 'cinder.volume.flows.api.create_volume.ExtractVolumeRequestTask;volume:create' (9931f399-0e24-4fed-b3e4-89d992c59069) transitioned into state 'SUCCESS' from state 'RUNNING' with result '{'size': 1, 'snapshot_id': None, 'source_volid': None, 'volume_type': VolumeType(created_at=2021-08-19T12:25:38Z,deleted=False,deleted_at=None,description='Default Volume Type',extra_specs={},id=811df352-ea1d-4c8a-ade2-ae1aa48c58aa,is_public=True,name='__DEFAULT__',projects=[],qos_specs=,qos_specs_id=None,updated_at=2021-08-19T12:25:38Z), 'volume_type_id': '811df352-ea1d-4c8a-ade2-ae1aa48c58aa', 'encryption_key_id': None, 'qos_specs': None, 'consistencygroup_id': None, 'cgsnapshot_id': None, 'group_id': None, 'replication_status': 'disabled', 'refresh_az': False, 'backup_id': None, 'multiattach': False, 'availability_zones': ['nova']}' {{(pid=100855) _task_receiver /usr/local/lib/python3.8/dist-packages/taskflow/listeners/logging.py:178}}
Aug 19 12:36:35.389179 dv-cinder-804603-3-smb devstack@c-api.service[100855]: DEBUG cinder.volume.api [None req-8aabd45c-e93f-4b70-b929-c9754579938f tempest-VolumesActionsTest-109847306 tempest-VolumesActionsTest-109847306-project] Task 'cinder.volume.flows.api.create_volume.QuotaReserveTask;volume:create' (7ce8cc8c-2be1-4ad4-9e23-15e94c31de5b) transitioned into state 'RUNNING' from state 'PENDING' {{(pid=100855) _task_receiver /usr/local/lib/python3.8/dist-packages/taskflow/listeners/logging.py:190}}
Aug 19 12:36:35.396467 dv-cinder-804603-3-smb devstack@c-api.service[100856]: INFO cinder.api.openstack.wsgi [None req-19067588-9972-41d5-af6f-bb790ee97666 tempest-VolumesTransfersTest-890525613 tempest-VolumesTransfersTest-890525613-project] http://10.222.0.72/volume/v3/3e5fe703cd6944c1997f2c8149dce2ab/os-volume-transfer/746ebe14-2df7-4099-9d11-17630ef3ae3d/accept returned with HTTP 202
Aug 19 12:36:35.398370 dv-cinder-804603-3-smb devstack@c-api.service[100856]: [pid: 100856|app: 0|req: 151/291] 10.222.0.72 () {60 vars in 1400 bytes} [Thu Aug 19 12:36:34 2021] POST /volume/v3/3e5fe703cd6944c1997f2c8149dce2ab/os-volume-transfer/746ebe14-2df7-4099-9d11-17630ef3ae3d/accept => generated 431 bytes in 740 msecs (HTTP/1.1 202) 7 headers in 291 bytes (1 switches on core 0)
Aug 19 12:36:35.408135 dv-cinder-804603-3-smb devstack@c-api.service[100856]: INFO cinder.api.openstack.wsgi [None req-97d9d58d-d35e-4adc-b770-1fb10e9929a1 tempest-VolumesTransfersTest-890525613 tempest-VolumesTransfersTest-890525613-project] GET http://10.222.0.72/volume/v3/3e5fe703cd6944c1997f2c8149dce2ab/volumes/62f260a3-f56e-4c5c-a02a-d3f5b794d8f6
Aug 19 12:36:35.408594 dv-cinder-804603-3-smb devstack@c-api.service[100856]: DEBUG cinder.api.openstack.wsgi [None req-97d9d58d-d35e-4adc-b770-1fb10e9929a1 tempest-VolumesTransfersTest-890525613 tempest-VolumesTransfersTest-890525613-project] Empty body provided in request {{(pid=100856) get_body /opt/stack/cinder/cinder/api/openstack/wsgi.py:703}}
Aug 19 12:36:35.408765 dv-cinder-804603-3-smb devstack@c-api.service[100856]: /usr/local/lib/python3.8/dist-packages/webob/acceptparse.py:1047: DeprecationWarning: The behavior of AcceptValidHeader.best_match is currently being maintained for backward compatibility, but it will be deprecated in the future, as it does not conform to the RFC.
Aug 19 12:36:35.408765 dv-cinder-804603-3-smb devstack@c-api.service[100856]: warnings.warn(
Aug 19 12:36:35.414215 dv-cinder-804603-3-smb devstack@c-api.service[100856]: DEBUG cinder.api.openstack.wsgi [None req-97d9d58d-d35e-4adc-b770-1fb10e9929a1 tempest-VolumesTransfersTest-890525613 tempest-VolumesTransfersTest-890525613-project] Calling method 'show' {{(pid=100856) _process_stack /opt/stack/cinder/cinder/api/openstack/wsgi.py:856}}
Aug 19 12:36:35.428822 dv-cinder-804603-3-smb devstack@c-api.service[100856]: /usr/local/lib/python3.8/dist-packages/oslo_context/context.py:105: DeprecationWarning: Policy enforcement is depending on the value of is_admin. This key is deprecated. Please update your policy file to use the standard policy values.
Aug 19 12:36:35.428822 dv-cinder-804603-3-smb devstack@c-api.service[100856]: warnings.warn('Policy enforcement is depending on the value of '
Aug 19 12:36:35.436066 dv-cinder-804603-3-smb devstack@c-api.service[100856]: INFO cinder.volume.api [None req-97d9d58d-d35e-4adc-b770-1fb10e9929a1 tempest-VolumesTransfersTest-890525613 tempest-VolumesTransfersTest-890525613-project] Volume info retrieved successfully.
Aug 19 12:36:35.450054 dv-cinder-804603-3-smb devstack@c-api.service[100856]: INFO cinder.api.openstack.wsgi [None req-97d9d58d-d35e-4adc-b770-1fb10e9929a1 tempest-VolumesTransfersTest-890525613 tempest-VolumesTransfersTest-890525613-project] http://10.222.0.72/volume/v3/3e5fe703cd6944c1997f2c8149dce2ab/volumes/62f260a3-f56e-4c5c-a02a-d3f5b794d8f6 returned with HTTP 200
Aug 19 12:36:35.450772 dv-cinder-804603-3-smb devstack@c-api.service[100856]: [pid: 100856|app: 0|req: 152/292] 10.222.0.72 () {58 vars in 1325 bytes} [Thu Aug 19 12:36:35 2021] GET /volume/v3/3e5fe703cd6944c1997f2c8149dce2ab/volumes/62f260a3-f56e-4c5c-a02a-d3f5b794d8f6 => generated 912 bytes in 47 msecs (HTTP/1.1 200) 7 headers in 285 bytes (2 switches on core 0)
Aug 19 12:36:35.457220 dv-cinder-804603-3-smb devstack@c-api.service[100856]: INFO cinder.api.openstack.wsgi [req-3b4bbbc9-ec7a-44fe-9a4e-1c664573c55f req-93c20e4f-b901-4c83-a247-5dfd8b54046e tempest-VolumesNegativeTest-2087430231 tempest-VolumesNegativeTest-2087430231-project] DELETE http://10.222.0.72/volume/v3/ed399dd3f5a94d87a8bb6a08250a1f71/volumes/tempest-invalid-684790545
Aug 19 12:36:35.458032 dv-cinder-804603-3-smb devstack@c-api.service[100856]: DEBUG cinder.api.openstack.wsgi [req-3b4bbbc9-ec7a-44fe-9a4e-1c664573c55f req-93c20e4f-b901-4c83-a247-5dfd8b54046e tempest-VolumesNegativeTest-2087430231 tempest-VolumesNegativeTest-2087430231-project] Empty body provided in request {{(pid=100856) get_body /opt/stack/cinder/cinder/api/openstack/wsgi.py:703}}
Aug 19 12:36:35.458201 dv-cinder-804603-3-smb devstack@c-api.service[100856]: /usr/local/lib/python3.8/dist-packages/webob/acceptparse.py:1047: DeprecationWarning: The behavior of AcceptValidHeader.best_match is currently being maintained for backward compatibility, but it will be deprecated in the future, as it does not conform to the RFC.
Aug 19 12:36:35.458201 dv-cinder-804603-3-smb devstack@c-api.service[100856]: warnings.warn(
Aug 19 12:36:35.458763 dv-cinder-804603-3-smb devstack@c-api.service[100856]: DEBUG cinder.api.openstack.wsgi [req-3b4bbbc9-ec7a-44fe-9a4e-1c664573c55f req-93c20e4f-b901-4c83-a247-5dfd8b54046e tempest-VolumesNegativeTest-2087430231 tempest-VolumesNegativeTest-2087430231-project] Calling method 'delete' {{(pid=100856) _process_stack /opt/stack/cinder/cinder/api/openstack/wsgi.py:856}}
Aug 19 12:36:35.459335 dv-cinder-804603-3-smb devstack@c-api.service[100856]: INFO cinder.api.v3.volumes [req-3b4bbbc9-ec7a-44fe-9a4e-1c664573c55f req-93c20e4f-b901-4c83-a247-5dfd8b54046e tempest-VolumesNegativeTest-2087430231 tempest-VolumesNegativeTest-2087430231-project] Delete volume with id: tempest-invalid-684790545
Aug 19 12:36:35.473524 dv-cinder-804603-3-smb devstack@c-api.service[100856]: INFO cinder.api.openstack.wsgi [req-3b4bbbc9-ec7a-44fe-9a4e-1c664573c55f req-93c20e4f-b901-4c83-a247-5dfd8b54046e tempest-VolumesNegativeTest-2087430231 tempest-VolumesNegativeTest-2087430231-project] http://10.222.0.72/volume/v3/ed399dd3f5a94d87a8bb6a08250a1f71/volumes/tempest-invalid-684790545 returned with HTTP 404
Aug 19 12:36:35.474839 dv-cinder-804603-3-smb devstack@c-api.service[100856]: [pid: 100856|app: 0|req: 153/293] 10.222.0.72 () {62 vars in 1568 bytes} [Thu Aug 19 12:36:35 2021] DELETE /volume/v3/ed399dd3f5a94d87a8bb6a08250a1f71/volumes/tempest-invalid-684790545 => generated 98 bytes in 23 msecs (HTTP/1.1 404) 7 headers in 291 bytes (1 switches on core 0)
Aug 19 12:36:35.476678 dv-cinder-804603-3-smb devstack@c-api.service[100855]: DEBUG cinder.quota [None req-8aabd45c-e93f-4b70-b929-c9754579938f tempest-VolumesActionsTest-109847306 tempest-VolumesActionsTest-109847306-project] Created reservations ['dda88ca9-7979-469c-87be-00eb63f68eb3', '54e98c5a-4477-4883-8f3e-ab4381013ee1', '71d4576f-c6e0-40f9-bb7d-8fc69d0e3925', '384ba4f4-72a6-418b-b3ae-abd59fa0c4fe'] {{(pid=100855) reserve /opt/stack/cinder/cinder/quota.py:755}}
Aug 19 12:36:35.478890 dv-cinder-804603-3-smb devstack@c-api.service[100856]: INFO cinder.api.openstack.wsgi [None req-52fe5d6c-67c7-4e3d-b5a9-6cb1f31ddf30 tempest-VolumesTransfersTest-890525613 tempest-VolumesTransfersTest-890525613-project] GET http://10.222.0.72/volume/v3/3e5fe703cd6944c1997f2c8149dce2ab/volumes/62f260a3-f56e-4c5c-a02a-d3f5b794d8f6
Aug 19 12:36:35.479212 dv-cinder-804603-3-smb devstack@c-api.service[100856]: DEBUG cinder.api.openstack.wsgi [None req-52fe5d6c-67c7-4e3d-b5a9-6cb1f31ddf30 tempest-VolumesTransfersTest-890525613 tempest-VolumesTransfersTest-890525613-project] Empty body provided in request {{(pid=100856) get_body /opt/stack/cinder/cinder/api/openstack/wsgi.py:703}}
Aug 19 12:36:35.479331 dv-cinder-804603-3-smb devstack@c-api.service[100855]: DEBUG cinder.volume.api [None req-8aabd45c-e93f-4b70-b929-c9754579938f tempest-VolumesActionsTest-109847306 tempest-VolumesActionsTest-109847306-project] Task 'cinder.volume.flows.api.create_volume.QuotaReserveTask;volume:create' (7ce8cc8c-2be1-4ad4-9e23-15e94c31de5b) transitioned into state 'SUCCESS' from state 'RUNNING' with result '{'reservations': ['dda88ca9-7979-469c-87be-00eb63f68eb3', '54e98c5a-4477-4883-8f3e-ab4381013ee1', '71d4576f-c6e0-40f9-bb7d-8fc69d0e3925', '384ba4f4-72a6-418b-b3ae-abd59fa0c4fe']}' {{(pid=100855) _task_receiver /usr/local/lib/python3.8/dist-packages/taskflow/listeners/logging.py:178}}
Aug 19 12:36:35.479721 dv-cinder-804603-3-smb devstack@c-api.service[100856]: DEBUG cinder.api.openstack.wsgi [None req-52fe5d6c-67c7-4e3d-b5a9-6cb1f31ddf30 tempest-VolumesTransfersTest-890525613 tempest-VolumesTransfersTest-890525613-project] Calling method 'show' {{(pid=100856) _process_stack /opt/stack/cinder/cinder/api/openstack/wsgi.py:856}}
Aug 19 12:36:35.485836 dv-cinder-804603-3-smb devstack@c-api.service[100855]: DEBUG cinder.volume.api [None req-8aabd45c-e93f-4b70-b929-c9754579938f tempest-VolumesActionsTest-109847306 tempest-VolumesActionsTest-109847306-project] Task 'cinder.volume.flows.api.create_volume.EntryCreateTask;volume:create' (f346bd96-2786-42c0-9bb1-3dc8e92153fc) transitioned into state 'RUNNING' from state 'PENDING' {{(pid=100855) _task_receiver /usr/local/lib/python3.8/dist-packages/taskflow/listeners/logging.py:190}}
Aug 19 12:36:35.493696 dv-cinder-804603-3-smb devstack@c-api.service[100856]: /usr/local/lib/python3.8/dist-packages/oslo_context/context.py:105: DeprecationWarning: Policy enforcement is depending on the value of is_admin. This key is deprecated. Please update your policy file to use the standard policy values.
Aug 19 12:36:35.493696 dv-cinder-804603-3-smb devstack@c-api.service[100856]: warnings.warn('Policy enforcement is depending on the value of '
Aug 19 12:36:35.506525 dv-cinder-804603-3-smb devstack@c-api.service[100856]: INFO cinder.volume.api [None req-52fe5d6c-67c7-4e3d-b5a9-6cb1f31ddf30 tempest-VolumesTransfersTest-890525613 tempest-VolumesTransfersTest-890525613-project] Volume info retrieved successfully.
Aug 19 12:36:35.514064 dv-cinder-804603-3-smb devstack@c-api.service[100855]: DEBUG cinder.volume.api [None req-8aabd45c-e93f-4b70-b929-c9754579938f tempest-VolumesActionsTest-109847306 tempest-VolumesActionsTest-109847306-project] Task 'cinder.volume.flows.api.create_volume.EntryCreateTask;volume:create' (f346bd96-2786-42c0-9bb1-3dc8e92153fc) transitioned into state 'SUCCESS' from state 'RUNNING' with result '{'volume_id': 'b7ca571e-dc6e-45ce-beb5-de1df3cf2054', 'volume_properties': VolumeProperties(attach_status='detached',availability_zone='nova',cgsnapshot_id=None,consistencygroup_id=None,display_description=None,display_name='tempest-VolumesActionsTest-Volume-505342087',encryption_key_id=None,group_id=None,group_type_id=,metadata={},multiattach=False,project_id='eb51caf0515248ff969bbf08f265b4a6',qos_specs=None,replication_status=,reservations=['dda88ca9-7979-469c-87be-00eb63f68eb3','54e98c5a-4477-4883-8f3e-ab4381013ee1','71d4576f-c6e0-40f9-bb7d-8fc69d0e3925','384ba4f4-72a6-418b-b3ae-abd59fa0c4fe'],size=1,snapshot_id=None,source_replicaid=,source_volid=None,status='creating',user_id='adc5092d6d67463c85af477bbc0deae9',volume_type_id=811df352-ea1d-4c8a-ade2-ae1aa48c58aa), 'volume': Volume(_name_id=None,admin_metadata=,attach_status='detached',availability_zone='nova',bootable=False,cluster=,cluster_name=None,consistencygroup=,consistencygroup_id=None,created_at=2021-08-19T12:36:35Z,deleted=False,deleted_at=None,display_description=None,display_name='tempest-VolumesActionsTest-Volume-505342087',ec2_id=None,encryption_key_id=None,glance_metadata=,group=,group_id=None,host=None,id=b7ca571e-dc6e-45ce-beb5-de1df3cf2054,launched_at=None,metadata={},migration_status=None,multiattach=False,previous_status=None,project_id='eb51caf0515248ff969bbf08f265b4a6',provider_auth=None,provider_geometry=None,provider_id=None,provider_location=None,replication_driver_data=None,replication_extended_status=None,replication_status=None,scheduled_at=None,service_uuid=None,shared_targets=True,size=1,snapshot_id=None,snapshots=,source_volid=None,status='creating',terminated_at=None,updated_at=None,user_id='adc5092d6d67463c85af477bbc0deae9',volume_attachment=,volume_type=VolumeType(811df352-ea1d-4c8a-ade2-ae1aa48c58aa),volume_type_id=811df352-ea1d-4c8a-ade2-ae1aa48c58aa)}' {{(pid=100855) _task_receiver /usr/local/lib/python3.8/dist-packages/taskflow/listeners/logging.py:178}}
Aug 19 12:36:35.516463 dv-cinder-804603-3-smb devstack@c-api.service[100855]: DEBUG cinder.volume.api [None req-8aabd45c-e93f-4b70-b929-c9754579938f tempest-VolumesActionsTest-109847306 tempest-VolumesActionsTest-109847306-project] Task 'cinder.volume.flows.api.create_volume.QuotaCommitTask;volume:create' (78251021-7f16-47a2-98bc-90d351e69b3e) transitioned into state 'RUNNING' from state 'PENDING' {{(pid=100855) _task_receiver /usr/local/lib/python3.8/dist-packages/taskflow/listeners/logging.py:190}}
Aug 19 12:36:35.523983 dv-cinder-804603-3-smb devstack@c-api.service[100856]: INFO cinder.api.openstack.wsgi [None req-52fe5d6c-67c7-4e3d-b5a9-6cb1f31ddf30 tempest-VolumesTransfersTest-890525613 tempest-VolumesTransfersTest-890525613-project] http://10.222.0.72/volume/v3/3e5fe703cd6944c1997f2c8149dce2ab/volumes/62f260a3-f56e-4c5c-a02a-d3f5b794d8f6 returned with HTTP 200
Aug 19 12:36:35.524705 dv-cinder-804603-3-smb devstack@c-api.service[100856]: [pid: 100856|app: 0|req: 154/294] 10.222.0.72 () {58 vars in 1325 bytes} [Thu Aug 19 12:36:35 2021] GET /volume/v3/3e5fe703cd6944c1997f2c8149dce2ab/volumes/62f260a3-f56e-4c5c-a02a-d3f5b794d8f6 => generated 912 bytes in 49 msecs (HTTP/1.1 200) 7 headers in 285 bytes (1 switches on core 0)
Aug 19 12:36:35.528627 dv-cinder-804603-3-smb devstack@c-api.service[100856]: INFO cinder.api.openstack.wsgi [req-1874d95c-d8ce-4316-8fc9-776b4a02974d req-cbff9f2a-274f-454a-a12e-d584ac73459c tempest-VolumesNegativeTest-2087430231 tempest-VolumesNegativeTest-2087430231-project] DELETE http://10.222.0.72/volume/v3/ed399dd3f5a94d87a8bb6a08250a1f71/volumes/1c9d6078-cffb-410e-b508-a767e1eb42ed
Aug 19 12:36:35.529016 dv-cinder-804603-3-smb devstack@c-api.service[100856]: DEBUG cinder.api.openstack.wsgi [req-1874d95c-d8ce-4316-8fc9-776b4a02974d req-cbff9f2a-274f-454a-a12e-d584ac73459c tempest-VolumesNegativeTest-2087430231 tempest-VolumesNegativeTest-2087430231-project] Empty body provided in request {{(pid=100856) get_body /opt/stack/cinder/cinder/api/openstack/wsgi.py:703}}
Aug 19 12:36:35.529180 dv-cinder-804603-3-smb devstack@c-api.service[100856]: /usr/local/lib/python3.8/dist-packages/webob/acceptparse.py:1047: DeprecationWarning: The behavior of AcceptValidHeader.best_match is currently being maintained for backward compatibility, but it will be deprecated in the future, as it does not conform to the RFC.
Aug 19 12:36:35.529180 dv-cinder-804603-3-smb devstack@c-api.service[100856]: warnings.warn(
Aug 19 12:36:35.529488 dv-cinder-804603-3-smb devstack@c-api.service[100856]: DEBUG cinder.api.openstack.wsgi [req-1874d95c-d8ce-4316-8fc9-776b4a02974d req-cbff9f2a-274f-454a-a12e-d584ac73459c tempest-VolumesNegativeTest-2087430231 tempest-VolumesNegativeTest-2087430231-project] Calling method 'delete' {{(pid=100856) _process_stack /opt/stack/cinder/cinder/api/openstack/wsgi.py:856}}
Aug 19 12:36:35.529904 dv-cinder-804603-3-smb devstack@c-api.service[100856]: INFO cinder.api.v3.volumes [req-1874d95c-d8ce-4316-8fc9-776b4a02974d req-cbff9f2a-274f-454a-a12e-d584ac73459c tempest-VolumesNegativeTest-2087430231 tempest-VolumesNegativeTest-2087430231-project] Delete volume with id: 1c9d6078-cffb-410e-b508-a767e1eb42ed
Aug 19 12:36:35.540526 dv-cinder-804603-3-smb devstack@c-api.service[100856]: INFO cinder.api.openstack.wsgi [req-1874d95c-d8ce-4316-8fc9-776b4a02974d req-cbff9f2a-274f-454a-a12e-d584ac73459c tempest-VolumesNegativeTest-2087430231 tempest-VolumesNegativeTest-2087430231-project] http://10.222.0.72/volume/v3/ed399dd3f5a94d87a8bb6a08250a1f71/volumes/1c9d6078-cffb-410e-b508-a767e1eb42ed returned with HTTP 404
Aug 19 12:36:35.541403 dv-cinder-804603-3-smb devstack@c-api.service[100856]: [pid: 100856|app: 0|req: 155/295] 10.222.0.72 () {62 vars in 1601 bytes} [Thu Aug 19 12:36:35 2021] DELETE /volume/v3/ed399dd3f5a94d87a8bb6a08250a1f71/volumes/1c9d6078-cffb-410e-b508-a767e1eb42ed => generated 109 bytes in 16 msecs (HTTP/1.1 404) 7 headers in 292 bytes (1 switches on core 0)
Aug 19 12:36:35.550237 dv-cinder-804603-3-smb devstack@c-api.service[100856]: INFO cinder.api.openstack.wsgi [None req-8cecd006-ae99-4e64-ad7e-d1bd18de2274 tempest-VolumesTransfersTest-1093173366 tempest-VolumesTransfersTest-1093173366-project] DELETE http://10.222.0.72/volume/v3/ee36f2e60850447d9b83f87e2c42970d/os-volume-transfer/746ebe14-2df7-4099-9d11-17630ef3ae3d
Aug 19 12:36:35.550237 dv-cinder-804603-3-smb devstack@c-api.service[100856]: DEBUG cinder.api.openstack.wsgi [None req-8cecd006-ae99-4e64-ad7e-d1bd18de2274 tempest-VolumesTransfersTest-1093173366 tempest-VolumesTransfersTest-1093173366-project] Empty body provided in request {{(pid=100856) get_body /opt/stack/cinder/cinder/api/openstack/wsgi.py:703}}
Aug 19 12:36:35.550387 dv-cinder-804603-3-smb devstack@c-api.service[100855]: DEBUG cinder.volume.api [None req-8aabd45c-e93f-4b70-b929-c9754579938f tempest-VolumesActionsTest-109847306 tempest-VolumesActionsTest-109847306-project] Task 'cinder.volume.flows.api.create_volume.QuotaCommitTask;volume:create' (78251021-7f16-47a2-98bc-90d351e69b3e) transitioned into state 'SUCCESS' from state 'RUNNING' with result '{'volume_properties': VolumeProperties(attach_status='detached',availability_zone='nova',cgsnapshot_id=None,consistencygroup_id=None,display_description=None,display_name='tempest-VolumesActionsTest-Volume-505342087',encryption_key_id=None,group_id=None,group_type_id=,metadata={},multiattach=False,project_id='eb51caf0515248ff969bbf08f265b4a6',qos_specs=None,replication_status=,reservations=['dda88ca9-7979-469c-87be-00eb63f68eb3','54e98c5a-4477-4883-8f3e-ab4381013ee1','71d4576f-c6e0-40f9-bb7d-8fc69d0e3925','384ba4f4-72a6-418b-b3ae-abd59fa0c4fe'],size=1,snapshot_id=None,source_replicaid=,source_volid=None,status='creating',user_id='adc5092d6d67463c85af477bbc0deae9',volume_type_id=811df352-ea1d-4c8a-ade2-ae1aa48c58aa)}' {{(pid=100855) _task_receiver /usr/local/lib/python3.8/dist-packages/taskflow/listeners/logging.py:178}}
Aug 19 12:36:35.550505 dv-cinder-804603-3-smb devstack@c-api.service[100856]: DEBUG cinder.api.openstack.wsgi [None req-8cecd006-ae99-4e64-ad7e-d1bd18de2274 tempest-VolumesTransfersTest-1093173366 tempest-VolumesTransfersTest-1093173366-project] Calling method 'delete' {{(pid=100856) _process_stack /opt/stack/cinder/cinder/api/openstack/wsgi.py:856}}
Aug 19 12:36:35.550505 dv-cinder-804603-3-smb devstack@c-api.service[100856]: INFO cinder.api.contrib.volume_transfer [None req-8cecd006-ae99-4e64-ad7e-d1bd18de2274 tempest-VolumesTransfersTest-1093173366 tempest-VolumesTransfersTest-1093173366-project] Delete transfer with id: 746ebe14-2df7-4099-9d11-17630ef3ae3d
Aug 19 12:36:35.550679 dv-cinder-804603-3-smb devstack@c-api.service[100855]: DEBUG cinder.volume.api [None req-8aabd45c-e93f-4b70-b929-c9754579938f tempest-VolumesActionsTest-109847306 tempest-VolumesActionsTest-109847306-project] Task 'cinder.volume.flows.api.create_volume.VolumeCastTask;volume:create' (c4799db5-1a0c-4769-94ce-455c05efa134) transitioned into state 'RUNNING' from state 'PENDING' {{(pid=100855) _task_receiver /usr/local/lib/python3.8/dist-packages/taskflow/listeners/logging.py:190}}
Aug 19 12:36:35.556893 dv-cinder-804603-3-smb devstack@c-api.service[100856]: INFO cinder.api.openstack.wsgi [None req-8cecd006-ae99-4e64-ad7e-d1bd18de2274 tempest-VolumesTransfersTest-1093173366 tempest-VolumesTransfersTest-1093173366-project] http://10.222.0.72/volume/v3/ee36f2e60850447d9b83f87e2c42970d/os-volume-transfer/746ebe14-2df7-4099-9d11-17630ef3ae3d returned with HTTP 404
Aug 19 12:36:35.558601 dv-cinder-804603-3-smb devstack@c-api.service[100856]: [pid: 100856|app: 0|req: 156/296] 10.222.0.72 () {58 vars in 1361 bytes} [Thu Aug 19 12:36:35 2021] DELETE /volume/v3/ee36f2e60850447d9b83f87e2c42970d/os-volume-transfer/746ebe14-2df7-4099-9d11-17630ef3ae3d => generated 111 bytes in 17 msecs (HTTP/1.1 404) 7 headers in 292 bytes (1 switches on core 0)
Aug 19 12:36:35.567428 dv-cinder-804603-3-smb devstack@c-api.service[100855]: DEBUG cinder.volume.api [None req-8aabd45c-e93f-4b70-b929-c9754579938f tempest-VolumesActionsTest-109847306 tempest-VolumesActionsTest-109847306-project] Task 'cinder.volume.flows.api.create_volume.VolumeCastTask;volume:create' (c4799db5-1a0c-4769-94ce-455c05efa134) transitioned into state 'SUCCESS' from state 'RUNNING' with result 'None' {{(pid=100855) _task_receiver /usr/local/lib/python3.8/dist-packages/taskflow/listeners/logging.py:178}}
Aug 19 12:36:35.569867 dv-cinder-804603-3-smb devstack@c-api.service[100855]: DEBUG cinder.volume.api [None req-8aabd45c-e93f-4b70-b929-c9754579938f tempest-VolumesActionsTest-109847306 tempest-VolumesActionsTest-109847306-project] Flow 'volume_create_api' (e67208bd-acc4-48d8-9df5-154e490c7080) transitioned into state 'SUCCESS' from state 'RUNNING' {{(pid=100855) _flow_receiver /usr/local/lib/python3.8/dist-packages/taskflow/listeners/logging.py:141}}
Aug 19 12:36:35.570467 dv-cinder-804603-3-smb devstack@c-api.service[100855]: INFO cinder.volume.api [None req-8aabd45c-e93f-4b70-b929-c9754579938f tempest-VolumesActionsTest-109847306 tempest-VolumesActionsTest-109847306-project] Create volume request issued successfully.
Aug 19 12:36:35.580196 dv-cinder-804603-3-smb devstack@c-api.service[100855]: INFO cinder.api.openstack.wsgi [None req-8aabd45c-e93f-4b70-b929-c9754579938f tempest-VolumesActionsTest-109847306 tempest-VolumesActionsTest-109847306-project] http://10.222.0.72/volume/v3/eb51caf0515248ff969bbf08f265b4a6/volumes returned with HTTP 202
Aug 19 12:36:35.580983 dv-cinder-804603-3-smb devstack@c-api.service[100855]: [pid: 100855|app: 0|req: 141/297] 10.222.0.72 () {60 vars in 1235 bytes} [Thu Aug 19 12:36:35 2021] POST /volume/v3/eb51caf0515248ff969bbf08f265b4a6/volumes => generated 817 bytes in 269 msecs (HTTP/1.1 202) 7 headers in 291 bytes (2 switches on core 0)
Aug 19 12:36:35.591262 dv-cinder-804603-3-smb devstack@c-api.service[100855]: INFO cinder.api.openstack.wsgi [req-6d31f13f-8d7d-4761-b976-ef5975e910c6 req-d7fa5af6-5d4c-4b69-9a56-d5dd8c61da49 tempest-VolumesNegativeTest-2087430231 tempest-VolumesNegativeTest-2087430231-project] GET http://10.222.0.72/volume/v3/ed399dd3f5a94d87a8bb6a08250a1f71/volumes/7452649e-1db5-4323-8996-17a1f6bd0ed2
Aug 19 12:36:35.591708 dv-cinder-804603-3-smb devstack@c-api.service[100855]: DEBUG cinder.api.openstack.wsgi [req-6d31f13f-8d7d-4761-b976-ef5975e910c6 req-d7fa5af6-5d4c-4b69-9a56-d5dd8c61da49 tempest-VolumesNegativeTest-2087430231 tempest-VolumesNegativeTest-2087430231-project] Empty body provided in request {{(pid=100855) get_body /opt/stack/cinder/cinder/api/openstack/wsgi.py:703}}
Aug 19 12:36:35.591947 dv-cinder-804603-3-smb devstack@c-api.service[100855]: /usr/local/lib/python3.8/dist-packages/webob/acceptparse.py:1047: DeprecationWarning: The behavior of AcceptValidHeader.best_match is currently being maintained for backward compatibility, but it will be deprecated in the future, as it does not conform to the RFC.
Aug 19 12:36:35.591947 dv-cinder-804603-3-smb devstack@c-api.service[100855]: warnings.warn(
Aug 19 12:36:35.592174 dv-cinder-804603-3-smb devstack@c-api.service[100855]: DEBUG cinder.api.openstack.wsgi [req-6d31f13f-8d7d-4761-b976-ef5975e910c6 req-d7fa5af6-5d4c-4b69-9a56-d5dd8c61da49 tempest-VolumesNegativeTest-2087430231 tempest-VolumesNegativeTest-2087430231-project] Calling method 'show' {{(pid=100855) _process_stack /opt/stack/cinder/cinder/api/openstack/wsgi.py:856}}
Aug 19 12:36:35.602951 dv-cinder-804603-3-smb devstack@c-api.service[100855]: INFO cinder.api.openstack.wsgi [req-6d31f13f-8d7d-4761-b976-ef5975e910c6 req-d7fa5af6-5d4c-4b69-9a56-d5dd8c61da49 tempest-VolumesNegativeTest-2087430231 tempest-VolumesNegativeTest-2087430231-project] http://10.222.0.72/volume/v3/ed399dd3f5a94d87a8bb6a08250a1f71/volumes/7452649e-1db5-4323-8996-17a1f6bd0ed2 returned with HTTP 404
Aug 19 12:36:35.603850 dv-cinder-804603-3-smb devstack@c-api.service[100855]: [pid: 100855|app: 0|req: 142/298] 10.222.0.72 () {60 vars in 1579 bytes} [Thu Aug 19 12:36:35 2021] GET /volume/v3/ed399dd3f5a94d87a8bb6a08250a1f71/volumes/7452649e-1db5-4323-8996-17a1f6bd0ed2 => generated 109 bytes in 22 msecs (HTTP/1.1 404) 7 headers in 292 bytes (1 switches on core 0)
Aug 19 12:36:35.607541 dv-cinder-804603-3-smb devstack@c-api.service[100855]: INFO cinder.api.openstack.wsgi [None req-8c00bbea-c54f-4874-aa7d-dc52dcd78886 tempest-VolumesActionsTest-109847306 tempest-VolumesActionsTest-109847306-project] GET http://10.222.0.72/volume/v3/eb51caf0515248ff969bbf08f265b4a6/volumes/b7ca571e-dc6e-45ce-beb5-de1df3cf2054
Aug 19 12:36:35.608186 dv-cinder-804603-3-smb devstack@c-api.service[100855]: DEBUG cinder.api.openstack.wsgi [None req-8c00bbea-c54f-4874-aa7d-dc52dcd78886 tempest-VolumesActionsTest-109847306 tempest-VolumesActionsTest-109847306-project] Empty body provided in request {{(pid=100855) get_body /opt/stack/cinder/cinder/api/openstack/wsgi.py:703}}
Aug 19 12:36:35.608736 dv-cinder-804603-3-smb devstack@c-api.service[100855]: DEBUG cinder.api.openstack.wsgi [None req-8c00bbea-c54f-4874-aa7d-dc52dcd78886 tempest-VolumesActionsTest-109847306 tempest-VolumesActionsTest-109847306-project] Calling method 'show' {{(pid=100855) _process_stack /opt/stack/cinder/cinder/api/openstack/wsgi.py:856}}
