Aug 16 14:17:16.258232 dv-cinder-804584-9-smb neutron-server[94031]: DEBUG neutron.plugins.ml2.db [None req-7c678e7b-1155-45df-b5f2-771b200a7d88 None None] For port 3756a365-c767-4272-ae1f-3a07dd4d04d0, host hv-cinder-80458, got binding levels [PortBindingLevel(driver='hyperv',host='hv-cinder-80458',level=0,port_id=3756a365-c767-4272-ae1f-3a07dd4d04d0,segment=NetworkSegment(c6fe4543-616e-4554-9aa7-85b94707f091),segment_id=c6fe4543-616e-4554-9aa7-85b94707f091)] {{(pid=94031) get_binding_level_objs /opt/stack/neutron/neutron/plugins/ml2/db.py:74}}
Aug 16 14:17:16.293039 dv-cinder-804584-9-smb neutron-server[94031]: DEBUG neutron.plugins.ml2.rpc [None req-7c678e7b-1155-45df-b5f2-771b200a7d88 None None] Returning: {'device': '3756a365-c767-4272-ae1f-3a07dd4d04d0', 'network_id': 'ef4ad074-f93f-409e-9c8f-356b00155e51', 'port_id': '3756a365-c767-4272-ae1f-3a07dd4d04d0', 'mac_address': 'fa:16:3e:38:0f:73', 'admin_state_up': True, 'network_type': 'vlan', 'segmentation_id': 543, 'physical_network': 'physnet1', 'mtu': 1500, 'fixed_ips': [{'subnet_id': '79d1c080-7d81-4fbe-b22e-02d6c5e409da', 'ip_address': '172.20.0.12'}], 'device_owner': 'compute:nova', 'allowed_address_pairs': [], 'port_security_enabled': True, 'qos_policy_id': None, 'network_qos_policy_id': None, 'profile': {}, 'propagate_uplink_status': False} {{(pid=94031) _get_device_details /opt/stack/neutron/neutron/plugins/ml2/rpc.py:184}}
Aug 16 14:17:16.295188 dv-cinder-804584-9-smb neutron-server[94031]: DEBUG neutron.db.provisioning_blocks [None req-7c678e7b-1155-45df-b5f2-771b200a7d88 None None] Provisioning for port 4badb0f6-42cd-44c4-bfc6-f083c8848e42 completed by entity L2. {{(pid=94031) provisioning_complete /opt/stack/neutron/neutron/db/provisioning_blocks.py:133}}
Aug 16 14:17:16.300287 dv-cinder-804584-9-smb neutron-server[94031]: DEBUG neutron.db.provisioning_blocks [None req-7c678e7b-1155-45df-b5f2-771b200a7d88 None None] Provisioning complete for port 4badb0f6-42cd-44c4-bfc6-f083c8848e42 triggered by entity L2. {{(pid=94031) provisioning_complete /opt/stack/neutron/neutron/db/provisioning_blocks.py:139}}
Aug 16 14:17:16.300674 dv-cinder-804584-9-smb neutron-server[94031]: DEBUG neutron_lib.callbacks.manager [None req-7c678e7b-1155-45df-b5f2-771b200a7d88 None None] Notify callbacks ['neutron.plugins.ml2.plugin.Ml2Plugin._port_provisioned-1803888'] for port, provisioning_complete {{(pid=94031) _notify_loop /usr/local/lib/python3.8/dist-packages/neutron_lib/callbacks/manager.py:192}}
Aug 16 14:17:16.368143 dv-cinder-804584-9-smb neutron-server[94029]: DEBUG neutron.plugins.ml2.db [req-ce1848ef-8cf8-4a86-bd39-a36a38f49b38 req-6468463d-1781-4902-a09b-8a338812b8ef service neutron] For port bc8f975d-5642-41d2-b7b6-5620a65d8665, host hv-cinder-80458, set binding levels [PortBindingLevel(driver='hyperv',host='hv-cinder-80458',level=0,port_id=bc8f975d-5642-41d2-b7b6-5620a65d8665,segment=NetworkSegment(2347f079-268e-4eb6-b922-73c1b3d3091b),segment_id=2347f079-268e-4eb6-b922-73c1b3d3091b)] {{(pid=94029) set_binding_levels /opt/stack/neutron/neutron/plugins/ml2/db.py:59}}
Aug 16 14:17:16.394509 dv-cinder-804584-9-smb neutron-server[94029]: INFO neutron.wsgi [req-9f6f0331-6ba9-4b71-b422-09f608622900 req-87e749b1-4fc5-4141-92e5-cc9aee04c85e tempest-DeleteServersTestJSON-1863853834 tempest-DeleteServersTestJSON-1863853834-project] 10.222.0.63 "GET /v2.0/security-groups?id=d56872a9-5c5d-44a5-a8fb-3309c93c28ff&fields=id&fields=name HTTP/1.1" status: 200 len: 286 time: 0.3545396
Aug 16 14:17:16.394509 dv-cinder-804584-9-smb neutron-server[94029]: DEBUG neutron_lib.callbacks.manager [req-ce1848ef-8cf8-4a86-bd39-a36a38f49b38 req-6468463d-1781-4902-a09b-8a338812b8ef service neutron] Notify callbacks ['neutron.plugins.ml2.plugin.SecurityGroupServerNotifierRpcMixin._notify_sg_on_port_change-1731070', 'neutron.plugins.ml2.ovo_rpc._ObjectChangeHandler.handle_event-171661', 'neutron.api.rpc.agentnotifiers.dhcp_rpc_agent_api.DhcpAgentNotifyAPI._native_event_send_dhcp_notification-633623', 'neutron.db.l3_db.L3RpcNotifierMixin._notify_gateway_port_ip_changed-8752820941927', 'neutron.db.l3_dvrscheduler_db._notify_l3_agent_port_update-8752820555268', 'neutron.db.l3_hascheduler_db._notify_l3_agent_ha_port_update-8752820555286'] for port, after_update {{(pid=94029) _notify_loop /usr/local/lib/python3.8/dist-packages/neutron_lib/callbacks/manager.py:192}}
Aug 16 14:17:16.405628 dv-cinder-804584-9-smb neutron-server[94031]: DEBUG neutron_lib.callbacks.manager [None req-7c678e7b-1155-45df-b5f2-771b200a7d88 None None] Notify callbacks ['neutron.plugins.ml2.plugin.SecurityGroupDbMixin._ensure_default_security_group_handler-1729855'] for port, before_update {{(pid=94031) _notify_loop /usr/local/lib/python3.8/dist-packages/neutron_lib/callbacks/manager.py:192}}
Aug 16 14:17:16.428070 dv-cinder-804584-9-smb neutron-server[94031]: DEBUG neutron.notifiers.nova [None req-7c678e7b-1155-45df-b5f2-771b200a7d88 None None] Ignoring state change previous_port_status: DOWN current_port_status: BUILD port_id 3756a365-c767-4272-ae1f-3a07dd4d04d0 {{(pid=94031) record_port_status_changed /opt/stack/neutron/neutron/notifiers/nova.py:224}}
Aug 16 14:17:16.477711 dv-cinder-804584-9-smb neutron-server[94031]: DEBUG neutron_lib.callbacks.manager [None req-7c678e7b-1155-45df-b5f2-771b200a7d88 None None] Notify callbacks ['neutron.plugins.ml2.plugin.SecurityGroupDbMixin._ensure_default_security_group_handler-1729855'] for port, before_update {{(pid=94031) _notify_loop /usr/local/lib/python3.8/dist-packages/neutron_lib/callbacks/manager.py:192}}
Aug 16 14:17:16.494023 dv-cinder-804584-9-smb neutron-server[94029]: DEBUG neutron.pecan_wsgi.hooks.policy_enforcement [req-ce1848ef-8cf8-4a86-bd39-a36a38f49b38 req-6468463d-1781-4902-a09b-8a338812b8ef service neutron] Attributes excluded by policy engine: ['standard_attr_id'] {{(pid=94029) _exclude_attributes_by_policy /opt/stack/neutron/neutron/pecan_wsgi/hooks/policy_enforcement.py:255}}
Aug 16 14:17:16.497390 dv-cinder-804584-9-smb neutron-server[94029]: DEBUG neutron_lib.callbacks.manager [req-ce1848ef-8cf8-4a86-bd39-a36a38f49b38 req-6468463d-1781-4902-a09b-8a338812b8ef service neutron] Notify callbacks ['neutron.notifiers.nova.Notifier._send_nova_notification-174485', 'neutron.api.rpc.agentnotifiers.dhcp_rpc_agent_api.DhcpAgentNotifyAPI._send_dhcp_notification-633829'] for port, before_response {{(pid=94029) _notify_loop /usr/local/lib/python3.8/dist-packages/neutron_lib/callbacks/manager.py:192}}
Aug 16 14:17:16.500002 dv-cinder-804584-9-smb neutron-server[94029]: INFO neutron.wsgi [req-ce1848ef-8cf8-4a86-bd39-a36a38f49b38 req-6468463d-1781-4902-a09b-8a338812b8ef service neutron] 10.222.0.70 "PUT /v2.0/ports/bc8f975d-5642-41d2-b7b6-5620a65d8665 HTTP/1.1" status: 200 len: 1094 time: 2.4798436
Aug 16 14:17:16.527651 dv-cinder-804584-9-smb neutron-server[94031]: DEBUG neutron.notifiers.nova [-] Sending events: [{'server_uuid': '785abd63-3327-407f-b357-13d0a6c704b2', 'name': 'network-vif-plugged', 'status': 'completed', 'tag': '4badb0f6-42cd-44c4-bfc6-f083c8848e42'}] {{(pid=94031) send_events /opt/stack/neutron/neutron/notifiers/nova.py:262}}
Aug 16 14:17:16.576246 dv-cinder-804584-9-smb neutron-server[94029]: DEBUG neutron.pecan_wsgi.hooks.policy_enforcement [req-7d4adabc-afd6-4432-9b1f-dd0a4e95e8be req-d29ba5b3-9c87-4366-ae90-d32253aef6ca tempest-ServerRescueNegativeTestJSON-84607171 tempest-ServerRescueNegativeTestJSON-84607171-project] Attributes excluded by policy engine: ['standard_attr_id', 'binding:profile', 'binding:host_id', 'binding:vif_type', 'binding:vif_details'] {{(pid=94029) _exclude_attributes_by_policy /opt/stack/neutron/neutron/pecan_wsgi/hooks/policy_enforcement.py:255}}
Aug 16 14:17:16.588840 dv-cinder-804584-9-smb neutron-server[94029]: INFO neutron.wsgi [req-7d4adabc-afd6-4432-9b1f-dd0a4e95e8be req-d29ba5b3-9c87-4366-ae90-d32253aef6ca tempest-ServerRescueNegativeTestJSON-84607171 tempest-ServerRescueNegativeTestJSON-84607171-project] 10.222.0.63 "GET /v2.0/ports?device_id=74b08019-2777-4c54-89d9-735eea3ea92d HTTP/1.1" status: 200 len: 943 time: 0.4625137
Aug 16 14:17:16.615595 dv-cinder-804584-9-smb neutron-server[94029]: DEBUG neutron.pecan_wsgi.hooks.policy_enforcement [req-3409150a-2696-41a7-8ec8-3bea6ced571c req-3277c99b-c5c8-4f3a-a9d6-43897a68cf05 service neutron] Attributes excluded by policy engine: ['standard_attr_id'] {{(pid=94029) _exclude_attributes_by_policy /opt/stack/neutron/neutron/pecan_wsgi/hooks/policy_enforcement.py:255}}
Aug 16 14:17:16.617121 dv-cinder-804584-9-smb neutron-server[94029]: INFO neutron.wsgi [req-3409150a-2696-41a7-8ec8-3bea6ced571c req-3277c99b-c5c8-4f3a-a9d6-43897a68cf05 service neutron] 10.222.0.70 "GET /v2.0/ports?tenant_id=2969ff8cdc3742368881dcbdf3d59b99&device_id=74b08019-2777-4c54-89d9-735eea3ea92d HTTP/1.1" status: 200 len: 1096 time: 0.4884276
Aug 16 14:17:16.634282 dv-cinder-804584-9-smb neutron-server[94031]: DEBUG neutron.plugins.ml2.db [None req-7c678e7b-1155-45df-b5f2-771b200a7d88 None None] For port 3756a365-c767-4272-ae1f-3a07dd4d04d0, host hv-cinder-80458, got binding levels [PortBindingLevel(driver='hyperv',host='hv-cinder-80458',level=0,port_id=3756a365-c767-4272-ae1f-3a07dd4d04d0,segment=NetworkSegment(c6fe4543-616e-4554-9aa7-85b94707f091),segment_id=c6fe4543-616e-4554-9aa7-85b94707f091)] {{(pid=94031) get_binding_level_objs /opt/stack/neutron/neutron/plugins/ml2/db.py:74}}
Aug 16 14:17:16.644184 dv-cinder-804584-9-smb neutron-server[94031]: DEBUG neutron_lib.callbacks.manager [None req-7c678e7b-1155-45df-b5f2-771b200a7d88 None None] Notify callbacks ['neutron.plugins.ml2.plugin.SecurityGroupServerNotifierRpcMixin._notify_sg_on_port_change-1731070', 'neutron.plugins.ml2.ovo_rpc._ObjectChangeHandler.handle_event-171661', 'neutron.api.rpc.agentnotifiers.dhcp_rpc_agent_api.DhcpAgentNotifyAPI._native_event_send_dhcp_notification-633623', 'neutron.db.l3_db.L3RpcNotifierMixin._notify_gateway_port_ip_changed-8752820941927', 'neutron.db.l3_dvrscheduler_db._notify_l3_agent_port_update-8752820555268', 'neutron.db.l3_hascheduler_db._notify_l3_agent_ha_port_update-8752820555286'] for port, after_update {{(pid=94031) _notify_loop /usr/local/lib/python3.8/dist-packages/neutron_lib/callbacks/manager.py:192}}
Aug 16 14:17:16.728761 dv-cinder-804584-9-smb neutron-server[94029]: INFO neutron.wsgi [req-7d4adabc-afd6-4432-9b1f-dd0a4e95e8be req-434f7002-eeaa-44b2-be09-9ff67790adf3 tempest-ServerRescueNegativeTestJSON-84607171 tempest-ServerRescueNegativeTestJSON-84607171-project] 10.222.0.63 "GET /v2.0/security-groups?id=31c5e2b8-73f6-4824-b53d-aba7c83cfe6a&fields=id&fields=name HTTP/1.1" status: 200 len: 286 time: 0.1210561
Aug 16 14:17:16.730035 dv-cinder-804584-9-smb neutron-server[94029]: DEBUG neutron.api.rpc.handlers.resources_rpc [None req-6468463d-1781-4902-a09b-8a338812b8ef service neutron] Pushing event updated for resources: {'Port': ['ID=bc8f975d-5642-41d2-b7b6-5620a65d8665,revision_number=3']} {{(pid=94029) push /opt/stack/neutron/neutron/api/rpc/handlers/resources_rpc.py:237}}
Aug 16 14:17:16.782274 dv-cinder-804584-9-smb neutron-server[94030]: DEBUG neutron.wsgi [-] (94030) accepted ('10.222.0.63', 38832) {{(pid=94030) server /usr/local/lib/python3.8/dist-packages/eventlet/wsgi.py:982}}
Aug 16 14:17:16.801642 dv-cinder-804584-9-smb neutron-server[94031]: DEBUG neutron.plugins.ml2.db [None req-7c678e7b-1155-45df-b5f2-771b200a7d88 None None] For port 4badb0f6-42cd-44c4-bfc6-f083c8848e42, host hv-cinder-80458, got binding levels [PortBindingLevel(driver='hyperv',host='hv-cinder-80458',level=0,port_id=4badb0f6-42cd-44c4-bfc6-f083c8848e42,segment=NetworkSegment(fc9b1364-c1d3-4d6d-a38c-5fcc4082126e),segment_id=fc9b1364-c1d3-4d6d-a38c-5fcc4082126e)] {{(pid=94031) get_binding_level_objs /opt/stack/neutron/neutron/plugins/ml2/db.py:74}}
Aug 16 14:17:16.810939 dv-cinder-804584-9-smb neutron-server[94031]: DEBUG neutron.api.rpc.handlers.resources_rpc [None req-7c678e7b-1155-45df-b5f2-771b200a7d88 None None] Pushing event updated for resources: {'Port': ['ID=3756a365-c767-4272-ae1f-3a07dd4d04d0,revision_number=4']} {{(pid=94031) push /opt/stack/neutron/neutron/api/rpc/handlers/resources_rpc.py:237}}
Aug 16 14:17:16.828485 dv-cinder-804584-9-smb neutron-server[94031]: DEBUG neutron_lib.callbacks.manager [None req-7c678e7b-1155-45df-b5f2-771b200a7d88 None None] Notify callbacks ['neutron.plugins.ml2.plugin.SecurityGroupServerNotifierRpcMixin._notify_sg_on_port_change-1731070', 'neutron.plugins.ml2.ovo_rpc._ObjectChangeHandler.handle_event-171661', 'neutron.api.rpc.agentnotifiers.dhcp_rpc_agent_api.DhcpAgentNotifyAPI._native_event_send_dhcp_notification-633623', 'neutron.db.l3_db.L3RpcNotifierMixin._notify_gateway_port_ip_changed-8752820941927', 'neutron.db.l3_dvrscheduler_db._notify_l3_agent_port_update-8752820555268', 'neutron.db.l3_hascheduler_db._notify_l3_agent_ha_port_update-8752820555286'] for port, after_update {{(pid=94031) _notify_loop /usr/local/lib/python3.8/dist-packages/neutron_lib/callbacks/manager.py:192}}
Aug 16 14:17:16.872594 dv-cinder-804584-9-smb neutron-server[94029]: DEBUG neutron.pecan_wsgi.hooks.policy_enforcement [req-3409150a-2696-41a7-8ec8-3bea6ced571c req-d48dcbd2-74db-4b3a-9374-e7379c7fdb09 service neutron] Attributes excluded by policy engine: ['standard_attr_id', 'vlan_transparent'] {{(pid=94029) _exclude_attributes_by_policy /opt/stack/neutron/neutron/pecan_wsgi/hooks/policy_enforcement.py:255}}
Aug 16 14:17:16.874577 dv-cinder-804584-9-smb neutron-server[94029]: INFO neutron.wsgi [req-3409150a-2696-41a7-8ec8-3bea6ced571c req-d48dcbd2-74db-4b3a-9374-e7379c7fdb09 service neutron] 10.222.0.70 "GET /v2.0/networks?id=ef4ad074-f93f-409e-9c8f-356b00155e51 HTTP/1.1" status: 200 len: 920 time: 0.1491692
Aug 16 14:17:16.903417 dv-cinder-804584-9-smb neutron-server[94031]: DEBUG neutron.api.rpc.handlers.resources_rpc [None req-7c678e7b-1155-45df-b5f2-771b200a7d88 None None] Pushing event updated for resources: {'Port': ['ID=4badb0f6-42cd-44c4-bfc6-f083c8848e42,revision_number=5']} {{(pid=94031) push /opt/stack/neutron/neutron/api/rpc/handlers/resources_rpc.py:237}}
Aug 16 14:17:16.970099 dv-cinder-804584-9-smb neutron-server[94029]: INFO neutron.wsgi [req-3409150a-2696-41a7-8ec8-3bea6ced571c req-00dcbecc-9924-4d05-bbea-1df8fbd7e64f service neutron] 10.222.0.70 "GET /v2.0/floatingips?fixed_ip_address=172.20.0.4&port_id=645e8a2b-bae9-44b8-a975-330702ad6b72 HTTP/1.1" status: 200 len: 217 time: 0.0718942
Aug 16 14:17:16.984867 dv-cinder-804584-9-smb neutron-server[94029]: DEBUG neutron.pecan_wsgi.hooks.policy_enforcement [req-3aca1766-5767-4318-bf99-3adc942fb68a req-e98dc80b-6b0a-4c6c-9824-cc33d890eb3d tempest-AttachVolumeTestJSON-730017232 tempest-AttachVolumeTestJSON-730017232-project] Attributes excluded by policy engine: ['standard_attr_id', 'binding:profile', 'binding:host_id', 'binding:vif_type', 'binding:vif_details'] {{(pid=94029) _exclude_attributes_by_policy /opt/stack/neutron/neutron/pecan_wsgi/hooks/policy_enforcement.py:255}}
Aug 16 14:17:16.987531 dv-cinder-804584-9-smb neutron-server[94029]: INFO neutron.wsgi [req-3aca1766-5767-4318-bf99-3adc942fb68a req-e98dc80b-6b0a-4c6c-9824-cc33d890eb3d tempest-AttachVolumeTestJSON-730017232 tempest-AttachVolumeTestJSON-730017232-project] 10.222.0.63 "GET /v2.0/ports?device_id=b095d2ed-8748-4837-a84d-2ffa5efc6e98 HTTP/1.1" status: 200 len: 944 time: 0.3975885
Aug 16 14:17:17.034824 dv-cinder-804584-9-smb neutron-server[94030]: DEBUG neutron_lib.callbacks.manager [None req-05fd2ddd-9ee2-4737-b265-f6f1b50015f8 admin admin] Notify callbacks [] for security_group, before_create {{(pid=94030) _notify_loop /usr/local/lib/python3.8/dist-packages/neutron_lib/callbacks/manager.py:192}}
Aug 16 14:17:17.088055 dv-cinder-804584-9-smb neutron-server[94031]: DEBUG neutron.plugins.ml2.db [None req-7c678e7b-1155-45df-b5f2-771b200a7d88 None None] get_ports_and_sgs() called for port_ids ['3756a365-c767-4272-ae1f-3a07dd4d04d0'] {{(pid=94031) get_ports_and_sgs /opt/stack/neutron/neutron/plugins/ml2/db.py:156}}
Aug 16 14:17:17.094075 dv-cinder-804584-9-smb neutron-server[94029]: DEBUG neutron.pecan_wsgi.hooks.policy_enforcement [req-ce1848ef-8cf8-4a86-bd39-a36a38f49b38 req-b767257c-4b72-4e11-80e6-6c17712b18bc service neutron] Attributes excluded by policy engine: ['standard_attr_id'] {{(pid=94029) _exclude_attributes_by_policy /opt/stack/neutron/neutron/pecan_wsgi/hooks/policy_enforcement.py:255}}
Aug 16 14:17:17.096094 dv-cinder-804584-9-smb neutron-server[94029]: INFO neutron.wsgi [req-ce1848ef-8cf8-4a86-bd39-a36a38f49b38 req-b767257c-4b72-4e11-80e6-6c17712b18bc service neutron] 10.222.0.70 "GET /v2.0/ports?tenant_id=e35f4d99854d4e57bfd0ce0826a4c7a0&device_id=b095d2ed-8748-4837-a84d-2ffa5efc6e98 HTTP/1.1" status: 200 len: 1097 time: 0.4185691
Aug 16 14:17:17.106918 dv-cinder-804584-9-smb neutron-server[94029]: INFO neutron.wsgi [req-3aca1766-5767-4318-bf99-3adc942fb68a req-698a1f6e-1c43-42ea-a02e-dc376581de96 tempest-AttachVolumeTestJSON-730017232 tempest-AttachVolumeTestJSON-730017232-project] 10.222.0.63 "GET /v2.0/security-groups?id=2a7958c0-b7a9-4ad2-9cc9-d4704c5e539d&fields=id&fields=name HTTP/1.1" status: 200 len: 312 time: 0.1039455
Aug 16 14:17:17.108830 dv-cinder-804584-9-smb neutron-server[94029]: DEBUG neutron.pecan_wsgi.hooks.policy_enforcement [req-3409150a-2696-41a7-8ec8-3bea6ced571c req-d8f091e5-d177-42ad-b80d-7f6584df0f81 service neutron] Attributes excluded by policy engine: ['standard_attr_id', 'shared'] {{(pid=94029) _exclude_attributes_by_policy /opt/stack/neutron/neutron/pecan_wsgi/hooks/policy_enforcement.py:255}}
Aug 16 14:17:17.110860 dv-cinder-804584-9-smb neutron-server[94029]: INFO neutron.wsgi [req-3409150a-2696-41a7-8ec8-3bea6ced571c req-d8f091e5-d177-42ad-b80d-7f6584df0f81 service neutron] 10.222.0.70 "GET /v2.0/subnets?id=79d1c080-7d81-4fbe-b22e-02d6c5e409da HTTP/1.1" status: 200 len: 859 time: 0.1208880
Aug 16 14:17:17.194999 dv-cinder-804584-9-smb neutron-server[94031]: DEBUG novaclient.v2.client [-] REQ: curl -g -i --cacert "/opt/stack/data/ca-bundle.pem" -X POST http://10.222.0.63/compute/v2.1/os-server-external-events -H "Accept: application/json" -H "Content-Type: application/json" -H "User-Agent: python-novaclient" -H "X-Auth-Token: {SHA256}4b14ae7fa834065fc893bf6b82ef2f1aeda97287fbfb7f57cb6d48c8024d5d3b" -H "X-OpenStack-Nova-API-Version: 2.1" -H "X-OpenStack-Request-ID: req-aacc200a-99d7-41de-9282-5899810db62d" -d '{"events": [{"server_uuid": "785abd63-3327-407f-b357-13d0a6c704b2", "name": "network-vif-plugged", "status": "completed", "tag": "4badb0f6-42cd-44c4-bfc6-f083c8848e42"}]}' {{(pid=94031) _http_log_request /usr/local/lib/python3.8/dist-packages/keystoneauth1/session.py:519}}
Aug 16 14:17:17.233342 dv-cinder-804584-9-smb neutron-server[94030]: DEBUG neutron_lib.callbacks.manager [None req-05fd2ddd-9ee2-4737-b265-f6f1b50015f8 admin admin] Notify callbacks [] for security_group, precommit_create {{(pid=94030) _notify_loop /usr/local/lib/python3.8/dist-packages/neutron_lib/callbacks/manager.py:192}}
Aug 16 14:17:17.241323 dv-cinder-804584-9-smb neutron-server[94030]: DEBUG neutron_lib.callbacks.manager [None req-05fd2ddd-9ee2-4737-b265-f6f1b50015f8 admin admin] Notify callbacks ['neutron.plugins.ml2.ovo_rpc._ObjectChangeHandler.handle_event-619680'] for security_group, after_create {{(pid=94030) _notify_loop /usr/local/lib/python3.8/dist-packages/neutron_lib/callbacks/manager.py:192}}
Aug 16 14:17:17.254703 dv-cinder-804584-9-smb neutron-server[94029]: INFO neutron.wsgi [req-9dba5295-353b-4249-b830-c57076dc86bc req-76330676-ff77-4136-b11b-5531767e6a09 tempest-AttachVolumeShelveTestJSON-631734723 tempest-AttachVolumeShelveTestJSON-631734723-project] 10.222.0.63 "GET /v2.0/ports?device_id=1383a1a0-5581-40d4-87e9-f562a610e4c0 HTTP/1.1" status: 200 len: 210 time: 0.1324325
Aug 16 14:17:17.283116 dv-cinder-804584-9-smb neutron-server[94029]: INFO neutron.wsgi [req-ce1848ef-8cf8-4a86-bd39-a36a38f49b38 req-bfdd0e60-7469-4d5d-8e18-e87551b256d1 service neutron] 10.222.0.70 "GET /v2.0/floatingips?fixed_ip_address=172.20.0.12&port_id=bc8f975d-5642-41d2-b7b6-5620a65d8665 HTTP/1.1" status: 200 len: 217 time: 0.1295724
Aug 16 14:17:17.287439 dv-cinder-804584-9-smb neutron-server[94029]: INFO neutron.wsgi [req-3409150a-2696-41a7-8ec8-3bea6ced571c req-0b73770d-0a64-4f81-a4b9-64ab96258778 service neutron] 10.222.0.70 "GET /v2.0/ports?network_id=ef4ad074-f93f-409e-9c8f-356b00155e51&device_owner=network%3Adhcp HTTP/1.1" status: 200 len: 210 time: 0.1490769
Aug 16 14:17:17.376337 dv-cinder-804584-9-smb neutron-server[94030]: INFO neutron.wsgi [None req-05fd2ddd-9ee2-4737-b265-f6f1b50015f8 admin admin] 10.222.0.63 "GET /v2.0/security-groups?tenant_id=14b0634745a844d9bd6ea4f5e78fc27f&name=default HTTP/1.1" status: 200 len: 2979 time: 0.5926249
Aug 16 14:17:17.376969 dv-cinder-804584-9-smb neutron-server[94030]: DEBUG neutron.wsgi [-] (94030) accepted ('10.222.0.63', 38870) {{(pid=94030) server /usr/local/lib/python3.8/dist-packages/eventlet/wsgi.py:982}}
Aug 16 14:17:17.379037 dv-cinder-804584-9-smb neutron-server[94030]: DEBUG neutron.api.rpc.handlers.resources_rpc [None req-05fd2ddd-9ee2-4737-b265-f6f1b50015f8 admin admin] Pushing event updated for resources: {'SecurityGroup': ['ID=b32a7d41-9b2c-40d1-8f59-306e48a09656,revision_number=1']} {{(pid=94030) push /opt/stack/neutron/neutron/api/rpc/handlers/resources_rpc.py:237}}
Aug 16 14:17:17.473525 dv-cinder-804584-9-smb neutron-server[94029]: DEBUG neutron.pecan_wsgi.hooks.policy_enforcement [req-ce1848ef-8cf8-4a86-bd39-a36a38f49b38 req-29787a97-a0c6-460c-bf4b-eea60719e1b7 service neutron] Attributes excluded by policy engine: ['standard_attr_id', 'shared'] {{(pid=94029) _exclude_attributes_by_policy /opt/stack/neutron/neutron/pecan_wsgi/hooks/policy_enforcement.py:255}}
Aug 16 14:17:17.474207 dv-cinder-804584-9-smb neutron-server[94030]: DEBUG neutron_lib.callbacks.manager [None req-dc36c9aa-f9f6-4203-b3eb-14e298da77e4 admin admin] Notify callbacks [] for security_group, before_delete {{(pid=94030) _notify_loop /usr/local/lib/python3.8/dist-packages/neutron_lib/callbacks/manager.py:192}}
Aug 16 14:17:17.476528 dv-cinder-804584-9-smb neutron-server[94029]: INFO neutron.wsgi [req-ce1848ef-8cf8-4a86-bd39-a36a38f49b38 req-29787a97-a0c6-460c-bf4b-eea60719e1b7 service neutron] 10.222.0.70 "GET /v2.0/subnets?id=ef3d9adc-1430-4383-a998-2f05157315f3 HTTP/1.1" status: 200 len: 850 time: 0.1751807
Aug 16 14:17:17.527202 dv-cinder-804584-9-smb neutron-server[94030]: DEBUG neutron_lib.callbacks.manager [None req-dc36c9aa-f9f6-4203-b3eb-14e298da77e4 admin admin] Notify callbacks [] for security_group, precommit_delete {{(pid=94030) _notify_loop /usr/local/lib/python3.8/dist-packages/neutron_lib/callbacks/manager.py:192}}
Aug 16 14:17:17.528313 dv-cinder-804584-9-smb neutron-server[94029]: INFO neutron.wsgi [req-3409150a-2696-41a7-8ec8-3bea6ced571c req-0915371c-10f4-40e5-9ffc-97ddb7ad3e9b service neutron] 10.222.0.70 "GET /v2.0/networks/ef4ad074-f93f-409e-9c8f-356b00155e51?fields=segments HTTP/1.1" status: 200 len: 212 time: 0.2255621
Aug 16 14:17:17.725544 dv-cinder-804584-9-smb neutron-server[94031]: DEBUG novaclient.v2.client [-] RESP: [200] Connection: close Content-Length: 183 Content-Type: application/json Date: Mon, 16 Aug 2021 14:17:17 GMT OpenStack-API-Version: compute 2.1 Server: Apache/2.4.41 (Ubuntu) Vary: OpenStack-API-Version,X-OpenStack-Nova-API-Version X-OpenStack-Nova-API-Version: 2.1 x-compute-request-id: req-75247cea-5eff-4b67-8d6f-7cc501a6ace6 x-openstack-request-id: req-75247cea-5eff-4b67-8d6f-7cc501a6ace6 {{(pid=94031) _http_log_response /usr/local/lib/python3.8/dist-packages/keystoneauth1/session.py:550}}
Aug 16 14:17:17.726059 dv-cinder-804584-9-smb neutron-server[94031]: DEBUG novaclient.v2.client [-] RESP BODY: {"events": [{"server_uuid": "785abd63-3327-407f-b357-13d0a6c704b2", "name": "network-vif-plugged", "status": "completed", "tag": "4badb0f6-42cd-44c4-bfc6-f083c8848e42", "code": 200}]} {{(pid=94031) _http_log_response /usr/local/lib/python3.8/dist-packages/keystoneauth1/session.py:582}}
Aug 16 14:17:17.727399 dv-cinder-804584-9-smb neutron-server[94031]: DEBUG novaclient.v2.client [-] POST call to compute for http://10.222.0.63/compute/v2.1/os-server-external-events used request id req-75247cea-5eff-4b67-8d6f-7cc501a6ace6 {{(pid=94031) request /usr/local/lib/python3.8/dist-packages/keystoneauth1/session.py:954}}
Aug 16 14:17:17.727399 dv-cinder-804584-9-smb neutron-server[94031]: INFO neutron.notifiers.nova [-] Nova event response: {'server_uuid': '785abd63-3327-407f-b357-13d0a6c704b2', 'name': 'network-vif-plugged', 'status': 'completed', 'tag': '4badb0f6-42cd-44c4-bfc6-f083c8848e42', 'code': 200}
Aug 16 14:17:17.748266 dv-cinder-804584-9-smb neutron-server[94030]: DEBUG neutron_lib.callbacks.manager [None req-dc36c9aa-f9f6-4203-b3eb-14e298da77e4 admin admin] Notify callbacks ['neutron.plugins.ml2.ovo_rpc._ObjectChangeHandler.handle_event-619680'] for security_group, after_delete {{(pid=94030) _notify_loop /usr/local/lib/python3.8/dist-packages/neutron_lib/callbacks/manager.py:192}}
Aug 16 14:17:17.750865 dv-cinder-804584-9-smb neutron-server[94030]: DEBUG neutron_lib.callbacks.manager [None req-dc36c9aa-f9f6-4203-b3eb-14e298da77e4 admin admin] Notify callbacks [] for security_group, before_response {{(pid=94030) _notify_loop /usr/local/lib/python3.8/dist-packages/neutron_lib/callbacks/manager.py:192}}
Aug 16 14:17:17.754319 dv-cinder-804584-9-smb neutron-server[94030]: INFO neutron.wsgi [None req-dc36c9aa-f9f6-4203-b3eb-14e298da77e4 admin admin] 10.222.0.63 "DELETE /v2.0/security-groups/b32a7d41-9b2c-40d1-8f59-306e48a09656 HTTP/1.1" status: 204 len: 168 time: 0.3739510
Aug 16 14:17:17.798767 dv-cinder-804584-9-smb neutron-server[94030]: DEBUG neutron.pecan_wsgi.hooks.policy_enforcement [req-f2355bf3-37ce-4285-a895-34cfb257a25f req-32ccf0ec-8122-4429-a685-e62617f34876 tempest-AttachVolumeShelveTestJSON-631734723 tempest-AttachVolumeShelveTestJSON-631734723-project] Attributes excluded by policy engine: ['standard_attr_id', 'vlan_transparent', 'provider:network_type', 'provider:physical_network', 'provider:segmentation_id'] {{(pid=94030) _exclude_attributes_by_policy /opt/stack/neutron/neutron/pecan_wsgi/hooks/policy_enforcement.py:255}}
Aug 16 14:17:17.819550 dv-cinder-804584-9-smb neutron-server[94030]: INFO neutron.wsgi [req-f2355bf3-37ce-4285-a895-34cfb257a25f req-32ccf0ec-8122-4429-a685-e62617f34876 tempest-AttachVolumeShelveTestJSON-631734723 tempest-AttachVolumeShelveTestJSON-631734723-project] 10.222.0.70 "GET /v2.0/networks?id=d6070f27-837d-48f0-ac9b-95c6dc04f102 HTTP/1.1" status: 200 len: 816 time: 0.3187723
Aug 16 14:17:17.847396 dv-cinder-804584-9-smb neutron-server[94030]: DEBUG neutron.api.rpc.handlers.resources_rpc [None req-dc36c9aa-f9f6-4203-b3eb-14e298da77e4 admin admin] Pushing event deleted for resources: {'SecurityGroup': ['ID=b32a7d41-9b2c-40d1-8f59-306e48a09656,revision_number=None']} {{(pid=94030) push /opt/stack/neutron/neutron/api/rpc/handlers/resources_rpc.py:237}}
Aug 16 14:17:17.961188 dv-cinder-804584-9-smb neutron-server[94030]: INFO neutron.wsgi [req-f2355bf3-37ce-4285-a895-34cfb257a25f req-c6e6b166-791d-4df7-bc6a-b8b2b9a0ef21 tempest-AttachVolumeShelveTestJSON-631734723 tempest-AttachVolumeShelveTestJSON-631734723-project] 10.222.0.70 "GET /v2.0/security-groups?fields=id&fields=name&tenant_id=1c6c9a87e5ea4e1ab878f6c1e7cc7364 HTTP/1.1" status: 200 len: 379 time: 0.1115904
Aug 16 14:17:17.978482 dv-cinder-804584-9-smb neutron-server[94029]: DEBUG neutron.notifiers.nova [-] Sending events: [{'name': 'network-changed', 'server_uuid': 'b095d2ed-8748-4837-a84d-2ffa5efc6e98', 'tag': 'bc8f975d-5642-41d2-b7b6-5620a65d8665'}] {{(pid=94029) send_events /opt/stack/neutron/neutron/notifiers/nova.py:262}}
Aug 16 14:17:17.981166 dv-cinder-804584-9-smb neutron-server[94029]: DEBUG novaclient.v2.client [-] REQ: curl -g -i --cacert "/opt/stack/data/ca-bundle.pem" -X POST http://10.222.0.63/compute/v2.1/os-server-external-events -H "Accept: application/json" -H "Content-Type: application/json" -H "User-Agent: python-novaclient" -H "X-Auth-Token: {SHA256}08340c743a3b108310b9d615640f817ec8d8e454d377403b07bb27d51e0c8cbf" -H "X-OpenStack-Nova-API-Version: 2.1" -H "X-OpenStack-Request-ID: req-44073568-136d-43de-af25-ee8887c091ad" -d '{"events": [{"name": "network-changed", "server_uuid": "b095d2ed-8748-4837-a84d-2ffa5efc6e98", "tag": "bc8f975d-5642-41d2-b7b6-5620a65d8665"}]}' {{(pid=94029) _http_log_request /usr/local/lib/python3.8/dist-packages/keystoneauth1/session.py:519}}
Aug 16 14:17:17.996594 dv-cinder-804584-9-smb neutron-server[94030]: DEBUG neutron.api.v2.base [req-f2355bf3-37ce-4285-a895-34cfb257a25f req-efbf617d-6685-4ec2-809f-36603a7cca38 tempest-AttachVolumeShelveTestJSON-631734723 tempest-AttachVolumeShelveTestJSON-631734723-project] Request body: {'port': {'device_id': '1383a1a0-5581-40d4-87e9-f562a610e4c0', 'network_id': 'd6070f27-837d-48f0-ac9b-95c6dc04f102', 'admin_state_up': True, 'tenant_id': '1c6c9a87e5ea4e1ab878f6c1e7cc7364', 'security_groups': ['ba5db223-5b6c-4765-a23d-e0639d12473e']}} {{(pid=94030) prepare_request_body /opt/stack/neutron/neutron/api/v2/base.py:729}}
Aug 16 14:17:18.028841 dv-cinder-804584-9-smb neutron-server[94030]: DEBUG neutron.wsgi [-] (94030) accepted ('10.222.0.70', 50240) {{(pid=94030) server /usr/local/lib/python3.8/dist-packages/eventlet/wsgi.py:982}}
Aug 16 14:17:18.089509 dv-cinder-804584-9-smb neutron-server[94029]: DEBUG neutron.pecan_wsgi.hooks.policy_enforcement [req-ce1848ef-8cf8-4a86-bd39-a36a38f49b38 req-69a1cfa3-6905-461c-bccb-285a30e6be0d service neutron] Attributes excluded by policy engine: ['standard_attr_id'] {{(pid=94029) _exclude_attributes_by_policy /opt/stack/neutron/neutron/pecan_wsgi/hooks/policy_enforcement.py:255}}
Aug 16 14:17:18.091051 dv-cinder-804584-9-smb neutron-server[94029]: INFO neutron.wsgi [req-ce1848ef-8cf8-4a86-bd39-a36a38f49b38 req-69a1cfa3-6905-461c-bccb-285a30e6be0d service neutron] 10.222.0.70 "GET /v2.0/ports?network_id=11ea2bee-98ec-42a4-9468-6f8d1eb9ce1c&device_owner=network%3Adhcp HTTP/1.1" status: 200 len: 1173 time: 0.5618584
Aug 16 14:17:18.109850 dv-cinder-804584-9-smb neutron-server[94029]: DEBUG neutron.pecan_wsgi.hooks.policy_enforcement [req-02acb347-69c4-497a-bba4-5e2f4b5f7e90 req-94ef7313-18f2-4e22-9879-bf9125140601 tempest-ServerRescueNegativeTestJSON-84607171 tempest-ServerRescueNegativeTestJSON-84607171-project] Attributes excluded by policy engine: ['standard_attr_id', 'binding:profile', 'binding:host_id', 'binding:vif_type', 'binding:vif_details'] {{(pid=94029) _exclude_attributes_by_policy /opt/stack/neutron/neutron/pecan_wsgi/hooks/policy_enforcement.py:255}}
Aug 16 14:17:18.118714 dv-cinder-804584-9-smb neutron-server[94029]: INFO neutron.wsgi [req-02acb347-69c4-497a-bba4-5e2f4b5f7e90 req-94ef7313-18f2-4e22-9879-bf9125140601 tempest-ServerRescueNegativeTestJSON-84607171 tempest-ServerRescueNegativeTestJSON-84607171-project] 10.222.0.63 "GET /v2.0/ports?device_id=74b08019-2777-4c54-89d9-735eea3ea92d HTTP/1.1" status: 200 len: 943 time: 0.1237366
Aug 16 14:17:18.119203 dv-cinder-804584-9-smb neutron-server[94031]: DEBUG neutron.plugins.ml2.rpc [None req-7c678e7b-1155-45df-b5f2-771b200a7d88 None None] Device 3756a365-c767-4272-ae1f-3a07dd4d04d0 up at agent hyperv_hv-cinder-80458 {{(pid=94031) update_device_up /opt/stack/neutron/neutron/plugins/ml2/rpc.py:296}}
Aug 16 14:17:18.193420 dv-cinder-804584-9-smb neutron-server[94030]: DEBUG neutron.pecan_wsgi.hooks.policy_enforcement [req-a02a66d1-2daf-47e2-a658-d485be28485b req-51a00ced-7960-4c7a-92b8-04c03585d62b service neutron] Attributes excluded by policy engine: ['standard_attr_id'] {{(pid=94030) _exclude_attributes_by_policy /opt/stack/neutron/neutron/pecan_wsgi/hooks/policy_enforcement.py:255}}
Aug 16 14:17:18.195649 dv-cinder-804584-9-smb neutron-server[94030]: INFO neutron.wsgi [req-a02a66d1-2daf-47e2-a658-d485be28485b req-51a00ced-7960-4c7a-92b8-04c03585d62b service neutron] 10.222.0.70 "GET /v2.0/ports?device_id=785abd63-3327-407f-b357-13d0a6c704b2 HTTP/1.1" status: 200 len: 1099 time: 0.1654871
Aug 16 14:17:18.234617 dv-cinder-804584-9-smb neutron-server[94030]: DEBUG neutron_lib.callbacks.manager [req-a02a66d1-2daf-47e2-a658-d485be28485b req-f1236561-e6af-4f69-9762-92688749b17e service neutron] Notify callbacks [] for security_group, before_create {{(pid=94030) _notify_loop /usr/local/lib/python3.8/dist-packages/neutron_lib/callbacks/manager.py:192}}
Aug 16 14:17:18.243438 dv-cinder-804584-9-smb neutron-server[94031]: DEBUG neutron.db.provisioning_blocks [None req-7c678e7b-1155-45df-b5f2-771b200a7d88 None None] Provisioning for port 3756a365-c767-4272-ae1f-3a07dd4d04d0 completed by entity L2. {{(pid=94031) provisioning_complete /opt/stack/neutron/neutron/db/provisioning_blocks.py:133}}
Aug 16 14:17:18.250201 dv-cinder-804584-9-smb neutron-server[94031]: DEBUG neutron.db.provisioning_blocks [None req-7c678e7b-1155-45df-b5f2-771b200a7d88 None None] Provisioning complete for port 3756a365-c767-4272-ae1f-3a07dd4d04d0 triggered by entity L2. {{(pid=94031) provisioning_complete /opt/stack/neutron/neutron/db/provisioning_blocks.py:139}}
Aug 16 14:17:18.250578 dv-cinder-804584-9-smb neutron-server[94031]: DEBUG neutron_lib.callbacks.manager [None req-7c678e7b-1155-45df-b5f2-771b200a7d88 None None] Notify callbacks ['neutron.plugins.ml2.plugin.Ml2Plugin._port_provisioned-1803888'] for port, provisioning_complete {{(pid=94031) _notify_loop /usr/local/lib/python3.8/dist-packages/neutron_lib/callbacks/manager.py:192}}
Aug 16 14:17:18.251254 dv-cinder-804584-9-smb neutron-server[94029]: DEBUG neutron.pecan_wsgi.hooks.policy_enforcement [req-1ee1ae1c-39d1-4e48-b0b7-02ec4e39b8d0 req-53977c4c-7f35-4538-9aac-5869d9c4dc01 tempest-DeleteServersTestJSON-1863853834 tempest-DeleteServersTestJSON-1863853834-project] Attributes excluded by policy engine: ['standard_attr_id', 'binding:profile', 'binding:host_id', 'binding:vif_type', 'binding:vif_details'] {{(pid=94029) _exclude_attributes_by_policy /opt/stack/neutron/neutron/pecan_wsgi/hooks/policy_enforcement.py:255}}
Aug 16 14:17:18.252846 dv-cinder-804584-9-smb neutron-server[94029]: INFO neutron.wsgi [req-1ee1ae1c-39d1-4e48-b0b7-02ec4e39b8d0 req-53977c4c-7f35-4538-9aac-5869d9c4dc01 tempest-DeleteServersTestJSON-1863853834 tempest-DeleteServersTestJSON-1863853834-project] 10.222.0.63 "GET /v2.0/ports?device_id=785abd63-3327-407f-b357-13d0a6c704b2 HTTP/1.1" status: 200 len: 946 time: 0.6775939
Aug 16 14:17:18.266826 dv-cinder-804584-9-smb neutron-server[94029]: INFO neutron.wsgi [req-ce1848ef-8cf8-4a86-bd39-a36a38f49b38 req-a6259cec-241f-4038-84b6-3d1d1c404956 service neutron] 10.222.0.70 "GET /v2.0/networks/11ea2bee-98ec-42a4-9468-6f8d1eb9ce1c?fields=segments HTTP/1.1" status: 200 len: 212 time: 0.1654842
Aug 16 14:17:18.387795 dv-cinder-804584-9-smb neutron-server[94030]: DEBUG neutron.wsgi [-] (94030) accepted ('10.222.0.63', 38940) {{(pid=94030) server /usr/local/lib/python3.8/dist-packages/eventlet/wsgi.py:982}}
Aug 16 14:17:18.388690 dv-cinder-804584-9-smb neutron-server[94029]: INFO neutron.wsgi [req-1ee1ae1c-39d1-4e48-b0b7-02ec4e39b8d0 req-06c380ba-be38-474e-b772-87bc01669171 tempest-DeleteServersTestJSON-1863853834 tempest-DeleteServersTestJSON-1863853834-project] 10.222.0.63 "GET /v2.0/security-groups?id=d56872a9-5c5d-44a5-a8fb-3309c93c28ff&fields=id&fields=name HTTP/1.1" status: 200 len: 286 time: 0.1238627
Aug 16 14:17:18.388690 dv-cinder-804584-9-smb neutron-server[94029]: INFO neutron.wsgi [req-3409150a-2696-41a7-8ec8-3bea6ced571c req-66809d31-7045-4f1e-8b0f-c069c10e9e4e service neutron] 10.222.0.70 "GET /v2.0/networks/ef4ad074-f93f-409e-9c8f-356b00155e51?fields=provider%3Aphysical_network&fields=provider%3Anetwork_type HTTP/1.1" status: 200 len: 281 time: 0.8274722
Aug 16 14:17:18.402350 dv-cinder-804584-9-smb neutron-server[94029]: INFO neutron.wsgi [req-02acb347-69c4-497a-bba4-5e2f4b5f7e90 req-b4e9c907-6437-422e-9ed1-13d1e1576ce3 tempest-ServerRescueNegativeTestJSON-84607171 tempest-ServerRescueNegativeTestJSON-84607171-project] 10.222.0.63 "GET /v2.0/security-groups?id=31c5e2b8-73f6-4824-b53d-aba7c83cfe6a&fields=id&fields=name HTTP/1.1" status: 200 len: 286 time: 0.2812126
Aug 16 14:17:18.419461 dv-cinder-804584-9-smb neutron-server[94030]: DEBUG neutron_lib.db.api [req-f2355bf3-37ce-4285-a895-34cfb257a25f req-efbf617d-6685-4ec2-809f-36603a7cca38 tempest-AttachVolumeShelveTestJSON-631734723 tempest-AttachVolumeShelveTestJSON-631734723-project] Retry wrapper got retriable exception: (pymysql.err.OperationalError) (1213, 'Deadlock found when trying to get lock; try restarting transaction')
Aug 16 14:17:18.419461 dv-cinder-804584-9-smb neutron-server[94030]: [SQL: INSERT INTO reservations (project_id, id, expiration) VALUES (%(project_id)s, %(id)s, %(expiration)s)]
Aug 16 14:17:18.419461 dv-cinder-804584-9-smb neutron-server[94030]: [parameters: {'project_id': '1c6c9a87e5ea4e1ab878f6c1e7cc7364', 'id': '10af14a1-c743-435b-9dd9-8135ec37418a', 'expiration': datetime.datetime(2021, 8, 16, 14, 19, 18, 277002)}]
Aug 16 14:17:18.419461 dv-cinder-804584-9-smb neutron-server[94030]: (Background on this error at: https://sqlalche.me/e/14/e3q8) {{(pid=94030) wrapped /usr/local/lib/python3.8/dist-packages/neutron_lib/db/api.py:183}}
Aug 16 14:17:18.420501 dv-cinder-804584-9-smb neutron-server[94030]: DEBUG oslo_db.api [req-f2355bf3-37ce-4285-a895-34cfb257a25f req-efbf617d-6685-4ec2-809f-36603a7cca38 tempest-AttachVolumeShelveTestJSON-631734723 tempest-AttachVolumeShelveTestJSON-631734723-project] Performing DB retry for function neutron.db.quota.driver_nolock.DbQuotaNoLockDriver.make_reservation {{(pid=94030) wrapper /usr/local/lib/python3.8/dist-packages/oslo_db/api.py:155}}
Aug 16 14:17:18.474191 dv-cinder-804584-9-smb neutron-server[94030]: DEBUG neutron_lib.callbacks.manager [req-a02a66d1-2daf-47e2-a658-d485be28485b req-f1236561-e6af-4f69-9762-92688749b17e service neutron] Notify callbacks [] for security_group, precommit_create {{(pid=94030) _notify_loop /usr/local/lib/python3.8/dist-packages/neutron_lib/callbacks/manager.py:192}}
Aug 16 14:17:18.485770 dv-cinder-804584-9-smb neutron-server[94030]: DEBUG neutron_lib.callbacks.manager [req-a02a66d1-2daf-47e2-a658-d485be28485b req-f1236561-e6af-4f69-9762-92688749b17e service neutron] Notify callbacks ['neutron.plugins.ml2.ovo_rpc._ObjectChangeHandler.handle_event-619680'] for security_group, after_create {{(pid=94030) _notify_loop /usr/local/lib/python3.8/dist-packages/neutron_lib/callbacks/manager.py:192}}
Aug 16 14:17:18.492083 dv-cinder-804584-9-smb neutron-server[94029]: DEBUG novaclient.v2.client [-] RESP: [200] Connection: close Content-Length: 179 Content-Type: application/json Date: Mon, 16 Aug 2021 14:17:17 GMT OpenStack-API-Version: compute 2.1 Server: Apache/2.4.41 (Ubuntu) Vary: OpenStack-API-Version,X-OpenStack-Nova-API-Version X-OpenStack-Nova-API-Version: 2.1 x-compute-request-id: req-b2363c92-1c24-48fe-8875-33f029a036a9 x-openstack-request-id: req-b2363c92-1c24-48fe-8875-33f029a036a9 {{(pid=94029) _http_log_response /usr/local/lib/python3.8/dist-packages/keystoneauth1/session.py:550}}
Aug 16 14:17:18.493021 dv-cinder-804584-9-smb neutron-server[94029]: DEBUG novaclient.v2.client [-] RESP BODY: {"events": [{"name": "network-changed", "server_uuid": "b095d2ed-8748-4837-a84d-2ffa5efc6e98", "tag": "bc8f975d-5642-41d2-b7b6-5620a65d8665", "status": "completed", "code": 200}]} {{(pid=94029) _http_log_response /usr/local/lib/python3.8/dist-packages/keystoneauth1/session.py:582}}
Aug 16 14:17:18.493489 dv-cinder-804584-9-smb neutron-server[94029]: DEBUG novaclient.v2.client [-] POST call to compute for http://10.222.0.63/compute/v2.1/os-server-external-events used request id req-b2363c92-1c24-48fe-8875-33f029a036a9 {{(pid=94029) request /usr/local/lib/python3.8/dist-packages/keystoneauth1/session.py:954}}
Aug 16 14:17:18.494113 dv-cinder-804584-9-smb neutron-server[94029]: INFO neutron.notifiers.nova [-] Nova event response: {'name': 'network-changed', 'server_uuid': 'b095d2ed-8748-4837-a84d-2ffa5efc6e98', 'tag': 'bc8f975d-5642-41d2-b7b6-5620a65d8665', 'status': 'completed', 'code': 200}
Aug 16 14:17:18.498523 dv-cinder-804584-9-smb neutron-server[94029]: INFO neutron.wsgi [req-ce1848ef-8cf8-4a86-bd39-a36a38f49b38 req-e74bcab0-9a7f-47e2-9510-e030610a1938 service neutron] 10.222.0.70 "GET /v2.0/networks/11ea2bee-98ec-42a4-9468-6f8d1eb9ce1c?fields=provider%3Aphysical_network&fields=provider%3Anetwork_type HTTP/1.1" status: 200 len: 281 time: 0.1994426
Aug 16 14:17:18.518200 dv-cinder-804584-9-smb neutron-server[94031]: DEBUG neutron_lib.callbacks.manager [None req-7c678e7b-1155-45df-b5f2-771b200a7d88 None None] Notify callbacks ['neutron.plugins.ml2.plugin.SecurityGroupDbMixin._ensure_default_security_group_handler-1729855'] for port, before_update {{(pid=94031) _notify_loop /usr/local/lib/python3.8/dist-packages/neutron_lib/callbacks/manager.py:192}}
Aug 16 14:17:18.564597 dv-cinder-804584-9-smb neutron-server[94031]: DEBUG neutron.plugins.ml2.db [None req-7c678e7b-1155-45df-b5f2-771b200a7d88 None None] For port 3756a365-c767-4272-ae1f-3a07dd4d04d0, host hv-cinder-80458, got binding levels [PortBindingLevel(driver='hyperv',host='hv-cinder-80458',level=0,port_id=3756a365-c767-4272-ae1f-3a07dd4d04d0,segment=NetworkSegment(c6fe4543-616e-4554-9aa7-85b94707f091),segment_id=c6fe4543-616e-4554-9aa7-85b94707f091)] {{(pid=94031) get_binding_level_objs /opt/stack/neutron/neutron/plugins/ml2/db.py:74}}
Aug 16 14:17:18.569234 dv-cinder-804584-9-smb neutron-server[94030]: INFO neutron.wsgi [req-a02a66d1-2daf-47e2-a658-d485be28485b req-f1236561-e6af-4f69-9762-92688749b17e service neutron] 10.222.0.70 "GET /v2.0/security-groups?id=d56872a9-5c5d-44a5-a8fb-3309c93c28ff&fields=id&fields=name HTTP/1.1" status: 200 len: 286 time: 0.3628983
Aug 16 14:17:18.581385 dv-cinder-804584-9-smb neutron-server[94031]: DEBUG neutron_lib.callbacks.manager [None req-7c678e7b-1155-45df-b5f2-771b200a7d88 None None] Notify callbacks ['neutron.plugins.ml2.plugin.SecurityGroupServerNotifierRpcMixin._notify_sg_on_port_change-1731070', 'neutron.plugins.ml2.ovo_rpc._ObjectChangeHandler.handle_event-171661', 'neutron.api.rpc.agentnotifiers.dhcp_rpc_agent_api.DhcpAgentNotifyAPI._native_event_send_dhcp_notification-633623', 'neutron.db.l3_db.L3RpcNotifierMixin._notify_gateway_port_ip_changed-8752820941927', 'neutron.db.l3_dvrscheduler_db._notify_l3_agent_port_update-8752820555268', 'neutron.db.l3_hascheduler_db._notify_l3_agent_ha_port_update-8752820555286'] for port, after_update {{(pid=94031) _notify_loop /usr/local/lib/python3.8/dist-packages/neutron_lib/callbacks/manager.py:192}}
Aug 16 14:17:18.613673 dv-cinder-804584-9-smb neutron-server[94030]: DEBUG neutron.api.rpc.handlers.resources_rpc [None req-f1236561-e6af-4f69-9762-92688749b17e service neutron] Pushing event updated for resources: {'SecurityGroup': ['ID=70295364-d191-4fc6-986c-eff0449a86db,revision_number=1']} {{(pid=94030) push /opt/stack/neutron/neutron/api/rpc/handlers/resources_rpc.py:237}}
Aug 16 14:17:18.666392 dv-cinder-804584-9-smb neutron-server[94031]: DEBUG neutron.api.rpc.handlers.resources_rpc [None req-7c678e7b-1155-45df-b5f2-771b200a7d88 None None] Pushing event updated for resources: {'Port': ['ID=3756a365-c767-4272-ae1f-3a07dd4d04d0,revision_number=5']} {{(pid=94031) push /opt/stack/neutron/neutron/api/rpc/handlers/resources_rpc.py:237}}
Aug 16 14:17:18.668981 dv-cinder-804584-9-smb neutron-server[94029]: INFO neutron.wsgi [req-d6036df7-cf35-4623-bb30-728609fd695d req-5750ff03-d4f6-43d2-a20d-6424a39b49b0 tempest-AttachVolumeShelveTestJSON-631734723 tempest-AttachVolumeShelveTestJSON-631734723-project] 10.222.0.63 "GET /v2.0/ports?device_id=1383a1a0-5581-40d4-87e9-f562a610e4c0 HTTP/1.1" status: 200 len: 210 time: 0.0708241
Aug 16 14:17:18.716131 dv-cinder-804584-9-smb neutron-server[94029]: DEBUG neutron.pecan_wsgi.hooks.policy_enforcement [req-e4d73435-146b-4fd0-a0d5-d0e3d0380757 req-6754f1bc-9c8d-4e93-8ca7-19c81ff55d70 tempest-AttachVolumeTestJSON-730017232 tempest-AttachVolumeTestJSON-730017232-project] Attributes excluded by policy engine: ['standard_attr_id', 'binding:profile', 'binding:host_id', 'binding:vif_type', 'binding:vif_details'] {{(pid=94029) _exclude_attributes_by_policy /opt/stack/neutron/neutron/pecan_wsgi/hooks/policy_enforcement.py:255}}
Aug 16 14:17:18.726403 dv-cinder-804584-9-smb neutron-server[94029]: INFO neutron.wsgi [req-e4d73435-146b-4fd0-a0d5-d0e3d0380757 req-6754f1bc-9c8d-4e93-8ca7-19c81ff55d70 tempest-AttachVolumeTestJSON-730017232 tempest-AttachVolumeTestJSON-730017232-project] 10.222.0.63 "GET /v2.0/ports?device_id=b095d2ed-8748-4837-a84d-2ffa5efc6e98 HTTP/1.1" status: 200 len: 944 time: 0.1521258
Aug 16 14:17:18.752951 dv-cinder-804584-9-smb neutron-server[94030]: DEBUG neutron_lib.callbacks.manager [None req-ec6c3848-b6d2-4cb4-a024-db2ddba9dc70 admin admin] Notify callbacks [] for security_group, before_create {{(pid=94030) _notify_loop /usr/local/lib/python3.8/dist-packages/neutron_lib/callbacks/manager.py:192}}
Aug 16 14:17:18.763458 dv-cinder-804584-9-smb neutron-server[94029]: INFO neutron.wsgi [req-e4d73435-146b-4fd0-a0d5-d0e3d0380757 req-b3e18c8a-b8fc-4d27-b42f-da1099625656 tempest-AttachVolumeTestJSON-730017232 tempest-AttachVolumeTestJSON-730017232-project] 10.222.0.63 "GET /v2.0/security-groups?id=2a7958c0-b7a9-4ad2-9cc9-d4704c5e539d&fields=id&fields=name HTTP/1.1" status: 200 len: 312 time: 0.0361397
Aug 16 14:17:18.887331 dv-cinder-804584-9-smb neutron-server[94030]: DEBUG neutron_lib.callbacks.manager [None req-ec6c3848-b6d2-4cb4-a024-db2ddba9dc70 admin admin] Notify callbacks [] for security_group, precommit_create {{(pid=94030) _notify_loop /usr/local/lib/python3.8/dist-packages/neutron_lib/callbacks/manager.py:192}}
Aug 16 14:17:18.894611 dv-cinder-804584-9-smb neutron-server[94030]: DEBUG neutron_lib.callbacks.manager [None req-ec6c3848-b6d2-4cb4-a024-db2ddba9dc70 admin admin] Notify callbacks ['neutron.plugins.ml2.ovo_rpc._ObjectChangeHandler.handle_event-619680'] for security_group, after_create {{(pid=94030) _notify_loop /usr/local/lib/python3.8/dist-packages/neutron_lib/callbacks/manager.py:192}}
Aug 16 14:17:18.950980 dv-cinder-804584-9-smb neutron-server[94030]: INFO neutron.wsgi [None req-ec6c3848-b6d2-4cb4-a024-db2ddba9dc70 admin admin] 10.222.0.63 "GET /v2.0/security-groups?tenant_id=76b8f015ce074af5900eff2df702cac3&name=default HTTP/1.1" status: 200 len: 2979 time: 0.5577605
Aug 16 14:17:18.951701 dv-cinder-804584-9-smb neutron-server[94030]: DEBUG neutron.wsgi [-] (94030) accepted ('10.222.0.63', 38990) {{(pid=94030) server /usr/local/lib/python3.8/dist-packages/eventlet/wsgi.py:982}}
Aug 16 14:17:18.983930 dv-cinder-804584-9-smb neutron-server[94030]: DEBUG neutron.api.rpc.handlers.resources_rpc [None req-ec6c3848-b6d2-4cb4-a024-db2ddba9dc70 admin admin] Pushing event updated for resources: {'SecurityGroup': ['ID=91246099-f5b4-4960-9173-e4e1c4eea871,revision_number=1']} {{(pid=94030) push /opt/stack/neutron/neutron/api/rpc/handlers/resources_rpc.py:237}}
Aug 16 14:17:19.007404 dv-cinder-804584-9-smb neutron-server[94030]: DEBUG neutron.pecan_wsgi.hooks.quota_enforcement [req-f2355bf3-37ce-4285-a895-34cfb257a25f req-efbf617d-6685-4ec2-809f-36603a7cca38 tempest-AttachVolumeShelveTestJSON-631734723 tempest-AttachVolumeShelveTestJSON-631734723-project] Made reservation on behalf of 1c6c9a87e5ea4e1ab878f6c1e7cc7364 for: {'port': 1} {{(pid=94030) before /opt/stack/neutron/neutron/pecan_wsgi/hooks/quota_enforcement.py:53}}
Aug 16 14:17:19.012471 dv-cinder-804584-9-smb neutron-server[94030]: DEBUG neutron_lib.callbacks.manager [req-f2355bf3-37ce-4285-a895-34cfb257a25f req-efbf617d-6685-4ec2-809f-36603a7cca38 tempest-AttachVolumeShelveTestJSON-631734723 tempest-AttachVolumeShelveTestJSON-631734723-project] Notify callbacks ['neutron.plugins.ml2.plugin.SecurityGroupDbMixin._ensure_default_security_group_handler-1729855'] for port, before_create {{(pid=94030) _notify_loop /usr/local/lib/python3.8/dist-packages/neutron_lib/callbacks/manager.py:192}}
Aug 16 14:17:19.032724 dv-cinder-804584-9-smb neutron-server[94030]: DEBUG neutron_lib.callbacks.manager [None req-a441d915-2451-41c4-bd1a-a46b60bf206e admin admin] Notify callbacks [] for security_group, before_delete {{(pid=94030) _notify_loop /usr/local/lib/python3.8/dist-packages/neutron_lib/callbacks/manager.py:192}}
Aug 16 14:17:19.092420 dv-cinder-804584-9-smb neutron-server[94030]: DEBUG neutron_lib.callbacks.manager [None req-a441d915-2451-41c4-bd1a-a46b60bf206e admin admin] Notify callbacks [] for security_group, precommit_delete {{(pid=94030) _notify_loop /usr/local/lib/python3.8/dist-packages/neutron_lib/callbacks/manager.py:192}}
Aug 16 14:17:19.183862 dv-cinder-804584-9-smb neutron-server[94030]: DEBUG neutron.pecan_wsgi.hooks.policy_enforcement [req-44073568-136d-43de-af25-ee8887c091ad req-449ce1e3-e96e-426b-bc3e-43a4ce8f0817 service neutron] Attributes excluded by policy engine: ['standard_attr_id'] {{(pid=94030) _exclude_attributes_by_policy /opt/stack/neutron/neutron/pecan_wsgi/hooks/policy_enforcement.py:255}}
Aug 16 14:17:19.185600 dv-cinder-804584-9-smb neutron-server[94030]: INFO neutron.wsgi [req-44073568-136d-43de-af25-ee8887c091ad req-449ce1e3-e96e-426b-bc3e-43a4ce8f0817 service neutron] 10.222.0.70 "GET /v2.0/ports?tenant_id=e35f4d99854d4e57bfd0ce0826a4c7a0&device_id=b095d2ed-8748-4837-a84d-2ffa5efc6e98 HTTP/1.1" status: 200 len: 1097 time: 0.1389444
Aug 16 14:17:19.294147 dv-cinder-804584-9-smb neutron-server[94030]: DEBUG neutron.db.db_base_plugin_common [req-f2355bf3-37ce-4285-a895-34cfb257a25f req-efbf617d-6685-4ec2-809f-36603a7cca38 tempest-AttachVolumeShelveTestJSON-631734723 tempest-AttachVolumeShelveTestJSON-631734723-project] Allocated IP 172.20.0.8 (d6070f27-837d-48f0-ac9b-95c6dc04f102/7c450aaf-9c32-4fe9-b607-7f5913b4d780/0f81b51e-44e5-4789-8c77-cdc50c975a89) {{(pid=94030) _store_ip_allocation /opt/stack/neutron/neutron/db/db_base_plugin_common.py:131}}
