Aug 16 09:31:16.639606 dv-cinder-804584-8-iscsi devstack@c-api.service[100713]: warnings.warn('Policy enforcement is depending on the value of '
Aug 16 09:31:16.647955 dv-cinder-804584-8-iscsi devstack@c-api.service[100713]: INFO cinder.volume.api [None req-1ea582e2-ef31-42c0-9a9d-56b64575fd08 tempest-VolumesActionsTest-2033649763 tempest-VolumesActionsTest-2033649763-project] Volume info retrieved successfully.
Aug 16 09:31:16.662931 dv-cinder-804584-8-iscsi devstack@c-api.service[100713]: INFO cinder.api.openstack.wsgi [None req-1ea582e2-ef31-42c0-9a9d-56b64575fd08 tempest-VolumesActionsTest-2033649763 tempest-VolumesActionsTest-2033649763-project] http://10.222.0.86/volume/v3/46cdbafc595c48dd908f5ac7f2ba4671/volumes/f9f03f90-64de-4473-9abc-8ec6bb138fd8 returned with HTTP 200
Aug 16 09:31:16.663864 dv-cinder-804584-8-iscsi devstack@c-api.service[100713]: [pid: 100713|app: 0|req: 180/349] 10.222.0.86 () {58 vars in 1325 bytes} [Mon Aug 16 09:31:16 2021] GET /volume/v3/46cdbafc595c48dd908f5ac7f2ba4671/volumes/f9f03f90-64de-4473-9abc-8ec6bb138fd8 => generated 910 bytes in 43 msecs (HTTP/1.1 200) 7 headers in 285 bytes (1 switches on core 0)
Aug 16 09:31:16.677738 dv-cinder-804584-8-iscsi devstack@c-api.service[100712]: INFO cinder.api.openstack.wsgi [None req-c283ed0b-bbf5-4258-b52a-9e7cb014180d tempest-VolumesActionsTest-1560098248 tempest-VolumesActionsTest-1560098248-project-admin] POST http://10.222.0.86/volume/v3/8d70a6b617a0489d83dc081c481bb67e/volumes/f9f03f90-64de-4473-9abc-8ec6bb138fd8/action
Aug 16 09:31:16.678305 dv-cinder-804584-8-iscsi devstack@c-api.service[100712]: /usr/local/lib/python3.8/dist-packages/webob/acceptparse.py:1047: DeprecationWarning: The behavior of AcceptValidHeader.best_match is currently being maintained for backward compatibility, but it will be deprecated in the future, as it does not conform to the RFC.
Aug 16 09:31:16.678305 dv-cinder-804584-8-iscsi devstack@c-api.service[100712]: warnings.warn(
Aug 16 09:31:16.678533 dv-cinder-804584-8-iscsi devstack@c-api.service[100712]: DEBUG cinder.api.openstack.wsgi [None req-c283ed0b-bbf5-4258-b52a-9e7cb014180d tempest-VolumesActionsTest-1560098248 tempest-VolumesActionsTest-1560098248-project-admin] Action body: b'{"os-reset_status": {"status": "maintenance"}}' {{(pid=100712) get_method /opt/stack/cinder/cinder/api/openstack/wsgi.py:971}}
Aug 16 09:31:16.678851 dv-cinder-804584-8-iscsi devstack@c-api.service[100712]: DEBUG cinder.api.openstack.wsgi [None req-c283ed0b-bbf5-4258-b52a-9e7cb014180d tempest-VolumesActionsTest-1560098248 tempest-VolumesActionsTest-1560098248-project-admin] Action: 'action', calling method: _reset_status, body: {"os-reset_status": {"status": "maintenance"}} {{(pid=100712) _process_stack /opt/stack/cinder/cinder/api/openstack/wsgi.py:854}}
Aug 16 09:31:16.679801 dv-cinder-804584-8-iscsi devstack@c-api.service[100712]: DEBUG cinder.api.contrib.admin_actions [None req-c283ed0b-bbf5-4258-b52a-9e7cb014180d tempest-VolumesActionsTest-1560098248 tempest-VolumesActionsTest-1560098248-project-admin] Updating volume 'f9f03f90-64de-4473-9abc-8ec6bb138fd8' with '{'status': 'maintenance'}' {{(pid=100712) _reset_status /opt/stack/cinder/cinder/api/contrib/admin_actions.py:100}}
Aug 16 09:31:16.705885 dv-cinder-804584-8-iscsi devstack@c-api.service[100712]: /usr/local/lib/python3.8/dist-packages/oslo_context/context.py:105: DeprecationWarning: Policy enforcement is depending on the value of is_admin. This key is deprecated. Please update your policy file to use the standard policy values.
Aug 16 09:31:16.705885 dv-cinder-804584-8-iscsi devstack@c-api.service[100712]: warnings.warn('Policy enforcement is depending on the value of '
Aug 16 09:31:16.751977 dv-cinder-804584-8-iscsi devstack@c-api.service[100712]: INFO cinder.api.openstack.wsgi [None req-c283ed0b-bbf5-4258-b52a-9e7cb014180d tempest-VolumesActionsTest-1560098248 tempest-VolumesActionsTest-1560098248-project-admin] http://10.222.0.86/volume/v3/8d70a6b617a0489d83dc081c481bb67e/volumes/f9f03f90-64de-4473-9abc-8ec6bb138fd8/action returned with HTTP 202
Aug 16 09:31:16.755632 dv-cinder-804584-8-iscsi devstack@c-api.service[100712]: [pid: 100712|app: 0|req: 170/350] 10.222.0.86 () {60 vars in 1367 bytes} [Mon Aug 16 09:31:16 2021] POST /volume/v3/8d70a6b617a0489d83dc081c481bb67e/volumes/f9f03f90-64de-4473-9abc-8ec6bb138fd8/action => generated 0 bytes in 79 msecs (HTTP/1.1 202) 7 headers in 289 bytes (2 switches on core 0)
Aug 16 09:31:16.760831 dv-cinder-804584-8-iscsi devstack@c-api.service[100713]: INFO cinder.api.openstack.wsgi [None req-173aa01d-8b61-4a48-8323-aee9d7de8752 tempest-VolumesActionsTest-2033649763 tempest-VolumesActionsTest-2033649763-project] GET http://10.222.0.86/volume/v3/46cdbafc595c48dd908f5ac7f2ba4671/volumes/f9f03f90-64de-4473-9abc-8ec6bb138fd8
Aug 16 09:31:16.761590 dv-cinder-804584-8-iscsi devstack@c-api.service[100713]: DEBUG cinder.api.openstack.wsgi [None req-173aa01d-8b61-4a48-8323-aee9d7de8752 tempest-VolumesActionsTest-2033649763 tempest-VolumesActionsTest-2033649763-project] Empty body provided in request {{(pid=100713) get_body /opt/stack/cinder/cinder/api/openstack/wsgi.py:703}}
Aug 16 09:31:16.761803 dv-cinder-804584-8-iscsi devstack@c-api.service[100713]: /usr/local/lib/python3.8/dist-packages/webob/acceptparse.py:1047: DeprecationWarning: The behavior of AcceptValidHeader.best_match is currently being maintained for backward compatibility, but it will be deprecated in the future, as it does not conform to the RFC.
Aug 16 09:31:16.761803 dv-cinder-804584-8-iscsi devstack@c-api.service[100713]: warnings.warn(
Aug 16 09:31:16.762280 dv-cinder-804584-8-iscsi devstack@c-api.service[100713]: DEBUG cinder.api.openstack.wsgi [None req-173aa01d-8b61-4a48-8323-aee9d7de8752 tempest-VolumesActionsTest-2033649763 tempest-VolumesActionsTest-2033649763-project] Calling method 'show' {{(pid=100713) _process_stack /opt/stack/cinder/cinder/api/openstack/wsgi.py:856}}
Aug 16 09:31:16.782719 dv-cinder-804584-8-iscsi devstack@c-api.service[100713]: /usr/local/lib/python3.8/dist-packages/oslo_context/context.py:105: DeprecationWarning: Policy enforcement is depending on the value of is_admin. This key is deprecated. Please update your policy file to use the standard policy values.
Aug 16 09:31:16.782719 dv-cinder-804584-8-iscsi devstack@c-api.service[100713]: warnings.warn('Policy enforcement is depending on the value of '
Aug 16 09:31:16.791880 dv-cinder-804584-8-iscsi devstack@c-api.service[100713]: INFO cinder.volume.api [None req-173aa01d-8b61-4a48-8323-aee9d7de8752 tempest-VolumesActionsTest-2033649763 tempest-VolumesActionsTest-2033649763-project] Volume info retrieved successfully.
Aug 16 09:31:16.806339 dv-cinder-804584-8-iscsi devstack@c-api.service[100713]: INFO cinder.api.openstack.wsgi [None req-173aa01d-8b61-4a48-8323-aee9d7de8752 tempest-VolumesActionsTest-2033649763 tempest-VolumesActionsTest-2033649763-project] http://10.222.0.86/volume/v3/46cdbafc595c48dd908f5ac7f2ba4671/volumes/f9f03f90-64de-4473-9abc-8ec6bb138fd8 returned with HTTP 200
Aug 16 09:31:16.817239 dv-cinder-804584-8-iscsi devstack@c-api.service[100713]: [pid: 100713|app: 0|req: 181/351] 10.222.0.86 () {58 vars in 1325 bytes} [Mon Aug 16 09:31:16 2021] GET /volume/v3/46cdbafc595c48dd908f5ac7f2ba4671/volumes/f9f03f90-64de-4473-9abc-8ec6bb138fd8 => generated 912 bytes in 50 msecs (HTTP/1.1 200) 7 headers in 285 bytes (1 switches on core 0)
Aug 16 09:31:16.822971 dv-cinder-804584-8-iscsi devstack@c-api.service[100712]: INFO cinder.api.openstack.wsgi [None req-50429554-2efc-4a67-9b8c-8fb8b3bf96ad tempest-VolumesActionsTest-1560098248 tempest-VolumesActionsTest-1560098248-project-admin] POST http://10.222.0.86/volume/v3/8d70a6b617a0489d83dc081c481bb67e/volumes/f9f03f90-64de-4473-9abc-8ec6bb138fd8/action
Aug 16 09:31:16.823526 dv-cinder-804584-8-iscsi devstack@c-api.service[100712]: /usr/local/lib/python3.8/dist-packages/webob/acceptparse.py:1047: DeprecationWarning: The behavior of AcceptValidHeader.best_match is currently being maintained for backward compatibility, but it will be deprecated in the future, as it does not conform to the RFC.
Aug 16 09:31:16.823526 dv-cinder-804584-8-iscsi devstack@c-api.service[100712]: warnings.warn(
Aug 16 09:31:16.824270 dv-cinder-804584-8-iscsi devstack@c-api.service[100712]: DEBUG cinder.api.openstack.wsgi [None req-50429554-2efc-4a67-9b8c-8fb8b3bf96ad tempest-VolumesActionsTest-1560098248 tempest-VolumesActionsTest-1560098248-project-admin] Action body: b'{"os-force_delete": {}}' {{(pid=100712) get_method /opt/stack/cinder/cinder/api/openstack/wsgi.py:971}}
Aug 16 09:31:16.824732 dv-cinder-804584-8-iscsi devstack@c-api.service[100712]: DEBUG cinder.api.openstack.wsgi [None req-50429554-2efc-4a67-9b8c-8fb8b3bf96ad tempest-VolumesActionsTest-1560098248 tempest-VolumesActionsTest-1560098248-project-admin] Action: 'action', calling method: _force_delete, body: {"os-force_delete": {}} {{(pid=100712) _process_stack /opt/stack/cinder/cinder/api/openstack/wsgi.py:854}}
Aug 16 09:31:16.839916 dv-cinder-804584-8-iscsi devstack@c-api.service[100712]: /usr/local/lib/python3.8/dist-packages/oslo_context/context.py:105: DeprecationWarning: Policy enforcement is depending on the value of is_admin. This key is deprecated. Please update your policy file to use the standard policy values.
Aug 16 09:31:16.839916 dv-cinder-804584-8-iscsi devstack@c-api.service[100712]: warnings.warn('Policy enforcement is depending on the value of '
Aug 16 09:31:16.840937 dv-cinder-804584-8-iscsi devstack@c-api.service[100712]: INFO cinder.volume.api [None req-50429554-2efc-4a67-9b8c-8fb8b3bf96ad tempest-VolumesActionsTest-1560098248 tempest-VolumesActionsTest-1560098248-project-admin] Volume info retrieved successfully.
Aug 16 09:31:16.869951 dv-cinder-804584-8-iscsi devstack@c-api.service[100713]: INFO cinder.api.openstack.wsgi [None req-98f63f1f-a9ca-4686-b275-1cb35cdf660e tempest-SnapshotMetadataTestJSON-465864396 tempest-SnapshotMetadataTestJSON-465864396-project] GET http://10.222.0.86/volume/v3/2179331137d4419ba7f5d583da46057f/volumes/7128504f-bfc1-4d96-a9fe-4a603c317033
Aug 16 09:31:16.870709 dv-cinder-804584-8-iscsi devstack@c-api.service[100713]: DEBUG cinder.api.openstack.wsgi [None req-98f63f1f-a9ca-4686-b275-1cb35cdf660e tempest-SnapshotMetadataTestJSON-465864396 tempest-SnapshotMetadataTestJSON-465864396-project] Empty body provided in request {{(pid=100713) get_body /opt/stack/cinder/cinder/api/openstack/wsgi.py:703}}
Aug 16 09:31:16.870841 dv-cinder-804584-8-iscsi devstack@c-api.service[100713]: /usr/local/lib/python3.8/dist-packages/webob/acceptparse.py:1047: DeprecationWarning: The behavior of AcceptValidHeader.best_match is currently being maintained for backward compatibility, but it will be deprecated in the future, as it does not conform to the RFC.
Aug 16 09:31:16.870841 dv-cinder-804584-8-iscsi devstack@c-api.service[100713]: warnings.warn(
Aug 16 09:31:16.871234 dv-cinder-804584-8-iscsi devstack@c-api.service[100713]: DEBUG cinder.api.openstack.wsgi [None req-98f63f1f-a9ca-4686-b275-1cb35cdf660e tempest-SnapshotMetadataTestJSON-465864396 tempest-SnapshotMetadataTestJSON-465864396-project] Calling method 'show' {{(pid=100713) _process_stack /opt/stack/cinder/cinder/api/openstack/wsgi.py:856}}
Aug 16 09:31:16.876808 dv-cinder-804584-8-iscsi devstack@c-api.service[100712]: INFO cinder.volume.api [None req-50429554-2efc-4a67-9b8c-8fb8b3bf96ad tempest-VolumesActionsTest-1560098248 tempest-VolumesActionsTest-1560098248-project-admin] Delete volume request issued successfully.
Aug 16 09:31:16.877369 dv-cinder-804584-8-iscsi devstack@c-api.service[100712]: INFO cinder.api.openstack.wsgi [None req-50429554-2efc-4a67-9b8c-8fb8b3bf96ad tempest-VolumesActionsTest-1560098248 tempest-VolumesActionsTest-1560098248-project-admin] http://10.222.0.86/volume/v3/8d70a6b617a0489d83dc081c481bb67e/volumes/f9f03f90-64de-4473-9abc-8ec6bb138fd8/action returned with HTTP 202
Aug 16 09:31:16.878381 dv-cinder-804584-8-iscsi devstack@c-api.service[100712]: [pid: 100712|app: 0|req: 171/352] 10.222.0.86 () {60 vars in 1367 bytes} [Mon Aug 16 09:31:16 2021] POST /volume/v3/8d70a6b617a0489d83dc081c481bb67e/volumes/f9f03f90-64de-4473-9abc-8ec6bb138fd8/action => generated 0 bytes in 59 msecs (HTTP/1.1 202) 7 headers in 289 bytes (1 switches on core 0)
Aug 16 09:31:16.885919 dv-cinder-804584-8-iscsi devstack@c-api.service[100712]: INFO cinder.api.openstack.wsgi [None req-7ada8802-b8bf-49a2-bca9-513b66266a66 tempest-VolumesActionsTest-2033649763 tempest-VolumesActionsTest-2033649763-project] GET http://10.222.0.86/volume/v3/46cdbafc595c48dd908f5ac7f2ba4671/volumes/f9f03f90-64de-4473-9abc-8ec6bb138fd8
Aug 16 09:31:16.886601 dv-cinder-804584-8-iscsi devstack@c-api.service[100712]: DEBUG cinder.api.openstack.wsgi [None req-7ada8802-b8bf-49a2-bca9-513b66266a66 tempest-VolumesActionsTest-2033649763 tempest-VolumesActionsTest-2033649763-project] Empty body provided in request {{(pid=100712) get_body /opt/stack/cinder/cinder/api/openstack/wsgi.py:703}}
Aug 16 09:31:16.888775 dv-cinder-804584-8-iscsi devstack@c-api.service[100712]: /usr/local/lib/python3.8/dist-packages/webob/acceptparse.py:1047: DeprecationWarning: The behavior of AcceptValidHeader.best_match is currently being maintained for backward compatibility, but it will be deprecated in the future, as it does not conform to the RFC.
Aug 16 09:31:16.888775 dv-cinder-804584-8-iscsi devstack@c-api.service[100712]: warnings.warn(
Aug 16 09:31:16.889354 dv-cinder-804584-8-iscsi devstack@c-api.service[100712]: DEBUG cinder.api.openstack.wsgi [None req-7ada8802-b8bf-49a2-bca9-513b66266a66 tempest-VolumesActionsTest-2033649763 tempest-VolumesActionsTest-2033649763-project] Calling method 'show' {{(pid=100712) _process_stack /opt/stack/cinder/cinder/api/openstack/wsgi.py:856}}
Aug 16 09:31:16.897826 dv-cinder-804584-8-iscsi devstack@c-api.service[100713]: /usr/local/lib/python3.8/dist-packages/oslo_context/context.py:105: DeprecationWarning: Policy enforcement is depending on the value of is_admin. This key is deprecated. Please update your policy file to use the standard policy values.
Aug 16 09:31:16.897826 dv-cinder-804584-8-iscsi devstack@c-api.service[100713]: warnings.warn('Policy enforcement is depending on the value of '
Aug 16 09:31:16.905379 dv-cinder-804584-8-iscsi devstack@c-api.service[100712]: /usr/local/lib/python3.8/dist-packages/oslo_context/context.py:105: DeprecationWarning: Policy enforcement is depending on the value of is_admin. This key is deprecated. Please update your policy file to use the standard policy values.
Aug 16 09:31:16.905379 dv-cinder-804584-8-iscsi devstack@c-api.service[100712]: warnings.warn('Policy enforcement is depending on the value of '
Aug 16 09:31:16.908737 dv-cinder-804584-8-iscsi devstack@c-api.service[100713]: INFO cinder.volume.api [None req-98f63f1f-a9ca-4686-b275-1cb35cdf660e tempest-SnapshotMetadataTestJSON-465864396 tempest-SnapshotMetadataTestJSON-465864396-project] Volume info retrieved successfully.
Aug 16 09:31:16.915749 dv-cinder-804584-8-iscsi devstack@c-api.service[100712]: INFO cinder.volume.api [None req-7ada8802-b8bf-49a2-bca9-513b66266a66 tempest-VolumesActionsTest-2033649763 tempest-VolumesActionsTest-2033649763-project] Volume info retrieved successfully.
Aug 16 09:31:16.929551 dv-cinder-804584-8-iscsi devstack@c-api.service[100713]: INFO cinder.api.openstack.wsgi [None req-98f63f1f-a9ca-4686-b275-1cb35cdf660e tempest-SnapshotMetadataTestJSON-465864396 tempest-SnapshotMetadataTestJSON-465864396-project] http://10.222.0.86/volume/v3/2179331137d4419ba7f5d583da46057f/volumes/7128504f-bfc1-4d96-a9fe-4a603c317033 returned with HTTP 200
Aug 16 09:31:16.940804 dv-cinder-804584-8-iscsi devstack@c-api.service[100713]: [pid: 100713|app: 0|req: 182/353] 10.222.0.86 () {58 vars in 1325 bytes} [Mon Aug 16 09:31:16 2021] GET /volume/v3/2179331137d4419ba7f5d583da46057f/volumes/7128504f-bfc1-4d96-a9fe-4a603c317033 => generated 917 bytes in 65 msecs (HTTP/1.1 200) 7 headers in 285 bytes (2 switches on core 0)
Aug 16 09:31:16.941236 dv-cinder-804584-8-iscsi devstack@c-api.service[100712]: INFO cinder.api.openstack.wsgi [None req-7ada8802-b8bf-49a2-bca9-513b66266a66 tempest-VolumesActionsTest-2033649763 tempest-VolumesActionsTest-2033649763-project] http://10.222.0.86/volume/v3/46cdbafc595c48dd908f5ac7f2ba4671/volumes/f9f03f90-64de-4473-9abc-8ec6bb138fd8 returned with HTTP 200
Aug 16 09:31:16.941236 dv-cinder-804584-8-iscsi devstack@c-api.service[100712]: [pid: 100712|app: 0|req: 172/354] 10.222.0.86 () {58 vars in 1325 bytes} [Mon Aug 16 09:31:16 2021] GET /volume/v3/46cdbafc595c48dd908f5ac7f2ba4671/volumes/f9f03f90-64de-4473-9abc-8ec6bb138fd8 => generated 909 bytes in 56 msecs (HTTP/1.1 200) 7 headers in 285 bytes (1 switches on core 0)
Aug 16 09:31:16.961806 dv-cinder-804584-8-iscsi devstack@c-api.service[100713]: INFO cinder.api.openstack.wsgi [None req-ee7203af-0f8c-444f-9622-0ae10c396775 tempest-SnapshotMetadataTestJSON-465864396 tempest-SnapshotMetadataTestJSON-465864396-project] POST http://10.222.0.86/volume/v3/2179331137d4419ba7f5d583da46057f/snapshots
Aug 16 09:31:16.961806 dv-cinder-804584-8-iscsi devstack@c-api.service[100713]: /usr/local/lib/python3.8/dist-packages/webob/acceptparse.py:1047: DeprecationWarning: The behavior of AcceptValidHeader.best_match is currently being maintained for backward compatibility, but it will be deprecated in the future, as it does not conform to the RFC.
Aug 16 09:31:16.961806 dv-cinder-804584-8-iscsi devstack@c-api.service[100713]: warnings.warn(
Aug 16 09:31:16.961806 dv-cinder-804584-8-iscsi devstack@c-api.service[100713]: DEBUG cinder.api.openstack.wsgi [None req-ee7203af-0f8c-444f-9622-0ae10c396775 tempest-SnapshotMetadataTestJSON-465864396 tempest-SnapshotMetadataTestJSON-465864396-project] Action: 'create', calling method: create, body: {"snapshot": {"volume_id": "7128504f-bfc1-4d96-a9fe-4a603c317033", "name": "tempest-SnapshotMetadataTestJSON-Snapshot-16533081"}} {{(pid=100713) _process_stack /opt/stack/cinder/cinder/api/openstack/wsgi.py:854}}
Aug 16 09:31:16.972739 dv-cinder-804584-8-iscsi devstack@c-api.service[100713]: /usr/local/lib/python3.8/dist-packages/oslo_context/context.py:105: DeprecationWarning: Policy enforcement is depending on the value of is_admin. This key is deprecated. Please update your policy file to use the standard policy values.
Aug 16 09:31:16.972739 dv-cinder-804584-8-iscsi devstack@c-api.service[100713]: warnings.warn('Policy enforcement is depending on the value of '
Aug 16 09:31:16.973778 dv-cinder-804584-8-iscsi devstack@c-api.service[100713]: INFO cinder.volume.api [None req-ee7203af-0f8c-444f-9622-0ae10c396775 tempest-SnapshotMetadataTestJSON-465864396 tempest-SnapshotMetadataTestJSON-465864396-project] Volume info retrieved successfully.
Aug 16 09:31:16.974076 dv-cinder-804584-8-iscsi devstack@c-api.service[100713]: INFO cinder.api.v2.snapshots [None req-ee7203af-0f8c-444f-9622-0ae10c396775 tempest-SnapshotMetadataTestJSON-465864396 tempest-SnapshotMetadataTestJSON-465864396-project] Create snapshot from volume 7128504f-bfc1-4d96-a9fe-4a603c317033
Aug 16 09:31:17.024179 dv-cinder-804584-8-iscsi devstack@c-api.service[100712]: INFO cinder.api.openstack.wsgi [None req-d6fb957e-6488-499a-a8fd-c405ddcd5998 tempest-GroupsTest-1243264 tempest-GroupsTest-1243264-project] GET http://10.222.0.86/volume/v3/047e24b1751d4caf9174c4c9e30200ce/volumes/24efc045-58ac-45ff-ad0d-45b1768358c7
Aug 16 09:31:17.024797 dv-cinder-804584-8-iscsi devstack@c-api.service[100712]: DEBUG cinder.api.openstack.wsgi [None req-d6fb957e-6488-499a-a8fd-c405ddcd5998 tempest-GroupsTest-1243264 tempest-GroupsTest-1243264-project] Empty body provided in request {{(pid=100712) get_body /opt/stack/cinder/cinder/api/openstack/wsgi.py:703}}
Aug 16 09:31:17.025067 dv-cinder-804584-8-iscsi devstack@c-api.service[100712]: /usr/local/lib/python3.8/dist-packages/webob/acceptparse.py:1047: DeprecationWarning: The behavior of AcceptValidHeader.best_match is currently being maintained for backward compatibility, but it will be deprecated in the future, as it does not conform to the RFC.
Aug 16 09:31:17.025067 dv-cinder-804584-8-iscsi devstack@c-api.service[100712]: warnings.warn(
Aug 16 09:31:17.025798 dv-cinder-804584-8-iscsi devstack@c-api.service[100712]: DEBUG cinder.api.openstack.wsgi [None req-d6fb957e-6488-499a-a8fd-c405ddcd5998 tempest-GroupsTest-1243264 tempest-GroupsTest-1243264-project] Calling method 'show' {{(pid=100712) _process_stack /opt/stack/cinder/cinder/api/openstack/wsgi.py:856}}
Aug 16 09:31:17.038295 dv-cinder-804584-8-iscsi devstack@c-api.service[100713]: DEBUG cinder.quota [None req-ee7203af-0f8c-444f-9622-0ae10c396775 tempest-SnapshotMetadataTestJSON-465864396 tempest-SnapshotMetadataTestJSON-465864396-project] Created reservations ['67438667-a431-4755-a59f-5515ccc59e98', '6f394103-6dd8-4325-aed2-c660c56678aa', '9d9f5e81-8bab-4383-aab2-51e510032b28', '460fdb09-9bb0-4263-988d-143247f2a6b6'] {{(pid=100713) reserve /opt/stack/cinder/cinder/quota.py:755}}
Aug 16 09:31:17.041567 dv-cinder-804584-8-iscsi devstack@c-api.service[100712]: /usr/local/lib/python3.8/dist-packages/oslo_context/context.py:105: DeprecationWarning: Policy enforcement is depending on the value of is_admin. This key is deprecated. Please update your policy file to use the standard policy values.
Aug 16 09:31:17.041567 dv-cinder-804584-8-iscsi devstack@c-api.service[100712]: warnings.warn('Policy enforcement is depending on the value of '
Aug 16 09:31:17.049441 dv-cinder-804584-8-iscsi devstack@c-api.service[100712]: INFO cinder.volume.api [None req-d6fb957e-6488-499a-a8fd-c405ddcd5998 tempest-GroupsTest-1243264 tempest-GroupsTest-1243264-project] Volume info retrieved successfully.
Aug 16 09:31:17.056609 dv-cinder-804584-8-iscsi devstack@c-api.service[100712]: WARNING stevedore.named [None req-d6fb957e-6488-499a-a8fd-c405ddcd5998 tempest-GroupsTest-1243264 tempest-GroupsTest-1243264-project] Could not load cinder.keymgr.conf_key_mgr.ConfKeyManager
Aug 16 09:31:17.056997 dv-cinder-804584-8-iscsi devstack@c-api.service[100712]: WARNING castellan.key_manager [None req-d6fb957e-6488-499a-a8fd-c405ddcd5998 tempest-GroupsTest-1243264 tempest-GroupsTest-1243264-project] Deprecation Warning : cinder.keymgr.conf_key_mgr.ConfKeyManager is not a stevedore based driver, trying to load it as a class: stevedore.exception.NoMatches: No 'castellan.drivers' driver found, looking for 'cinder.keymgr.conf_key_mgr.ConfKeyManager'
Aug 16 09:31:17.064821 dv-cinder-804584-8-iscsi devstack@c-api.service[100712]: DEBUG oslo_db.sqlalchemy.engines [None req-d6fb957e-6488-499a-a8fd-c405ddcd5998 tempest-GroupsTest-1243264 tempest-GroupsTest-1243264-project] MySQL server mode set to STRICT_TRANS_TABLES,STRICT_ALL_TABLES,NO_ZERO_IN_DATE,NO_ZERO_DATE,ERROR_FOR_DIVISION_BY_ZERO,TRADITIONAL,NO_ENGINE_SUBSTITUTION {{(pid=100712) _check_effective_sql_mode /usr/local/lib/python3.8/dist-packages/oslo_db/sqlalchemy/engines.py:314}}
Aug 16 09:31:17.070101 dv-cinder-804584-8-iscsi devstack@c-api.service[100712]: /usr/local/lib/python3.8/dist-packages/oslo_context/context.py:105: DeprecationWarning: Policy enforcement is depending on the value of is_admin. This key is deprecated. Please update your policy file to use the standard policy values.
Aug 16 09:31:17.070101 dv-cinder-804584-8-iscsi devstack@c-api.service[100712]: warnings.warn('Policy enforcement is depending on the value of '
Aug 16 09:31:17.084415 dv-cinder-804584-8-iscsi devstack@c-api.service[100712]: INFO cinder.api.openstack.wsgi [None req-d6fb957e-6488-499a-a8fd-c405ddcd5998 tempest-GroupsTest-1243264 tempest-GroupsTest-1243264-project] http://10.222.0.86/volume/v3/047e24b1751d4caf9174c4c9e30200ce/volumes/24efc045-58ac-45ff-ad0d-45b1768358c7 returned with HTTP 200
Aug 16 09:31:17.085134 dv-cinder-804584-8-iscsi devstack@c-api.service[100712]: [pid: 100712|app: 0|req: 173/355] 10.222.0.86 () {60 vars in 1366 bytes} [Mon Aug 16 09:31:17 2021] GET /volume/v3/047e24b1751d4caf9174c4c9e30200ce/volumes/24efc045-58ac-45ff-ad0d-45b1768358c7 => generated 984 bytes in 65 msecs (HTTP/1.1 200) 7 headers in 286 bytes (2 switches on core 0)
Aug 16 09:31:17.085134 dv-cinder-804584-8-iscsi devstack@c-api.service[100712]: INFO cinder.api.openstack.wsgi [None req-91ff7127-1c74-4c71-81ca-e88d1a054d93 tempest-SnapshotsActionsTest-1862406483 tempest-SnapshotsActionsTest-1862406483-project] GET http://10.222.0.86/volume/v3/616de4c5075a4695a4b88b55e46c70a1/volumes/d9fe5112-c748-4711-8aad-89caa8715a08
Aug 16 09:31:17.085134 dv-cinder-804584-8-iscsi devstack@c-api.service[100712]: DEBUG cinder.api.openstack.wsgi [None req-91ff7127-1c74-4c71-81ca-e88d1a054d93 tempest-SnapshotsActionsTest-1862406483 tempest-SnapshotsActionsTest-1862406483-project] Empty body provided in request {{(pid=100712) get_body /opt/stack/cinder/cinder/api/openstack/wsgi.py:703}}
Aug 16 09:31:17.085134 dv-cinder-804584-8-iscsi devstack@c-api.service[100712]: /usr/local/lib/python3.8/dist-packages/webob/acceptparse.py:1047: DeprecationWarning: The behavior of AcceptValidHeader.best_match is currently being maintained for backward compatibility, but it will be deprecated in the future, as it does not conform to the RFC.
Aug 16 09:31:17.085134 dv-cinder-804584-8-iscsi devstack@c-api.service[100712]: warnings.warn(
Aug 16 09:31:17.085134 dv-cinder-804584-8-iscsi devstack@c-api.service[100712]: DEBUG cinder.api.openstack.wsgi [None req-91ff7127-1c74-4c71-81ca-e88d1a054d93 tempest-SnapshotsActionsTest-1862406483 tempest-SnapshotsActionsTest-1862406483-project] Calling method 'show' {{(pid=100712) _process_stack /opt/stack/cinder/cinder/api/openstack/wsgi.py:856}}
Aug 16 09:31:17.100217 dv-cinder-804584-8-iscsi devstack@c-api.service[100713]: INFO cinder.volume.api [None req-ee7203af-0f8c-444f-9622-0ae10c396775 tempest-SnapshotMetadataTestJSON-465864396 tempest-SnapshotMetadataTestJSON-465864396-project] Snapshot create request issued successfully.
Aug 16 09:31:17.100997 dv-cinder-804584-8-iscsi devstack@c-api.service[100713]: INFO cinder.api.openstack.wsgi [None req-ee7203af-0f8c-444f-9622-0ae10c396775 tempest-SnapshotMetadataTestJSON-465864396 tempest-SnapshotMetadataTestJSON-465864396-project] http://10.222.0.86/volume/v3/2179331137d4419ba7f5d583da46057f/snapshots returned with HTTP 202
Aug 16 09:31:17.101878 dv-cinder-804584-8-iscsi devstack@c-api.service[100713]: [pid: 100713|app: 0|req: 183/356] 10.222.0.86 () {60 vars in 1242 bytes} [Mon Aug 16 09:31:16 2021] POST /volume/v3/2179331137d4419ba7f5d583da46057f/snapshots => generated 309 bytes in 152 msecs (HTTP/1.1 202) 7 headers in 291 bytes (1 switches on core 0)
Aug 16 09:31:17.112927 dv-cinder-804584-8-iscsi devstack@c-api.service[100712]: /usr/local/lib/python3.8/dist-packages/oslo_context/context.py:105: DeprecationWarning: Policy enforcement is depending on the value of is_admin. This key is deprecated. Please update your policy file to use the standard policy values.
Aug 16 09:31:17.112927 dv-cinder-804584-8-iscsi devstack@c-api.service[100712]: warnings.warn('Policy enforcement is depending on the value of '
Aug 16 09:31:17.113963 dv-cinder-804584-8-iscsi devstack@c-api.service[100713]: INFO cinder.api.openstack.wsgi [None req-1f0dba6b-3503-4234-a513-324f882b823a tempest-SnapshotMetadataTestJSON-465864396 tempest-SnapshotMetadataTestJSON-465864396-project] GET http://10.222.0.86/volume/v3/2179331137d4419ba7f5d583da46057f/snapshots/2dd60983-55ff-404a-b870-16de44ce6a80
Aug 16 09:31:17.114777 dv-cinder-804584-8-iscsi devstack@c-api.service[100713]: DEBUG cinder.api.openstack.wsgi [None req-1f0dba6b-3503-4234-a513-324f882b823a tempest-SnapshotMetadataTestJSON-465864396 tempest-SnapshotMetadataTestJSON-465864396-project] Empty body provided in request {{(pid=100713) get_body /opt/stack/cinder/cinder/api/openstack/wsgi.py:703}}
Aug 16 09:31:17.115106 dv-cinder-804584-8-iscsi devstack@c-api.service[100713]: /usr/local/lib/python3.8/dist-packages/webob/acceptparse.py:1047: DeprecationWarning: The behavior of AcceptValidHeader.best_match is currently being maintained for backward compatibility, but it will be deprecated in the future, as it does not conform to the RFC.
Aug 16 09:31:17.115106 dv-cinder-804584-8-iscsi devstack@c-api.service[100713]: warnings.warn(
Aug 16 09:31:17.115683 dv-cinder-804584-8-iscsi devstack@c-api.service[100713]: DEBUG cinder.api.openstack.wsgi [None req-1f0dba6b-3503-4234-a513-324f882b823a tempest-SnapshotMetadataTestJSON-465864396 tempest-SnapshotMetadataTestJSON-465864396-project] Calling method 'show' {{(pid=100713) _process_stack /opt/stack/cinder/cinder/api/openstack/wsgi.py:856}}
Aug 16 09:31:17.123941 dv-cinder-804584-8-iscsi devstack@c-api.service[100712]: INFO cinder.volume.api [None req-91ff7127-1c74-4c71-81ca-e88d1a054d93 tempest-SnapshotsActionsTest-1862406483 tempest-SnapshotsActionsTest-1862406483-project] Volume info retrieved successfully.
Aug 16 09:31:17.126575 dv-cinder-804584-8-iscsi devstack@c-api.service[100713]: /usr/local/lib/python3.8/dist-packages/oslo_context/context.py:105: DeprecationWarning: Policy enforcement is depending on the value of is_admin. This key is deprecated. Please update your policy file to use the standard policy values.
Aug 16 09:31:17.126575 dv-cinder-804584-8-iscsi devstack@c-api.service[100713]: warnings.warn('Policy enforcement is depending on the value of '
Aug 16 09:31:17.127604 dv-cinder-804584-8-iscsi devstack@c-api.service[100713]: INFO cinder.volume.api [None req-1f0dba6b-3503-4234-a513-324f882b823a tempest-SnapshotMetadataTestJSON-465864396 tempest-SnapshotMetadataTestJSON-465864396-project] Snapshot retrieved successfully.
Aug 16 09:31:17.130572 dv-cinder-804584-8-iscsi devstack@c-api.service[100713]: INFO cinder.api.openstack.wsgi [None req-1f0dba6b-3503-4234-a513-324f882b823a tempest-SnapshotMetadataTestJSON-465864396 tempest-SnapshotMetadataTestJSON-465864396-project] http://10.222.0.86/volume/v3/2179331137d4419ba7f5d583da46057f/snapshots/2dd60983-55ff-404a-b870-16de44ce6a80 returned with HTTP 200
Aug 16 09:31:17.130572 dv-cinder-804584-8-iscsi devstack@c-api.service[100713]: [pid: 100713|app: 0|req: 184/357] 10.222.0.86 () {58 vars in 1331 bytes} [Mon Aug 16 09:31:17 2021] GET /volume/v3/2179331137d4419ba7f5d583da46057f/snapshots/2dd60983-55ff-404a-b870-16de44ce6a80 => generated 441 bytes in 22 msecs (HTTP/1.1 200) 7 headers in 285 bytes (1 switches on core 0)
Aug 16 09:31:17.143954 dv-cinder-804584-8-iscsi devstack@c-api.service[100712]: INFO cinder.api.openstack.wsgi [None req-91ff7127-1c74-4c71-81ca-e88d1a054d93 tempest-SnapshotsActionsTest-1862406483 tempest-SnapshotsActionsTest-1862406483-project] http://10.222.0.86/volume/v3/616de4c5075a4695a4b88b55e46c70a1/volumes/d9fe5112-c748-4711-8aad-89caa8715a08 returned with HTTP 200
Aug 16 09:31:17.144899 dv-cinder-804584-8-iscsi devstack@c-api.service[100712]: [pid: 100712|app: 0|req: 174/358] 10.222.0.86 () {58 vars in 1325 bytes} [Mon Aug 16 09:31:17 2021] GET /volume/v3/616de4c5075a4695a4b88b55e46c70a1/volumes/d9fe5112-c748-4711-8aad-89caa8715a08 => generated 912 bytes in 59 msecs (HTTP/1.1 200) 7 headers in 285 bytes (1 switches on core 0)
Aug 16 09:31:17.956176 dv-cinder-804584-8-iscsi devstack@c-api.service[100713]: INFO cinder.api.openstack.wsgi [None req-c171bb1d-1346-470c-ac19-9dfda2082368 tempest-VolumesActionsTest-2033649763 tempest-VolumesActionsTest-2033649763-project] GET http://10.222.0.86/volume/v3/46cdbafc595c48dd908f5ac7f2ba4671/volumes/f9f03f90-64de-4473-9abc-8ec6bb138fd8
Aug 16 09:31:17.956681 dv-cinder-804584-8-iscsi devstack@c-api.service[100713]: DEBUG cinder.api.openstack.wsgi [None req-c171bb1d-1346-470c-ac19-9dfda2082368 tempest-VolumesActionsTest-2033649763 tempest-VolumesActionsTest-2033649763-project] Empty body provided in request {{(pid=100713) get_body /opt/stack/cinder/cinder/api/openstack/wsgi.py:703}}
Aug 16 09:31:17.956779 dv-cinder-804584-8-iscsi devstack@c-api.service[100713]: /usr/local/lib/python3.8/dist-packages/webob/acceptparse.py:1047: DeprecationWarning: The behavior of AcceptValidHeader.best_match is currently being maintained for backward compatibility, but it will be deprecated in the future, as it does not conform to the RFC.
Aug 16 09:31:17.956779 dv-cinder-804584-8-iscsi devstack@c-api.service[100713]: warnings.warn(
Aug 16 09:31:17.957061 dv-cinder-804584-8-iscsi devstack@c-api.service[100713]: DEBUG cinder.api.openstack.wsgi [None req-c171bb1d-1346-470c-ac19-9dfda2082368 tempest-VolumesActionsTest-2033649763 tempest-VolumesActionsTest-2033649763-project] Calling method 'show' {{(pid=100713) _process_stack /opt/stack/cinder/cinder/api/openstack/wsgi.py:856}}
Aug 16 09:31:17.970908 dv-cinder-804584-8-iscsi devstack@c-api.service[100713]: /usr/local/lib/python3.8/dist-packages/oslo_context/context.py:105: DeprecationWarning: Policy enforcement is depending on the value of is_admin. This key is deprecated. Please update your policy file to use the standard policy values.
Aug 16 09:31:17.970908 dv-cinder-804584-8-iscsi devstack@c-api.service[100713]: warnings.warn('Policy enforcement is depending on the value of '
Aug 16 09:31:17.977675 dv-cinder-804584-8-iscsi devstack@c-api.service[100713]: INFO cinder.volume.api [None req-c171bb1d-1346-470c-ac19-9dfda2082368 tempest-VolumesActionsTest-2033649763 tempest-VolumesActionsTest-2033649763-project] Volume info retrieved successfully.
Aug 16 09:31:17.991532 dv-cinder-804584-8-iscsi devstack@c-api.service[100713]: INFO cinder.api.openstack.wsgi [None req-c171bb1d-1346-470c-ac19-9dfda2082368 tempest-VolumesActionsTest-2033649763 tempest-VolumesActionsTest-2033649763-project] http://10.222.0.86/volume/v3/46cdbafc595c48dd908f5ac7f2ba4671/volumes/f9f03f90-64de-4473-9abc-8ec6bb138fd8 returned with HTTP 200
Aug 16 09:31:17.992301 dv-cinder-804584-8-iscsi devstack@c-api.service[100713]: [pid: 100713|app: 0|req: 185/359] 10.222.0.86 () {58 vars in 1325 bytes} [Mon Aug 16 09:31:17 2021] GET /volume/v3/46cdbafc595c48dd908f5ac7f2ba4671/volumes/f9f03f90-64de-4473-9abc-8ec6bb138fd8 => generated 909 bytes in 40 msecs (HTTP/1.1 200) 7 headers in 285 bytes (1 switches on core 0)
Aug 16 09:31:18.099598 dv-cinder-804584-8-iscsi devstack@c-api.service[100712]: INFO cinder.api.openstack.wsgi [None req-2ea04865-f10d-4099-8afb-1bb2cd30a3e1 tempest-GroupsTest-1243264 tempest-GroupsTest-1243264-project] GET http://10.222.0.86/volume/v3/047e24b1751d4caf9174c4c9e30200ce/volumes/24efc045-58ac-45ff-ad0d-45b1768358c7
Aug 16 09:31:18.100151 dv-cinder-804584-8-iscsi devstack@c-api.service[100712]: DEBUG cinder.api.openstack.wsgi [None req-2ea04865-f10d-4099-8afb-1bb2cd30a3e1 tempest-GroupsTest-1243264 tempest-GroupsTest-1243264-project] Empty body provided in request {{(pid=100712) get_body /opt/stack/cinder/cinder/api/openstack/wsgi.py:703}}
Aug 16 09:31:18.100368 dv-cinder-804584-8-iscsi devstack@c-api.service[100712]: /usr/local/lib/python3.8/dist-packages/webob/acceptparse.py:1047: DeprecationWarning: The behavior of AcceptValidHeader.best_match is currently being maintained for backward compatibility, but it will be deprecated in the future, as it does not conform to the RFC.
Aug 16 09:31:18.100368 dv-cinder-804584-8-iscsi devstack@c-api.service[100712]: warnings.warn(
Aug 16 09:31:18.100690 dv-cinder-804584-8-iscsi devstack@c-api.service[100712]: DEBUG cinder.api.openstack.wsgi [None req-2ea04865-f10d-4099-8afb-1bb2cd30a3e1 tempest-GroupsTest-1243264 tempest-GroupsTest-1243264-project] Calling method 'show' {{(pid=100712) _process_stack /opt/stack/cinder/cinder/api/openstack/wsgi.py:856}}
Aug 16 09:31:18.115347 dv-cinder-804584-8-iscsi devstack@c-api.service[100712]: /usr/local/lib/python3.8/dist-packages/oslo_context/context.py:105: DeprecationWarning: Policy enforcement is depending on the value of is_admin. This key is deprecated. Please update your policy file to use the standard policy values.
Aug 16 09:31:18.115347 dv-cinder-804584-8-iscsi devstack@c-api.service[100712]: warnings.warn('Policy enforcement is depending on the value of '
Aug 16 09:31:18.122110 dv-cinder-804584-8-iscsi devstack@c-api.service[100712]: INFO cinder.volume.api [None req-2ea04865-f10d-4099-8afb-1bb2cd30a3e1 tempest-GroupsTest-1243264 tempest-GroupsTest-1243264-project] Volume info retrieved successfully.
Aug 16 09:31:18.129446 dv-cinder-804584-8-iscsi devstack@c-api.service[100712]: WARNING stevedore.named [None req-2ea04865-f10d-4099-8afb-1bb2cd30a3e1 tempest-GroupsTest-1243264 tempest-GroupsTest-1243264-project] Could not load cinder.keymgr.conf_key_mgr.ConfKeyManager
Aug 16 09:31:18.129830 dv-cinder-804584-8-iscsi devstack@c-api.service[100712]: WARNING castellan.key_manager [None req-2ea04865-f10d-4099-8afb-1bb2cd30a3e1 tempest-GroupsTest-1243264 tempest-GroupsTest-1243264-project] Deprecation Warning : cinder.keymgr.conf_key_mgr.ConfKeyManager is not a stevedore based driver, trying to load it as a class: stevedore.exception.NoMatches: No 'castellan.drivers' driver found, looking for 'cinder.keymgr.conf_key_mgr.ConfKeyManager'
Aug 16 09:31:18.136371 dv-cinder-804584-8-iscsi devstack@c-api.service[100712]: DEBUG oslo_db.sqlalchemy.engines [None req-2ea04865-f10d-4099-8afb-1bb2cd30a3e1 tempest-GroupsTest-1243264 tempest-GroupsTest-1243264-project] MySQL server mode set to STRICT_TRANS_TABLES,STRICT_ALL_TABLES,NO_ZERO_IN_DATE,NO_ZERO_DATE,ERROR_FOR_DIVISION_BY_ZERO,TRADITIONAL,NO_ENGINE_SUBSTITUTION {{(pid=100712) _check_effective_sql_mode /usr/local/lib/python3.8/dist-packages/oslo_db/sqlalchemy/engines.py:314}}
Aug 16 09:31:18.141709 dv-cinder-804584-8-iscsi devstack@c-api.service[100713]: INFO cinder.api.openstack.wsgi [None req-afa3d0d4-f884-410a-83b7-ea056231ed4d tempest-SnapshotMetadataTestJSON-465864396 tempest-SnapshotMetadataTestJSON-465864396-project] GET http://10.222.0.86/volume/v3/2179331137d4419ba7f5d583da46057f/snapshots/2dd60983-55ff-404a-b870-16de44ce6a80
Aug 16 09:31:18.144201 dv-cinder-804584-8-iscsi devstack@c-api.service[100712]: /usr/local/lib/python3.8/dist-packages/oslo_context/context.py:105: DeprecationWarning: Policy enforcement is depending on the value of is_admin. This key is deprecated. Please update your policy file to use the standard policy values.
Aug 16 09:31:18.144201 dv-cinder-804584-8-iscsi devstack@c-api.service[100712]: warnings.warn('Policy enforcement is depending on the value of '
Aug 16 09:31:18.148214 dv-cinder-804584-8-iscsi devstack@c-api.service[100713]: DEBUG cinder.api.openstack.wsgi [None req-afa3d0d4-f884-410a-83b7-ea056231ed4d tempest-SnapshotMetadataTestJSON-465864396 tempest-SnapshotMetadataTestJSON-465864396-project] Empty body provided in request {{(pid=100713) get_body /opt/stack/cinder/cinder/api/openstack/wsgi.py:703}}
Aug 16 09:31:18.148373 dv-cinder-804584-8-iscsi devstack@c-api.service[100713]: /usr/local/lib/python3.8/dist-packages/webob/acceptparse.py:1047: DeprecationWarning: The behavior of AcceptValidHeader.best_match is currently being maintained for backward compatibility, but it will be deprecated in the future, as it does not conform to the RFC.
Aug 16 09:31:18.148373 dv-cinder-804584-8-iscsi devstack@c-api.service[100713]: warnings.warn(
Aug 16 09:31:18.148708 dv-cinder-804584-8-iscsi devstack@c-api.service[100713]: DEBUG cinder.api.openstack.wsgi [None req-afa3d0d4-f884-410a-83b7-ea056231ed4d tempest-SnapshotMetadataTestJSON-465864396 tempest-SnapshotMetadataTestJSON-465864396-project] Calling method 'show' {{(pid=100713) _process_stack /opt/stack/cinder/cinder/api/openstack/wsgi.py:856}}
Aug 16 09:31:18.158438 dv-cinder-804584-8-iscsi devstack@c-api.service[100712]: INFO cinder.api.openstack.wsgi [None req-2ea04865-f10d-4099-8afb-1bb2cd30a3e1 tempest-GroupsTest-1243264 tempest-GroupsTest-1243264-project] http://10.222.0.86/volume/v3/047e24b1751d4caf9174c4c9e30200ce/volumes/24efc045-58ac-45ff-ad0d-45b1768358c7 returned with HTTP 200
Aug 16 09:31:18.159499 dv-cinder-804584-8-iscsi devstack@c-api.service[100712]: [pid: 100712|app: 0|req: 175/360] 10.222.0.86 () {60 vars in 1366 bytes} [Mon Aug 16 09:31:18 2021] GET /volume/v3/047e24b1751d4caf9174c4c9e30200ce/volumes/24efc045-58ac-45ff-ad0d-45b1768358c7 => generated 985 bytes in 63 msecs (HTTP/1.1 200) 7 headers in 286 bytes (1 switches on core 0)
Aug 16 09:31:18.163305 dv-cinder-804584-8-iscsi devstack@c-api.service[100712]: INFO cinder.api.openstack.wsgi [None req-a202eac2-52e7-4713-83e8-80658da53f92 tempest-SnapshotsActionsTest-1862406483 tempest-SnapshotsActionsTest-1862406483-project] GET http://10.222.0.86/volume/v3/616de4c5075a4695a4b88b55e46c70a1/volumes/d9fe5112-c748-4711-8aad-89caa8715a08
Aug 16 09:31:18.163751 dv-cinder-804584-8-iscsi devstack@c-api.service[100712]: DEBUG cinder.api.openstack.wsgi [None req-a202eac2-52e7-4713-83e8-80658da53f92 tempest-SnapshotsActionsTest-1862406483 tempest-SnapshotsActionsTest-1862406483-project] Empty body provided in request {{(pid=100712) get_body /opt/stack/cinder/cinder/api/openstack/wsgi.py:703}}
Aug 16 09:31:18.163913 dv-cinder-804584-8-iscsi devstack@c-api.service[100712]: /usr/local/lib/python3.8/dist-packages/webob/acceptparse.py:1047: DeprecationWarning: The behavior of AcceptValidHeader.best_match is currently being maintained for backward compatibility, but it will be deprecated in the future, as it does not conform to the RFC.
Aug 16 09:31:18.163913 dv-cinder-804584-8-iscsi devstack@c-api.service[100712]: warnings.warn(
Aug 16 09:31:18.164445 dv-cinder-804584-8-iscsi devstack@c-api.service[100712]: DEBUG cinder.api.openstack.wsgi [None req-a202eac2-52e7-4713-83e8-80658da53f92 tempest-SnapshotsActionsTest-1862406483 tempest-SnapshotsActionsTest-1862406483-project] Calling method 'show' {{(pid=100712) _process_stack /opt/stack/cinder/cinder/api/openstack/wsgi.py:856}}
Aug 16 09:31:18.167509 dv-cinder-804584-8-iscsi devstack@c-api.service[100713]: /usr/local/lib/python3.8/dist-packages/oslo_context/context.py:105: DeprecationWarning: Policy enforcement is depending on the value of is_admin. This key is deprecated. Please update your policy file to use the standard policy values.
Aug 16 09:31:18.167509 dv-cinder-804584-8-iscsi devstack@c-api.service[100713]: warnings.warn('Policy enforcement is depending on the value of '
Aug 16 09:31:18.170134 dv-cinder-804584-8-iscsi devstack@c-api.service[100713]: INFO cinder.volume.api [None req-afa3d0d4-f884-410a-83b7-ea056231ed4d tempest-SnapshotMetadataTestJSON-465864396 tempest-SnapshotMetadataTestJSON-465864396-project] Snapshot retrieved successfully.
Aug 16 09:31:18.172920 dv-cinder-804584-8-iscsi devstack@c-api.service[100713]: INFO cinder.api.openstack.wsgi [None req-afa3d0d4-f884-410a-83b7-ea056231ed4d tempest-SnapshotMetadataTestJSON-465864396 tempest-SnapshotMetadataTestJSON-465864396-project] http://10.222.0.86/volume/v3/2179331137d4419ba7f5d583da46057f/snapshots/2dd60983-55ff-404a-b870-16de44ce6a80 returned with HTTP 200
Aug 16 09:31:18.173779 dv-cinder-804584-8-iscsi devstack@c-api.service[100713]: [pid: 100713|app: 0|req: 186/361] 10.222.0.86 () {58 vars in 1331 bytes} [Mon Aug 16 09:31:18 2021] GET /volume/v3/2179331137d4419ba7f5d583da46057f/snapshots/2dd60983-55ff-404a-b870-16de44ce6a80 => generated 441 bytes in 36 msecs (HTTP/1.1 200) 7 headers in 285 bytes (2 switches on core 0)
Aug 16 09:31:18.176311 dv-cinder-804584-8-iscsi devstack@c-api.service[100712]: INFO cinder.api.openstack.wsgi [None req-a202eac2-52e7-4713-83e8-80658da53f92 tempest-SnapshotsActionsTest-1862406483 tempest-SnapshotsActionsTest-1862406483-project] http://10.222.0.86/volume/v3/616de4c5075a4695a4b88b55e46c70a1/volumes/d9fe5112-c748-4711-8aad-89caa8715a08 returned with HTTP 404
Aug 16 09:31:18.178318 dv-cinder-804584-8-iscsi devstack@c-api.service[100712]: [pid: 100712|app: 0|req: 176/362] 10.222.0.86 () {58 vars in 1325 bytes} [Mon Aug 16 09:31:18 2021] GET /volume/v3/616de4c5075a4695a4b88b55e46c70a1/volumes/d9fe5112-c748-4711-8aad-89caa8715a08 => generated 109 bytes in 17 msecs (HTTP/1.1 404) 7 headers in 292 bytes (1 switches on core 0)
Aug 16 09:31:18.180926 dv-cinder-804584-8-iscsi devstack@c-api.service[100713]: INFO cinder.api.openstack.wsgi [None req-a269cdf3-6e24-4e67-a184-d77a90e86904 tempest-GroupsTest-1243264 tempest-GroupsTest-1243264-project] POST http://10.222.0.86/volume/v3/047e24b1751d4caf9174c4c9e30200ce/volumes
Aug 16 09:31:18.181342 dv-cinder-804584-8-iscsi devstack@c-api.service[100713]: /usr/local/lib/python3.8/dist-packages/webob/acceptparse.py:1047: DeprecationWarning: The behavior of AcceptValidHeader.best_match is currently being maintained for backward compatibility, but it will be deprecated in the future, as it does not conform to the RFC.
Aug 16 09:31:18.181342 dv-cinder-804584-8-iscsi devstack@c-api.service[100713]: warnings.warn(
Aug 16 09:31:18.182078 dv-cinder-804584-8-iscsi devstack@c-api.service[100713]: DEBUG cinder.api.openstack.wsgi [None req-a269cdf3-6e24-4e67-a184-d77a90e86904 tempest-GroupsTest-1243264 tempest-GroupsTest-1243264-project] Action: 'create', calling method: create, body: {"volume": {"volume_type": "b5a844e5-b9a6-4810-ac34-d6af481d3c5c", "group_id": "644ee463-2559-401c-80ef-14e2ef833b5e", "size": 1, "name": "tempest-GroupsTest-Volume-1997598761"}} {{(pid=100713) _process_stack /opt/stack/cinder/cinder/api/openstack/wsgi.py:854}}
Aug 16 09:31:18.182824 dv-cinder-804584-8-iscsi devstack@c-api.service[100713]: DEBUG cinder.api.v3.volumes [None req-a269cdf3-6e24-4e67-a184-d77a90e86904 tempest-GroupsTest-1243264 tempest-GroupsTest-1243264-project] Create volume request body: {'volume': {'volume_type': 'b5a844e5-b9a6-4810-ac34-d6af481d3c5c', 'group_id': '644ee463-2559-401c-80ef-14e2ef833b5e', 'size': 1, 'name': 'tempest-GroupsTest-Volume-1997598761'}} {{(pid=100713) create /opt/stack/cinder/cinder/api/v3/volumes.py:290}}
Aug 16 09:31:18.194767 dv-cinder-804584-8-iscsi devstack@c-api.service[100713]: /usr/local/lib/python3.8/dist-packages/oslo_context/context.py:105: DeprecationWarning: Policy enforcement is depending on the value of is_admin. This key is deprecated. Please update your policy file to use the standard policy values.
Aug 16 09:31:18.194767 dv-cinder-804584-8-iscsi devstack@c-api.service[100713]: warnings.warn('Policy enforcement is depending on the value of '
Aug 16 09:31:18.196147 dv-cinder-804584-8-iscsi devstack@c-api.service[100713]: INFO cinder.api.v3.volumes [None req-a269cdf3-6e24-4e67-a184-d77a90e86904 tempest-GroupsTest-1243264 tempest-GroupsTest-1243264-project] Create volume of 1 GB
Aug 16 09:31:18.206777 dv-cinder-804584-8-iscsi devstack@c-api.service[100713]: INFO cinder.volume.api [None req-a269cdf3-6e24-4e67-a184-d77a90e86904 tempest-GroupsTest-1243264 tempest-GroupsTest-1243264-project] Availability Zones retrieved successfully.
Aug 16 09:31:18.223653 dv-cinder-804584-8-iscsi devstack@c-api.service[100713]: DEBUG cinder.volume.api [None req-a269cdf3-6e24-4e67-a184-d77a90e86904 tempest-GroupsTest-1243264 tempest-GroupsTest-1243264-project] Flow 'volume_create_api' (fb439040-90f6-4158-9f8b-1d4eb4d50189) transitioned into state 'RUNNING' from state 'PENDING' {{(pid=100713) _flow_receiver /usr/local/lib/python3.8/dist-packages/taskflow/listeners/logging.py:141}}
Aug 16 09:31:18.224252 dv-cinder-804584-8-iscsi devstack@c-api.service[100713]: DEBUG cinder.volume.api [None req-a269cdf3-6e24-4e67-a184-d77a90e86904 tempest-GroupsTest-1243264 tempest-GroupsTest-1243264-project] Task 'cinder.volume.flows.api.create_volume.ExtractVolumeRequestTask;volume:create' (d0debe2d-f694-4a94-bfe4-e025410c5c1c) transitioned into state 'RUNNING' from state 'PENDING' {{(pid=100713) _task_receiver /usr/local/lib/python3.8/dist-packages/taskflow/listeners/logging.py:190}}
Aug 16 09:31:18.225771 dv-cinder-804584-8-iscsi devstack@c-api.service[100713]: /usr/local/lib/python3.8/dist-packages/oslo_context/context.py:105: DeprecationWarning: Policy enforcement is depending on the value of is_admin. This key is deprecated. Please update your policy file to use the standard policy values.
Aug 16 09:31:18.225771 dv-cinder-804584-8-iscsi devstack@c-api.service[100713]: warnings.warn('Policy enforcement is depending on the value of '
Aug 16 09:31:18.226223 dv-cinder-804584-8-iscsi devstack@c-api.service[100713]: DEBUG cinder.volume.flows.api.create_volume [None req-a269cdf3-6e24-4e67-a184-d77a90e86904 tempest-GroupsTest-1243264 tempest-GroupsTest-1243264-project] Validating volume size '1' using validate_int {{(pid=100713) _extract_size /opt/stack/cinder/cinder/volume/flows/api/create_volume.py:201}}
Aug 16 09:31:18.250351 dv-cinder-804584-8-iscsi devstack@c-api.service[100713]: DEBUG cinder.volume.api [None req-a269cdf3-6e24-4e67-a184-d77a90e86904 tempest-GroupsTest-1243264 tempest-GroupsTest-1243264-project] Task 'cinder.volume.flows.api.create_volume.ExtractVolumeRequestTask;volume:create' (d0debe2d-f694-4a94-bfe4-e025410c5c1c) transitioned into state 'SUCCESS' from state 'RUNNING' with result '{'size': 1, 'snapshot_id': None, 'source_volid': None, 'volume_type': VolumeType(created_at=2021-08-16T09:31:14Z,deleted=False,deleted_at=None,description=None,extra_specs={},id=b5a844e5-b9a6-4810-ac34-d6af481d3c5c,is_public=True,name='tempest-GroupsTest-volume-type-1551684264',projects=[],qos_specs=,qos_specs_id=None,updated_at=None), 'volume_type_id': 'b5a844e5-b9a6-4810-ac34-d6af481d3c5c', 'encryption_key_id': None, 'qos_specs': None, 'consistencygroup_id': None, 'cgsnapshot_id': None, 'group_id': '644ee463-2559-401c-80ef-14e2ef833b5e', 'replication_status': 'disabled', 'refresh_az': False, 'backup_id': None, 'multiattach': False, 'availability_zones': ['nova']}' {{(pid=100713) _task_receiver /usr/local/lib/python3.8/dist-packages/taskflow/listeners/logging.py:178}}
