Aug 16 09:30:28.273924 dv-cinder-804584-8-iscsi devstack@c-api.service[100712]: DEBUG cinder.api.openstack.wsgi [None req-fc20fac9-7c2d-472b-8a74-804a51f2409e tempest-VolumeQuotasNegativeTestJSON-259593403 tempest-VolumeQuotasNegativeTestJSON-259593403-project] Action: 'create', calling method: create, body: {"volume": {"size": 1}} {{(pid=100712) _process_stack /opt/stack/cinder/cinder/api/openstack/wsgi.py:854}}
Aug 16 09:30:28.275202 dv-cinder-804584-8-iscsi devstack@c-api.service[100712]: DEBUG cinder.api.v3.volumes [None req-fc20fac9-7c2d-472b-8a74-804a51f2409e tempest-VolumeQuotasNegativeTestJSON-259593403 tempest-VolumeQuotasNegativeTestJSON-259593403-project] Create volume request body: {'volume': {'size': 1}} {{(pid=100712) create /opt/stack/cinder/cinder/api/v3/volumes.py:290}}
Aug 16 09:30:28.279013 dv-cinder-804584-8-iscsi devstack@c-api.service[100712]: INFO cinder.api.v3.volumes [None req-fc20fac9-7c2d-472b-8a74-804a51f2409e tempest-VolumeQuotasNegativeTestJSON-259593403 tempest-VolumeQuotasNegativeTestJSON-259593403-project] Create volume of 1 GB
Aug 16 09:30:28.295384 dv-cinder-804584-8-iscsi devstack@c-api.service[100712]: INFO cinder.volume.api [None req-fc20fac9-7c2d-472b-8a74-804a51f2409e tempest-VolumeQuotasNegativeTestJSON-259593403 tempest-VolumeQuotasNegativeTestJSON-259593403-project] Availability Zones retrieved successfully.
Aug 16 09:30:28.328391 dv-cinder-804584-8-iscsi devstack@c-api.service[100712]: DEBUG cinder.volume.api [None req-fc20fac9-7c2d-472b-8a74-804a51f2409e tempest-VolumeQuotasNegativeTestJSON-259593403 tempest-VolumeQuotasNegativeTestJSON-259593403-project] Flow 'volume_create_api' (4a04213e-91ef-49aa-8a2b-14c58d87e037) transitioned into state 'RUNNING' from state 'PENDING' {{(pid=100712) _flow_receiver /usr/local/lib/python3.8/dist-packages/taskflow/listeners/logging.py:141}}
Aug 16 09:30:28.340070 dv-cinder-804584-8-iscsi devstack@c-api.service[100713]: INFO cinder.volume.api [None req-adcd72d0-be67-4f22-9a05-184a20b06ff1 tempest-SnapshotsActionsTest-1862406483 tempest-SnapshotsActionsTest-1862406483-project] Snapshot create request issued successfully.
Aug 16 09:30:28.340846 dv-cinder-804584-8-iscsi devstack@c-api.service[100713]: INFO cinder.api.openstack.wsgi [None req-adcd72d0-be67-4f22-9a05-184a20b06ff1 tempest-SnapshotsActionsTest-1862406483 tempest-SnapshotsActionsTest-1862406483-project] http://10.222.0.86/volume/v3/616de4c5075a4695a4b88b55e46c70a1/snapshots returned with HTTP 202
Aug 16 09:30:28.343009 dv-cinder-804584-8-iscsi devstack@c-api.service[100712]: DEBUG cinder.volume.api [None req-fc20fac9-7c2d-472b-8a74-804a51f2409e tempest-VolumeQuotasNegativeTestJSON-259593403 tempest-VolumeQuotasNegativeTestJSON-259593403-project] Task 'cinder.volume.flows.api.create_volume.ExtractVolumeRequestTask;volume:create' (12627547-39b4-4b43-8c25-e8d10d7e51ac) transitioned into state 'RUNNING' from state 'PENDING' {{(pid=100712) _task_receiver /usr/local/lib/python3.8/dist-packages/taskflow/listeners/logging.py:190}}
Aug 16 09:30:28.343321 dv-cinder-804584-8-iscsi devstack@c-api.service[100713]: [pid: 100713|app: 0|req: 13/30] 10.222.0.86 () {60 vars in 1242 bytes} [Mon Aug 16 09:30:27 2021] POST /volume/v3/616de4c5075a4695a4b88b55e46c70a1/snapshots => generated 307 bytes in 461 msecs (HTTP/1.1 202) 7 headers in 291 bytes (1 switches on core 0)
Aug 16 09:30:28.347182 dv-cinder-804584-8-iscsi devstack@c-api.service[100712]: DEBUG cinder.volume.flows.api.create_volume [None req-fc20fac9-7c2d-472b-8a74-804a51f2409e tempest-VolumeQuotasNegativeTestJSON-259593403 tempest-VolumeQuotasNegativeTestJSON-259593403-project] Validating volume size '1' using validate_int {{(pid=100712) _extract_size /opt/stack/cinder/cinder/volume/flows/api/create_volume.py:201}}
Aug 16 09:30:28.352851 dv-cinder-804584-8-iscsi devstack@c-api.service[100713]: INFO cinder.api.openstack.wsgi [req-4cd6216a-1c5e-40aa-a571-4073608b0133 req-365035f7-5398-4cef-bfea-d6a8e186ea33 tempest-VolumesSnapshotsTestJSON-1669343543 tempest-VolumesSnapshotsTestJSON-1669343543-project] GET http://10.222.0.86/volume/v3/60d61ee85dbe4e27a4875ed2729f8711/snapshots/5c9c9a86-eaed-4a43-8ad1-c0ca29d96587
Aug 16 09:30:28.360601 dv-cinder-804584-8-iscsi devstack@c-api.service[100713]: DEBUG cinder.api.openstack.wsgi [req-4cd6216a-1c5e-40aa-a571-4073608b0133 req-365035f7-5398-4cef-bfea-d6a8e186ea33 tempest-VolumesSnapshotsTestJSON-1669343543 tempest-VolumesSnapshotsTestJSON-1669343543-project] Empty body provided in request {{(pid=100713) get_body /opt/stack/cinder/cinder/api/openstack/wsgi.py:703}}
Aug 16 09:30:28.361188 dv-cinder-804584-8-iscsi devstack@c-api.service[100713]: /usr/local/lib/python3.8/dist-packages/webob/acceptparse.py:1047: DeprecationWarning: The behavior of AcceptValidHeader.best_match is currently being maintained for backward compatibility, but it will be deprecated in the future, as it does not conform to the RFC.
Aug 16 09:30:28.361188 dv-cinder-804584-8-iscsi devstack@c-api.service[100713]: warnings.warn(
Aug 16 09:30:28.362226 dv-cinder-804584-8-iscsi devstack@c-api.service[100713]: DEBUG cinder.api.openstack.wsgi [req-4cd6216a-1c5e-40aa-a571-4073608b0133 req-365035f7-5398-4cef-bfea-d6a8e186ea33 tempest-VolumesSnapshotsTestJSON-1669343543 tempest-VolumesSnapshotsTestJSON-1669343543-project] Calling method 'show' {{(pid=100713) _process_stack /opt/stack/cinder/cinder/api/openstack/wsgi.py:856}}
Aug 16 09:30:28.388578 dv-cinder-804584-8-iscsi devstack@c-api.service[100713]: /usr/local/lib/python3.8/dist-packages/oslo_context/context.py:105: DeprecationWarning: Policy enforcement is depending on the value of is_admin. This key is deprecated. Please update your policy file to use the standard policy values.
Aug 16 09:30:28.388578 dv-cinder-804584-8-iscsi devstack@c-api.service[100713]: warnings.warn('Policy enforcement is depending on the value of '
Aug 16 09:30:28.388578 dv-cinder-804584-8-iscsi devstack@c-api.service[100713]: INFO cinder.volume.api [req-4cd6216a-1c5e-40aa-a571-4073608b0133 req-365035f7-5398-4cef-bfea-d6a8e186ea33 tempest-VolumesSnapshotsTestJSON-1669343543 tempest-VolumesSnapshotsTestJSON-1669343543-project] Snapshot retrieved successfully.
Aug 16 09:30:28.395912 dv-cinder-804584-8-iscsi devstack@c-api.service[100713]: INFO cinder.api.openstack.wsgi [req-4cd6216a-1c5e-40aa-a571-4073608b0133 req-365035f7-5398-4cef-bfea-d6a8e186ea33 tempest-VolumesSnapshotsTestJSON-1669343543 tempest-VolumesSnapshotsTestJSON-1669343543-project] http://10.222.0.86/volume/v3/60d61ee85dbe4e27a4875ed2729f8711/snapshots/5c9c9a86-eaed-4a43-8ad1-c0ca29d96587 returned with HTTP 200
Aug 16 09:30:28.409099 dv-cinder-804584-8-iscsi devstack@c-api.service[100713]: [pid: 100713|app: 0|req: 14/31] 10.222.0.86 () {60 vars in 1585 bytes} [Mon Aug 16 09:30:28 2021] GET /volume/v3/60d61ee85dbe4e27a4875ed2729f8711/snapshots/5c9c9a86-eaed-4a43-8ad1-c0ca29d96587 => generated 443 bytes in 65 msecs (HTTP/1.1 200) 7 headers in 285 bytes (1 switches on core 0)
Aug 16 09:30:28.424914 dv-cinder-804584-8-iscsi devstack@c-api.service[100713]: INFO cinder.api.openstack.wsgi [None req-12770e4a-87e5-45e9-9dcf-12f0e81a7e5d tempest-SnapshotsActionsTest-1862406483 tempest-SnapshotsActionsTest-1862406483-project] GET http://10.222.0.86/volume/v3/616de4c5075a4695a4b88b55e46c70a1/snapshots/a7572651-fe59-4ebf-9cc7-90ad440fba02
Aug 16 09:30:28.437960 dv-cinder-804584-8-iscsi devstack@c-api.service[100713]: DEBUG cinder.api.openstack.wsgi [None req-12770e4a-87e5-45e9-9dcf-12f0e81a7e5d tempest-SnapshotsActionsTest-1862406483 tempest-SnapshotsActionsTest-1862406483-project] Empty body provided in request {{(pid=100713) get_body /opt/stack/cinder/cinder/api/openstack/wsgi.py:703}}
Aug 16 09:30:28.438323 dv-cinder-804584-8-iscsi devstack@c-api.service[100713]: /usr/local/lib/python3.8/dist-packages/webob/acceptparse.py:1047: DeprecationWarning: The behavior of AcceptValidHeader.best_match is currently being maintained for backward compatibility, but it will be deprecated in the future, as it does not conform to the RFC.
Aug 16 09:30:28.438323 dv-cinder-804584-8-iscsi devstack@c-api.service[100713]: warnings.warn(
Aug 16 09:30:28.444669 dv-cinder-804584-8-iscsi devstack@c-api.service[100713]: DEBUG cinder.api.openstack.wsgi [None req-12770e4a-87e5-45e9-9dcf-12f0e81a7e5d tempest-SnapshotsActionsTest-1862406483 tempest-SnapshotsActionsTest-1862406483-project] Calling method 'show' {{(pid=100713) _process_stack /opt/stack/cinder/cinder/api/openstack/wsgi.py:856}}
Aug 16 09:30:28.468477 dv-cinder-804584-8-iscsi devstack@c-api.service[100713]: /usr/local/lib/python3.8/dist-packages/oslo_context/context.py:105: DeprecationWarning: Policy enforcement is depending on the value of is_admin. This key is deprecated. Please update your policy file to use the standard policy values.
Aug 16 09:30:28.468477 dv-cinder-804584-8-iscsi devstack@c-api.service[100713]: warnings.warn('Policy enforcement is depending on the value of '
Aug 16 09:30:28.472010 dv-cinder-804584-8-iscsi devstack@c-api.service[100713]: INFO cinder.volume.api [None req-12770e4a-87e5-45e9-9dcf-12f0e81a7e5d tempest-SnapshotsActionsTest-1862406483 tempest-SnapshotsActionsTest-1862406483-project] Snapshot retrieved successfully.
Aug 16 09:30:28.475684 dv-cinder-804584-8-iscsi devstack@c-api.service[100712]: DEBUG cinder.volume.api [None req-fc20fac9-7c2d-472b-8a74-804a51f2409e tempest-VolumeQuotasNegativeTestJSON-259593403 tempest-VolumeQuotasNegativeTestJSON-259593403-project] Task 'cinder.volume.flows.api.create_volume.ExtractVolumeRequestTask;volume:create' (12627547-39b4-4b43-8c25-e8d10d7e51ac) transitioned into state 'SUCCESS' from state 'RUNNING' with result '{'size': 1, 'snapshot_id': None, 'source_volid': None, 'volume_type': VolumeType(created_at=2021-08-16T09:21:31Z,deleted=False,deleted_at=None,description='Default Volume Type',extra_specs={},id=5a31afcf-316a-432c-a2f0-b61e85005328,is_public=True,name='__DEFAULT__',projects=[],qos_specs=,qos_specs_id=None,updated_at=2021-08-16T09:21:31Z), 'volume_type_id': '5a31afcf-316a-432c-a2f0-b61e85005328', 'encryption_key_id': None, 'qos_specs': None, 'consistencygroup_id': None, 'cgsnapshot_id': None, 'group_id': None, 'replication_status': 'disabled', 'refresh_az': False, 'backup_id': None, 'multiattach': False, 'availability_zones': ['nova']}' {{(pid=100712) _task_receiver /usr/local/lib/python3.8/dist-packages/taskflow/listeners/logging.py:178}}
Aug 16 09:30:28.475896 dv-cinder-804584-8-iscsi devstack@c-api.service[100713]: INFO cinder.api.openstack.wsgi [None req-12770e4a-87e5-45e9-9dcf-12f0e81a7e5d tempest-SnapshotsActionsTest-1862406483 tempest-SnapshotsActionsTest-1862406483-project] http://10.222.0.86/volume/v3/616de4c5075a4695a4b88b55e46c70a1/snapshots/a7572651-fe59-4ebf-9cc7-90ad440fba02 returned with HTTP 200
Aug 16 09:30:28.477978 dv-cinder-804584-8-iscsi devstack@c-api.service[100712]: DEBUG cinder.volume.api [None req-fc20fac9-7c2d-472b-8a74-804a51f2409e tempest-VolumeQuotasNegativeTestJSON-259593403 tempest-VolumeQuotasNegativeTestJSON-259593403-project] Task 'cinder.volume.flows.api.create_volume.QuotaReserveTask;volume:create' (0c9c8d5c-35b7-41e5-b23b-449e6c359201) transitioned into state 'RUNNING' from state 'PENDING' {{(pid=100712) _task_receiver /usr/local/lib/python3.8/dist-packages/taskflow/listeners/logging.py:190}}
Aug 16 09:30:28.484060 dv-cinder-804584-8-iscsi devstack@c-api.service[100713]: [pid: 100713|app: 0|req: 15/32] 10.222.0.86 () {58 vars in 1331 bytes} [Mon Aug 16 09:30:28 2021] GET /volume/v3/616de4c5075a4695a4b88b55e46c70a1/snapshots/a7572651-fe59-4ebf-9cc7-90ad440fba02 => generated 439 bytes in 74 msecs (HTTP/1.1 200) 7 headers in 285 bytes (1 switches on core 0)
Aug 16 09:30:28.551040 dv-cinder-804584-8-iscsi devstack@c-api.service[100712]: WARNING cinder.quota_utils [None req-fc20fac9-7c2d-472b-8a74-804a51f2409e tempest-VolumeQuotasNegativeTestJSON-259593403 tempest-VolumeQuotasNegativeTestJSON-259593403-project] Quota exceeded for acffc099d5a64f3da320ff2841b4ef4a, tried to create volume (1 volumes already consumed).: cinder.exception.OverQuota: Quota exceeded for resources: ['volumes']
Aug 16 09:30:28.558926 dv-cinder-804584-8-iscsi devstack@c-api.service[100712]: WARNING cinder.volume.api [None req-fc20fac9-7c2d-472b-8a74-804a51f2409e tempest-VolumeQuotasNegativeTestJSON-259593403 tempest-VolumeQuotasNegativeTestJSON-259593403-project] Task 'cinder.volume.flows.api.create_volume.QuotaReserveTask;volume:create' (0c9c8d5c-35b7-41e5-b23b-449e6c359201) transitioned into state 'FAILURE' from state 'RUNNING'
Aug 16 09:30:28.558926 dv-cinder-804584-8-iscsi devstack@c-api.service[100712]: Failure: cinder.exception.VolumeLimitExceeded: Maximum number of volumes allowed (1) exceeded for quota 'volumes'.
Aug 16 09:30:28.567308 dv-cinder-804584-8-iscsi devstack@c-api.service[100712]: DEBUG cinder.volume.api [None req-fc20fac9-7c2d-472b-8a74-804a51f2409e tempest-VolumeQuotasNegativeTestJSON-259593403 tempest-VolumeQuotasNegativeTestJSON-259593403-project] Task 'cinder.volume.flows.api.create_volume.QuotaReserveTask;volume:create' (0c9c8d5c-35b7-41e5-b23b-449e6c359201) transitioned into state 'REVERTING' from state 'FAILURE' {{(pid=100712) _task_receiver /usr/local/lib/python3.8/dist-packages/taskflow/listeners/logging.py:190}}
Aug 16 09:30:28.569994 dv-cinder-804584-8-iscsi devstack@c-api.service[100712]: WARNING cinder.volume.api [None req-fc20fac9-7c2d-472b-8a74-804a51f2409e tempest-VolumeQuotasNegativeTestJSON-259593403 tempest-VolumeQuotasNegativeTestJSON-259593403-project] Task 'cinder.volume.flows.api.create_volume.QuotaReserveTask;volume:create' (0c9c8d5c-35b7-41e5-b23b-449e6c359201) transitioned into state 'REVERTED' from state 'REVERTING' with result 'None'
Aug 16 09:30:28.572038 dv-cinder-804584-8-iscsi devstack@c-api.service[100712]: DEBUG cinder.volume.api [None req-fc20fac9-7c2d-472b-8a74-804a51f2409e tempest-VolumeQuotasNegativeTestJSON-259593403 tempest-VolumeQuotasNegativeTestJSON-259593403-project] Task 'cinder.volume.flows.api.create_volume.ExtractVolumeRequestTask;volume:create' (12627547-39b4-4b43-8c25-e8d10d7e51ac) transitioned into state 'REVERTING' from state 'SUCCESS' {{(pid=100712) _task_receiver /usr/local/lib/python3.8/dist-packages/taskflow/listeners/logging.py:190}}
Aug 16 09:30:28.574219 dv-cinder-804584-8-iscsi devstack@c-api.service[100712]: WARNING cinder.volume.api [None req-fc20fac9-7c2d-472b-8a74-804a51f2409e tempest-VolumeQuotasNegativeTestJSON-259593403 tempest-VolumeQuotasNegativeTestJSON-259593403-project] Task 'cinder.volume.flows.api.create_volume.ExtractVolumeRequestTask;volume:create' (12627547-39b4-4b43-8c25-e8d10d7e51ac) transitioned into state 'REVERTED' from state 'REVERTING' with result 'None'
Aug 16 09:30:28.585310 dv-cinder-804584-8-iscsi devstack@c-api.service[100712]: WARNING cinder.volume.api [None req-fc20fac9-7c2d-472b-8a74-804a51f2409e tempest-VolumeQuotasNegativeTestJSON-259593403 tempest-VolumeQuotasNegativeTestJSON-259593403-project] Flow 'volume_create_api' (4a04213e-91ef-49aa-8a2b-14c58d87e037) transitioned into state 'REVERTED' from state 'RUNNING'
Aug 16 09:30:28.586006 dv-cinder-804584-8-iscsi devstack@c-api.service[100712]: INFO cinder.api.middleware.fault [None req-fc20fac9-7c2d-472b-8a74-804a51f2409e tempest-VolumeQuotasNegativeTestJSON-259593403 tempest-VolumeQuotasNegativeTestJSON-259593403-project] http://10.222.0.86/volume/v3/acffc099d5a64f3da320ff2841b4ef4a/volumes returned with HTTP 413
Aug 16 09:30:28.592134 dv-cinder-804584-8-iscsi devstack@c-api.service[100712]: [pid: 100712|app: 0|req: 18/33] 10.222.0.86 () {60 vars in 1235 bytes} [Mon Aug 16 09:30:28 2021] POST /volume/v3/acffc099d5a64f3da320ff2841b4ef4a/volumes => generated 150 bytes in 345 msecs (HTTP/1.1 413) 8 headers in 323 bytes (1 switches on core 0)
Aug 16 09:30:28.601748 dv-cinder-804584-8-iscsi devstack@c-api.service[100713]: INFO cinder.api.openstack.wsgi [None req-80c8fdda-4189-46cf-a1ff-1bdf0e41b659 tempest-VolumeQuotasNegativeTestJSON-1718729013 tempest-VolumeQuotasNegativeTestJSON-1718729013-project-admin] PUT http://10.222.0.86/volume/v3/4069be37d34f499cacce080b71110f4d/os-quota-sets/acffc099d5a64f3da320ff2841b4ef4a
Aug 16 09:30:28.602410 dv-cinder-804584-8-iscsi devstack@c-api.service[100713]: /usr/local/lib/python3.8/dist-packages/webob/acceptparse.py:1047: DeprecationWarning: The behavior of AcceptValidHeader.best_match is currently being maintained for backward compatibility, but it will be deprecated in the future, as it does not conform to the RFC.
Aug 16 09:30:28.602410 dv-cinder-804584-8-iscsi devstack@c-api.service[100713]: warnings.warn(
Aug 16 09:30:28.603279 dv-cinder-804584-8-iscsi devstack@c-api.service[100713]: DEBUG cinder.api.openstack.wsgi [None req-80c8fdda-4189-46cf-a1ff-1bdf0e41b659 tempest-VolumeQuotasNegativeTestJSON-1718729013 tempest-VolumeQuotasNegativeTestJSON-1718729013-project-admin] Action: 'update', calling method: update, body: {"quota_set": {"gigabytes": 1}} {{(pid=100713) _process_stack /opt/stack/cinder/cinder/api/openstack/wsgi.py:854}}
Aug 16 09:30:28.779624 dv-cinder-804584-8-iscsi devstack@c-api.service[100713]: INFO cinder.api.openstack.wsgi [None req-80c8fdda-4189-46cf-a1ff-1bdf0e41b659 tempest-VolumeQuotasNegativeTestJSON-1718729013 tempest-VolumeQuotasNegativeTestJSON-1718729013-project-admin] http://10.222.0.86/volume/v3/4069be37d34f499cacce080b71110f4d/os-quota-sets/acffc099d5a64f3da320ff2841b4ef4a returned with HTTP 200
Aug 16 09:30:28.781997 dv-cinder-804584-8-iscsi devstack@c-api.service[100713]: [pid: 100713|app: 0|req: 16/34] 10.222.0.86 () {60 vars in 1351 bytes} [Mon Aug 16 09:30:28 2021] PUT /volume/v3/4069be37d34f499cacce080b71110f4d/os-quota-sets/acffc099d5a64f3da320ff2841b4ef4a => generated 315 bytes in 189 msecs (HTTP/1.1 200) 7 headers in 285 bytes (1 switches on core 0)
Aug 16 09:30:28.791991 dv-cinder-804584-8-iscsi devstack@c-api.service[100712]: INFO cinder.api.openstack.wsgi [None req-4bdb8e3c-72d2-453d-ab30-70718758bc3e tempest-VolumeQuotasNegativeTestJSON-259593403 tempest-VolumeQuotasNegativeTestJSON-259593403-project] POST http://10.222.0.86/volume/v3/acffc099d5a64f3da320ff2841b4ef4a/volumes/efe68961-62f2-43c1-bbf5-314fcc4b82a0/action
Aug 16 09:30:28.792382 dv-cinder-804584-8-iscsi devstack@c-api.service[100712]: /usr/local/lib/python3.8/dist-packages/webob/acceptparse.py:1047: DeprecationWarning: The behavior of AcceptValidHeader.best_match is currently being maintained for backward compatibility, but it will be deprecated in the future, as it does not conform to the RFC.
Aug 16 09:30:28.792382 dv-cinder-804584-8-iscsi devstack@c-api.service[100712]: warnings.warn(
Aug 16 09:30:28.793212 dv-cinder-804584-8-iscsi devstack@c-api.service[100712]: DEBUG cinder.api.openstack.wsgi [None req-4bdb8e3c-72d2-453d-ab30-70718758bc3e tempest-VolumeQuotasNegativeTestJSON-259593403 tempest-VolumeQuotasNegativeTestJSON-259593403-project] Action body: b'{"os-extend": {"new_size": 2}}' {{(pid=100712) get_method /opt/stack/cinder/cinder/api/openstack/wsgi.py:971}}
Aug 16 09:30:28.793399 dv-cinder-804584-8-iscsi devstack@c-api.service[100712]: DEBUG cinder.api.openstack.wsgi [None req-4bdb8e3c-72d2-453d-ab30-70718758bc3e tempest-VolumeQuotasNegativeTestJSON-259593403 tempest-VolumeQuotasNegativeTestJSON-259593403-project] Action: 'action', calling method: _extend, body: {"os-extend": {"new_size": 2}} {{(pid=100712) _process_stack /opt/stack/cinder/cinder/api/openstack/wsgi.py:854}}
Aug 16 09:30:28.827138 dv-cinder-804584-8-iscsi devstack@c-api.service[100712]: /usr/local/lib/python3.8/dist-packages/oslo_context/context.py:105: DeprecationWarning: Policy enforcement is depending on the value of is_admin. This key is deprecated. Please update your policy file to use the standard policy values.
Aug 16 09:30:28.827138 dv-cinder-804584-8-iscsi devstack@c-api.service[100712]: warnings.warn('Policy enforcement is depending on the value of '
Aug 16 09:30:28.832121 dv-cinder-804584-8-iscsi devstack@c-api.service[100712]: INFO cinder.volume.api [None req-4bdb8e3c-72d2-453d-ab30-70718758bc3e tempest-VolumeQuotasNegativeTestJSON-259593403 tempest-VolumeQuotasNegativeTestJSON-259593403-project] Volume info retrieved successfully.
Aug 16 09:30:28.940513 dv-cinder-804584-8-iscsi devstack@c-api.service[100713]: INFO cinder.api.openstack.wsgi [None req-2eacc306-0684-4590-9048-e35a5661608e tempest-VolumesTestJSON-67964835 tempest-VolumesTestJSON-67964835-project] GET http://10.222.0.86/volume/v3/8d99708337c84d2fa1351213c9505c10/volumes/8403f39b-37a2-4117-962a-f0af1d525578
Aug 16 09:30:28.941333 dv-cinder-804584-8-iscsi devstack@c-api.service[100713]: DEBUG cinder.api.openstack.wsgi [None req-2eacc306-0684-4590-9048-e35a5661608e tempest-VolumesTestJSON-67964835 tempest-VolumesTestJSON-67964835-project] Empty body provided in request {{(pid=100713) get_body /opt/stack/cinder/cinder/api/openstack/wsgi.py:703}}
Aug 16 09:30:28.941744 dv-cinder-804584-8-iscsi devstack@c-api.service[100713]: DEBUG cinder.api.openstack.wsgi [None req-2eacc306-0684-4590-9048-e35a5661608e tempest-VolumesTestJSON-67964835 tempest-VolumesTestJSON-67964835-project] Calling method 'show' {{(pid=100713) _process_stack /opt/stack/cinder/cinder/api/openstack/wsgi.py:856}}
Aug 16 09:30:28.976903 dv-cinder-804584-8-iscsi devstack@c-api.service[100713]: /usr/local/lib/python3.8/dist-packages/oslo_context/context.py:105: DeprecationWarning: Policy enforcement is depending on the value of is_admin. This key is deprecated. Please update your policy file to use the standard policy values.
Aug 16 09:30:28.976903 dv-cinder-804584-8-iscsi devstack@c-api.service[100713]: warnings.warn('Policy enforcement is depending on the value of '
Aug 16 09:30:28.995278 dv-cinder-804584-8-iscsi devstack@c-api.service[100712]: ERROR cinder.volume.api [None req-4bdb8e3c-72d2-453d-ab30-70718758bc3e tempest-VolumeQuotasNegativeTestJSON-259593403 tempest-VolumeQuotasNegativeTestJSON-259593403-project] Quota exceeded for acffc099d5a64f3da320ff2841b4ef4a, tried to extend volume by 1G, (1G of 1G already consumed).: cinder.exception.OverQuota: Quota exceeded for resources: ['gigabytes']
Aug 16 09:30:29.002851 dv-cinder-804584-8-iscsi devstack@c-api.service[100713]: INFO cinder.volume.api [None req-2eacc306-0684-4590-9048-e35a5661608e tempest-VolumesTestJSON-67964835 tempest-VolumesTestJSON-67964835-project] Volume info retrieved successfully.
Aug 16 09:30:29.026802 dv-cinder-804584-8-iscsi devstack@c-api.service[100712]: INFO cinder.api.middleware.fault [None req-4bdb8e3c-72d2-453d-ab30-70718758bc3e tempest-VolumeQuotasNegativeTestJSON-259593403 tempest-VolumeQuotasNegativeTestJSON-259593403-project] http://10.222.0.86/volume/v3/acffc099d5a64f3da320ff2841b4ef4a/volumes/efe68961-62f2-43c1-bbf5-314fcc4b82a0/action returned with HTTP 413
Aug 16 09:30:29.031863 dv-cinder-804584-8-iscsi devstack@c-api.service[100712]: [pid: 100712|app: 0|req: 19/35] 10.222.0.86 () {60 vars in 1367 bytes} [Mon Aug 16 09:30:28 2021] POST /volume/v3/acffc099d5a64f3da320ff2841b4ef4a/volumes/efe68961-62f2-43c1-bbf5-314fcc4b82a0/action => generated 208 bytes in 240 msecs (HTTP/1.1 413) 8 headers in 323 bytes (1 switches on core 0)
Aug 16 09:30:29.039171 dv-cinder-804584-8-iscsi devstack@c-api.service[100712]: INFO cinder.api.openstack.wsgi [None req-842f966d-75bf-467c-8051-0687af9e7e78 tempest-VolumeQuotasNegativeTestJSON-259593403 tempest-VolumeQuotasNegativeTestJSON-259593403-project] DELETE http://10.222.0.86/volume/v3/acffc099d5a64f3da320ff2841b4ef4a/volumes/efe68961-62f2-43c1-bbf5-314fcc4b82a0
Aug 16 09:30:29.039829 dv-cinder-804584-8-iscsi devstack@c-api.service[100712]: DEBUG cinder.api.openstack.wsgi [None req-842f966d-75bf-467c-8051-0687af9e7e78 tempest-VolumeQuotasNegativeTestJSON-259593403 tempest-VolumeQuotasNegativeTestJSON-259593403-project] Empty body provided in request {{(pid=100712) get_body /opt/stack/cinder/cinder/api/openstack/wsgi.py:703}}
Aug 16 09:30:29.040100 dv-cinder-804584-8-iscsi devstack@c-api.service[100712]: /usr/local/lib/python3.8/dist-packages/webob/acceptparse.py:1047: DeprecationWarning: The behavior of AcceptValidHeader.best_match is currently being maintained for backward compatibility, but it will be deprecated in the future, as it does not conform to the RFC.
Aug 16 09:30:29.040100 dv-cinder-804584-8-iscsi devstack@c-api.service[100712]: warnings.warn(
Aug 16 09:30:29.040569 dv-cinder-804584-8-iscsi devstack@c-api.service[100712]: DEBUG cinder.api.openstack.wsgi [None req-842f966d-75bf-467c-8051-0687af9e7e78 tempest-VolumeQuotasNegativeTestJSON-259593403 tempest-VolumeQuotasNegativeTestJSON-259593403-project] Calling method 'delete' {{(pid=100712) _process_stack /opt/stack/cinder/cinder/api/openstack/wsgi.py:856}}
Aug 16 09:30:29.041102 dv-cinder-804584-8-iscsi devstack@c-api.service[100712]: INFO cinder.api.v3.volumes [None req-842f966d-75bf-467c-8051-0687af9e7e78 tempest-VolumeQuotasNegativeTestJSON-259593403 tempest-VolumeQuotasNegativeTestJSON-259593403-project] Delete volume with id: efe68961-62f2-43c1-bbf5-314fcc4b82a0
Aug 16 09:30:29.047977 dv-cinder-804584-8-iscsi devstack@c-api.service[100713]: INFO cinder.api.openstack.wsgi [None req-2eacc306-0684-4590-9048-e35a5661608e tempest-VolumesTestJSON-67964835 tempest-VolumesTestJSON-67964835-project] http://10.222.0.86/volume/v3/8d99708337c84d2fa1351213c9505c10/volumes/8403f39b-37a2-4117-962a-f0af1d525578 returned with HTTP 200
Aug 16 09:30:29.051277 dv-cinder-804584-8-iscsi devstack@c-api.service[100713]: [pid: 100713|app: 0|req: 17/36] 10.222.0.86 () {58 vars in 1325 bytes} [Mon Aug 16 09:30:28 2021] GET /volume/v3/8d99708337c84d2fa1351213c9505c10/volumes/8403f39b-37a2-4117-962a-f0af1d525578 => generated 922 bytes in 116 msecs (HTTP/1.1 200) 7 headers in 285 bytes (2 switches on core 0)
Aug 16 09:30:29.081259 dv-cinder-804584-8-iscsi devstack@c-api.service[100712]: /usr/local/lib/python3.8/dist-packages/oslo_context/context.py:105: DeprecationWarning: Policy enforcement is depending on the value of is_admin. This key is deprecated. Please update your policy file to use the standard policy values.
Aug 16 09:30:29.081259 dv-cinder-804584-8-iscsi devstack@c-api.service[100712]: warnings.warn('Policy enforcement is depending on the value of '
Aug 16 09:30:29.087997 dv-cinder-804584-8-iscsi devstack@c-api.service[100712]: INFO cinder.volume.api [None req-842f966d-75bf-467c-8051-0687af9e7e78 tempest-VolumeQuotasNegativeTestJSON-259593403 tempest-VolumeQuotasNegativeTestJSON-259593403-project] Volume info retrieved successfully.
Aug 16 09:30:29.093544 dv-cinder-804584-8-iscsi devstack@c-api.service[100713]: INFO cinder.api.openstack.wsgi [req-01b7f26d-d098-4692-b2ac-fdb4785ec96c req-0181a2c6-4e3a-4564-92cb-f7eb991f3428 tempest-VolumesTestJSON-67964835 tempest-VolumesTestJSON-67964835-project] GET http://10.222.0.86/volume/v3/8d99708337c84d2fa1351213c9505c10/volumes/8403f39b-37a2-4117-962a-f0af1d525578
Aug 16 09:30:29.105583 dv-cinder-804584-8-iscsi devstack@c-api.service[100713]: DEBUG cinder.api.openstack.wsgi [req-01b7f26d-d098-4692-b2ac-fdb4785ec96c req-0181a2c6-4e3a-4564-92cb-f7eb991f3428 tempest-VolumesTestJSON-67964835 tempest-VolumesTestJSON-67964835-project] Empty body provided in request {{(pid=100713) get_body /opt/stack/cinder/cinder/api/openstack/wsgi.py:703}}
Aug 16 09:30:29.105583 dv-cinder-804584-8-iscsi devstack@c-api.service[100713]: /usr/local/lib/python3.8/dist-packages/webob/acceptparse.py:1047: DeprecationWarning: The behavior of AcceptValidHeader.best_match is currently being maintained for backward compatibility, but it will be deprecated in the future, as it does not conform to the RFC.
Aug 16 09:30:29.105583 dv-cinder-804584-8-iscsi devstack@c-api.service[100713]: warnings.warn(
Aug 16 09:30:29.105583 dv-cinder-804584-8-iscsi devstack@c-api.service[100713]: DEBUG cinder.api.openstack.wsgi [req-01b7f26d-d098-4692-b2ac-fdb4785ec96c req-0181a2c6-4e3a-4564-92cb-f7eb991f3428 tempest-VolumesTestJSON-67964835 tempest-VolumesTestJSON-67964835-project] Calling method 'show' {{(pid=100713) _process_stack /opt/stack/cinder/cinder/api/openstack/wsgi.py:856}}
Aug 16 09:30:29.139918 dv-cinder-804584-8-iscsi devstack@c-api.service[100713]: /usr/local/lib/python3.8/dist-packages/oslo_context/context.py:105: DeprecationWarning: Policy enforcement is depending on the value of is_admin. This key is deprecated. Please update your policy file to use the standard policy values.
Aug 16 09:30:29.139918 dv-cinder-804584-8-iscsi devstack@c-api.service[100713]: warnings.warn('Policy enforcement is depending on the value of '
Aug 16 09:30:29.148940 dv-cinder-804584-8-iscsi devstack@c-api.service[100712]: INFO cinder.volume.api [None req-842f966d-75bf-467c-8051-0687af9e7e78 tempest-VolumeQuotasNegativeTestJSON-259593403 tempest-VolumeQuotasNegativeTestJSON-259593403-project] Delete volume request issued successfully.
Aug 16 09:30:29.162057 dv-cinder-804584-8-iscsi devstack@c-api.service[100712]: INFO cinder.api.openstack.wsgi [None req-842f966d-75bf-467c-8051-0687af9e7e78 tempest-VolumeQuotasNegativeTestJSON-259593403 tempest-VolumeQuotasNegativeTestJSON-259593403-project] http://10.222.0.86/volume/v3/acffc099d5a64f3da320ff2841b4ef4a/volumes/efe68961-62f2-43c1-bbf5-314fcc4b82a0 returned with HTTP 202
Aug 16 09:30:29.163074 dv-cinder-804584-8-iscsi devstack@c-api.service[100712]: [pid: 100712|app: 0|req: 20/37] 10.222.0.86 () {58 vars in 1328 bytes} [Mon Aug 16 09:30:29 2021] DELETE /volume/v3/acffc099d5a64f3da320ff2841b4ef4a/volumes/efe68961-62f2-43c1-bbf5-314fcc4b82a0 => generated 0 bytes in 130 msecs (HTTP/1.1 202) 6 headers in 233 bytes (2 switches on core 0)
Aug 16 09:30:29.174304 dv-cinder-804584-8-iscsi devstack@c-api.service[100713]: INFO cinder.volume.api [req-01b7f26d-d098-4692-b2ac-fdb4785ec96c req-0181a2c6-4e3a-4564-92cb-f7eb991f3428 tempest-VolumesTestJSON-67964835 tempest-VolumesTestJSON-67964835-project] Volume info retrieved successfully.
Aug 16 09:30:29.178678 dv-cinder-804584-8-iscsi devstack@c-api.service[100712]: INFO cinder.api.openstack.wsgi [None req-e741441f-ba1d-4fbf-b2b4-06656ad60978 tempest-VolumeQuotasNegativeTestJSON-259593403 tempest-VolumeQuotasNegativeTestJSON-259593403-project] GET http://10.222.0.86/volume/v3/acffc099d5a64f3da320ff2841b4ef4a/volumes/efe68961-62f2-43c1-bbf5-314fcc4b82a0
Aug 16 09:30:29.180832 dv-cinder-804584-8-iscsi devstack@c-api.service[100712]: DEBUG cinder.api.openstack.wsgi [None req-e741441f-ba1d-4fbf-b2b4-06656ad60978 tempest-VolumeQuotasNegativeTestJSON-259593403 tempest-VolumeQuotasNegativeTestJSON-259593403-project] Empty body provided in request {{(pid=100712) get_body /opt/stack/cinder/cinder/api/openstack/wsgi.py:703}}
Aug 16 09:30:29.181982 dv-cinder-804584-8-iscsi devstack@c-api.service[100712]: /usr/local/lib/python3.8/dist-packages/webob/acceptparse.py:1047: DeprecationWarning: The behavior of AcceptValidHeader.best_match is currently being maintained for backward compatibility, but it will be deprecated in the future, as it does not conform to the RFC.
Aug 16 09:30:29.181982 dv-cinder-804584-8-iscsi devstack@c-api.service[100712]: warnings.warn(
Aug 16 09:30:29.182752 dv-cinder-804584-8-iscsi devstack@c-api.service[100712]: DEBUG cinder.api.openstack.wsgi [None req-e741441f-ba1d-4fbf-b2b4-06656ad60978 tempest-VolumeQuotasNegativeTestJSON-259593403 tempest-VolumeQuotasNegativeTestJSON-259593403-project] Calling method 'show' {{(pid=100712) _process_stack /opt/stack/cinder/cinder/api/openstack/wsgi.py:856}}
Aug 16 09:30:29.240996 dv-cinder-804584-8-iscsi devstack@c-api.service[100713]: INFO cinder.api.openstack.wsgi [req-01b7f26d-d098-4692-b2ac-fdb4785ec96c req-0181a2c6-4e3a-4564-92cb-f7eb991f3428 tempest-VolumesTestJSON-67964835 tempest-VolumesTestJSON-67964835-project] http://10.222.0.86/volume/v3/8d99708337c84d2fa1351213c9505c10/volumes/8403f39b-37a2-4117-962a-f0af1d525578 returned with HTTP 200
Aug 16 09:30:29.248219 dv-cinder-804584-8-iscsi devstack@c-api.service[100713]: [pid: 100713|app: 0|req: 18/38] 10.222.0.86 () {60 vars in 1579 bytes} [Mon Aug 16 09:30:29 2021] GET /volume/v3/8d99708337c84d2fa1351213c9505c10/volumes/8403f39b-37a2-4117-962a-f0af1d525578 => generated 922 bytes in 165 msecs (HTTP/1.1 200) 7 headers in 285 bytes (1 switches on core 0)
Aug 16 09:30:29.257404 dv-cinder-804584-8-iscsi devstack@c-api.service[100713]: INFO cinder.api.openstack.wsgi [None req-0524eb0b-4b39-49fc-8105-d45c49298a25 tempest-VolumesTestJSON-67964835 tempest-VolumesTestJSON-67964835-project] POST http://10.222.0.86/volume/v3/8d99708337c84d2fa1351213c9505c10/volumes
Aug 16 09:30:29.257677 dv-cinder-804584-8-iscsi devstack@c-api.service[100713]: /usr/local/lib/python3.8/dist-packages/webob/acceptparse.py:1047: DeprecationWarning: The behavior of AcceptValidHeader.best_match is currently being maintained for backward compatibility, but it will be deprecated in the future, as it does not conform to the RFC.
Aug 16 09:30:29.257677 dv-cinder-804584-8-iscsi devstack@c-api.service[100713]: warnings.warn(
Aug 16 09:30:29.258678 dv-cinder-804584-8-iscsi devstack@c-api.service[100713]: DEBUG cinder.api.openstack.wsgi [None req-0524eb0b-4b39-49fc-8105-d45c49298a25 tempest-VolumesTestJSON-67964835 tempest-VolumesTestJSON-67964835-project] Action: 'create', calling method: create, body: {"volume": {"metadata": {"Type": "work"}, "size": 1, "display_name": "tempest-VolumesTestJSON-volume-1257311629"}} {{(pid=100713) _process_stack /opt/stack/cinder/cinder/api/openstack/wsgi.py:854}}
Aug 16 09:30:29.260019 dv-cinder-804584-8-iscsi devstack@c-api.service[100713]: DEBUG cinder.api.v3.volumes [None req-0524eb0b-4b39-49fc-8105-d45c49298a25 tempest-VolumesTestJSON-67964835 tempest-VolumesTestJSON-67964835-project] Create volume request body: {'volume': {'metadata': {'Type': 'work'}, 'size': 1, 'display_name': 'tempest-VolumesTestJSON-volume-1257311629'}} {{(pid=100713) create /opt/stack/cinder/cinder/api/v3/volumes.py:290}}
Aug 16 09:30:29.261450 dv-cinder-804584-8-iscsi devstack@c-api.service[100713]: INFO cinder.api.v3.volumes [None req-0524eb0b-4b39-49fc-8105-d45c49298a25 tempest-VolumesTestJSON-67964835 tempest-VolumesTestJSON-67964835-project] Create volume of 1 GB
Aug 16 09:30:29.272378 dv-cinder-804584-8-iscsi devstack@c-api.service[100712]: /usr/local/lib/python3.8/dist-packages/oslo_context/context.py:105: DeprecationWarning: Policy enforcement is depending on the value of is_admin. This key is deprecated. Please update your policy file to use the standard policy values.
Aug 16 09:30:29.272378 dv-cinder-804584-8-iscsi devstack@c-api.service[100712]: warnings.warn('Policy enforcement is depending on the value of '
Aug 16 09:30:29.277367 dv-cinder-804584-8-iscsi devstack@c-api.service[100713]: INFO cinder.volume.api [None req-0524eb0b-4b39-49fc-8105-d45c49298a25 tempest-VolumesTestJSON-67964835 tempest-VolumesTestJSON-67964835-project] Availability Zones retrieved successfully.
Aug 16 09:30:29.321948 dv-cinder-804584-8-iscsi devstack@c-api.service[100712]: INFO cinder.volume.api [None req-e741441f-ba1d-4fbf-b2b4-06656ad60978 tempest-VolumeQuotasNegativeTestJSON-259593403 tempest-VolumeQuotasNegativeTestJSON-259593403-project] Volume info retrieved successfully.
Aug 16 09:30:29.340026 dv-cinder-804584-8-iscsi devstack@c-api.service[100713]: DEBUG cinder.volume.api [None req-0524eb0b-4b39-49fc-8105-d45c49298a25 tempest-VolumesTestJSON-67964835 tempest-VolumesTestJSON-67964835-project] Flow 'volume_create_api' (357cb80b-1453-4bb7-ae0a-5240c9cc7d49) transitioned into state 'RUNNING' from state 'PENDING' {{(pid=100713) _flow_receiver /usr/local/lib/python3.8/dist-packages/taskflow/listeners/logging.py:141}}
Aug 16 09:30:29.352375 dv-cinder-804584-8-iscsi devstack@c-api.service[100713]: DEBUG cinder.volume.api [None req-0524eb0b-4b39-49fc-8105-d45c49298a25 tempest-VolumesTestJSON-67964835 tempest-VolumesTestJSON-67964835-project] Task 'cinder.volume.flows.api.create_volume.ExtractVolumeRequestTask;volume:create' (05ef9ae9-0dae-4afd-85a9-4f229843889e) transitioned into state 'RUNNING' from state 'PENDING' {{(pid=100713) _task_receiver /usr/local/lib/python3.8/dist-packages/taskflow/listeners/logging.py:190}}
Aug 16 09:30:29.354739 dv-cinder-804584-8-iscsi devstack@c-api.service[100713]: DEBUG cinder.volume.flows.api.create_volume [None req-0524eb0b-4b39-49fc-8105-d45c49298a25 tempest-VolumesTestJSON-67964835 tempest-VolumesTestJSON-67964835-project] Validating volume size '1' using validate_int {{(pid=100713) _extract_size /opt/stack/cinder/cinder/volume/flows/api/create_volume.py:201}}
Aug 16 09:30:29.361550 dv-cinder-804584-8-iscsi devstack@c-api.service[100712]: INFO cinder.api.openstack.wsgi [None req-e741441f-ba1d-4fbf-b2b4-06656ad60978 tempest-VolumeQuotasNegativeTestJSON-259593403 tempest-VolumeQuotasNegativeTestJSON-259593403-project] http://10.222.0.86/volume/v3/acffc099d5a64f3da320ff2841b4ef4a/volumes/efe68961-62f2-43c1-bbf5-314fcc4b82a0 returned with HTTP 200
Aug 16 09:30:29.364416 dv-cinder-804584-8-iscsi devstack@c-api.service[100712]: [pid: 100712|app: 0|req: 21/39] 10.222.0.86 () {58 vars in 1325 bytes} [Mon Aug 16 09:30:29 2021] GET /volume/v3/acffc099d5a64f3da320ff2841b4ef4a/volumes/efe68961-62f2-43c1-bbf5-314fcc4b82a0 => generated 920 bytes in 197 msecs (HTTP/1.1 200) 7 headers in 285 bytes (1 switches on core 0)
Aug 16 09:30:29.447776 dv-cinder-804584-8-iscsi devstack@c-api.service[100712]: INFO cinder.api.openstack.wsgi [req-acd91fa0-52e0-46a8-91bb-2d0a5278944b req-0c3738fd-ab6a-47d4-9db5-f89d1238b15a tempest-VolumesSnapshotsTestJSON-1669343543 tempest-VolumesSnapshotsTestJSON-1669343543-project] GET http://10.222.0.86/volume/v3/60d61ee85dbe4e27a4875ed2729f8711/snapshots/5c9c9a86-eaed-4a43-8ad1-c0ca29d96587
Aug 16 09:30:29.448830 dv-cinder-804584-8-iscsi devstack@c-api.service[100712]: DEBUG cinder.api.openstack.wsgi [req-acd91fa0-52e0-46a8-91bb-2d0a5278944b req-0c3738fd-ab6a-47d4-9db5-f89d1238b15a tempest-VolumesSnapshotsTestJSON-1669343543 tempest-VolumesSnapshotsTestJSON-1669343543-project] Empty body provided in request {{(pid=100712) get_body /opt/stack/cinder/cinder/api/openstack/wsgi.py:703}}
Aug 16 09:30:29.449161 dv-cinder-804584-8-iscsi devstack@c-api.service[100712]: /usr/local/lib/python3.8/dist-packages/webob/acceptparse.py:1047: DeprecationWarning: The behavior of AcceptValidHeader.best_match is currently being maintained for backward compatibility, but it will be deprecated in the future, as it does not conform to the RFC.
Aug 16 09:30:29.449161 dv-cinder-804584-8-iscsi devstack@c-api.service[100712]: warnings.warn(
Aug 16 09:30:29.449688 dv-cinder-804584-8-iscsi devstack@c-api.service[100712]: DEBUG cinder.api.openstack.wsgi [req-acd91fa0-52e0-46a8-91bb-2d0a5278944b req-0c3738fd-ab6a-47d4-9db5-f89d1238b15a tempest-VolumesSnapshotsTestJSON-1669343543 tempest-VolumesSnapshotsTestJSON-1669343543-project] Calling method 'show' {{(pid=100712) _process_stack /opt/stack/cinder/cinder/api/openstack/wsgi.py:856}}
Aug 16 09:30:29.467799 dv-cinder-804584-8-iscsi devstack@c-api.service[100713]: DEBUG cinder.volume.api [None req-0524eb0b-4b39-49fc-8105-d45c49298a25 tempest-VolumesTestJSON-67964835 tempest-VolumesTestJSON-67964835-project] Task 'cinder.volume.flows.api.create_volume.ExtractVolumeRequestTask;volume:create' (05ef9ae9-0dae-4afd-85a9-4f229843889e) transitioned into state 'SUCCESS' from state 'RUNNING' with result '{'size': 1, 'snapshot_id': None, 'source_volid': None, 'volume_type': VolumeType(created_at=2021-08-16T09:21:31Z,deleted=False,deleted_at=None,description='Default Volume Type',extra_specs={},id=5a31afcf-316a-432c-a2f0-b61e85005328,is_public=True,name='__DEFAULT__',projects=[],qos_specs=,qos_specs_id=None,updated_at=2021-08-16T09:21:31Z), 'volume_type_id': '5a31afcf-316a-432c-a2f0-b61e85005328', 'encryption_key_id': None, 'qos_specs': None, 'consistencygroup_id': None, 'cgsnapshot_id': None, 'group_id': None, 'replication_status': 'disabled', 'refresh_az': False, 'backup_id': None, 'multiattach': False, 'availability_zones': ['nova']}' {{(pid=100713) _task_receiver /usr/local/lib/python3.8/dist-packages/taskflow/listeners/logging.py:178}}
Aug 16 09:30:29.471960 dv-cinder-804584-8-iscsi devstack@c-api.service[100713]: DEBUG cinder.volume.api [None req-0524eb0b-4b39-49fc-8105-d45c49298a25 tempest-VolumesTestJSON-67964835 tempest-VolumesTestJSON-67964835-project] Task 'cinder.volume.flows.api.create_volume.QuotaReserveTask;volume:create' (43590c78-4c56-44eb-8eef-fad89472c744) transitioned into state 'RUNNING' from state 'PENDING' {{(pid=100713) _task_receiver /usr/local/lib/python3.8/dist-packages/taskflow/listeners/logging.py:190}}
Aug 16 09:30:29.472513 dv-cinder-804584-8-iscsi devstack@c-api.service[100712]: /usr/local/lib/python3.8/dist-packages/oslo_context/context.py:105: DeprecationWarning: Policy enforcement is depending on the value of is_admin. This key is deprecated. Please update your policy file to use the standard policy values.
Aug 16 09:30:29.472513 dv-cinder-804584-8-iscsi devstack@c-api.service[100712]: warnings.warn('Policy enforcement is depending on the value of '
Aug 16 09:30:29.474140 dv-cinder-804584-8-iscsi devstack@c-api.service[100712]: INFO cinder.volume.api [req-acd91fa0-52e0-46a8-91bb-2d0a5278944b req-0c3738fd-ab6a-47d4-9db5-f89d1238b15a tempest-VolumesSnapshotsTestJSON-1669343543 tempest-VolumesSnapshotsTestJSON-1669343543-project] Snapshot retrieved successfully.
Aug 16 09:30:29.481055 dv-cinder-804584-8-iscsi devstack@c-api.service[100712]: INFO cinder.api.openstack.wsgi [req-acd91fa0-52e0-46a8-91bb-2d0a5278944b req-0c3738fd-ab6a-47d4-9db5-f89d1238b15a tempest-VolumesSnapshotsTestJSON-1669343543 tempest-VolumesSnapshotsTestJSON-1669343543-project] http://10.222.0.86/volume/v3/60d61ee85dbe4e27a4875ed2729f8711/snapshots/5c9c9a86-eaed-4a43-8ad1-c0ca29d96587 returned with HTTP 200
Aug 16 09:30:29.482389 dv-cinder-804584-8-iscsi devstack@c-api.service[100712]: [pid: 100712|app: 0|req: 22/40] 10.222.0.86 () {60 vars in 1585 bytes} [Mon Aug 16 09:30:29 2021] GET /volume/v3/60d61ee85dbe4e27a4875ed2729f8711/snapshots/5c9c9a86-eaed-4a43-8ad1-c0ca29d96587 => generated 443 bytes in 40 msecs (HTTP/1.1 200) 7 headers in 285 bytes (2 switches on core 0)
Aug 16 09:30:29.496899 dv-cinder-804584-8-iscsi devstack@c-api.service[100712]: INFO cinder.api.openstack.wsgi [None req-ce655f98-4139-4e3d-8eee-2e8ca26e3f4e tempest-SnapshotsActionsTest-1862406483 tempest-SnapshotsActionsTest-1862406483-project] GET http://10.222.0.86/volume/v3/616de4c5075a4695a4b88b55e46c70a1/snapshots/a7572651-fe59-4ebf-9cc7-90ad440fba02
Aug 16 09:30:29.497569 dv-cinder-804584-8-iscsi devstack@c-api.service[100712]: DEBUG cinder.api.openstack.wsgi [None req-ce655f98-4139-4e3d-8eee-2e8ca26e3f4e tempest-SnapshotsActionsTest-1862406483 tempest-SnapshotsActionsTest-1862406483-project] Empty body provided in request {{(pid=100712) get_body /opt/stack/cinder/cinder/api/openstack/wsgi.py:703}}
Aug 16 09:30:29.499602 dv-cinder-804584-8-iscsi devstack@c-api.service[100712]: /usr/local/lib/python3.8/dist-packages/webob/acceptparse.py:1047: DeprecationWarning: The behavior of AcceptValidHeader.best_match is currently being maintained for backward compatibility, but it will be deprecated in the future, as it does not conform to the RFC.
Aug 16 09:30:29.499602 dv-cinder-804584-8-iscsi devstack@c-api.service[100712]: warnings.warn(
Aug 16 09:30:29.500166 dv-cinder-804584-8-iscsi devstack@c-api.service[100712]: DEBUG cinder.api.openstack.wsgi [None req-ce655f98-4139-4e3d-8eee-2e8ca26e3f4e tempest-SnapshotsActionsTest-1862406483 tempest-SnapshotsActionsTest-1862406483-project] Calling method 'show' {{(pid=100712) _process_stack /opt/stack/cinder/cinder/api/openstack/wsgi.py:856}}
Aug 16 09:30:29.523610 dv-cinder-804584-8-iscsi devstack@c-api.service[100712]: /usr/local/lib/python3.8/dist-packages/oslo_context/context.py:105: DeprecationWarning: Policy enforcement is depending on the value of is_admin. This key is deprecated. Please update your policy file to use the standard policy values.
Aug 16 09:30:29.523610 dv-cinder-804584-8-iscsi devstack@c-api.service[100712]: warnings.warn('Policy enforcement is depending on the value of '
Aug 16 09:30:29.533343 dv-cinder-804584-8-iscsi devstack@c-api.service[100712]: INFO cinder.volume.api [None req-ce655f98-4139-4e3d-8eee-2e8ca26e3f4e tempest-SnapshotsActionsTest-1862406483 tempest-SnapshotsActionsTest-1862406483-project] Snapshot retrieved successfully.
Aug 16 09:30:29.535636 dv-cinder-804584-8-iscsi devstack@c-api.service[100712]: INFO cinder.api.openstack.wsgi [None req-ce655f98-4139-4e3d-8eee-2e8ca26e3f4e tempest-SnapshotsActionsTest-1862406483 tempest-SnapshotsActionsTest-1862406483-project] http://10.222.0.86/volume/v3/616de4c5075a4695a4b88b55e46c70a1/snapshots/a7572651-fe59-4ebf-9cc7-90ad440fba02 returned with HTTP 200
Aug 16 09:30:29.540138 dv-cinder-804584-8-iscsi devstack@c-api.service[100712]: [pid: 100712|app: 0|req: 23/41] 10.222.0.86 () {58 vars in 1331 bytes} [Mon Aug 16 09:30:29 2021] GET /volume/v3/616de4c5075a4695a4b88b55e46c70a1/snapshots/a7572651-fe59-4ebf-9cc7-90ad440fba02 => generated 439 bytes in 49 msecs (HTTP/1.1 200) 7 headers in 285 bytes (2 switches on core 0)
Aug 16 09:30:29.574376 dv-cinder-804584-8-iscsi devstack@c-api.service[100713]: DEBUG cinder.quota [None req-0524eb0b-4b39-49fc-8105-d45c49298a25 tempest-VolumesTestJSON-67964835 tempest-VolumesTestJSON-67964835-project] Created reservations ['590c1c79-2a26-4a5e-9eec-477b60f2ddd9', '97d3e8e2-7279-45c7-a16c-2e522fadd673', '67b31784-582c-4ca6-b88f-197aec9ffee8', 'a2e297c1-9c36-4188-b0fe-9ae12f9ae773'] {{(pid=100713) reserve /opt/stack/cinder/cinder/quota.py:755}}
Aug 16 09:30:29.584141 dv-cinder-804584-8-iscsi devstack@c-api.service[100713]: DEBUG cinder.volume.api [None req-0524eb0b-4b39-49fc-8105-d45c49298a25 tempest-VolumesTestJSON-67964835 tempest-VolumesTestJSON-67964835-project] Task 'cinder.volume.flows.api.create_volume.QuotaReserveTask;volume:create' (43590c78-4c56-44eb-8eef-fad89472c744) transitioned into state 'SUCCESS' from state 'RUNNING' with result '{'reservations': ['590c1c79-2a26-4a5e-9eec-477b60f2ddd9', '97d3e8e2-7279-45c7-a16c-2e522fadd673', '67b31784-582c-4ca6-b88f-197aec9ffee8', 'a2e297c1-9c36-4188-b0fe-9ae12f9ae773']}' {{(pid=100713) _task_receiver /usr/local/lib/python3.8/dist-packages/taskflow/listeners/logging.py:178}}
Aug 16 09:30:29.587031 dv-cinder-804584-8-iscsi devstack@c-api.service[100713]: DEBUG cinder.volume.api [None req-0524eb0b-4b39-49fc-8105-d45c49298a25 tempest-VolumesTestJSON-67964835 tempest-VolumesTestJSON-67964835-project] Task 'cinder.volume.flows.api.create_volume.EntryCreateTask;volume:create' (18ac3be3-ad7b-4385-b288-d5c5588f13b1) transitioned into state 'RUNNING' from state 'PENDING' {{(pid=100713) _task_receiver /usr/local/lib/python3.8/dist-packages/taskflow/listeners/logging.py:190}}
Aug 16 09:30:29.624104 dv-cinder-804584-8-iscsi devstack@c-api.service[100713]: DEBUG cinder.volume.api [None req-0524eb0b-4b39-49fc-8105-d45c49298a25 tempest-VolumesTestJSON-67964835 tempest-VolumesTestJSON-67964835-project] Task 'cinder.volume.flows.api.create_volume.EntryCreateTask;volume:create' (18ac3be3-ad7b-4385-b288-d5c5588f13b1) transitioned into state 'SUCCESS' from state 'RUNNING' with result '{'volume_id': 'bdeed121-7128-4d3d-9c5a-a8c3353fa11f', 'volume_properties': VolumeProperties(attach_status='detached',availability_zone='nova',cgsnapshot_id=None,consistencygroup_id=None,display_description=None,display_name='tempest-VolumesTestJSON-volume-1257311629',encryption_key_id=None,group_id=None,group_type_id=,metadata={Type='work'},multiattach=False,project_id='8d99708337c84d2fa1351213c9505c10',qos_specs=None,replication_status=,reservations=['590c1c79-2a26-4a5e-9eec-477b60f2ddd9','97d3e8e2-7279-45c7-a16c-2e522fadd673','67b31784-582c-4ca6-b88f-197aec9ffee8','a2e297c1-9c36-4188-b0fe-9ae12f9ae773'],size=1,snapshot_id=None,source_replicaid=,source_volid=None,status='creating',user_id='c4a9b374361840399a8001c3da8e8f51',volume_type_id=5a31afcf-316a-432c-a2f0-b61e85005328), 'volume': Volume(_name_id=None,admin_metadata=,attach_status='detached',availability_zone='nova',bootable=False,cluster=,cluster_name=None,consistencygroup=,consistencygroup_id=None,created_at=2021-08-16T09:30:29Z,deleted=False,deleted_at=None,display_description=None,display_name='tempest-VolumesTestJSON-volume-1257311629',ec2_id=None,encryption_key_id=None,glance_metadata=,group=,group_id=None,host=None,id=bdeed121-7128-4d3d-9c5a-a8c3353fa11f,launched_at=None,metadata={Type='work'},migration_status=None,multiattach=False,previous_status=None,project_id='8d99708337c84d2fa1351213c9505c10',provider_auth=None,provider_geometry=None,provider_id=None,provider_location=None,replication_driver_data=None,replication_extended_status=None,replication_status=None,scheduled_at=None,service_uuid=None,shared_targets=True,size=1,snapshot_id=None,snapshots=,source_volid=None,status='creating',terminated_at=None,updated_at=None,user_id='c4a9b374361840399a8001c3da8e8f51',volume_attachment=,volume_type=VolumeType(5a31afcf-316a-432c-a2f0-b61e85005328),volume_type_id=5a31afcf-316a-432c-a2f0-b61e85005328)}' {{(pid=100713) _task_receiver /usr/local/lib/python3.8/dist-packages/taskflow/listeners/logging.py:178}}
Aug 16 09:30:29.627430 dv-cinder-804584-8-iscsi devstack@c-api.service[100713]: DEBUG cinder.volume.api [None req-0524eb0b-4b39-49fc-8105-d45c49298a25 tempest-VolumesTestJSON-67964835 tempest-VolumesTestJSON-67964835-project] Task 'cinder.volume.flows.api.create_volume.QuotaCommitTask;volume:create' (21b81259-ae5c-40db-8217-3460ffc4ae5a) transitioned into state 'RUNNING' from state 'PENDING' {{(pid=100713) _task_receiver /usr/local/lib/python3.8/dist-packages/taskflow/listeners/logging.py:190}}
