Aug 15 13:41:03.715581 dv-cinder-804584-7-iscsi devstack@n-api.service[114725]: DEBUG nova.policy [None req-8c112ad3-12ee-4ccf-8939-34ad3ca886f0 tempest-AttachVolumeShelveTestJSON-2098049194 tempest-AttachVolumeShelveTestJSON-2098049194-project] Policy check for os_compute_api:servers:show:host_status:unknown-only failed with credentials {'is_admin': False, 'user_id': '0f41410e60a14bb4b492e8cc6d4d8e40', 'user_domain_id': 'default', 'system_scope': None, 'domain_id': None, 'project_id': 'd6aadac6af99491daa4d9f146e1c8cd5', 'project_domain_id': 'default', 'roles': ['reader', 'member'], 'is_admin_project': True, 'service_user_id': None, 'service_user_domain_id': None, 'service_project_id': None, 'service_project_domain_id': None, 'service_roles': []} {{(pid=114725) authorize /opt/stack/nova/nova/policy.py:199}}
Aug 15 13:41:03.717006 dv-cinder-804584-7-iscsi devstack@n-api.service[114725]: INFO nova.api.openstack.requestlog [None req-8c112ad3-12ee-4ccf-8939-34ad3ca886f0 tempest-AttachVolumeShelveTestJSON-2098049194 tempest-AttachVolumeShelveTestJSON-2098049194-project] 10.222.0.52 "GET /compute/v2.1/servers/daa0d742-d90c-4e32-8268-58f739c97711" status: 200 len: 1281 microversion: 2.20 time: 0.141571
Aug 15 13:41:03.748566 dv-cinder-804584-7-iscsi devstack@n-api.service[114725]: [pid: 114725|app: 0|req: 27/54] 10.222.0.52 () {60 vars in 1277 bytes} [Sun Aug 15 13:41:03 2021] GET /compute/v2.1/servers/daa0d742-d90c-4e32-8268-58f739c97711 => generated 1281 bytes in 174 msecs (HTTP/1.1 200) 9 headers in 360 bytes (1 switches on core 0)
Aug 15 13:41:03.768717 dv-cinder-804584-7-iscsi devstack@n-api.service[114726]: INFO nova.api.openstack.requestlog [None req-735feb9d-3af1-4f12-8e34-7dfd7bd5973d tempest-VolumesGetTestJSON-1669869337 tempest-VolumesGetTestJSON-1669869337-project] 10.222.0.52 "POST /compute/v2.1/os-volumes" status: 200 len: 352 microversion: 2.1 time: 0.637784
Aug 15 13:41:03.769348 dv-cinder-804584-7-iscsi devstack@n-api.service[114726]: [pid: 114726|app: 0|req: 28/55] 10.222.0.52 () {60 vars in 1156 bytes} [Sun Aug 15 13:41:03 2021] POST /compute/v2.1/os-volumes => generated 352 bytes in 639 msecs (HTTP/1.1 200) 10 headers in 448 bytes (1 switches on core 0)
Aug 15 13:41:03.781491 dv-cinder-804584-7-iscsi devstack@n-api.service[114725]: DEBUG nova.api.openstack.wsgi [None req-da867986-4780-4186-a252-68e08c591f3c tempest-VolumesGetTestJSON-1669869337 tempest-VolumesGetTestJSON-1669869337-project] Calling method '.version_select at 0x7faf30ed4280>' {{(pid=114725) _process_stack /opt/stack/nova/nova/api/openstack/wsgi.py:513}}
Aug 15 13:41:03.835037 dv-cinder-804584-7-iscsi devstack@n-api.service[114726]: DEBUG nova.api.openstack.wsgi [None req-b83874c9-c1c8-4d9b-b0b7-9bc9dc4b058c tempest-DeleteServersTestJSON-1463509939 tempest-DeleteServersTestJSON-1463509939-project] Calling method '>' {{(pid=114726) _process_stack /opt/stack/nova/nova/api/openstack/wsgi.py:513}}
Aug 15 13:41:03.836468 dv-cinder-804584-7-iscsi devstack@n-api.service[114726]: DEBUG nova.compute.api [None req-b83874c9-c1c8-4d9b-b0b7-9bc9dc4b058c tempest-DeleteServersTestJSON-1463509939 tempest-DeleteServersTestJSON-1463509939-project] [instance: 3a9978af-1cc4-4715-8065-3f14741911bc] Fetching instance by UUID {{(pid=114726) get /opt/stack/nova/nova/compute/api.py:2791}}
Aug 15 13:41:03.859334 dv-cinder-804584-7-iscsi devstack@n-api.service[114726]: DEBUG oslo_concurrency.lockutils [None req-b83874c9-c1c8-4d9b-b0b7-9bc9dc4b058c tempest-DeleteServersTestJSON-1463509939 tempest-DeleteServersTestJSON-1463509939-project] Lock "dfe46f1c-2b02-473b-8df1-7c5de4a23e27" acquired by "nova.context.set_target_cell..get_or_set_cached_cell_and_set_connections" :: waited 0.000s {{(pid=114726) inner /usr/local/lib/python3.8/dist-packages/oslo_concurrency/lockutils.py:355}}
Aug 15 13:41:03.859841 dv-cinder-804584-7-iscsi devstack@n-api.service[114726]: DEBUG oslo_concurrency.lockutils [None req-b83874c9-c1c8-4d9b-b0b7-9bc9dc4b058c tempest-DeleteServersTestJSON-1463509939 tempest-DeleteServersTestJSON-1463509939-project] Lock "dfe46f1c-2b02-473b-8df1-7c5de4a23e27" released by "nova.context.set_target_cell..get_or_set_cached_cell_and_set_connections" :: held 0.001s {{(pid=114726) inner /usr/local/lib/python3.8/dist-packages/oslo_concurrency/lockutils.py:367}}
Aug 15 13:41:03.860706 dv-cinder-804584-7-iscsi devstack@n-api.service[114726]: DEBUG oslo_concurrency.lockutils [None req-b83874c9-c1c8-4d9b-b0b7-9bc9dc4b058c tempest-DeleteServersTestJSON-1463509939 tempest-DeleteServersTestJSON-1463509939-project] Lock "dfe46f1c-2b02-473b-8df1-7c5de4a23e27" acquired by "nova.context.set_target_cell..get_or_set_cached_cell_and_set_connections" :: waited 0.000s {{(pid=114726) inner /usr/local/lib/python3.8/dist-packages/oslo_concurrency/lockutils.py:355}}
Aug 15 13:41:03.861195 dv-cinder-804584-7-iscsi devstack@n-api.service[114726]: DEBUG oslo_concurrency.lockutils [None req-b83874c9-c1c8-4d9b-b0b7-9bc9dc4b058c tempest-DeleteServersTestJSON-1463509939 tempest-DeleteServersTestJSON-1463509939-project] Lock "dfe46f1c-2b02-473b-8df1-7c5de4a23e27" released by "nova.context.set_target_cell..get_or_set_cached_cell_and_set_connections" :: held 0.000s {{(pid=114726) inner /usr/local/lib/python3.8/dist-packages/oslo_concurrency/lockutils.py:367}}
Aug 15 13:41:03.901568 dv-cinder-804584-7-iscsi devstack@n-api.service[114725]: INFO nova.api.openstack.requestlog [None req-da867986-4780-4186-a252-68e08c591f3c tempest-VolumesGetTestJSON-1669869337 tempest-VolumesGetTestJSON-1669869337-project] 10.222.0.52 "GET /compute/v2.1/os-volumes/e7f13a61-2ae2-479b-8d3b-8f1ba62ca543" status: 200 len: 352 microversion: 2.1 time: 0.123874
Aug 15 13:41:03.905994 dv-cinder-804584-7-iscsi devstack@n-api.service[114725]: [pid: 114725|app: 0|req: 28/56] 10.222.0.52 () {58 vars in 1245 bytes} [Sun Aug 15 13:41:03 2021] GET /compute/v2.1/os-volumes/e7f13a61-2ae2-479b-8d3b-8f1ba62ca543 => generated 352 bytes in 129 msecs (HTTP/1.1 200) 9 headers in 357 bytes (1 switches on core 0)
Aug 15 13:41:04.044999 dv-cinder-804584-7-iscsi devstack@n-api.service[114726]: DEBUG nova.policy [None req-b83874c9-c1c8-4d9b-b0b7-9bc9dc4b058c tempest-DeleteServersTestJSON-1463509939 tempest-DeleteServersTestJSON-1463509939-project] Policy check for os_compute_api:os-extended-server-attributes failed with credentials {'is_admin': False, 'user_id': '808acf5c75c244c4bd113a0f71011e6e', 'user_domain_id': 'default', 'system_scope': None, 'domain_id': None, 'project_id': 'aa4eefabdbe54bed9b26cb62553aac1c', 'project_domain_id': 'default', 'roles': ['reader', 'member'], 'is_admin_project': True, 'service_user_id': None, 'service_user_domain_id': None, 'service_project_id': None, 'service_project_domain_id': None, 'service_roles': []} {{(pid=114726) authorize /opt/stack/nova/nova/policy.py:199}}
Aug 15 13:41:04.047094 dv-cinder-804584-7-iscsi devstack@n-api.service[114725]: DEBUG nova.api.openstack.wsgi [None req-ce241afe-7e11-40fd-a68c-f5ea1506b4e6 tempest-AttachVolumeNegativeTest-1123020378 tempest-AttachVolumeNegativeTest-1123020378-project] Calling method '>' {{(pid=114725) _process_stack /opt/stack/nova/nova/api/openstack/wsgi.py:513}}
Aug 15 13:41:04.047725 dv-cinder-804584-7-iscsi devstack@n-api.service[114725]: DEBUG nova.compute.api [None req-ce241afe-7e11-40fd-a68c-f5ea1506b4e6 tempest-AttachVolumeNegativeTest-1123020378 tempest-AttachVolumeNegativeTest-1123020378-project] [instance: 00bafc65-0aa7-4011-80ca-20f7c313ec56] Fetching instance by UUID {{(pid=114725) get /opt/stack/nova/nova/compute/api.py:2791}}
Aug 15 13:41:04.052844 dv-cinder-804584-7-iscsi devstack@n-api.service[114726]: INFO nova.api.openstack.requestlog [None req-b83874c9-c1c8-4d9b-b0b7-9bc9dc4b058c tempest-DeleteServersTestJSON-1463509939 tempest-DeleteServersTestJSON-1463509939-project] 10.222.0.52 "GET /compute/v2.1/servers/3a9978af-1cc4-4715-8065-3f14741911bc" status: 200 len: 1315 microversion: 2.1 time: 0.224128
Aug 15 13:41:04.053411 dv-cinder-804584-7-iscsi devstack@n-api.service[114726]: [pid: 114726|app: 0|req: 29/57] 10.222.0.52 () {58 vars in 1236 bytes} [Sun Aug 15 13:41:03 2021] GET /compute/v2.1/servers/3a9978af-1cc4-4715-8065-3f14741911bc => generated 1315 bytes in 225 msecs (HTTP/1.1 200) 9 headers in 358 bytes (2 switches on core 0)
Aug 15 13:41:04.055314 dv-cinder-804584-7-iscsi devstack@n-api.service[114725]: DEBUG oslo_concurrency.lockutils [None req-ce241afe-7e11-40fd-a68c-f5ea1506b4e6 tempest-AttachVolumeNegativeTest-1123020378 tempest-AttachVolumeNegativeTest-1123020378-project] Lock "dfe46f1c-2b02-473b-8df1-7c5de4a23e27" acquired by "nova.context.set_target_cell..get_or_set_cached_cell_and_set_connections" :: waited 0.000s {{(pid=114725) inner /usr/local/lib/python3.8/dist-packages/oslo_concurrency/lockutils.py:355}}
Aug 15 13:41:04.055774 dv-cinder-804584-7-iscsi devstack@n-api.service[114725]: DEBUG oslo_concurrency.lockutils [None req-ce241afe-7e11-40fd-a68c-f5ea1506b4e6 tempest-AttachVolumeNegativeTest-1123020378 tempest-AttachVolumeNegativeTest-1123020378-project] Lock "dfe46f1c-2b02-473b-8df1-7c5de4a23e27" released by "nova.context.set_target_cell..get_or_set_cached_cell_and_set_connections" :: held 0.001s {{(pid=114725) inner /usr/local/lib/python3.8/dist-packages/oslo_concurrency/lockutils.py:367}}
Aug 15 13:41:04.056567 dv-cinder-804584-7-iscsi devstack@n-api.service[114725]: DEBUG oslo_concurrency.lockutils [None req-ce241afe-7e11-40fd-a68c-f5ea1506b4e6 tempest-AttachVolumeNegativeTest-1123020378 tempest-AttachVolumeNegativeTest-1123020378-project] Lock "dfe46f1c-2b02-473b-8df1-7c5de4a23e27" acquired by "nova.context.set_target_cell..get_or_set_cached_cell_and_set_connections" :: waited 0.000s {{(pid=114725) inner /usr/local/lib/python3.8/dist-packages/oslo_concurrency/lockutils.py:355}}
Aug 15 13:41:04.057011 dv-cinder-804584-7-iscsi devstack@n-api.service[114725]: DEBUG oslo_concurrency.lockutils [None req-ce241afe-7e11-40fd-a68c-f5ea1506b4e6 tempest-AttachVolumeNegativeTest-1123020378 tempest-AttachVolumeNegativeTest-1123020378-project] Lock "dfe46f1c-2b02-473b-8df1-7c5de4a23e27" released by "nova.context.set_target_cell..get_or_set_cached_cell_and_set_connections" :: held 0.000s {{(pid=114725) inner /usr/local/lib/python3.8/dist-packages/oslo_concurrency/lockutils.py:367}}
Aug 15 13:41:04.149200 dv-cinder-804584-7-iscsi devstack@n-api.service[114726]: DEBUG nova.api.openstack.wsgi [None req-c86c5b34-3340-451e-b985-f53af8302173 tempest-ServerRescueNegativeTestJSON-1434667533 tempest-ServerRescueNegativeTestJSON-1434667533-project] Calling method '>' {{(pid=114726) _process_stack /opt/stack/nova/nova/api/openstack/wsgi.py:513}}
Aug 15 13:41:04.150123 dv-cinder-804584-7-iscsi devstack@n-api.service[114726]: DEBUG nova.compute.api [None req-c86c5b34-3340-451e-b985-f53af8302173 tempest-ServerRescueNegativeTestJSON-1434667533 tempest-ServerRescueNegativeTestJSON-1434667533-project] [instance: 8195da16-e394-4ee1-969f-4fad15332c84] Fetching instance by UUID {{(pid=114726) get /opt/stack/nova/nova/compute/api.py:2791}}
Aug 15 13:41:04.173644 dv-cinder-804584-7-iscsi devstack@n-api.service[114726]: DEBUG oslo_concurrency.lockutils [None req-c86c5b34-3340-451e-b985-f53af8302173 tempest-ServerRescueNegativeTestJSON-1434667533 tempest-ServerRescueNegativeTestJSON-1434667533-project] Lock "dfe46f1c-2b02-473b-8df1-7c5de4a23e27" acquired by "nova.context.set_target_cell..get_or_set_cached_cell_and_set_connections" :: waited 0.000s {{(pid=114726) inner /usr/local/lib/python3.8/dist-packages/oslo_concurrency/lockutils.py:355}}
Aug 15 13:41:04.174227 dv-cinder-804584-7-iscsi devstack@n-api.service[114726]: DEBUG oslo_concurrency.lockutils [None req-c86c5b34-3340-451e-b985-f53af8302173 tempest-ServerRescueNegativeTestJSON-1434667533 tempest-ServerRescueNegativeTestJSON-1434667533-project] Lock "dfe46f1c-2b02-473b-8df1-7c5de4a23e27" released by "nova.context.set_target_cell..get_or_set_cached_cell_and_set_connections" :: held 0.005s {{(pid=114726) inner /usr/local/lib/python3.8/dist-packages/oslo_concurrency/lockutils.py:367}}
Aug 15 13:41:04.175066 dv-cinder-804584-7-iscsi devstack@n-api.service[114726]: DEBUG oslo_concurrency.lockutils [None req-c86c5b34-3340-451e-b985-f53af8302173 tempest-ServerRescueNegativeTestJSON-1434667533 tempest-ServerRescueNegativeTestJSON-1434667533-project] Lock "dfe46f1c-2b02-473b-8df1-7c5de4a23e27" acquired by "nova.context.set_target_cell..get_or_set_cached_cell_and_set_connections" :: waited 0.000s {{(pid=114726) inner /usr/local/lib/python3.8/dist-packages/oslo_concurrency/lockutils.py:355}}
Aug 15 13:41:04.175501 dv-cinder-804584-7-iscsi devstack@n-api.service[114726]: DEBUG oslo_concurrency.lockutils [None req-c86c5b34-3340-451e-b985-f53af8302173 tempest-ServerRescueNegativeTestJSON-1434667533 tempest-ServerRescueNegativeTestJSON-1434667533-project] Lock "dfe46f1c-2b02-473b-8df1-7c5de4a23e27" released by "nova.context.set_target_cell..get_or_set_cached_cell_and_set_connections" :: held 0.000s {{(pid=114726) inner /usr/local/lib/python3.8/dist-packages/oslo_concurrency/lockutils.py:367}}
Aug 15 13:41:04.204359 dv-cinder-804584-7-iscsi devstack@n-api.service[114725]: DEBUG nova.policy [None req-ce241afe-7e11-40fd-a68c-f5ea1506b4e6 tempest-AttachVolumeNegativeTest-1123020378 tempest-AttachVolumeNegativeTest-1123020378-project] Policy check for os_compute_api:os-extended-server-attributes failed with credentials {'is_admin': False, 'user_id': '42ca8c9beb314645b17a75f813a6de2d', 'user_domain_id': 'default', 'system_scope': None, 'domain_id': None, 'project_id': 'df15a5abfa864ee787754d78e5cf59a7', 'project_domain_id': 'default', 'roles': ['reader', 'member'], 'is_admin_project': True, 'service_user_id': None, 'service_user_domain_id': None, 'service_project_id': None, 'service_project_domain_id': None, 'service_roles': []} {{(pid=114725) authorize /opt/stack/nova/nova/policy.py:199}}
Aug 15 13:41:04.212981 dv-cinder-804584-7-iscsi devstack@n-api.service[114725]: INFO nova.api.openstack.requestlog [None req-ce241afe-7e11-40fd-a68c-f5ea1506b4e6 tempest-AttachVolumeNegativeTest-1123020378 tempest-AttachVolumeNegativeTest-1123020378-project] 10.222.0.52 "GET /compute/v2.1/servers/00bafc65-0aa7-4011-80ca-20f7c313ec56" status: 200 len: 1317 microversion: 2.1 time: 0.169777
Aug 15 13:41:04.214428 dv-cinder-804584-7-iscsi devstack@n-api.service[114725]: [pid: 114725|app: 0|req: 29/58] 10.222.0.52 () {58 vars in 1236 bytes} [Sun Aug 15 13:41:04 2021] GET /compute/v2.1/servers/00bafc65-0aa7-4011-80ca-20f7c313ec56 => generated 1317 bytes in 172 msecs (HTTP/1.1 200) 9 headers in 358 bytes (1 switches on core 0)
Aug 15 13:41:04.260795 dv-cinder-804584-7-iscsi devstack@n-api.service[114726]: DEBUG nova.policy [None req-c86c5b34-3340-451e-b985-f53af8302173 tempest-ServerRescueNegativeTestJSON-1434667533 tempest-ServerRescueNegativeTestJSON-1434667533-project] Policy check for os_compute_api:os-extended-server-attributes failed with credentials {'is_admin': False, 'user_id': '770c9eb5253f406e8e33d9bd4e0d3c31', 'user_domain_id': 'default', 'system_scope': None, 'domain_id': None, 'project_id': 'dfe686c20ce1481b9c1539f97a81b3f2', 'project_domain_id': 'default', 'roles': ['reader', 'member'], 'is_admin_project': True, 'service_user_id': None, 'service_user_domain_id': None, 'service_project_id': None, 'service_project_domain_id': None, 'service_roles': []} {{(pid=114726) authorize /opt/stack/nova/nova/policy.py:199}}
Aug 15 13:41:04.268716 dv-cinder-804584-7-iscsi devstack@n-api.service[114726]: INFO nova.api.openstack.requestlog [None req-c86c5b34-3340-451e-b985-f53af8302173 tempest-ServerRescueNegativeTestJSON-1434667533 tempest-ServerRescueNegativeTestJSON-1434667533-project] 10.222.0.52 "GET /compute/v2.1/servers/8195da16-e394-4ee1-969f-4fad15332c84" status: 200 len: 1226 microversion: 2.1 time: 0.124978
Aug 15 13:41:04.269392 dv-cinder-804584-7-iscsi devstack@n-api.service[114726]: [pid: 114726|app: 0|req: 30/59] 10.222.0.52 () {58 vars in 1236 bytes} [Sun Aug 15 13:41:04 2021] GET /compute/v2.1/servers/8195da16-e394-4ee1-969f-4fad15332c84 => generated 1226 bytes in 126 msecs (HTTP/1.1 200) 9 headers in 358 bytes (1 switches on core 0)
Aug 15 13:41:04.735985 dv-cinder-804584-7-iscsi devstack@n-api.service[114725]: DEBUG nova.api.openstack.wsgi [None req-d89a8520-462d-4d82-b370-e696892e4ec2 tempest-AttachVolumeShelveTestJSON-2098049194 tempest-AttachVolumeShelveTestJSON-2098049194-project] Calling method '>' {{(pid=114725) _process_stack /opt/stack/nova/nova/api/openstack/wsgi.py:513}}
Aug 15 13:41:04.736615 dv-cinder-804584-7-iscsi devstack@n-api.service[114725]: DEBUG nova.compute.api [None req-d89a8520-462d-4d82-b370-e696892e4ec2 tempest-AttachVolumeShelveTestJSON-2098049194 tempest-AttachVolumeShelveTestJSON-2098049194-project] [instance: daa0d742-d90c-4e32-8268-58f739c97711] Fetching instance by UUID {{(pid=114725) get /opt/stack/nova/nova/compute/api.py:2791}}
Aug 15 13:41:04.743409 dv-cinder-804584-7-iscsi devstack@n-api.service[114725]: DEBUG oslo_concurrency.lockutils [None req-d89a8520-462d-4d82-b370-e696892e4ec2 tempest-AttachVolumeShelveTestJSON-2098049194 tempest-AttachVolumeShelveTestJSON-2098049194-project] Lock "dfe46f1c-2b02-473b-8df1-7c5de4a23e27" acquired by "nova.context.set_target_cell..get_or_set_cached_cell_and_set_connections" :: waited 0.000s {{(pid=114725) inner /usr/local/lib/python3.8/dist-packages/oslo_concurrency/lockutils.py:355}}
Aug 15 13:41:04.743871 dv-cinder-804584-7-iscsi devstack@n-api.service[114725]: DEBUG oslo_concurrency.lockutils [None req-d89a8520-462d-4d82-b370-e696892e4ec2 tempest-AttachVolumeShelveTestJSON-2098049194 tempest-AttachVolumeShelveTestJSON-2098049194-project] Lock "dfe46f1c-2b02-473b-8df1-7c5de4a23e27" released by "nova.context.set_target_cell..get_or_set_cached_cell_and_set_connections" :: held 0.001s {{(pid=114725) inner /usr/local/lib/python3.8/dist-packages/oslo_concurrency/lockutils.py:367}}
Aug 15 13:41:04.744665 dv-cinder-804584-7-iscsi devstack@n-api.service[114725]: DEBUG oslo_concurrency.lockutils [None req-d89a8520-462d-4d82-b370-e696892e4ec2 tempest-AttachVolumeShelveTestJSON-2098049194 tempest-AttachVolumeShelveTestJSON-2098049194-project] Lock "dfe46f1c-2b02-473b-8df1-7c5de4a23e27" acquired by "nova.context.set_target_cell..get_or_set_cached_cell_and_set_connections" :: waited 0.000s {{(pid=114725) inner /usr/local/lib/python3.8/dist-packages/oslo_concurrency/lockutils.py:355}}
Aug 15 13:41:04.745110 dv-cinder-804584-7-iscsi devstack@n-api.service[114725]: DEBUG oslo_concurrency.lockutils [None req-d89a8520-462d-4d82-b370-e696892e4ec2 tempest-AttachVolumeShelveTestJSON-2098049194 tempest-AttachVolumeShelveTestJSON-2098049194-project] Lock "dfe46f1c-2b02-473b-8df1-7c5de4a23e27" released by "nova.context.set_target_cell..get_or_set_cached_cell_and_set_connections" :: held 0.000s {{(pid=114725) inner /usr/local/lib/python3.8/dist-packages/oslo_concurrency/lockutils.py:367}}
Aug 15 13:41:04.806984 dv-cinder-804584-7-iscsi devstack@n-api.service[114725]: DEBUG nova.policy [None req-d89a8520-462d-4d82-b370-e696892e4ec2 tempest-AttachVolumeShelveTestJSON-2098049194 tempest-AttachVolumeShelveTestJSON-2098049194-project] Policy check for os_compute_api:os-extended-server-attributes failed with credentials {'is_admin': False, 'user_id': '0f41410e60a14bb4b492e8cc6d4d8e40', 'user_domain_id': 'default', 'system_scope': None, 'domain_id': None, 'project_id': 'd6aadac6af99491daa4d9f146e1c8cd5', 'project_domain_id': 'default', 'roles': ['reader', 'member'], 'is_admin_project': True, 'service_user_id': None, 'service_user_domain_id': None, 'service_project_id': None, 'service_project_domain_id': None, 'service_roles': []} {{(pid=114725) authorize /opt/stack/nova/nova/policy.py:199}}
Aug 15 13:41:04.815160 dv-cinder-804584-7-iscsi devstack@n-api.service[114725]: DEBUG nova.policy [None req-d89a8520-462d-4d82-b370-e696892e4ec2 tempest-AttachVolumeShelveTestJSON-2098049194 tempest-AttachVolumeShelveTestJSON-2098049194-project] Policy check for os_compute_api:servers:show:host_status failed with credentials {'is_admin': False, 'user_id': '0f41410e60a14bb4b492e8cc6d4d8e40', 'user_domain_id': 'default', 'system_scope': None, 'domain_id': None, 'project_id': 'd6aadac6af99491daa4d9f146e1c8cd5', 'project_domain_id': 'default', 'roles': ['reader', 'member'], 'is_admin_project': True, 'service_user_id': None, 'service_user_domain_id': None, 'service_project_id': None, 'service_project_domain_id': None, 'service_roles': []} {{(pid=114725) authorize /opt/stack/nova/nova/policy.py:199}}
Aug 15 13:41:04.816732 dv-cinder-804584-7-iscsi devstack@n-api.service[114725]: DEBUG nova.policy [None req-d89a8520-462d-4d82-b370-e696892e4ec2 tempest-AttachVolumeShelveTestJSON-2098049194 tempest-AttachVolumeShelveTestJSON-2098049194-project] Policy check for os_compute_api:servers:show:host_status:unknown-only failed with credentials {'is_admin': False, 'user_id': '0f41410e60a14bb4b492e8cc6d4d8e40', 'user_domain_id': 'default', 'system_scope': None, 'domain_id': None, 'project_id': 'd6aadac6af99491daa4d9f146e1c8cd5', 'project_domain_id': 'default', 'roles': ['reader', 'member'], 'is_admin_project': True, 'service_user_id': None, 'service_user_domain_id': None, 'service_project_id': None, 'service_project_domain_id': None, 'service_roles': []} {{(pid=114725) authorize /opt/stack/nova/nova/policy.py:199}}
Aug 15 13:41:04.817835 dv-cinder-804584-7-iscsi devstack@n-api.service[114725]: INFO nova.api.openstack.requestlog [None req-d89a8520-462d-4d82-b370-e696892e4ec2 tempest-AttachVolumeShelveTestJSON-2098049194 tempest-AttachVolumeShelveTestJSON-2098049194-project] 10.222.0.52 "GET /compute/v2.1/servers/daa0d742-d90c-4e32-8268-58f739c97711" status: 200 len: 1285 microversion: 2.20 time: 0.085652
Aug 15 13:41:04.818417 dv-cinder-804584-7-iscsi devstack@n-api.service[114725]: [pid: 114725|app: 0|req: 30/60] 10.222.0.52 () {60 vars in 1277 bytes} [Sun Aug 15 13:41:04 2021] GET /compute/v2.1/servers/daa0d742-d90c-4e32-8268-58f739c97711 => generated 1285 bytes in 87 msecs (HTTP/1.1 200) 9 headers in 360 bytes (1 switches on core 0)
Aug 15 13:41:04.913942 dv-cinder-804584-7-iscsi devstack@n-api.service[114726]: DEBUG nova.api.openstack.wsgi [None req-8a4df1bc-7e27-490e-8e7d-ab256161be8f tempest-VolumesGetTestJSON-1669869337 tempest-VolumesGetTestJSON-1669869337-project] Calling method '.version_select at 0x7faf31746310>' {{(pid=114726) _process_stack /opt/stack/nova/nova/api/openstack/wsgi.py:513}}
Aug 15 13:41:04.964805 dv-cinder-804584-7-iscsi devstack@n-api.service[114726]: INFO nova.api.openstack.requestlog [None req-8a4df1bc-7e27-490e-8e7d-ab256161be8f tempest-VolumesGetTestJSON-1669869337 tempest-VolumesGetTestJSON-1669869337-project] 10.222.0.52 "GET /compute/v2.1/os-volumes/e7f13a61-2ae2-479b-8d3b-8f1ba62ca543" status: 200 len: 352 microversion: 2.1 time: 0.054597
Aug 15 13:41:04.965471 dv-cinder-804584-7-iscsi devstack@n-api.service[114726]: [pid: 114726|app: 0|req: 31/61] 10.222.0.52 () {58 vars in 1245 bytes} [Sun Aug 15 13:41:04 2021] GET /compute/v2.1/os-volumes/e7f13a61-2ae2-479b-8d3b-8f1ba62ca543 => generated 352 bytes in 56 msecs (HTTP/1.1 200) 9 headers in 357 bytes (1 switches on core 0)
Aug 15 13:41:05.071320 dv-cinder-804584-7-iscsi devstack@n-api.service[114725]: DEBUG nova.api.openstack.wsgi [None req-e68596c2-9f39-4a5f-bbac-9a0f9c56bcbf tempest-DeleteServersTestJSON-1463509939 tempest-DeleteServersTestJSON-1463509939-project] Calling method '>' {{(pid=114725) _process_stack /opt/stack/nova/nova/api/openstack/wsgi.py:513}}
Aug 15 13:41:05.071938 dv-cinder-804584-7-iscsi devstack@n-api.service[114725]: DEBUG nova.compute.api [None req-e68596c2-9f39-4a5f-bbac-9a0f9c56bcbf tempest-DeleteServersTestJSON-1463509939 tempest-DeleteServersTestJSON-1463509939-project] [instance: 3a9978af-1cc4-4715-8065-3f14741911bc] Fetching instance by UUID {{(pid=114725) get /opt/stack/nova/nova/compute/api.py:2791}}
Aug 15 13:41:05.077794 dv-cinder-804584-7-iscsi devstack@n-api.service[114725]: DEBUG oslo_concurrency.lockutils [None req-e68596c2-9f39-4a5f-bbac-9a0f9c56bcbf tempest-DeleteServersTestJSON-1463509939 tempest-DeleteServersTestJSON-1463509939-project] Lock "dfe46f1c-2b02-473b-8df1-7c5de4a23e27" acquired by "nova.context.set_target_cell..get_or_set_cached_cell_and_set_connections" :: waited 0.000s {{(pid=114725) inner /usr/local/lib/python3.8/dist-packages/oslo_concurrency/lockutils.py:355}}
Aug 15 13:41:05.078278 dv-cinder-804584-7-iscsi devstack@n-api.service[114725]: DEBUG oslo_concurrency.lockutils [None req-e68596c2-9f39-4a5f-bbac-9a0f9c56bcbf tempest-DeleteServersTestJSON-1463509939 tempest-DeleteServersTestJSON-1463509939-project] Lock "dfe46f1c-2b02-473b-8df1-7c5de4a23e27" released by "nova.context.set_target_cell..get_or_set_cached_cell_and_set_connections" :: held 0.000s {{(pid=114725) inner /usr/local/lib/python3.8/dist-packages/oslo_concurrency/lockutils.py:367}}
Aug 15 13:41:05.079055 dv-cinder-804584-7-iscsi devstack@n-api.service[114725]: DEBUG oslo_concurrency.lockutils [None req-e68596c2-9f39-4a5f-bbac-9a0f9c56bcbf tempest-DeleteServersTestJSON-1463509939 tempest-DeleteServersTestJSON-1463509939-project] Lock "dfe46f1c-2b02-473b-8df1-7c5de4a23e27" acquired by "nova.context.set_target_cell..get_or_set_cached_cell_and_set_connections" :: waited 0.000s {{(pid=114725) inner /usr/local/lib/python3.8/dist-packages/oslo_concurrency/lockutils.py:355}}
Aug 15 13:41:05.079500 dv-cinder-804584-7-iscsi devstack@n-api.service[114725]: DEBUG oslo_concurrency.lockutils [None req-e68596c2-9f39-4a5f-bbac-9a0f9c56bcbf tempest-DeleteServersTestJSON-1463509939 tempest-DeleteServersTestJSON-1463509939-project] Lock "dfe46f1c-2b02-473b-8df1-7c5de4a23e27" released by "nova.context.set_target_cell..get_or_set_cached_cell_and_set_connections" :: held 0.000s {{(pid=114725) inner /usr/local/lib/python3.8/dist-packages/oslo_concurrency/lockutils.py:367}}
Aug 15 13:41:05.199200 dv-cinder-804584-7-iscsi devstack@n-api.service[114725]: DEBUG nova.policy [None req-e68596c2-9f39-4a5f-bbac-9a0f9c56bcbf tempest-DeleteServersTestJSON-1463509939 tempest-DeleteServersTestJSON-1463509939-project] Policy check for os_compute_api:os-extended-server-attributes failed with credentials {'is_admin': False, 'user_id': '808acf5c75c244c4bd113a0f71011e6e', 'user_domain_id': 'default', 'system_scope': None, 'domain_id': None, 'project_id': 'aa4eefabdbe54bed9b26cb62553aac1c', 'project_domain_id': 'default', 'roles': ['reader', 'member'], 'is_admin_project': True, 'service_user_id': None, 'service_user_domain_id': None, 'service_project_id': None, 'service_project_domain_id': None, 'service_roles': []} {{(pid=114725) authorize /opt/stack/nova/nova/policy.py:199}}
Aug 15 13:41:05.206807 dv-cinder-804584-7-iscsi devstack@n-api.service[114725]: INFO nova.api.openstack.requestlog [None req-e68596c2-9f39-4a5f-bbac-9a0f9c56bcbf tempest-DeleteServersTestJSON-1463509939 tempest-DeleteServersTestJSON-1463509939-project] 10.222.0.52 "GET /compute/v2.1/servers/3a9978af-1cc4-4715-8065-3f14741911bc" status: 200 len: 1315 microversion: 2.1 time: 0.140063
Aug 15 13:41:05.207794 dv-cinder-804584-7-iscsi devstack@n-api.service[114725]: [pid: 114725|app: 0|req: 31/62] 10.222.0.52 () {58 vars in 1236 bytes} [Sun Aug 15 13:41:05 2021] GET /compute/v2.1/servers/3a9978af-1cc4-4715-8065-3f14741911bc => generated 1315 bytes in 142 msecs (HTTP/1.1 200) 9 headers in 358 bytes (1 switches on core 0)
Aug 15 13:41:05.229648 dv-cinder-804584-7-iscsi devstack@n-api.service[114726]: DEBUG nova.api.openstack.wsgi [None req-5b48cba6-feef-47b0-b017-3abbf98ac6a3 tempest-AttachVolumeNegativeTest-1123020378 tempest-AttachVolumeNegativeTest-1123020378-project] Calling method '>' {{(pid=114726) _process_stack /opt/stack/nova/nova/api/openstack/wsgi.py:513}}
Aug 15 13:41:05.230553 dv-cinder-804584-7-iscsi devstack@n-api.service[114726]: DEBUG nova.compute.api [None req-5b48cba6-feef-47b0-b017-3abbf98ac6a3 tempest-AttachVolumeNegativeTest-1123020378 tempest-AttachVolumeNegativeTest-1123020378-project] [instance: 00bafc65-0aa7-4011-80ca-20f7c313ec56] Fetching instance by UUID {{(pid=114726) get /opt/stack/nova/nova/compute/api.py:2791}}
Aug 15 13:41:05.236494 dv-cinder-804584-7-iscsi devstack@n-api.service[114726]: DEBUG oslo_concurrency.lockutils [None req-5b48cba6-feef-47b0-b017-3abbf98ac6a3 tempest-AttachVolumeNegativeTest-1123020378 tempest-AttachVolumeNegativeTest-1123020378-project] Lock "dfe46f1c-2b02-473b-8df1-7c5de4a23e27" acquired by "nova.context.set_target_cell..get_or_set_cached_cell_and_set_connections" :: waited 0.000s {{(pid=114726) inner /usr/local/lib/python3.8/dist-packages/oslo_concurrency/lockutils.py:355}}
Aug 15 13:41:05.236952 dv-cinder-804584-7-iscsi devstack@n-api.service[114726]: DEBUG oslo_concurrency.lockutils [None req-5b48cba6-feef-47b0-b017-3abbf98ac6a3 tempest-AttachVolumeNegativeTest-1123020378 tempest-AttachVolumeNegativeTest-1123020378-project] Lock "dfe46f1c-2b02-473b-8df1-7c5de4a23e27" released by "nova.context.set_target_cell..get_or_set_cached_cell_and_set_connections" :: held 0.000s {{(pid=114726) inner /usr/local/lib/python3.8/dist-packages/oslo_concurrency/lockutils.py:367}}
Aug 15 13:41:05.237722 dv-cinder-804584-7-iscsi devstack@n-api.service[114726]: DEBUG oslo_concurrency.lockutils [None req-5b48cba6-feef-47b0-b017-3abbf98ac6a3 tempest-AttachVolumeNegativeTest-1123020378 tempest-AttachVolumeNegativeTest-1123020378-project] Lock "dfe46f1c-2b02-473b-8df1-7c5de4a23e27" acquired by "nova.context.set_target_cell..get_or_set_cached_cell_and_set_connections" :: waited 0.000s {{(pid=114726) inner /usr/local/lib/python3.8/dist-packages/oslo_concurrency/lockutils.py:355}}
Aug 15 13:41:05.238205 dv-cinder-804584-7-iscsi devstack@n-api.service[114726]: DEBUG oslo_concurrency.lockutils [None req-5b48cba6-feef-47b0-b017-3abbf98ac6a3 tempest-AttachVolumeNegativeTest-1123020378 tempest-AttachVolumeNegativeTest-1123020378-project] Lock "dfe46f1c-2b02-473b-8df1-7c5de4a23e27" released by "nova.context.set_target_cell..get_or_set_cached_cell_and_set_connections" :: held 0.000s {{(pid=114726) inner /usr/local/lib/python3.8/dist-packages/oslo_concurrency/lockutils.py:367}}
Aug 15 13:41:05.285779 dv-cinder-804584-7-iscsi devstack@n-api.service[114725]: DEBUG nova.api.openstack.wsgi [None req-9f7594eb-ffdb-4e87-a1ec-38818bd2a597 tempest-ServerRescueNegativeTestJSON-1434667533 tempest-ServerRescueNegativeTestJSON-1434667533-project] Calling method '>' {{(pid=114725) _process_stack /opt/stack/nova/nova/api/openstack/wsgi.py:513}}
Aug 15 13:41:05.286421 dv-cinder-804584-7-iscsi devstack@n-api.service[114725]: DEBUG nova.compute.api [None req-9f7594eb-ffdb-4e87-a1ec-38818bd2a597 tempest-ServerRescueNegativeTestJSON-1434667533 tempest-ServerRescueNegativeTestJSON-1434667533-project] [instance: 8195da16-e394-4ee1-969f-4fad15332c84] Fetching instance by UUID {{(pid=114725) get /opt/stack/nova/nova/compute/api.py:2791}}
Aug 15 13:41:05.293235 dv-cinder-804584-7-iscsi devstack@n-api.service[114725]: DEBUG oslo_concurrency.lockutils [None req-9f7594eb-ffdb-4e87-a1ec-38818bd2a597 tempest-ServerRescueNegativeTestJSON-1434667533 tempest-ServerRescueNegativeTestJSON-1434667533-project] Lock "dfe46f1c-2b02-473b-8df1-7c5de4a23e27" acquired by "nova.context.set_target_cell..get_or_set_cached_cell_and_set_connections" :: waited 0.000s {{(pid=114725) inner /usr/local/lib/python3.8/dist-packages/oslo_concurrency/lockutils.py:355}}
Aug 15 13:41:05.293691 dv-cinder-804584-7-iscsi devstack@n-api.service[114725]: DEBUG oslo_concurrency.lockutils [None req-9f7594eb-ffdb-4e87-a1ec-38818bd2a597 tempest-ServerRescueNegativeTestJSON-1434667533 tempest-ServerRescueNegativeTestJSON-1434667533-project] Lock "dfe46f1c-2b02-473b-8df1-7c5de4a23e27" released by "nova.context.set_target_cell..get_or_set_cached_cell_and_set_connections" :: held 0.001s {{(pid=114725) inner /usr/local/lib/python3.8/dist-packages/oslo_concurrency/lockutils.py:367}}
Aug 15 13:41:05.294505 dv-cinder-804584-7-iscsi devstack@n-api.service[114725]: DEBUG oslo_concurrency.lockutils [None req-9f7594eb-ffdb-4e87-a1ec-38818bd2a597 tempest-ServerRescueNegativeTestJSON-1434667533 tempest-ServerRescueNegativeTestJSON-1434667533-project] Lock "dfe46f1c-2b02-473b-8df1-7c5de4a23e27" acquired by "nova.context.set_target_cell..get_or_set_cached_cell_and_set_connections" :: waited 0.000s {{(pid=114725) inner /usr/local/lib/python3.8/dist-packages/oslo_concurrency/lockutils.py:355}}
Aug 15 13:41:05.294944 dv-cinder-804584-7-iscsi devstack@n-api.service[114725]: DEBUG oslo_concurrency.lockutils [None req-9f7594eb-ffdb-4e87-a1ec-38818bd2a597 tempest-ServerRescueNegativeTestJSON-1434667533 tempest-ServerRescueNegativeTestJSON-1434667533-project] Lock "dfe46f1c-2b02-473b-8df1-7c5de4a23e27" released by "nova.context.set_target_cell..get_or_set_cached_cell_and_set_connections" :: held 0.000s {{(pid=114725) inner /usr/local/lib/python3.8/dist-packages/oslo_concurrency/lockutils.py:367}}
Aug 15 13:41:05.361178 dv-cinder-804584-7-iscsi devstack@n-api.service[114725]: DEBUG nova.policy [None req-9f7594eb-ffdb-4e87-a1ec-38818bd2a597 tempest-ServerRescueNegativeTestJSON-1434667533 tempest-ServerRescueNegativeTestJSON-1434667533-project] Policy check for os_compute_api:os-extended-server-attributes failed with credentials {'is_admin': False, 'user_id': '770c9eb5253f406e8e33d9bd4e0d3c31', 'user_domain_id': 'default', 'system_scope': None, 'domain_id': None, 'project_id': 'dfe686c20ce1481b9c1539f97a81b3f2', 'project_domain_id': 'default', 'roles': ['reader', 'member'], 'is_admin_project': True, 'service_user_id': None, 'service_user_domain_id': None, 'service_project_id': None, 'service_project_domain_id': None, 'service_roles': []} {{(pid=114725) authorize /opt/stack/nova/nova/policy.py:199}}
Aug 15 13:41:05.369761 dv-cinder-804584-7-iscsi devstack@n-api.service[114725]: INFO nova.api.openstack.requestlog [None req-9f7594eb-ffdb-4e87-a1ec-38818bd2a597 tempest-ServerRescueNegativeTestJSON-1434667533 tempest-ServerRescueNegativeTestJSON-1434667533-project] 10.222.0.52 "GET /compute/v2.1/servers/8195da16-e394-4ee1-969f-4fad15332c84" status: 200 len: 1226 microversion: 2.1 time: 0.087488
Aug 15 13:41:05.370618 dv-cinder-804584-7-iscsi devstack@n-api.service[114725]: [pid: 114725|app: 0|req: 32/63] 10.222.0.52 () {58 vars in 1236 bytes} [Sun Aug 15 13:41:05 2021] GET /compute/v2.1/servers/8195da16-e394-4ee1-969f-4fad15332c84 => generated 1226 bytes in 89 msecs (HTTP/1.1 200) 9 headers in 358 bytes (2 switches on core 0)
Aug 15 13:41:05.491912 dv-cinder-804584-7-iscsi devstack@n-api.service[114726]: DEBUG nova.policy [None req-5b48cba6-feef-47b0-b017-3abbf98ac6a3 tempest-AttachVolumeNegativeTest-1123020378 tempest-AttachVolumeNegativeTest-1123020378-project] Policy check for os_compute_api:os-extended-server-attributes failed with credentials {'is_admin': False, 'user_id': '42ca8c9beb314645b17a75f813a6de2d', 'user_domain_id': 'default', 'system_scope': None, 'domain_id': None, 'project_id': 'df15a5abfa864ee787754d78e5cf59a7', 'project_domain_id': 'default', 'roles': ['reader', 'member'], 'is_admin_project': True, 'service_user_id': None, 'service_user_domain_id': None, 'service_project_id': None, 'service_project_domain_id': None, 'service_roles': []} {{(pid=114726) authorize /opt/stack/nova/nova/policy.py:199}}
Aug 15 13:41:05.500421 dv-cinder-804584-7-iscsi devstack@n-api.service[114726]: INFO nova.api.openstack.requestlog [None req-5b48cba6-feef-47b0-b017-3abbf98ac6a3 tempest-AttachVolumeNegativeTest-1123020378 tempest-AttachVolumeNegativeTest-1123020378-project] 10.222.0.52 "GET /compute/v2.1/servers/00bafc65-0aa7-4011-80ca-20f7c313ec56" status: 200 len: 1317 microversion: 2.1 time: 0.274424
Aug 15 13:41:05.500985 dv-cinder-804584-7-iscsi devstack@n-api.service[114726]: [pid: 114726|app: 0|req: 32/64] 10.222.0.52 () {58 vars in 1236 bytes} [Sun Aug 15 13:41:05 2021] GET /compute/v2.1/servers/00bafc65-0aa7-4011-80ca-20f7c313ec56 => generated 1317 bytes in 276 msecs (HTTP/1.1 200) 9 headers in 358 bytes (1 switches on core 0)
Aug 15 13:41:05.836289 dv-cinder-804584-7-iscsi devstack@n-api.service[114725]: DEBUG nova.api.openstack.wsgi [None req-b126376f-01e7-43ab-91a8-534fe953c0b6 tempest-AttachVolumeShelveTestJSON-2098049194 tempest-AttachVolumeShelveTestJSON-2098049194-project] Calling method '>' {{(pid=114725) _process_stack /opt/stack/nova/nova/api/openstack/wsgi.py:513}}
Aug 15 13:41:05.836967 dv-cinder-804584-7-iscsi devstack@n-api.service[114725]: DEBUG nova.compute.api [None req-b126376f-01e7-43ab-91a8-534fe953c0b6 tempest-AttachVolumeShelveTestJSON-2098049194 tempest-AttachVolumeShelveTestJSON-2098049194-project] [instance: daa0d742-d90c-4e32-8268-58f739c97711] Fetching instance by UUID {{(pid=114725) get /opt/stack/nova/nova/compute/api.py:2791}}
Aug 15 13:41:05.848054 dv-cinder-804584-7-iscsi devstack@n-api.service[114725]: DEBUG oslo_concurrency.lockutils [None req-b126376f-01e7-43ab-91a8-534fe953c0b6 tempest-AttachVolumeShelveTestJSON-2098049194 tempest-AttachVolumeShelveTestJSON-2098049194-project] Lock "dfe46f1c-2b02-473b-8df1-7c5de4a23e27" acquired by "nova.context.set_target_cell..get_or_set_cached_cell_and_set_connections" :: waited 0.000s {{(pid=114725) inner /usr/local/lib/python3.8/dist-packages/oslo_concurrency/lockutils.py:355}}
Aug 15 13:41:05.848802 dv-cinder-804584-7-iscsi devstack@n-api.service[114725]: DEBUG oslo_concurrency.lockutils [None req-b126376f-01e7-43ab-91a8-534fe953c0b6 tempest-AttachVolumeShelveTestJSON-2098049194 tempest-AttachVolumeShelveTestJSON-2098049194-project] Lock "dfe46f1c-2b02-473b-8df1-7c5de4a23e27" released by "nova.context.set_target_cell..get_or_set_cached_cell_and_set_connections" :: held 0.001s {{(pid=114725) inner /usr/local/lib/python3.8/dist-packages/oslo_concurrency/lockutils.py:367}}
Aug 15 13:41:05.850136 dv-cinder-804584-7-iscsi devstack@n-api.service[114725]: DEBUG oslo_concurrency.lockutils [None req-b126376f-01e7-43ab-91a8-534fe953c0b6 tempest-AttachVolumeShelveTestJSON-2098049194 tempest-AttachVolumeShelveTestJSON-2098049194-project] Lock "dfe46f1c-2b02-473b-8df1-7c5de4a23e27" acquired by "nova.context.set_target_cell..get_or_set_cached_cell_and_set_connections" :: waited 0.000s {{(pid=114725) inner /usr/local/lib/python3.8/dist-packages/oslo_concurrency/lockutils.py:355}}
Aug 15 13:41:05.850948 dv-cinder-804584-7-iscsi devstack@n-api.service[114725]: DEBUG oslo_concurrency.lockutils [None req-b126376f-01e7-43ab-91a8-534fe953c0b6 tempest-AttachVolumeShelveTestJSON-2098049194 tempest-AttachVolumeShelveTestJSON-2098049194-project] Lock "dfe46f1c-2b02-473b-8df1-7c5de4a23e27" released by "nova.context.set_target_cell..get_or_set_cached_cell_and_set_connections" :: held 0.001s {{(pid=114725) inner /usr/local/lib/python3.8/dist-packages/oslo_concurrency/lockutils.py:367}}
Aug 15 13:41:05.938636 dv-cinder-804584-7-iscsi devstack@n-api.service[114725]: DEBUG nova.policy [None req-b126376f-01e7-43ab-91a8-534fe953c0b6 tempest-AttachVolumeShelveTestJSON-2098049194 tempest-AttachVolumeShelveTestJSON-2098049194-project] Policy check for os_compute_api:os-extended-server-attributes failed with credentials {'is_admin': False, 'user_id': '0f41410e60a14bb4b492e8cc6d4d8e40', 'user_domain_id': 'default', 'system_scope': None, 'domain_id': None, 'project_id': 'd6aadac6af99491daa4d9f146e1c8cd5', 'project_domain_id': 'default', 'roles': ['reader', 'member'], 'is_admin_project': True, 'service_user_id': None, 'service_user_domain_id': None, 'service_project_id': None, 'service_project_domain_id': None, 'service_roles': []} {{(pid=114725) authorize /opt/stack/nova/nova/policy.py:199}}
Aug 15 13:41:05.947425 dv-cinder-804584-7-iscsi devstack@n-api.service[114725]: DEBUG nova.policy [None req-b126376f-01e7-43ab-91a8-534fe953c0b6 tempest-AttachVolumeShelveTestJSON-2098049194 tempest-AttachVolumeShelveTestJSON-2098049194-project] Policy check for os_compute_api:servers:show:host_status failed with credentials {'is_admin': False, 'user_id': '0f41410e60a14bb4b492e8cc6d4d8e40', 'user_domain_id': 'default', 'system_scope': None, 'domain_id': None, 'project_id': 'd6aadac6af99491daa4d9f146e1c8cd5', 'project_domain_id': 'default', 'roles': ['reader', 'member'], 'is_admin_project': True, 'service_user_id': None, 'service_user_domain_id': None, 'service_project_id': None, 'service_project_domain_id': None, 'service_roles': []} {{(pid=114725) authorize /opt/stack/nova/nova/policy.py:199}}
Aug 15 13:41:05.949561 dv-cinder-804584-7-iscsi devstack@n-api.service[114725]: DEBUG nova.policy [None req-b126376f-01e7-43ab-91a8-534fe953c0b6 tempest-AttachVolumeShelveTestJSON-2098049194 tempest-AttachVolumeShelveTestJSON-2098049194-project] Policy check for os_compute_api:servers:show:host_status:unknown-only failed with credentials {'is_admin': False, 'user_id': '0f41410e60a14bb4b492e8cc6d4d8e40', 'user_domain_id': 'default', 'system_scope': None, 'domain_id': None, 'project_id': 'd6aadac6af99491daa4d9f146e1c8cd5', 'project_domain_id': 'default', 'roles': ['reader', 'member'], 'is_admin_project': True, 'service_user_id': None, 'service_user_domain_id': None, 'service_project_id': None, 'service_project_domain_id': None, 'service_roles': []} {{(pid=114725) authorize /opt/stack/nova/nova/policy.py:199}}
Aug 15 13:41:05.951201 dv-cinder-804584-7-iscsi devstack@n-api.service[114725]: INFO nova.api.openstack.requestlog [None req-b126376f-01e7-43ab-91a8-534fe953c0b6 tempest-AttachVolumeShelveTestJSON-2098049194 tempest-AttachVolumeShelveTestJSON-2098049194-project] 10.222.0.52 "GET /compute/v2.1/servers/daa0d742-d90c-4e32-8268-58f739c97711" status: 200 len: 1285 microversion: 2.20 time: 0.118651
Aug 15 13:41:05.952014 dv-cinder-804584-7-iscsi devstack@n-api.service[114725]: [pid: 114725|app: 0|req: 33/65] 10.222.0.52 () {60 vars in 1277 bytes} [Sun Aug 15 13:41:05 2021] GET /compute/v2.1/servers/daa0d742-d90c-4e32-8268-58f739c97711 => generated 1285 bytes in 120 msecs (HTTP/1.1 200) 9 headers in 360 bytes (1 switches on core 0)
Aug 15 13:41:05.978641 dv-cinder-804584-7-iscsi devstack@n-api.service[114726]: DEBUG nova.api.openstack.wsgi [None req-37f80fef-c1b6-45b7-8caa-bd0a36559719 tempest-VolumesGetTestJSON-1669869337 tempest-VolumesGetTestJSON-1669869337-project] Calling method '.version_select at 0x7faf31746310>' {{(pid=114726) _process_stack /opt/stack/nova/nova/api/openstack/wsgi.py:513}}
Aug 15 13:41:06.088746 dv-cinder-804584-7-iscsi devstack@n-api.service[114726]: INFO nova.api.openstack.requestlog [None req-37f80fef-c1b6-45b7-8caa-bd0a36559719 tempest-VolumesGetTestJSON-1669869337 tempest-VolumesGetTestJSON-1669869337-project] 10.222.0.52 "GET /compute/v2.1/os-volumes/e7f13a61-2ae2-479b-8d3b-8f1ba62ca543" status: 200 len: 353 microversion: 2.1 time: 0.114943
Aug 15 13:41:06.089392 dv-cinder-804584-7-iscsi devstack@n-api.service[114726]: [pid: 114726|app: 0|req: 33/66] 10.222.0.52 () {58 vars in 1245 bytes} [Sun Aug 15 13:41:05 2021] GET /compute/v2.1/os-volumes/e7f13a61-2ae2-479b-8d3b-8f1ba62ca543 => generated 353 bytes in 116 msecs (HTTP/1.1 200) 9 headers in 357 bytes (1 switches on core 0)
Aug 15 13:41:06.103282 dv-cinder-804584-7-iscsi devstack@n-api.service[114725]: DEBUG nova.api.openstack.wsgi [None req-fe2379c0-41c1-4107-a353-022bb1517ca3 tempest-VolumesGetTestJSON-1669869337 tempest-VolumesGetTestJSON-1669869337-project] Calling method '.version_select at 0x7faf32ac88b0>' {{(pid=114725) _process_stack /opt/stack/nova/nova/api/openstack/wsgi.py:513}}
Aug 15 13:41:06.166264 dv-cinder-804584-7-iscsi devstack@n-api.service[114725]: INFO nova.api.openstack.requestlog [None req-fe2379c0-41c1-4107-a353-022bb1517ca3 tempest-VolumesGetTestJSON-1669869337 tempest-VolumesGetTestJSON-1669869337-project] 10.222.0.52 "GET /compute/v2.1/os-volumes/e7f13a61-2ae2-479b-8d3b-8f1ba62ca543" status: 200 len: 353 microversion: 2.1 time: 0.067221
Aug 15 13:41:06.166834 dv-cinder-804584-7-iscsi devstack@n-api.service[114725]: [pid: 114725|app: 0|req: 34/67] 10.222.0.52 () {58 vars in 1245 bytes} [Sun Aug 15 13:41:06 2021] GET /compute/v2.1/os-volumes/e7f13a61-2ae2-479b-8d3b-8f1ba62ca543 => generated 353 bytes in 69 msecs (HTTP/1.1 200) 9 headers in 357 bytes (1 switches on core 0)
Aug 15 13:41:06.182385 dv-cinder-804584-7-iscsi devstack@n-api.service[114726]: DEBUG nova.api.openstack.wsgi [None req-917c50be-cd4f-42d5-8e8f-a104e4a090cf tempest-VolumesGetTestJSON-1669869337 tempest-VolumesGetTestJSON-1669869337-project] Calling method '.version_select at 0x7faf316aa4c0>' {{(pid=114726) _process_stack /opt/stack/nova/nova/api/openstack/wsgi.py:513}}
Aug 15 13:41:06.223320 dv-cinder-804584-7-iscsi devstack@n-api.service[114725]: DEBUG nova.api.openstack.wsgi [None req-527155ad-4709-4062-a859-48f54889bf05 tempest-DeleteServersTestJSON-1463509939 tempest-DeleteServersTestJSON-1463509939-project] Calling method '>' {{(pid=114725) _process_stack /opt/stack/nova/nova/api/openstack/wsgi.py:513}}
Aug 15 13:41:06.223936 dv-cinder-804584-7-iscsi devstack@n-api.service[114725]: DEBUG nova.compute.api [None req-527155ad-4709-4062-a859-48f54889bf05 tempest-DeleteServersTestJSON-1463509939 tempest-DeleteServersTestJSON-1463509939-project] [instance: 3a9978af-1cc4-4715-8065-3f14741911bc] Fetching instance by UUID {{(pid=114725) get /opt/stack/nova/nova/compute/api.py:2791}}
Aug 15 13:41:06.231159 dv-cinder-804584-7-iscsi devstack@n-api.service[114725]: DEBUG oslo_concurrency.lockutils [None req-527155ad-4709-4062-a859-48f54889bf05 tempest-DeleteServersTestJSON-1463509939 tempest-DeleteServersTestJSON-1463509939-project] Lock "dfe46f1c-2b02-473b-8df1-7c5de4a23e27" acquired by "nova.context.set_target_cell..get_or_set_cached_cell_and_set_connections" :: waited 0.000s {{(pid=114725) inner /usr/local/lib/python3.8/dist-packages/oslo_concurrency/lockutils.py:355}}
Aug 15 13:41:06.231621 dv-cinder-804584-7-iscsi devstack@n-api.service[114725]: DEBUG oslo_concurrency.lockutils [None req-527155ad-4709-4062-a859-48f54889bf05 tempest-DeleteServersTestJSON-1463509939 tempest-DeleteServersTestJSON-1463509939-project] Lock "dfe46f1c-2b02-473b-8df1-7c5de4a23e27" released by "nova.context.set_target_cell..get_or_set_cached_cell_and_set_connections" :: held 0.001s {{(pid=114725) inner /usr/local/lib/python3.8/dist-packages/oslo_concurrency/lockutils.py:367}}
Aug 15 13:41:06.232463 dv-cinder-804584-7-iscsi devstack@n-api.service[114725]: DEBUG oslo_concurrency.lockutils [None req-527155ad-4709-4062-a859-48f54889bf05 tempest-DeleteServersTestJSON-1463509939 tempest-DeleteServersTestJSON-1463509939-project] Lock "dfe46f1c-2b02-473b-8df1-7c5de4a23e27" acquired by "nova.context.set_target_cell..get_or_set_cached_cell_and_set_connections" :: waited 0.000s {{(pid=114725) inner /usr/local/lib/python3.8/dist-packages/oslo_concurrency/lockutils.py:355}}
Aug 15 13:41:06.232914 dv-cinder-804584-7-iscsi devstack@n-api.service[114725]: DEBUG oslo_concurrency.lockutils [None req-527155ad-4709-4062-a859-48f54889bf05 tempest-DeleteServersTestJSON-1463509939 tempest-DeleteServersTestJSON-1463509939-project] Lock "dfe46f1c-2b02-473b-8df1-7c5de4a23e27" released by "nova.context.set_target_cell..get_or_set_cached_cell_and_set_connections" :: held 0.000s {{(pid=114725) inner /usr/local/lib/python3.8/dist-packages/oslo_concurrency/lockutils.py:367}}
Aug 15 13:41:06.245511 dv-cinder-804584-7-iscsi devstack@n-api.service[114726]: INFO nova.api.openstack.requestlog [None req-917c50be-cd4f-42d5-8e8f-a104e4a090cf tempest-VolumesGetTestJSON-1669869337 tempest-VolumesGetTestJSON-1669869337-project] 10.222.0.52 "DELETE /compute/v2.1/os-volumes/e7f13a61-2ae2-479b-8d3b-8f1ba62ca543" status: 202 len: 0 microversion: 2.1 time: 0.066945
Aug 15 13:41:06.246211 dv-cinder-804584-7-iscsi devstack@n-api.service[114726]: [pid: 114726|app: 0|req: 34/68] 10.222.0.52 () {58 vars in 1248 bytes} [Sun Aug 15 13:41:06 2021] DELETE /compute/v2.1/os-volumes/e7f13a61-2ae2-479b-8d3b-8f1ba62ca543 => generated 0 bytes in 68 msecs (HTTP/1.1 202) 9 headers in 361 bytes (1 switches on core 0)
Aug 15 13:41:06.254204 dv-cinder-804584-7-iscsi devstack@n-api.service[114726]: DEBUG nova.api.openstack.wsgi [None req-cbf57ca6-283d-450d-87c3-e84aec36928d tempest-VolumesGetTestJSON-1669869337 tempest-VolumesGetTestJSON-1669869337-project] Calling method '.version_select at 0x7faf316c85e0>' {{(pid=114726) _process_stack /opt/stack/nova/nova/api/openstack/wsgi.py:513}}
Aug 15 13:41:06.321040 dv-cinder-804584-7-iscsi devstack@n-api.service[114726]: INFO nova.api.openstack.requestlog [None req-cbf57ca6-283d-450d-87c3-e84aec36928d tempest-VolumesGetTestJSON-1669869337 tempest-VolumesGetTestJSON-1669869337-project] 10.222.0.52 "GET /compute/v2.1/os-volumes/e7f13a61-2ae2-479b-8d3b-8f1ba62ca543" status: 200 len: 352 microversion: 2.1 time: 0.069732
Aug 15 13:41:06.321611 dv-cinder-804584-7-iscsi devstack@n-api.service[114726]: [pid: 114726|app: 0|req: 35/69] 10.222.0.52 () {58 vars in 1245 bytes} [Sun Aug 15 13:41:06 2021] GET /compute/v2.1/os-volumes/e7f13a61-2ae2-479b-8d3b-8f1ba62ca543 => generated 352 bytes in 72 msecs (HTTP/1.1 200) 9 headers in 357 bytes (2 switches on core 0)
Aug 15 13:41:06.375303 dv-cinder-804584-7-iscsi devstack@n-api.service[114725]: DEBUG nova.policy [None req-527155ad-4709-4062-a859-48f54889bf05 tempest-DeleteServersTestJSON-1463509939 tempest-DeleteServersTestJSON-1463509939-project] Policy check for os_compute_api:os-extended-server-attributes failed with credentials {'is_admin': False, 'user_id': '808acf5c75c244c4bd113a0f71011e6e', 'user_domain_id': 'default', 'system_scope': None, 'domain_id': None, 'project_id': 'aa4eefabdbe54bed9b26cb62553aac1c', 'project_domain_id': 'default', 'roles': ['reader', 'member'], 'is_admin_project': True, 'service_user_id': None, 'service_user_domain_id': None, 'service_project_id': None, 'service_project_domain_id': None, 'service_roles': []} {{(pid=114725) authorize /opt/stack/nova/nova/policy.py:199}}
