Sep 15 03:33:04.099871 dv-cinder-804459-7-smb devstack@n-api.service[114885]: DEBUG oslo_concurrency.lockutils [None req-dc59086b-c4dd-4242-9683-714f6d9c7933 tempest-AttachVolumeNegativeTest-26516328 tempest-AttachVolumeNegativeTest-26516328-project] Lock "8c6ae8bd-8d8e-4b2e-92c5-023839d323e7" released by "nova.context.set_target_cell..get_or_set_cached_cell_and_set_connections" :: held 0.001s {{(pid=114885) inner /usr/local/lib/python3.8/dist-packages/oslo_concurrency/lockutils.py:367}}
Sep 15 03:33:04.279336 dv-cinder-804459-7-smb devstack@n-api.service[114885]: DEBUG nova.policy [None req-dc59086b-c4dd-4242-9683-714f6d9c7933 tempest-AttachVolumeNegativeTest-26516328 tempest-AttachVolumeNegativeTest-26516328-project] Policy check for os_compute_api:os-extended-server-attributes failed with credentials {'is_admin': False, 'user_id': 'f046067febbf4d1b941e023b2447af82', 'user_domain_id': 'default', 'system_scope': None, 'domain_id': None, 'project_id': '6f4a841aa79046f8aa8e23c96c5dd333', 'project_domain_id': 'default', 'roles': ['member', 'reader'], 'is_admin_project': True, 'service_user_id': None, 'service_user_domain_id': None, 'service_project_id': None, 'service_project_domain_id': None, 'service_roles': []} {{(pid=114885) authorize /opt/stack/nova/nova/policy.py:199}}
Sep 15 03:33:04.287945 dv-cinder-804459-7-smb devstack@n-api.service[114885]: INFO nova.api.openstack.requestlog [None req-dc59086b-c4dd-4242-9683-714f6d9c7933 tempest-AttachVolumeNegativeTest-26516328 tempest-AttachVolumeNegativeTest-26516328-project] 10.222.0.49 "GET /compute/v2.1/servers/fb0c63e2-93ed-472a-93b2-e017405c65dd" status: 200 len: 1317 microversion: 2.1 time: 0.203109
Sep 15 03:33:04.288507 dv-cinder-804459-7-smb devstack@n-api.service[114885]: [pid: 114885|app: 0|req: 109/198] 10.222.0.49 () {58 vars in 1236 bytes} [Wed Sep 15 03:33:04 2021] GET /compute/v2.1/servers/fb0c63e2-93ed-472a-93b2-e017405c65dd => generated 1317 bytes in 205 msecs (HTTP/1.1 200) 9 headers in 358 bytes (1 switches on core 0)
Sep 15 03:33:04.593951 dv-cinder-804459-7-smb devstack@n-api.service[114884]: DEBUG nova.api.openstack.wsgi [None req-23f6dad7-b564-4bc6-89f1-4b7760ff0f27 tempest-ServerRescueNegativeTestJSON-1394272858 tempest-ServerRescueNegativeTestJSON-1394272858-project] Calling method '>' {{(pid=114884) _process_stack /opt/stack/nova/nova/api/openstack/wsgi.py:513}}
Sep 15 03:33:04.596284 dv-cinder-804459-7-smb devstack@n-api.service[114884]: DEBUG nova.compute.api [None req-23f6dad7-b564-4bc6-89f1-4b7760ff0f27 tempest-ServerRescueNegativeTestJSON-1394272858 tempest-ServerRescueNegativeTestJSON-1394272858-project] [instance: 8072220b-d54d-40a8-a17f-fc49b36f6216] Fetching instance by UUID {{(pid=114884) get /opt/stack/nova/nova/compute/api.py:2863}}
Sep 15 03:33:04.606434 dv-cinder-804459-7-smb devstack@n-api.service[114884]: DEBUG oslo_concurrency.lockutils [None req-23f6dad7-b564-4bc6-89f1-4b7760ff0f27 tempest-ServerRescueNegativeTestJSON-1394272858 tempest-ServerRescueNegativeTestJSON-1394272858-project] Lock "8c6ae8bd-8d8e-4b2e-92c5-023839d323e7" acquired by "nova.context.set_target_cell..get_or_set_cached_cell_and_set_connections" :: waited 0.000s {{(pid=114884) inner /usr/local/lib/python3.8/dist-packages/oslo_concurrency/lockutils.py:355}}
Sep 15 03:33:04.607023 dv-cinder-804459-7-smb devstack@n-api.service[114884]: DEBUG oslo_concurrency.lockutils [None req-23f6dad7-b564-4bc6-89f1-4b7760ff0f27 tempest-ServerRescueNegativeTestJSON-1394272858 tempest-ServerRescueNegativeTestJSON-1394272858-project] Lock "8c6ae8bd-8d8e-4b2e-92c5-023839d323e7" released by "nova.context.set_target_cell..get_or_set_cached_cell_and_set_connections" :: held 0.001s {{(pid=114884) inner /usr/local/lib/python3.8/dist-packages/oslo_concurrency/lockutils.py:367}}
Sep 15 03:33:04.608001 dv-cinder-804459-7-smb devstack@n-api.service[114884]: DEBUG oslo_concurrency.lockutils [None req-23f6dad7-b564-4bc6-89f1-4b7760ff0f27 tempest-ServerRescueNegativeTestJSON-1394272858 tempest-ServerRescueNegativeTestJSON-1394272858-project] Lock "8c6ae8bd-8d8e-4b2e-92c5-023839d323e7" acquired by "nova.context.set_target_cell..get_or_set_cached_cell_and_set_connections" :: waited 0.000s {{(pid=114884) inner /usr/local/lib/python3.8/dist-packages/oslo_concurrency/lockutils.py:355}}
Sep 15 03:33:04.609158 dv-cinder-804459-7-smb devstack@n-api.service[114884]: DEBUG oslo_concurrency.lockutils [None req-23f6dad7-b564-4bc6-89f1-4b7760ff0f27 tempest-ServerRescueNegativeTestJSON-1394272858 tempest-ServerRescueNegativeTestJSON-1394272858-project] Lock "8c6ae8bd-8d8e-4b2e-92c5-023839d323e7" released by "nova.context.set_target_cell..get_or_set_cached_cell_and_set_connections" :: held 0.001s {{(pid=114884) inner /usr/local/lib/python3.8/dist-packages/oslo_concurrency/lockutils.py:367}}
Sep 15 03:33:04.759428 dv-cinder-804459-7-smb devstack@n-api.service[114885]: DEBUG nova.api.openstack.wsgi [None req-681ade97-dee9-4f3e-a0c6-fdc99d3e74ce tempest-AttachVolumeShelveTestJSON-220882506 tempest-AttachVolumeShelveTestJSON-220882506-project] Action: 'action', calling method: >, body: {"os-getConsoleOutput": {}} {{(pid=114885) _process_stack /opt/stack/nova/nova/api/openstack/wsgi.py:511}}
Sep 15 03:33:04.760497 dv-cinder-804459-7-smb devstack@n-api.service[114885]: DEBUG nova.compute.api [None req-681ade97-dee9-4f3e-a0c6-fdc99d3e74ce tempest-AttachVolumeShelveTestJSON-220882506 tempest-AttachVolumeShelveTestJSON-220882506-project] [instance: b83d27a8-1d36-4acd-9890-6340fe65441c] Fetching instance by UUID {{(pid=114885) get /opt/stack/nova/nova/compute/api.py:2863}}
Sep 15 03:33:04.770499 dv-cinder-804459-7-smb devstack@n-api.service[114884]: DEBUG nova.policy [None req-23f6dad7-b564-4bc6-89f1-4b7760ff0f27 tempest-ServerRescueNegativeTestJSON-1394272858 tempest-ServerRescueNegativeTestJSON-1394272858-project] Policy check for os_compute_api:os-extended-server-attributes failed with credentials {'is_admin': False, 'user_id': 'cbe0f08a8a61469a8bd4efd4b56c1e06', 'user_domain_id': 'default', 'system_scope': None, 'domain_id': None, 'project_id': '260fc5c5c7bc43a3b8a996dca0b626ee', 'project_domain_id': 'default', 'roles': ['member', 'reader'], 'is_admin_project': True, 'service_user_id': None, 'service_user_domain_id': None, 'service_project_id': None, 'service_project_domain_id': None, 'service_roles': []} {{(pid=114884) authorize /opt/stack/nova/nova/policy.py:199}}
Sep 15 03:33:04.777675 dv-cinder-804459-7-smb devstack@n-api.service[114885]: DEBUG oslo_concurrency.lockutils [None req-681ade97-dee9-4f3e-a0c6-fdc99d3e74ce tempest-AttachVolumeShelveTestJSON-220882506 tempest-AttachVolumeShelveTestJSON-220882506-project] Lock "8c6ae8bd-8d8e-4b2e-92c5-023839d323e7" acquired by "nova.context.set_target_cell..get_or_set_cached_cell_and_set_connections" :: waited 0.000s {{(pid=114885) inner /usr/local/lib/python3.8/dist-packages/oslo_concurrency/lockutils.py:355}}
Sep 15 03:33:04.778421 dv-cinder-804459-7-smb devstack@n-api.service[114885]: DEBUG oslo_concurrency.lockutils [None req-681ade97-dee9-4f3e-a0c6-fdc99d3e74ce tempest-AttachVolumeShelveTestJSON-220882506 tempest-AttachVolumeShelveTestJSON-220882506-project] Lock "8c6ae8bd-8d8e-4b2e-92c5-023839d323e7" released by "nova.context.set_target_cell..get_or_set_cached_cell_and_set_connections" :: held 0.001s {{(pid=114885) inner /usr/local/lib/python3.8/dist-packages/oslo_concurrency/lockutils.py:367}}
Sep 15 03:33:04.779416 dv-cinder-804459-7-smb devstack@n-api.service[114885]: DEBUG oslo_concurrency.lockutils [None req-681ade97-dee9-4f3e-a0c6-fdc99d3e74ce tempest-AttachVolumeShelveTestJSON-220882506 tempest-AttachVolumeShelveTestJSON-220882506-project] Lock "8c6ae8bd-8d8e-4b2e-92c5-023839d323e7" acquired by "nova.context.set_target_cell..get_or_set_cached_cell_and_set_connections" :: waited 0.000s {{(pid=114885) inner /usr/local/lib/python3.8/dist-packages/oslo_concurrency/lockutils.py:355}}
Sep 15 03:33:04.779862 dv-cinder-804459-7-smb devstack@n-api.service[114885]: DEBUG oslo_concurrency.lockutils [None req-681ade97-dee9-4f3e-a0c6-fdc99d3e74ce tempest-AttachVolumeShelveTestJSON-220882506 tempest-AttachVolumeShelveTestJSON-220882506-project] Lock "8c6ae8bd-8d8e-4b2e-92c5-023839d323e7" released by "nova.context.set_target_cell..get_or_set_cached_cell_and_set_connections" :: held 0.001s {{(pid=114885) inner /usr/local/lib/python3.8/dist-packages/oslo_concurrency/lockutils.py:367}}
Sep 15 03:33:04.779976 dv-cinder-804459-7-smb devstack@n-api.service[114884]: INFO nova.api.openstack.requestlog [None req-23f6dad7-b564-4bc6-89f1-4b7760ff0f27 tempest-ServerRescueNegativeTestJSON-1394272858 tempest-ServerRescueNegativeTestJSON-1394272858-project] 10.222.0.49 "GET /compute/v2.1/servers/8072220b-d54d-40a8-a17f-fc49b36f6216" status: 200 len: 1521 microversion: 2.1 time: 0.189690
Sep 15 03:33:04.792800 dv-cinder-804459-7-smb devstack@n-api.service[114884]: [pid: 114884|app: 0|req: 90/199] 10.222.0.49 () {58 vars in 1236 bytes} [Wed Sep 15 03:33:04 2021] GET /compute/v2.1/servers/8072220b-d54d-40a8-a17f-fc49b36f6216 => generated 1521 bytes in 205 msecs (HTTP/1.1 200) 9 headers in 358 bytes (1 switches on core 0)
Sep 15 03:33:04.902274 dv-cinder-804459-7-smb devstack@n-api.service[114885]: INFO nova.api.openstack.requestlog [None req-681ade97-dee9-4f3e-a0c6-fdc99d3e74ce tempest-AttachVolumeShelveTestJSON-220882506 tempest-AttachVolumeShelveTestJSON-220882506-project] 10.222.0.49 "POST /compute/v2.1/servers/b83d27a8-1d36-4acd-9890-6340fe65441c/action" status: 200 len: 14 microversion: 2.20 time: 0.146893
Sep 15 03:33:04.906165 dv-cinder-804459-7-smb devstack@n-api.service[114885]: [pid: 114885|app: 0|req: 110/200] 10.222.0.49 () {62 vars in 1319 bytes} [Wed Sep 15 03:33:04 2021] POST /compute/v2.1/servers/b83d27a8-1d36-4acd-9890-6340fe65441c/action => generated 14 bytes in 151 msecs (HTTP/1.1 200) 9 headers in 358 bytes (2 switches on core 0)
Sep 15 03:33:05.305421 dv-cinder-804459-7-smb devstack@n-api.service[114884]: DEBUG nova.api.openstack.wsgi [None req-afb1b4c9-cb65-4c02-bd0d-e7a87c14f5d7 tempest-AttachVolumeNegativeTest-26516328 tempest-AttachVolumeNegativeTest-26516328-project] Calling method '>' {{(pid=114884) _process_stack /opt/stack/nova/nova/api/openstack/wsgi.py:513}}
Sep 15 03:33:05.306142 dv-cinder-804459-7-smb devstack@n-api.service[114884]: DEBUG nova.compute.api [None req-afb1b4c9-cb65-4c02-bd0d-e7a87c14f5d7 tempest-AttachVolumeNegativeTest-26516328 tempest-AttachVolumeNegativeTest-26516328-project] [instance: fb0c63e2-93ed-472a-93b2-e017405c65dd] Fetching instance by UUID {{(pid=114884) get /opt/stack/nova/nova/compute/api.py:2863}}
Sep 15 03:33:05.311998 dv-cinder-804459-7-smb devstack@n-api.service[114884]: DEBUG oslo_concurrency.lockutils [None req-afb1b4c9-cb65-4c02-bd0d-e7a87c14f5d7 tempest-AttachVolumeNegativeTest-26516328 tempest-AttachVolumeNegativeTest-26516328-project] Lock "8c6ae8bd-8d8e-4b2e-92c5-023839d323e7" acquired by "nova.context.set_target_cell..get_or_set_cached_cell_and_set_connections" :: waited 0.000s {{(pid=114884) inner /usr/local/lib/python3.8/dist-packages/oslo_concurrency/lockutils.py:355}}
Sep 15 03:33:05.312433 dv-cinder-804459-7-smb devstack@n-api.service[114884]: DEBUG oslo_concurrency.lockutils [None req-afb1b4c9-cb65-4c02-bd0d-e7a87c14f5d7 tempest-AttachVolumeNegativeTest-26516328 tempest-AttachVolumeNegativeTest-26516328-project] Lock "8c6ae8bd-8d8e-4b2e-92c5-023839d323e7" released by "nova.context.set_target_cell..get_or_set_cached_cell_and_set_connections" :: held 0.001s {{(pid=114884) inner /usr/local/lib/python3.8/dist-packages/oslo_concurrency/lockutils.py:367}}
Sep 15 03:33:05.313473 dv-cinder-804459-7-smb devstack@n-api.service[114884]: DEBUG oslo_concurrency.lockutils [None req-afb1b4c9-cb65-4c02-bd0d-e7a87c14f5d7 tempest-AttachVolumeNegativeTest-26516328 tempest-AttachVolumeNegativeTest-26516328-project] Lock "8c6ae8bd-8d8e-4b2e-92c5-023839d323e7" acquired by "nova.context.set_target_cell..get_or_set_cached_cell_and_set_connections" :: waited 0.000s {{(pid=114884) inner /usr/local/lib/python3.8/dist-packages/oslo_concurrency/lockutils.py:355}}
Sep 15 03:33:05.314065 dv-cinder-804459-7-smb devstack@n-api.service[114884]: DEBUG oslo_concurrency.lockutils [None req-afb1b4c9-cb65-4c02-bd0d-e7a87c14f5d7 tempest-AttachVolumeNegativeTest-26516328 tempest-AttachVolumeNegativeTest-26516328-project] Lock "8c6ae8bd-8d8e-4b2e-92c5-023839d323e7" released by "nova.context.set_target_cell..get_or_set_cached_cell_and_set_connections" :: held 0.001s {{(pid=114884) inner /usr/local/lib/python3.8/dist-packages/oslo_concurrency/lockutils.py:367}}
Sep 15 03:33:05.458708 dv-cinder-804459-7-smb devstack@n-api.service[114884]: DEBUG nova.policy [None req-afb1b4c9-cb65-4c02-bd0d-e7a87c14f5d7 tempest-AttachVolumeNegativeTest-26516328 tempest-AttachVolumeNegativeTest-26516328-project] Policy check for os_compute_api:os-extended-server-attributes failed with credentials {'is_admin': False, 'user_id': 'f046067febbf4d1b941e023b2447af82', 'user_domain_id': 'default', 'system_scope': None, 'domain_id': None, 'project_id': '6f4a841aa79046f8aa8e23c96c5dd333', 'project_domain_id': 'default', 'roles': ['member', 'reader'], 'is_admin_project': True, 'service_user_id': None, 'service_user_domain_id': None, 'service_project_id': None, 'service_project_domain_id': None, 'service_roles': []} {{(pid=114884) authorize /opt/stack/nova/nova/policy.py:199}}
Sep 15 03:33:05.466234 dv-cinder-804459-7-smb devstack@n-api.service[114884]: INFO nova.api.openstack.requestlog [None req-afb1b4c9-cb65-4c02-bd0d-e7a87c14f5d7 tempest-AttachVolumeNegativeTest-26516328 tempest-AttachVolumeNegativeTest-26516328-project] 10.222.0.49 "GET /compute/v2.1/servers/fb0c63e2-93ed-472a-93b2-e017405c65dd" status: 200 len: 1317 microversion: 2.1 time: 0.165059
Sep 15 03:33:05.475523 dv-cinder-804459-7-smb devstack@n-api.service[114884]: [pid: 114884|app: 0|req: 91/201] 10.222.0.49 () {58 vars in 1236 bytes} [Wed Sep 15 03:33:05 2021] GET /compute/v2.1/servers/fb0c63e2-93ed-472a-93b2-e017405c65dd => generated 1317 bytes in 175 msecs (HTTP/1.1 200) 9 headers in 358 bytes (1 switches on core 0)
Sep 15 03:33:05.535115 dv-cinder-804459-7-smb devstack@n-api.service[114885]: DEBUG nova.api.openstack.wsgi [None req-19b1864d-7d5b-4a51-af5a-50056cc6470c tempest-VolumesGetTestJSON-1428692634 tempest-VolumesGetTestJSON-1428692634-project] Action: 'create', calling method: .version_select at 0x7effb413e160>, body: {"volume": {"size": 1, "display_name": "tempest-VolumesGetTestJSON-Volume-206435209", "metadata": {"Type": "work"}}} {{(pid=114885) _process_stack /opt/stack/nova/nova/api/openstack/wsgi.py:511}}
Sep 15 03:33:05.802804 dv-cinder-804459-7-smb devstack@n-api.service[114884]: DEBUG nova.api.openstack.wsgi [None req-6d6ed041-5be5-4a25-b39f-f9ed2bc220a7 tempest-ServerRescueNegativeTestJSON-1394272858 tempest-ServerRescueNegativeTestJSON-1394272858-project] Calling method '>' {{(pid=114884) _process_stack /opt/stack/nova/nova/api/openstack/wsgi.py:513}}
Sep 15 03:33:05.805904 dv-cinder-804459-7-smb devstack@n-api.service[114884]: DEBUG nova.compute.api [None req-6d6ed041-5be5-4a25-b39f-f9ed2bc220a7 tempest-ServerRescueNegativeTestJSON-1394272858 tempest-ServerRescueNegativeTestJSON-1394272858-project] [instance: 8072220b-d54d-40a8-a17f-fc49b36f6216] Fetching instance by UUID {{(pid=114884) get /opt/stack/nova/nova/compute/api.py:2863}}
Sep 15 03:33:05.834057 dv-cinder-804459-7-smb devstack@n-api.service[114884]: DEBUG oslo_concurrency.lockutils [None req-6d6ed041-5be5-4a25-b39f-f9ed2bc220a7 tempest-ServerRescueNegativeTestJSON-1394272858 tempest-ServerRescueNegativeTestJSON-1394272858-project] Lock "8c6ae8bd-8d8e-4b2e-92c5-023839d323e7" acquired by "nova.context.set_target_cell..get_or_set_cached_cell_and_set_connections" :: waited 0.000s {{(pid=114884) inner /usr/local/lib/python3.8/dist-packages/oslo_concurrency/lockutils.py:355}}
Sep 15 03:33:05.834537 dv-cinder-804459-7-smb devstack@n-api.service[114884]: DEBUG oslo_concurrency.lockutils [None req-6d6ed041-5be5-4a25-b39f-f9ed2bc220a7 tempest-ServerRescueNegativeTestJSON-1394272858 tempest-ServerRescueNegativeTestJSON-1394272858-project] Lock "8c6ae8bd-8d8e-4b2e-92c5-023839d323e7" released by "nova.context.set_target_cell..get_or_set_cached_cell_and_set_connections" :: held 0.001s {{(pid=114884) inner /usr/local/lib/python3.8/dist-packages/oslo_concurrency/lockutils.py:367}}
Sep 15 03:33:05.835490 dv-cinder-804459-7-smb devstack@n-api.service[114884]: DEBUG oslo_concurrency.lockutils [None req-6d6ed041-5be5-4a25-b39f-f9ed2bc220a7 tempest-ServerRescueNegativeTestJSON-1394272858 tempest-ServerRescueNegativeTestJSON-1394272858-project] Lock "8c6ae8bd-8d8e-4b2e-92c5-023839d323e7" acquired by "nova.context.set_target_cell..get_or_set_cached_cell_and_set_connections" :: waited 0.000s {{(pid=114884) inner /usr/local/lib/python3.8/dist-packages/oslo_concurrency/lockutils.py:355}}
Sep 15 03:33:05.836115 dv-cinder-804459-7-smb devstack@n-api.service[114884]: DEBUG oslo_concurrency.lockutils [None req-6d6ed041-5be5-4a25-b39f-f9ed2bc220a7 tempest-ServerRescueNegativeTestJSON-1394272858 tempest-ServerRescueNegativeTestJSON-1394272858-project] Lock "8c6ae8bd-8d8e-4b2e-92c5-023839d323e7" released by "nova.context.set_target_cell..get_or_set_cached_cell_and_set_connections" :: held 0.001s {{(pid=114884) inner /usr/local/lib/python3.8/dist-packages/oslo_concurrency/lockutils.py:367}}
Sep 15 03:33:06.008534 dv-cinder-804459-7-smb devstack@n-api.service[114885]: INFO nova.api.openstack.requestlog [None req-19b1864d-7d5b-4a51-af5a-50056cc6470c tempest-VolumesGetTestJSON-1428692634 tempest-VolumesGetTestJSON-1428692634-project] 10.222.0.49 "POST /compute/v2.1/os-volumes" status: 200 len: 352 microversion: 2.1 time: 0.627950
Sep 15 03:33:06.009153 dv-cinder-804459-7-smb devstack@n-api.service[114885]: [pid: 114885|app: 0|req: 111/202] 10.222.0.49 () {60 vars in 1156 bytes} [Wed Sep 15 03:33:05 2021] POST /compute/v2.1/os-volumes => generated 352 bytes in 630 msecs (HTTP/1.1 200) 10 headers in 448 bytes (1 switches on core 0)
Sep 15 03:33:06.014093 dv-cinder-804459-7-smb devstack@n-api.service[114885]: DEBUG nova.api.openstack.wsgi [None req-65021895-78ae-42fc-b500-cca7c0e27191 tempest-AttachVolumeShelveTestJSON-220882506 tempest-AttachVolumeShelveTestJSON-220882506-project] Action: 'action', calling method: >, body: {"os-getConsoleOutput": {}} {{(pid=114885) _process_stack /opt/stack/nova/nova/api/openstack/wsgi.py:511}}
Sep 15 03:33:06.015647 dv-cinder-804459-7-smb devstack@n-api.service[114885]: DEBUG nova.compute.api [None req-65021895-78ae-42fc-b500-cca7c0e27191 tempest-AttachVolumeShelveTestJSON-220882506 tempest-AttachVolumeShelveTestJSON-220882506-project] [instance: b83d27a8-1d36-4acd-9890-6340fe65441c] Fetching instance by UUID {{(pid=114885) get /opt/stack/nova/nova/compute/api.py:2863}}
Sep 15 03:33:06.026061 dv-cinder-804459-7-smb devstack@n-api.service[114885]: DEBUG oslo_concurrency.lockutils [None req-65021895-78ae-42fc-b500-cca7c0e27191 tempest-AttachVolumeShelveTestJSON-220882506 tempest-AttachVolumeShelveTestJSON-220882506-project] Lock "8c6ae8bd-8d8e-4b2e-92c5-023839d323e7" acquired by "nova.context.set_target_cell..get_or_set_cached_cell_and_set_connections" :: waited 0.000s {{(pid=114885) inner /usr/local/lib/python3.8/dist-packages/oslo_concurrency/lockutils.py:355}}
Sep 15 03:33:06.026514 dv-cinder-804459-7-smb devstack@n-api.service[114885]: DEBUG oslo_concurrency.lockutils [None req-65021895-78ae-42fc-b500-cca7c0e27191 tempest-AttachVolumeShelveTestJSON-220882506 tempest-AttachVolumeShelveTestJSON-220882506-project] Lock "8c6ae8bd-8d8e-4b2e-92c5-023839d323e7" released by "nova.context.set_target_cell..get_or_set_cached_cell_and_set_connections" :: held 0.001s {{(pid=114885) inner /usr/local/lib/python3.8/dist-packages/oslo_concurrency/lockutils.py:367}}
Sep 15 03:33:06.027294 dv-cinder-804459-7-smb devstack@n-api.service[114885]: DEBUG oslo_concurrency.lockutils [None req-65021895-78ae-42fc-b500-cca7c0e27191 tempest-AttachVolumeShelveTestJSON-220882506 tempest-AttachVolumeShelveTestJSON-220882506-project] Lock "8c6ae8bd-8d8e-4b2e-92c5-023839d323e7" acquired by "nova.context.set_target_cell..get_or_set_cached_cell_and_set_connections" :: waited 0.000s {{(pid=114885) inner /usr/local/lib/python3.8/dist-packages/oslo_concurrency/lockutils.py:355}}
Sep 15 03:33:06.027740 dv-cinder-804459-7-smb devstack@n-api.service[114885]: DEBUG oslo_concurrency.lockutils [None req-65021895-78ae-42fc-b500-cca7c0e27191 tempest-AttachVolumeShelveTestJSON-220882506 tempest-AttachVolumeShelveTestJSON-220882506-project] Lock "8c6ae8bd-8d8e-4b2e-92c5-023839d323e7" released by "nova.context.set_target_cell..get_or_set_cached_cell_and_set_connections" :: held 0.000s {{(pid=114885) inner /usr/local/lib/python3.8/dist-packages/oslo_concurrency/lockutils.py:367}}
Sep 15 03:33:06.066971 dv-cinder-804459-7-smb devstack@n-api.service[114884]: DEBUG nova.policy [None req-6d6ed041-5be5-4a25-b39f-f9ed2bc220a7 tempest-ServerRescueNegativeTestJSON-1394272858 tempest-ServerRescueNegativeTestJSON-1394272858-project] Policy check for os_compute_api:os-extended-server-attributes failed with credentials {'is_admin': False, 'user_id': 'cbe0f08a8a61469a8bd4efd4b56c1e06', 'user_domain_id': 'default', 'system_scope': None, 'domain_id': None, 'project_id': '260fc5c5c7bc43a3b8a996dca0b626ee', 'project_domain_id': 'default', 'roles': ['member', 'reader'], 'is_admin_project': True, 'service_user_id': None, 'service_user_domain_id': None, 'service_project_id': None, 'service_project_domain_id': None, 'service_roles': []} {{(pid=114884) authorize /opt/stack/nova/nova/policy.py:199}}
Sep 15 03:33:06.078841 dv-cinder-804459-7-smb devstack@n-api.service[114884]: INFO nova.api.openstack.requestlog [None req-6d6ed041-5be5-4a25-b39f-f9ed2bc220a7 tempest-ServerRescueNegativeTestJSON-1394272858 tempest-ServerRescueNegativeTestJSON-1394272858-project] 10.222.0.49 "GET /compute/v2.1/servers/8072220b-d54d-40a8-a17f-fc49b36f6216" status: 200 len: 1521 microversion: 2.1 time: 0.285391
Sep 15 03:33:06.094268 dv-cinder-804459-7-smb devstack@n-api.service[114884]: [pid: 114884|app: 0|req: 92/203] 10.222.0.49 () {58 vars in 1236 bytes} [Wed Sep 15 03:33:05 2021] GET /compute/v2.1/servers/8072220b-d54d-40a8-a17f-fc49b36f6216 => generated 1521 bytes in 301 msecs (HTTP/1.1 200) 9 headers in 358 bytes (2 switches on core 0)
Sep 15 03:33:06.104543 dv-cinder-804459-7-smb devstack@n-api.service[114884]: DEBUG nova.api.openstack.wsgi [None req-2e5f8bf4-c766-4fc1-850d-9d24c6c75efa tempest-VolumesGetTestJSON-1428692634 tempest-VolumesGetTestJSON-1428692634-project] Calling method '.version_select at 0x7effb4158430>' {{(pid=114884) _process_stack /opt/stack/nova/nova/api/openstack/wsgi.py:513}}
Sep 15 03:33:06.173578 dv-cinder-804459-7-smb devstack@n-api.service[114884]: INFO nova.api.openstack.requestlog [None req-2e5f8bf4-c766-4fc1-850d-9d24c6c75efa tempest-VolumesGetTestJSON-1428692634 tempest-VolumesGetTestJSON-1428692634-project] 10.222.0.49 "GET /compute/v2.1/os-volumes/142bae7b-54ab-4b21-b2d1-730fc6d132d4" status: 200 len: 352 microversion: 2.1 time: 0.078031
Sep 15 03:33:06.174321 dv-cinder-804459-7-smb devstack@n-api.service[114884]: [pid: 114884|app: 0|req: 93/204] 10.222.0.49 () {58 vars in 1245 bytes} [Wed Sep 15 03:33:06 2021] GET /compute/v2.1/os-volumes/142bae7b-54ab-4b21-b2d1-730fc6d132d4 => generated 352 bytes in 79 msecs (HTTP/1.1 200) 9 headers in 357 bytes (1 switches on core 0)
Sep 15 03:33:06.200293 dv-cinder-804459-7-smb devstack@n-api.service[114885]: INFO nova.api.openstack.requestlog [None req-65021895-78ae-42fc-b500-cca7c0e27191 tempest-AttachVolumeShelveTestJSON-220882506 tempest-AttachVolumeShelveTestJSON-220882506-project] 10.222.0.49 "POST /compute/v2.1/servers/b83d27a8-1d36-4acd-9890-6340fe65441c/action" status: 200 len: 14 microversion: 2.20 time: 0.189645
Sep 15 03:33:06.200968 dv-cinder-804459-7-smb devstack@n-api.service[114885]: [pid: 114885|app: 0|req: 112/205] 10.222.0.49 () {62 vars in 1319 bytes} [Wed Sep 15 03:33:06 2021] POST /compute/v2.1/servers/b83d27a8-1d36-4acd-9890-6340fe65441c/action => generated 14 bytes in 191 msecs (HTTP/1.1 200) 9 headers in 358 bytes (1 switches on core 0)
Sep 15 03:33:06.482969 dv-cinder-804459-7-smb devstack@n-api.service[114884]: DEBUG nova.api.openstack.wsgi [None req-77224e2f-73dd-4ad6-a939-38427019b090 tempest-AttachVolumeNegativeTest-26516328 tempest-AttachVolumeNegativeTest-26516328-project] Calling method '>' {{(pid=114884) _process_stack /opt/stack/nova/nova/api/openstack/wsgi.py:513}}
Sep 15 03:33:06.484027 dv-cinder-804459-7-smb devstack@n-api.service[114884]: DEBUG nova.compute.api [None req-77224e2f-73dd-4ad6-a939-38427019b090 tempest-AttachVolumeNegativeTest-26516328 tempest-AttachVolumeNegativeTest-26516328-project] [instance: fb0c63e2-93ed-472a-93b2-e017405c65dd] Fetching instance by UUID {{(pid=114884) get /opt/stack/nova/nova/compute/api.py:2863}}
Sep 15 03:33:06.491265 dv-cinder-804459-7-smb devstack@n-api.service[114884]: DEBUG oslo_concurrency.lockutils [None req-77224e2f-73dd-4ad6-a939-38427019b090 tempest-AttachVolumeNegativeTest-26516328 tempest-AttachVolumeNegativeTest-26516328-project] Lock "8c6ae8bd-8d8e-4b2e-92c5-023839d323e7" acquired by "nova.context.set_target_cell..get_or_set_cached_cell_and_set_connections" :: waited 0.000s {{(pid=114884) inner /usr/local/lib/python3.8/dist-packages/oslo_concurrency/lockutils.py:355}}
Sep 15 03:33:06.491950 dv-cinder-804459-7-smb devstack@n-api.service[114884]: DEBUG oslo_concurrency.lockutils [None req-77224e2f-73dd-4ad6-a939-38427019b090 tempest-AttachVolumeNegativeTest-26516328 tempest-AttachVolumeNegativeTest-26516328-project] Lock "8c6ae8bd-8d8e-4b2e-92c5-023839d323e7" released by "nova.context.set_target_cell..get_or_set_cached_cell_and_set_connections" :: held 0.001s {{(pid=114884) inner /usr/local/lib/python3.8/dist-packages/oslo_concurrency/lockutils.py:367}}
Sep 15 03:33:06.492911 dv-cinder-804459-7-smb devstack@n-api.service[114884]: DEBUG oslo_concurrency.lockutils [None req-77224e2f-73dd-4ad6-a939-38427019b090 tempest-AttachVolumeNegativeTest-26516328 tempest-AttachVolumeNegativeTest-26516328-project] Lock "8c6ae8bd-8d8e-4b2e-92c5-023839d323e7" acquired by "nova.context.set_target_cell..get_or_set_cached_cell_and_set_connections" :: waited 0.000s {{(pid=114884) inner /usr/local/lib/python3.8/dist-packages/oslo_concurrency/lockutils.py:355}}
Sep 15 03:33:06.493352 dv-cinder-804459-7-smb devstack@n-api.service[114884]: DEBUG oslo_concurrency.lockutils [None req-77224e2f-73dd-4ad6-a939-38427019b090 tempest-AttachVolumeNegativeTest-26516328 tempest-AttachVolumeNegativeTest-26516328-project] Lock "8c6ae8bd-8d8e-4b2e-92c5-023839d323e7" released by "nova.context.set_target_cell..get_or_set_cached_cell_and_set_connections" :: held 0.000s {{(pid=114884) inner /usr/local/lib/python3.8/dist-packages/oslo_concurrency/lockutils.py:367}}
Sep 15 03:33:06.675022 dv-cinder-804459-7-smb devstack@n-api.service[114884]: DEBUG nova.policy [None req-77224e2f-73dd-4ad6-a939-38427019b090 tempest-AttachVolumeNegativeTest-26516328 tempest-AttachVolumeNegativeTest-26516328-project] Policy check for os_compute_api:os-extended-server-attributes failed with credentials {'is_admin': False, 'user_id': 'f046067febbf4d1b941e023b2447af82', 'user_domain_id': 'default', 'system_scope': None, 'domain_id': None, 'project_id': '6f4a841aa79046f8aa8e23c96c5dd333', 'project_domain_id': 'default', 'roles': ['member', 'reader'], 'is_admin_project': True, 'service_user_id': None, 'service_user_domain_id': None, 'service_project_id': None, 'service_project_domain_id': None, 'service_roles': []} {{(pid=114884) authorize /opt/stack/nova/nova/policy.py:199}}
Sep 15 03:33:06.684531 dv-cinder-804459-7-smb devstack@n-api.service[114884]: INFO nova.api.openstack.requestlog [None req-77224e2f-73dd-4ad6-a939-38427019b090 tempest-AttachVolumeNegativeTest-26516328 tempest-AttachVolumeNegativeTest-26516328-project] 10.222.0.49 "GET /compute/v2.1/servers/fb0c63e2-93ed-472a-93b2-e017405c65dd" status: 200 len: 1317 microversion: 2.1 time: 0.204921
Sep 15 03:33:06.685779 dv-cinder-804459-7-smb devstack@n-api.service[114884]: [pid: 114884|app: 0|req: 94/206] 10.222.0.49 () {58 vars in 1236 bytes} [Wed Sep 15 03:33:06 2021] GET /compute/v2.1/servers/fb0c63e2-93ed-472a-93b2-e017405c65dd => generated 1317 bytes in 207 msecs (HTTP/1.1 200) 9 headers in 358 bytes (1 switches on core 0)
Sep 15 03:33:07.097049 dv-cinder-804459-7-smb devstack@n-api.service[114885]: DEBUG nova.api.openstack.wsgi [None req-e04f67e7-8560-4cbf-b896-9000e0a60ec3 tempest-ServerRescueNegativeTestJSON-1394272858 tempest-ServerRescueNegativeTestJSON-1394272858-project] Calling method '>' {{(pid=114885) _process_stack /opt/stack/nova/nova/api/openstack/wsgi.py:513}}
Sep 15 03:33:07.097781 dv-cinder-804459-7-smb devstack@n-api.service[114885]: DEBUG nova.compute.api [None req-e04f67e7-8560-4cbf-b896-9000e0a60ec3 tempest-ServerRescueNegativeTestJSON-1394272858 tempest-ServerRescueNegativeTestJSON-1394272858-project] [instance: 8072220b-d54d-40a8-a17f-fc49b36f6216] Fetching instance by UUID {{(pid=114885) get /opt/stack/nova/nova/compute/api.py:2863}}
Sep 15 03:33:07.104890 dv-cinder-804459-7-smb devstack@n-api.service[114885]: DEBUG oslo_concurrency.lockutils [None req-e04f67e7-8560-4cbf-b896-9000e0a60ec3 tempest-ServerRescueNegativeTestJSON-1394272858 tempest-ServerRescueNegativeTestJSON-1394272858-project] Lock "8c6ae8bd-8d8e-4b2e-92c5-023839d323e7" acquired by "nova.context.set_target_cell..get_or_set_cached_cell_and_set_connections" :: waited 0.000s {{(pid=114885) inner /usr/local/lib/python3.8/dist-packages/oslo_concurrency/lockutils.py:355}}
Sep 15 03:33:07.105291 dv-cinder-804459-7-smb devstack@n-api.service[114885]: DEBUG oslo_concurrency.lockutils [None req-e04f67e7-8560-4cbf-b896-9000e0a60ec3 tempest-ServerRescueNegativeTestJSON-1394272858 tempest-ServerRescueNegativeTestJSON-1394272858-project] Lock "8c6ae8bd-8d8e-4b2e-92c5-023839d323e7" released by "nova.context.set_target_cell..get_or_set_cached_cell_and_set_connections" :: held 0.001s {{(pid=114885) inner /usr/local/lib/python3.8/dist-packages/oslo_concurrency/lockutils.py:367}}
Sep 15 03:33:07.106121 dv-cinder-804459-7-smb devstack@n-api.service[114885]: DEBUG oslo_concurrency.lockutils [None req-e04f67e7-8560-4cbf-b896-9000e0a60ec3 tempest-ServerRescueNegativeTestJSON-1394272858 tempest-ServerRescueNegativeTestJSON-1394272858-project] Lock "8c6ae8bd-8d8e-4b2e-92c5-023839d323e7" acquired by "nova.context.set_target_cell..get_or_set_cached_cell_and_set_connections" :: waited 0.000s {{(pid=114885) inner /usr/local/lib/python3.8/dist-packages/oslo_concurrency/lockutils.py:355}}
Sep 15 03:33:07.106558 dv-cinder-804459-7-smb devstack@n-api.service[114885]: DEBUG oslo_concurrency.lockutils [None req-e04f67e7-8560-4cbf-b896-9000e0a60ec3 tempest-ServerRescueNegativeTestJSON-1394272858 tempest-ServerRescueNegativeTestJSON-1394272858-project] Lock "8c6ae8bd-8d8e-4b2e-92c5-023839d323e7" released by "nova.context.set_target_cell..get_or_set_cached_cell_and_set_connections" :: held 0.000s {{(pid=114885) inner /usr/local/lib/python3.8/dist-packages/oslo_concurrency/lockutils.py:367}}
Sep 15 03:33:07.190529 dv-cinder-804459-7-smb devstack@n-api.service[114884]: DEBUG nova.api.openstack.wsgi [None req-b83d7fa4-b6aa-4bc8-a0c5-3315b30a77a2 tempest-VolumesGetTestJSON-1428692634 tempest-VolumesGetTestJSON-1428692634-project] Calling method '.version_select at 0x7effb40ab280>' {{(pid=114884) _process_stack /opt/stack/nova/nova/api/openstack/wsgi.py:513}}
Sep 15 03:33:07.236840 dv-cinder-804459-7-smb devstack@n-api.service[114885]: DEBUG nova.policy [None req-e04f67e7-8560-4cbf-b896-9000e0a60ec3 tempest-ServerRescueNegativeTestJSON-1394272858 tempest-ServerRescueNegativeTestJSON-1394272858-project] Policy check for os_compute_api:os-extended-server-attributes failed with credentials {'is_admin': False, 'user_id': 'cbe0f08a8a61469a8bd4efd4b56c1e06', 'user_domain_id': 'default', 'system_scope': None, 'domain_id': None, 'project_id': '260fc5c5c7bc43a3b8a996dca0b626ee', 'project_domain_id': 'default', 'roles': ['member', 'reader'], 'is_admin_project': True, 'service_user_id': None, 'service_user_domain_id': None, 'service_project_id': None, 'service_project_domain_id': None, 'service_roles': []} {{(pid=114885) authorize /opt/stack/nova/nova/policy.py:199}}
Sep 15 03:33:07.246224 dv-cinder-804459-7-smb devstack@n-api.service[114885]: INFO nova.api.openstack.requestlog [None req-e04f67e7-8560-4cbf-b896-9000e0a60ec3 tempest-ServerRescueNegativeTestJSON-1394272858 tempest-ServerRescueNegativeTestJSON-1394272858-project] 10.222.0.49 "GET /compute/v2.1/servers/8072220b-d54d-40a8-a17f-fc49b36f6216" status: 200 len: 1521 microversion: 2.1 time: 0.153804
Sep 15 03:33:07.246838 dv-cinder-804459-7-smb devstack@n-api.service[114885]: [pid: 114885|app: 0|req: 113/207] 10.222.0.49 () {58 vars in 1236 bytes} [Wed Sep 15 03:33:07 2021] GET /compute/v2.1/servers/8072220b-d54d-40a8-a17f-fc49b36f6216 => generated 1521 bytes in 155 msecs (HTTP/1.1 200) 9 headers in 358 bytes (1 switches on core 0)
Sep 15 03:33:07.261587 dv-cinder-804459-7-smb devstack@n-api.service[114885]: DEBUG nova.api.openstack.wsgi [None req-c516c29a-f749-4d59-96a4-a8fa0870cab6 tempest-AttachVolumeShelveTestJSON-220882506 tempest-AttachVolumeShelveTestJSON-220882506-project] Action: 'action', calling method: >, body: {"os-getConsoleOutput": {}} {{(pid=114885) _process_stack /opt/stack/nova/nova/api/openstack/wsgi.py:511}}
Sep 15 03:33:07.262650 dv-cinder-804459-7-smb devstack@n-api.service[114885]: DEBUG nova.compute.api [None req-c516c29a-f749-4d59-96a4-a8fa0870cab6 tempest-AttachVolumeShelveTestJSON-220882506 tempest-AttachVolumeShelveTestJSON-220882506-project] [instance: b83d27a8-1d36-4acd-9890-6340fe65441c] Fetching instance by UUID {{(pid=114885) get /opt/stack/nova/nova/compute/api.py:2863}}
Sep 15 03:33:07.269214 dv-cinder-804459-7-smb devstack@n-api.service[114885]: DEBUG oslo_concurrency.lockutils [None req-c516c29a-f749-4d59-96a4-a8fa0870cab6 tempest-AttachVolumeShelveTestJSON-220882506 tempest-AttachVolumeShelveTestJSON-220882506-project] Lock "8c6ae8bd-8d8e-4b2e-92c5-023839d323e7" acquired by "nova.context.set_target_cell..get_or_set_cached_cell_and_set_connections" :: waited 0.000s {{(pid=114885) inner /usr/local/lib/python3.8/dist-packages/oslo_concurrency/lockutils.py:355}}
Sep 15 03:33:07.269695 dv-cinder-804459-7-smb devstack@n-api.service[114885]: DEBUG oslo_concurrency.lockutils [None req-c516c29a-f749-4d59-96a4-a8fa0870cab6 tempest-AttachVolumeShelveTestJSON-220882506 tempest-AttachVolumeShelveTestJSON-220882506-project] Lock "8c6ae8bd-8d8e-4b2e-92c5-023839d323e7" released by "nova.context.set_target_cell..get_or_set_cached_cell_and_set_connections" :: held 0.001s {{(pid=114885) inner /usr/local/lib/python3.8/dist-packages/oslo_concurrency/lockutils.py:367}}
Sep 15 03:33:07.270640 dv-cinder-804459-7-smb devstack@n-api.service[114885]: DEBUG oslo_concurrency.lockutils [None req-c516c29a-f749-4d59-96a4-a8fa0870cab6 tempest-AttachVolumeShelveTestJSON-220882506 tempest-AttachVolumeShelveTestJSON-220882506-project] Lock "8c6ae8bd-8d8e-4b2e-92c5-023839d323e7" acquired by "nova.context.set_target_cell..get_or_set_cached_cell_and_set_connections" :: waited 0.000s {{(pid=114885) inner /usr/local/lib/python3.8/dist-packages/oslo_concurrency/lockutils.py:355}}
Sep 15 03:33:07.271082 dv-cinder-804459-7-smb devstack@n-api.service[114885]: DEBUG oslo_concurrency.lockutils [None req-c516c29a-f749-4d59-96a4-a8fa0870cab6 tempest-AttachVolumeShelveTestJSON-220882506 tempest-AttachVolumeShelveTestJSON-220882506-project] Lock "8c6ae8bd-8d8e-4b2e-92c5-023839d323e7" released by "nova.context.set_target_cell..get_or_set_cached_cell_and_set_connections" :: held 0.000s {{(pid=114885) inner /usr/local/lib/python3.8/dist-packages/oslo_concurrency/lockutils.py:367}}
Sep 15 03:33:07.293261 dv-cinder-804459-7-smb devstack@n-api.service[114884]: INFO nova.api.openstack.requestlog [None req-b83d7fa4-b6aa-4bc8-a0c5-3315b30a77a2 tempest-VolumesGetTestJSON-1428692634 tempest-VolumesGetTestJSON-1428692634-project] 10.222.0.49 "GET /compute/v2.1/os-volumes/142bae7b-54ab-4b21-b2d1-730fc6d132d4" status: 200 len: 352 microversion: 2.1 time: 0.107424
Sep 15 03:33:07.294009 dv-cinder-804459-7-smb devstack@n-api.service[114884]: [pid: 114884|app: 0|req: 95/208] 10.222.0.49 () {58 vars in 1245 bytes} [Wed Sep 15 03:33:07 2021] GET /compute/v2.1/os-volumes/142bae7b-54ab-4b21-b2d1-730fc6d132d4 => generated 352 bytes in 109 msecs (HTTP/1.1 200) 9 headers in 357 bytes (1 switches on core 0)
Sep 15 03:33:07.367757 dv-cinder-804459-7-smb devstack@n-api.service[114885]: INFO nova.api.openstack.requestlog [None req-c516c29a-f749-4d59-96a4-a8fa0870cab6 tempest-AttachVolumeShelveTestJSON-220882506 tempest-AttachVolumeShelveTestJSON-220882506-project] 10.222.0.49 "POST /compute/v2.1/servers/b83d27a8-1d36-4acd-9890-6340fe65441c/action" status: 200 len: 14 microversion: 2.20 time: 0.108926
Sep 15 03:33:07.368586 dv-cinder-804459-7-smb devstack@n-api.service[114885]: [pid: 114885|app: 0|req: 114/209] 10.222.0.49 () {62 vars in 1319 bytes} [Wed Sep 15 03:33:07 2021] POST /compute/v2.1/servers/b83d27a8-1d36-4acd-9890-6340fe65441c/action => generated 14 bytes in 112 msecs (HTTP/1.1 200) 9 headers in 358 bytes (1 switches on core 0)
Sep 15 03:33:07.594969 dv-cinder-804459-7-smb devstack@n-api.service[114884]: DEBUG nova.api.openstack.wsgi [req-e2f57cbc-4856-419a-9c25-9ae9719e1019 req-cba7ac3e-21f8-40a8-bf80-6fa1ff8f08a3 service nova] Action: 'create', calling method: >, body: {"events": [{"server_uuid": "fb0c63e2-93ed-472a-93b2-e017405c65dd", "name": "network-vif-plugged", "status": "completed", "tag": "32341b7b-3832-4590-9ff5-5e9b420a80b3"}]} {{(pid=114884) _process_stack /opt/stack/nova/nova/api/openstack/wsgi.py:511}}
Sep 15 03:33:07.596566 dv-cinder-804459-7-smb devstack@n-api.service[114884]: /usr/local/lib/python3.8/dist-packages/oslo_policy/policy.py:1064: UserWarning: Policy os_compute_api:os-server-external-events:create failed scope check. The token used to make the request was project scoped but the policy requires ['system'] scope. This behavior may change in the future where using the intended scope is required
Sep 15 03:33:07.596566 dv-cinder-804459-7-smb devstack@n-api.service[114884]: warnings.warn(msg)
Sep 15 03:33:07.604740 dv-cinder-804459-7-smb devstack@n-api.service[114884]: DEBUG oslo_concurrency.lockutils [req-e2f57cbc-4856-419a-9c25-9ae9719e1019 req-cba7ac3e-21f8-40a8-bf80-6fa1ff8f08a3 service nova] Lock "8c6ae8bd-8d8e-4b2e-92c5-023839d323e7" acquired by "nova.context.set_target_cell..get_or_set_cached_cell_and_set_connections" :: waited 0.000s {{(pid=114884) inner /usr/local/lib/python3.8/dist-packages/oslo_concurrency/lockutils.py:355}}
Sep 15 03:33:07.605894 dv-cinder-804459-7-smb devstack@n-api.service[114884]: DEBUG oslo_concurrency.lockutils [req-e2f57cbc-4856-419a-9c25-9ae9719e1019 req-cba7ac3e-21f8-40a8-bf80-6fa1ff8f08a3 service nova] Lock "8c6ae8bd-8d8e-4b2e-92c5-023839d323e7" released by "nova.context.set_target_cell..get_or_set_cached_cell_and_set_connections" :: held 0.001s {{(pid=114884) inner /usr/local/lib/python3.8/dist-packages/oslo_concurrency/lockutils.py:367}}
Sep 15 03:33:07.625806 dv-cinder-804459-7-smb devstack@n-api.service[114884]: INFO nova.api.openstack.compute.server_external_events [req-e2f57cbc-4856-419a-9c25-9ae9719e1019 req-cba7ac3e-21f8-40a8-bf80-6fa1ff8f08a3 service nova] Creating event network-vif-plugged:32341b7b-3832-4590-9ff5-5e9b420a80b3 for instance fb0c63e2-93ed-472a-93b2-e017405c65dd on hv-cinder-80445
Sep 15 03:33:07.631304 dv-cinder-804459-7-smb devstack@n-api.service[114884]: INFO nova.api.openstack.requestlog [req-e2f57cbc-4856-419a-9c25-9ae9719e1019 req-cba7ac3e-21f8-40a8-bf80-6fa1ff8f08a3 service nova] 10.222.0.49 "POST /compute/v2.1/os-server-external-events" status: 200 len: 183 microversion: 2.1 time: 0.040375
Sep 15 03:33:07.632111 dv-cinder-804459-7-smb devstack@n-api.service[114884]: [pid: 114884|app: 0|req: 96/210] 10.222.0.49 () {64 vars in 1318 bytes} [Wed Sep 15 03:33:07 2021] POST /compute/v2.1/os-server-external-events => generated 183 bytes in 42 msecs (HTTP/1.1 200) 9 headers in 357 bytes (1 switches on core 0)
Sep 15 03:33:07.705012 dv-cinder-804459-7-smb devstack@n-api.service[114885]: DEBUG nova.api.openstack.wsgi [None req-0a3b6094-6083-43d2-825d-7e20afeb575f tempest-AttachVolumeNegativeTest-26516328 tempest-AttachVolumeNegativeTest-26516328-project] Calling method '>' {{(pid=114885) _process_stack /opt/stack/nova/nova/api/openstack/wsgi.py:513}}
Sep 15 03:33:07.706089 dv-cinder-804459-7-smb devstack@n-api.service[114885]: DEBUG nova.compute.api [None req-0a3b6094-6083-43d2-825d-7e20afeb575f tempest-AttachVolumeNegativeTest-26516328 tempest-AttachVolumeNegativeTest-26516328-project] [instance: fb0c63e2-93ed-472a-93b2-e017405c65dd] Fetching instance by UUID {{(pid=114885) get /opt/stack/nova/nova/compute/api.py:2863}}
Sep 15 03:33:07.714317 dv-cinder-804459-7-smb devstack@n-api.service[114885]: DEBUG oslo_concurrency.lockutils [None req-0a3b6094-6083-43d2-825d-7e20afeb575f tempest-AttachVolumeNegativeTest-26516328 tempest-AttachVolumeNegativeTest-26516328-project] Lock "8c6ae8bd-8d8e-4b2e-92c5-023839d323e7" acquired by "nova.context.set_target_cell..get_or_set_cached_cell_and_set_connections" :: waited 0.000s {{(pid=114885) inner /usr/local/lib/python3.8/dist-packages/oslo_concurrency/lockutils.py:355}}
Sep 15 03:33:07.714763 dv-cinder-804459-7-smb devstack@n-api.service[114885]: DEBUG oslo_concurrency.lockutils [None req-0a3b6094-6083-43d2-825d-7e20afeb575f tempest-AttachVolumeNegativeTest-26516328 tempest-AttachVolumeNegativeTest-26516328-project] Lock "8c6ae8bd-8d8e-4b2e-92c5-023839d323e7" released by "nova.context.set_target_cell..get_or_set_cached_cell_and_set_connections" :: held 0.001s {{(pid=114885) inner /usr/local/lib/python3.8/dist-packages/oslo_concurrency/lockutils.py:367}}
Sep 15 03:33:07.715550 dv-cinder-804459-7-smb devstack@n-api.service[114885]: DEBUG oslo_concurrency.lockutils [None req-0a3b6094-6083-43d2-825d-7e20afeb575f tempest-AttachVolumeNegativeTest-26516328 tempest-AttachVolumeNegativeTest-26516328-project] Lock "8c6ae8bd-8d8e-4b2e-92c5-023839d323e7" acquired by "nova.context.set_target_cell..get_or_set_cached_cell_and_set_connections" :: waited 0.000s {{(pid=114885) inner /usr/local/lib/python3.8/dist-packages/oslo_concurrency/lockutils.py:355}}
Sep 15 03:33:07.715984 dv-cinder-804459-7-smb devstack@n-api.service[114885]: DEBUG oslo_concurrency.lockutils [None req-0a3b6094-6083-43d2-825d-7e20afeb575f tempest-AttachVolumeNegativeTest-26516328 tempest-AttachVolumeNegativeTest-26516328-project] Lock "8c6ae8bd-8d8e-4b2e-92c5-023839d323e7" released by "nova.context.set_target_cell..get_or_set_cached_cell_and_set_connections" :: held 0.000s {{(pid=114885) inner /usr/local/lib/python3.8/dist-packages/oslo_concurrency/lockutils.py:367}}
Sep 15 03:33:07.884341 dv-cinder-804459-7-smb devstack@n-api.service[114885]: DEBUG nova.policy [None req-0a3b6094-6083-43d2-825d-7e20afeb575f tempest-AttachVolumeNegativeTest-26516328 tempest-AttachVolumeNegativeTest-26516328-project] Policy check for os_compute_api:os-extended-server-attributes failed with credentials {'is_admin': False, 'user_id': 'f046067febbf4d1b941e023b2447af82', 'user_domain_id': 'default', 'system_scope': None, 'domain_id': None, 'project_id': '6f4a841aa79046f8aa8e23c96c5dd333', 'project_domain_id': 'default', 'roles': ['member', 'reader'], 'is_admin_project': True, 'service_user_id': None, 'service_user_domain_id': None, 'service_project_id': None, 'service_project_domain_id': None, 'service_roles': []} {{(pid=114885) authorize /opt/stack/nova/nova/policy.py:199}}
Sep 15 03:33:07.892191 dv-cinder-804459-7-smb devstack@n-api.service[114885]: INFO nova.api.openstack.requestlog [None req-0a3b6094-6083-43d2-825d-7e20afeb575f tempest-AttachVolumeNegativeTest-26516328 tempest-AttachVolumeNegativeTest-26516328-project] 10.222.0.49 "GET /compute/v2.1/servers/fb0c63e2-93ed-472a-93b2-e017405c65dd" status: 200 len: 1317 microversion: 2.1 time: 0.192091
Sep 15 03:33:07.897480 dv-cinder-804459-7-smb devstack@n-api.service[114885]: [pid: 114885|app: 0|req: 115/211] 10.222.0.49 () {58 vars in 1236 bytes} [Wed Sep 15 03:33:07 2021] GET /compute/v2.1/servers/fb0c63e2-93ed-472a-93b2-e017405c65dd => generated 1317 bytes in 194 msecs (HTTP/1.1 200) 9 headers in 358 bytes (1 switches on core 0)
Sep 15 03:33:08.265098 dv-cinder-804459-7-smb devstack@n-api.service[114884]: DEBUG nova.api.openstack.wsgi [None req-dc601ef9-e26e-452f-9f65-45c91cadd327 tempest-ServerRescueNegativeTestJSON-1394272858 tempest-ServerRescueNegativeTestJSON-1394272858-project] Calling method '>' {{(pid=114884) _process_stack /opt/stack/nova/nova/api/openstack/wsgi.py:513}}
Sep 15 03:33:08.265922 dv-cinder-804459-7-smb devstack@n-api.service[114884]: DEBUG nova.compute.api [None req-dc601ef9-e26e-452f-9f65-45c91cadd327 tempest-ServerRescueNegativeTestJSON-1394272858 tempest-ServerRescueNegativeTestJSON-1394272858-project] [instance: 8072220b-d54d-40a8-a17f-fc49b36f6216] Fetching instance by UUID {{(pid=114884) get /opt/stack/nova/nova/compute/api.py:2863}}
Sep 15 03:33:08.272670 dv-cinder-804459-7-smb devstack@n-api.service[114884]: DEBUG oslo_concurrency.lockutils [None req-dc601ef9-e26e-452f-9f65-45c91cadd327 tempest-ServerRescueNegativeTestJSON-1394272858 tempest-ServerRescueNegativeTestJSON-1394272858-project] Lock "8c6ae8bd-8d8e-4b2e-92c5-023839d323e7" acquired by "nova.context.set_target_cell..get_or_set_cached_cell_and_set_connections" :: waited 0.000s {{(pid=114884) inner /usr/local/lib/python3.8/dist-packages/oslo_concurrency/lockutils.py:355}}
Sep 15 03:33:08.273229 dv-cinder-804459-7-smb devstack@n-api.service[114884]: DEBUG oslo_concurrency.lockutils [None req-dc601ef9-e26e-452f-9f65-45c91cadd327 tempest-ServerRescueNegativeTestJSON-1394272858 tempest-ServerRescueNegativeTestJSON-1394272858-project] Lock "8c6ae8bd-8d8e-4b2e-92c5-023839d323e7" released by "nova.context.set_target_cell..get_or_set_cached_cell_and_set_connections" :: held 0.001s {{(pid=114884) inner /usr/local/lib/python3.8/dist-packages/oslo_concurrency/lockutils.py:367}}
Sep 15 03:33:08.274092 dv-cinder-804459-7-smb devstack@n-api.service[114884]: DEBUG oslo_concurrency.lockutils [None req-dc601ef9-e26e-452f-9f65-45c91cadd327 tempest-ServerRescueNegativeTestJSON-1394272858 tempest-ServerRescueNegativeTestJSON-1394272858-project] Lock "8c6ae8bd-8d8e-4b2e-92c5-023839d323e7" acquired by "nova.context.set_target_cell..get_or_set_cached_cell_and_set_connections" :: waited 0.000s {{(pid=114884) inner /usr/local/lib/python3.8/dist-packages/oslo_concurrency/lockutils.py:355}}
Sep 15 03:33:08.274609 dv-cinder-804459-7-smb devstack@n-api.service[114884]: DEBUG oslo_concurrency.lockutils [None req-dc601ef9-e26e-452f-9f65-45c91cadd327 tempest-ServerRescueNegativeTestJSON-1394272858 tempest-ServerRescueNegativeTestJSON-1394272858-project] Lock "8c6ae8bd-8d8e-4b2e-92c5-023839d323e7" released by "nova.context.set_target_cell..get_or_set_cached_cell_and_set_connections" :: held 0.000s {{(pid=114884) inner /usr/local/lib/python3.8/dist-packages/oslo_concurrency/lockutils.py:367}}
Sep 15 03:33:08.307682 dv-cinder-804459-7-smb devstack@n-api.service[114885]: DEBUG nova.api.openstack.wsgi [None req-9f103da7-465a-48f4-bce2-5ca7d9da53d3 tempest-VolumesGetTestJSON-1428692634 tempest-VolumesGetTestJSON-1428692634-project] Calling method '.version_select at 0x7effb4083f70>' {{(pid=114885) _process_stack /opt/stack/nova/nova/api/openstack/wsgi.py:513}}
Sep 15 03:33:08.373238 dv-cinder-804459-7-smb devstack@n-api.service[114885]: INFO nova.api.openstack.requestlog [None req-9f103da7-465a-48f4-bce2-5ca7d9da53d3 tempest-VolumesGetTestJSON-1428692634 tempest-VolumesGetTestJSON-1428692634-project] 10.222.0.49 "GET /compute/v2.1/os-volumes/142bae7b-54ab-4b21-b2d1-730fc6d132d4" status: 200 len: 353 microversion: 2.1 time: 0.070912
Sep 15 03:33:08.374047 dv-cinder-804459-7-smb devstack@n-api.service[114885]: [pid: 114885|app: 0|req: 116/212] 10.222.0.49 () {58 vars in 1245 bytes} [Wed Sep 15 03:33:08 2021] GET /compute/v2.1/os-volumes/142bae7b-54ab-4b21-b2d1-730fc6d132d4 => generated 353 bytes in 73 msecs (HTTP/1.1 200) 9 headers in 357 bytes (2 switches on core 0)
Sep 15 03:33:08.385759 dv-cinder-804459-7-smb devstack@n-api.service[114885]: DEBUG nova.api.openstack.wsgi [None req-f4ee6db7-122a-467f-a783-3a61386f95ef tempest-AttachVolumeShelveTestJSON-220882506 tempest-AttachVolumeShelveTestJSON-220882506-project] Action: 'action', calling method: >, body: {"os-getConsoleOutput": {}} {{(pid=114885) _process_stack /opt/stack/nova/nova/api/openstack/wsgi.py:511}}
Sep 15 03:33:08.386739 dv-cinder-804459-7-smb devstack@n-api.service[114885]: DEBUG nova.compute.api [None req-f4ee6db7-122a-467f-a783-3a61386f95ef tempest-AttachVolumeShelveTestJSON-220882506 tempest-AttachVolumeShelveTestJSON-220882506-project] [instance: b83d27a8-1d36-4acd-9890-6340fe65441c] Fetching instance by UUID {{(pid=114885) get /opt/stack/nova/nova/compute/api.py:2863}}
Sep 15 03:33:08.393175 dv-cinder-804459-7-smb devstack@n-api.service[114885]: DEBUG oslo_concurrency.lockutils [None req-f4ee6db7-122a-467f-a783-3a61386f95ef tempest-AttachVolumeShelveTestJSON-220882506 tempest-AttachVolumeShelveTestJSON-220882506-project] Lock "8c6ae8bd-8d8e-4b2e-92c5-023839d323e7" acquired by "nova.context.set_target_cell..get_or_set_cached_cell_and_set_connections" :: waited 0.000s {{(pid=114885) inner /usr/local/lib/python3.8/dist-packages/oslo_concurrency/lockutils.py:355}}
