Sep 15 03:29:38.196841 dv-cinder-804459-7-iscsi devstack@c-api.service[100703]: DEBUG cinder.volume.api [None req-799bbc1f-46e1-44e0-b611-19690103c266 tempest-VolumeQuotasAdminTestJSON-136702594 tempest-VolumeQuotasAdminTestJSON-136702594-project] Task 'cinder.volume.flows.api.create_volume.ExtractVolumeRequestTask;volume:create' (ba155139-7f01-4ca9-b46f-7c21b2e97ed0) transitioned into state 'RUNNING' from state 'PENDING' {{(pid=100703) _task_receiver /usr/local/lib/python3.8/dist-packages/taskflow/listeners/logging.py:190}}
Sep 15 03:29:38.203549 dv-cinder-804459-7-iscsi devstack@c-api.service[100703]: DEBUG cinder.volume.flows.api.create_volume [None req-799bbc1f-46e1-44e0-b611-19690103c266 tempest-VolumeQuotasAdminTestJSON-136702594 tempest-VolumeQuotasAdminTestJSON-136702594-project] Validating volume size '1' using validate_int {{(pid=100703) _extract_size /opt/stack/cinder/cinder/volume/flows/api/create_volume.py:225}}
Sep 15 03:29:38.231889 dv-cinder-804459-7-iscsi devstack@c-api.service[100702]: INFO cinder.api.openstack.wsgi [None req-346fc33a-1447-47c4-9ca4-816322249f6b tempest-VolumeSnapshotQuotasNegativeTestJSON-983758108 tempest-VolumeSnapshotQuotasNegativeTestJSON-983758108-project-admin] http://10.222.0.55/volume/v3/9ec05ea0b3044d6cba804d9dd71c3c2e/os-quota-sets/8da9f82af31041028ece67efa357dba1 returned with HTTP 200
Sep 15 03:29:38.237640 dv-cinder-804459-7-iscsi devstack@c-api.service[100702]: [pid: 100702|app: 0|req: 54/104] 10.222.0.55 () {60 vars in 1351 bytes} [Wed Sep 15 03:29:38 2021] PUT /volume/v3/9ec05ea0b3044d6cba804d9dd71c3c2e/os-quota-sets/8da9f82af31041028ece67efa357dba1 => generated 314 bytes in 216 msecs (HTTP/1.1 200) 7 headers in 285 bytes (1 switches on core 0)
Sep 15 03:29:38.242650 dv-cinder-804459-7-iscsi devstack@c-api.service[100702]: INFO cinder.api.openstack.wsgi [None req-9d092c6d-189c-42db-8eb2-c15485a5340a tempest-VolumeSnapshotQuotasNegativeTestJSON-1712433351 tempest-VolumeSnapshotQuotasNegativeTestJSON-1712433351-project] POST http://10.222.0.55/volume/v3/8da9f82af31041028ece67efa357dba1/snapshots
Sep 15 03:29:38.243400 dv-cinder-804459-7-iscsi devstack@c-api.service[100702]: DEBUG cinder.api.openstack.wsgi [None req-9d092c6d-189c-42db-8eb2-c15485a5340a tempest-VolumeSnapshotQuotasNegativeTestJSON-1712433351 tempest-VolumeSnapshotQuotasNegativeTestJSON-1712433351-project] Action: 'create', calling method: create, body: {"snapshot": {"volume_id": "bb1cfe62-4cff-482b-9c76-c5cdce62e30c"}} {{(pid=100702) _process_stack /opt/stack/cinder/cinder/api/openstack/wsgi.py:854}}
Sep 15 03:29:38.258424 dv-cinder-804459-7-iscsi devstack@c-api.service[100703]: DEBUG cinder.volume.api [None req-799bbc1f-46e1-44e0-b611-19690103c266 tempest-VolumeQuotasAdminTestJSON-136702594 tempest-VolumeQuotasAdminTestJSON-136702594-project] Task 'cinder.volume.flows.api.create_volume.ExtractVolumeRequestTask;volume:create' (ba155139-7f01-4ca9-b46f-7c21b2e97ed0) transitioned into state 'SUCCESS' from state 'RUNNING' with result '{'size': 1, 'snapshot_id': None, 'source_volid': None, 'volume_type': VolumeType(created_at=2021-09-15T03:20:11Z,deleted=False,deleted_at=None,description='Default Volume Type',extra_specs={},id=62fd20c4-1792-4c91-829d-1d19ce0c2384,is_public=True,name='__DEFAULT__',projects=[],qos_specs=,qos_specs_id=None,updated_at=2021-09-15T03:20:11Z), 'volume_type_id': '62fd20c4-1792-4c91-829d-1d19ce0c2384', 'encryption_key_id': None, 'qos_specs': None, 'consistencygroup_id': None, 'cgsnapshot_id': None, 'group_id': None, 'replication_status': 'disabled', 'refresh_az': False, 'backup_id': None, 'multiattach': False, 'availability_zones': ['nova']}' {{(pid=100703) _task_receiver /usr/local/lib/python3.8/dist-packages/taskflow/listeners/logging.py:178}}
Sep 15 03:29:38.260942 dv-cinder-804459-7-iscsi devstack@c-api.service[100703]: DEBUG cinder.volume.api [None req-799bbc1f-46e1-44e0-b611-19690103c266 tempest-VolumeQuotasAdminTestJSON-136702594 tempest-VolumeQuotasAdminTestJSON-136702594-project] Task 'cinder.volume.flows.api.create_volume.QuotaReserveTask;volume:create' (54ee24c5-df8e-42d7-bd3c-1154600a5f62) transitioned into state 'RUNNING' from state 'PENDING' {{(pid=100703) _task_receiver /usr/local/lib/python3.8/dist-packages/taskflow/listeners/logging.py:190}}
Sep 15 03:29:38.266000 dv-cinder-804459-7-iscsi devstack@c-api.service[100702]: /usr/local/lib/python3.8/dist-packages/oslo_context/context.py:105: DeprecationWarning: Policy enforcement is depending on the value of is_admin. This key is deprecated. Please update your policy file to use the standard policy values.
Sep 15 03:29:38.266000 dv-cinder-804459-7-iscsi devstack@c-api.service[100702]: warnings.warn('Policy enforcement is depending on the value of '
Sep 15 03:29:38.267700 dv-cinder-804459-7-iscsi devstack@c-api.service[100702]: INFO cinder.volume.api [None req-9d092c6d-189c-42db-8eb2-c15485a5340a tempest-VolumeSnapshotQuotasNegativeTestJSON-1712433351 tempest-VolumeSnapshotQuotasNegativeTestJSON-1712433351-project] Volume info retrieved successfully.
Sep 15 03:29:38.268176 dv-cinder-804459-7-iscsi devstack@c-api.service[100702]: INFO cinder.api.v3.snapshots [None req-9d092c6d-189c-42db-8eb2-c15485a5340a tempest-VolumeSnapshotQuotasNegativeTestJSON-1712433351 tempest-VolumeSnapshotQuotasNegativeTestJSON-1712433351-project] Create snapshot from volume bb1cfe62-4cff-482b-9c76-c5cdce62e30c
Sep 15 03:29:38.325294 dv-cinder-804459-7-iscsi devstack@c-api.service[100702]: WARNING cinder.quota_utils [None req-9d092c6d-189c-42db-8eb2-c15485a5340a tempest-VolumeSnapshotQuotasNegativeTestJSON-1712433351 tempest-VolumeSnapshotQuotasNegativeTestJSON-1712433351-project] Quota exceeded for 8da9f82af31041028ece67efa357dba1, tried to create 1G snapshot (2G of 2G already consumed).: cinder.exception.OverQuota: Quota exceeded for resources: ['gigabytes']
Sep 15 03:29:38.326098 dv-cinder-804459-7-iscsi devstack@c-api.service[100702]: INFO cinder.api.middleware.fault [None req-9d092c6d-189c-42db-8eb2-c15485a5340a tempest-VolumeSnapshotQuotasNegativeTestJSON-1712433351 tempest-VolumeSnapshotQuotasNegativeTestJSON-1712433351-project] http://10.222.0.55/volume/v3/8da9f82af31041028ece67efa357dba1/snapshots returned with HTTP 413
Sep 15 03:29:38.330889 dv-cinder-804459-7-iscsi devstack@c-api.service[100702]: [pid: 100702|app: 0|req: 55/105] 10.222.0.55 () {60 vars in 1241 bytes} [Wed Sep 15 03:29:38 2021] POST /volume/v3/8da9f82af31041028ece67efa357dba1/snapshots => generated 208 bytes in 92 msecs (HTTP/1.1 413) 8 headers in 323 bytes (2 switches on core 0)
Sep 15 03:29:38.346479 dv-cinder-804459-7-iscsi devstack@c-api.service[100702]: INFO cinder.api.openstack.wsgi [None req-9b17d47a-cef2-41ce-9226-97f9b0490e6d tempest-VolumeSnapshotQuotasNegativeTestJSON-983758108 tempest-VolumeSnapshotQuotasNegativeTestJSON-983758108-project-admin] PUT http://10.222.0.55/volume/v3/9ec05ea0b3044d6cba804d9dd71c3c2e/os-quota-sets/8da9f82af31041028ece67efa357dba1
Sep 15 03:29:38.347867 dv-cinder-804459-7-iscsi devstack@c-api.service[100702]: /usr/local/lib/python3.8/dist-packages/webob/acceptparse.py:1047: DeprecationWarning: The behavior of AcceptValidHeader.best_match is currently being maintained for backward compatibility, but it will be deprecated in the future, as it does not conform to the RFC.
Sep 15 03:29:38.347867 dv-cinder-804459-7-iscsi devstack@c-api.service[100702]: warnings.warn(
Sep 15 03:29:38.348540 dv-cinder-804459-7-iscsi devstack@c-api.service[100702]: DEBUG cinder.api.openstack.wsgi [None req-9b17d47a-cef2-41ce-9226-97f9b0490e6d tempest-VolumeSnapshotQuotasNegativeTestJSON-983758108 tempest-VolumeSnapshotQuotasNegativeTestJSON-983758108-project-admin] Action: 'update', calling method: update, body: {"quota_set": {"gigabytes": 3, "volumes": 1, "snapshots": 1}} {{(pid=100702) _process_stack /opt/stack/cinder/cinder/api/openstack/wsgi.py:854}}
Sep 15 03:29:38.380631 dv-cinder-804459-7-iscsi devstack@c-api.service[100703]: DEBUG cinder.quota [None req-799bbc1f-46e1-44e0-b611-19690103c266 tempest-VolumeQuotasAdminTestJSON-136702594 tempest-VolumeQuotasAdminTestJSON-136702594-project] Created reservations ['4a97640a-7dde-40af-98ce-ecf787269bc2', 'cc2f5f65-9c52-481d-bf7e-384b6bf21f40', 'ead21321-8819-4931-92b7-5233c427c7ba', 'd93bf950-7aba-4201-9ef8-f9183fd7eeff'] {{(pid=100703) reserve /opt/stack/cinder/cinder/quota.py:755}}
Sep 15 03:29:38.384068 dv-cinder-804459-7-iscsi devstack@c-api.service[100703]: DEBUG cinder.volume.api [None req-799bbc1f-46e1-44e0-b611-19690103c266 tempest-VolumeQuotasAdminTestJSON-136702594 tempest-VolumeQuotasAdminTestJSON-136702594-project] Task 'cinder.volume.flows.api.create_volume.QuotaReserveTask;volume:create' (54ee24c5-df8e-42d7-bd3c-1154600a5f62) transitioned into state 'SUCCESS' from state 'RUNNING' with result '{'reservations': ['4a97640a-7dde-40af-98ce-ecf787269bc2', 'cc2f5f65-9c52-481d-bf7e-384b6bf21f40', 'ead21321-8819-4931-92b7-5233c427c7ba', 'd93bf950-7aba-4201-9ef8-f9183fd7eeff']}' {{(pid=100703) _task_receiver /usr/local/lib/python3.8/dist-packages/taskflow/listeners/logging.py:178}}
Sep 15 03:29:38.392566 dv-cinder-804459-7-iscsi devstack@c-api.service[100703]: DEBUG cinder.volume.api [None req-799bbc1f-46e1-44e0-b611-19690103c266 tempest-VolumeQuotasAdminTestJSON-136702594 tempest-VolumeQuotasAdminTestJSON-136702594-project] Task 'cinder.volume.flows.api.create_volume.EntryCreateTask;volume:create' (87daa6ea-e777-497f-8c48-4d03318c9e31) transitioned into state 'RUNNING' from state 'PENDING' {{(pid=100703) _task_receiver /usr/local/lib/python3.8/dist-packages/taskflow/listeners/logging.py:190}}
Sep 15 03:29:38.442038 dv-cinder-804459-7-iscsi devstack@c-api.service[100703]: DEBUG cinder.volume.api [None req-799bbc1f-46e1-44e0-b611-19690103c266 tempest-VolumeQuotasAdminTestJSON-136702594 tempest-VolumeQuotasAdminTestJSON-136702594-project] Task 'cinder.volume.flows.api.create_volume.EntryCreateTask;volume:create' (87daa6ea-e777-497f-8c48-4d03318c9e31) transitioned into state 'SUCCESS' from state 'RUNNING' with result '{'volume_id': '6d3f778a-8f81-457a-ae6c-8415a846a530', 'volume_properties': VolumeProperties(attach_status='detached',availability_zone='nova',cgsnapshot_id=None,consistencygroup_id=None,display_description=None,display_name='tempest-VolumeQuotasAdminTestJSON-Volume-1243310286',encryption_key_id=None,group_id=None,group_type_id=,metadata={},multiattach=False,project_id='095c664bff884db086babd670b021006',qos_specs=None,replication_status=,reservations=['4a97640a-7dde-40af-98ce-ecf787269bc2','cc2f5f65-9c52-481d-bf7e-384b6bf21f40','ead21321-8819-4931-92b7-5233c427c7ba','d93bf950-7aba-4201-9ef8-f9183fd7eeff'],size=1,snapshot_id=None,source_replicaid=,source_volid=None,status='creating',user_id='6d02bffa707d4d67b95bb68552b13d4d',volume_type_id=62fd20c4-1792-4c91-829d-1d19ce0c2384), 'volume': Volume(_name_id=None,admin_metadata=,attach_status='detached',availability_zone='nova',bootable=False,cluster=,cluster_name=None,consistencygroup=,consistencygroup_id=None,created_at=2021-09-15T03:29:38Z,deleted=False,deleted_at=None,display_description=None,display_name='tempest-VolumeQuotasAdminTestJSON-Volume-1243310286',ec2_id=None,encryption_key_id=None,glance_metadata=,group=,group_id=None,host=None,id=6d3f778a-8f81-457a-ae6c-8415a846a530,launched_at=None,metadata={},migration_status=None,multiattach=False,previous_status=None,project_id='095c664bff884db086babd670b021006',provider_auth=None,provider_geometry=None,provider_id=None,provider_location=None,replication_driver_data=None,replication_extended_status=None,replication_status=None,scheduled_at=None,service_uuid=None,shared_targets=True,size=1,snapshot_id=None,snapshots=,source_volid=None,status='creating',terminated_at=None,updated_at=None,use_quota=True,user_id='6d02bffa707d4d67b95bb68552b13d4d',volume_attachment=,volume_type=VolumeType(62fd20c4-1792-4c91-829d-1d19ce0c2384),volume_type_id=62fd20c4-1792-4c91-829d-1d19ce0c2384)}' {{(pid=100703) _task_receiver /usr/local/lib/python3.8/dist-packages/taskflow/listeners/logging.py:178}}
Sep 15 03:29:38.445835 dv-cinder-804459-7-iscsi devstack@c-api.service[100703]: DEBUG cinder.volume.api [None req-799bbc1f-46e1-44e0-b611-19690103c266 tempest-VolumeQuotasAdminTestJSON-136702594 tempest-VolumeQuotasAdminTestJSON-136702594-project] Task 'cinder.volume.flows.api.create_volume.QuotaCommitTask;volume:create' (d5476dfd-d7dd-431b-9670-1cae26f5976e) transitioned into state 'RUNNING' from state 'PENDING' {{(pid=100703) _task_receiver /usr/local/lib/python3.8/dist-packages/taskflow/listeners/logging.py:190}}
Sep 15 03:29:38.500844 dv-cinder-804459-7-iscsi devstack@c-api.service[100703]: DEBUG cinder.volume.api [None req-799bbc1f-46e1-44e0-b611-19690103c266 tempest-VolumeQuotasAdminTestJSON-136702594 tempest-VolumeQuotasAdminTestJSON-136702594-project] Task 'cinder.volume.flows.api.create_volume.QuotaCommitTask;volume:create' (d5476dfd-d7dd-431b-9670-1cae26f5976e) transitioned into state 'SUCCESS' from state 'RUNNING' with result '{'volume_properties': VolumeProperties(attach_status='detached',availability_zone='nova',cgsnapshot_id=None,consistencygroup_id=None,display_description=None,display_name='tempest-VolumeQuotasAdminTestJSON-Volume-1243310286',encryption_key_id=None,group_id=None,group_type_id=,metadata={},multiattach=False,project_id='095c664bff884db086babd670b021006',qos_specs=None,replication_status=,reservations=['4a97640a-7dde-40af-98ce-ecf787269bc2','cc2f5f65-9c52-481d-bf7e-384b6bf21f40','ead21321-8819-4931-92b7-5233c427c7ba','d93bf950-7aba-4201-9ef8-f9183fd7eeff'],size=1,snapshot_id=None,source_replicaid=,source_volid=None,status='creating',user_id='6d02bffa707d4d67b95bb68552b13d4d',volume_type_id=62fd20c4-1792-4c91-829d-1d19ce0c2384)}' {{(pid=100703) _task_receiver /usr/local/lib/python3.8/dist-packages/taskflow/listeners/logging.py:178}}
Sep 15 03:29:38.503563 dv-cinder-804459-7-iscsi devstack@c-api.service[100703]: DEBUG cinder.volume.api [None req-799bbc1f-46e1-44e0-b611-19690103c266 tempest-VolumeQuotasAdminTestJSON-136702594 tempest-VolumeQuotasAdminTestJSON-136702594-project] Task 'cinder.volume.flows.api.create_volume.VolumeCastTask;volume:create' (1b6c05db-27fc-4f68-9003-bdc1578ccce5) transitioned into state 'RUNNING' from state 'PENDING' {{(pid=100703) _task_receiver /usr/local/lib/python3.8/dist-packages/taskflow/listeners/logging.py:190}}
Sep 15 03:29:38.520919 dv-cinder-804459-7-iscsi devstack@c-api.service[100702]: INFO cinder.api.openstack.wsgi [None req-9b17d47a-cef2-41ce-9226-97f9b0490e6d tempest-VolumeSnapshotQuotasNegativeTestJSON-983758108 tempest-VolumeSnapshotQuotasNegativeTestJSON-983758108-project-admin] http://10.222.0.55/volume/v3/9ec05ea0b3044d6cba804d9dd71c3c2e/os-quota-sets/8da9f82af31041028ece67efa357dba1 returned with HTTP 200
Sep 15 03:29:38.521929 dv-cinder-804459-7-iscsi devstack@c-api.service[100702]: [pid: 100702|app: 0|req: 56/106] 10.222.0.55 () {60 vars in 1351 bytes} [Wed Sep 15 03:29:38 2021] PUT /volume/v3/9ec05ea0b3044d6cba804d9dd71c3c2e/os-quota-sets/8da9f82af31041028ece67efa357dba1 => generated 314 bytes in 188 msecs (HTTP/1.1 200) 7 headers in 285 bytes (1 switches on core 0)
Sep 15 03:29:38.535813 dv-cinder-804459-7-iscsi devstack@c-api.service[100702]: INFO cinder.api.openstack.wsgi [None req-fcd40ed5-c886-4f66-9667-99d4b0608e1a tempest-VolumeSnapshotQuotasNegativeTestJSON-1712433351 tempest-VolumeSnapshotQuotasNegativeTestJSON-1712433351-project] POST http://10.222.0.55/volume/v3/8da9f82af31041028ece67efa357dba1/snapshots
Sep 15 03:29:38.536581 dv-cinder-804459-7-iscsi devstack@c-api.service[100702]: DEBUG cinder.api.openstack.wsgi [None req-fcd40ed5-c886-4f66-9667-99d4b0608e1a tempest-VolumeSnapshotQuotasNegativeTestJSON-1712433351 tempest-VolumeSnapshotQuotasNegativeTestJSON-1712433351-project] Action: 'create', calling method: create, body: {"snapshot": {"volume_id": "bb1cfe62-4cff-482b-9c76-c5cdce62e30c"}} {{(pid=100702) _process_stack /opt/stack/cinder/cinder/api/openstack/wsgi.py:854}}
Sep 15 03:29:38.543991 dv-cinder-804459-7-iscsi devstack@c-api.service[100703]: DEBUG cinder.volume.api [None req-799bbc1f-46e1-44e0-b611-19690103c266 tempest-VolumeQuotasAdminTestJSON-136702594 tempest-VolumeQuotasAdminTestJSON-136702594-project] Task 'cinder.volume.flows.api.create_volume.VolumeCastTask;volume:create' (1b6c05db-27fc-4f68-9003-bdc1578ccce5) transitioned into state 'SUCCESS' from state 'RUNNING' with result 'None' {{(pid=100703) _task_receiver /usr/local/lib/python3.8/dist-packages/taskflow/listeners/logging.py:178}}
Sep 15 03:29:38.546654 dv-cinder-804459-7-iscsi devstack@c-api.service[100703]: DEBUG cinder.volume.api [None req-799bbc1f-46e1-44e0-b611-19690103c266 tempest-VolumeQuotasAdminTestJSON-136702594 tempest-VolumeQuotasAdminTestJSON-136702594-project] Flow 'volume_create_api' (e2c7698b-d52d-49b3-b74f-a6615cb42f8e) transitioned into state 'SUCCESS' from state 'RUNNING' {{(pid=100703) _flow_receiver /usr/local/lib/python3.8/dist-packages/taskflow/listeners/logging.py:141}}
Sep 15 03:29:38.547485 dv-cinder-804459-7-iscsi devstack@c-api.service[100703]: INFO cinder.volume.api [None req-799bbc1f-46e1-44e0-b611-19690103c266 tempest-VolumeQuotasAdminTestJSON-136702594 tempest-VolumeQuotasAdminTestJSON-136702594-project] Create volume request issued successfully.
Sep 15 03:29:38.555602 dv-cinder-804459-7-iscsi devstack@c-api.service[100703]: INFO cinder.api.openstack.wsgi [None req-799bbc1f-46e1-44e0-b611-19690103c266 tempest-VolumeQuotasAdminTestJSON-136702594 tempest-VolumeQuotasAdminTestJSON-136702594-project] http://10.222.0.55/volume/v3/095c664bff884db086babd670b021006/volumes returned with HTTP 202
Sep 15 03:29:38.556706 dv-cinder-804459-7-iscsi devstack@c-api.service[100703]: [pid: 100703|app: 0|req: 51/107] 10.222.0.55 () {60 vars in 1235 bytes} [Wed Sep 15 03:29:37 2021] POST /volume/v3/095c664bff884db086babd670b021006/volumes => generated 825 bytes in 636 msecs (HTTP/1.1 202) 7 headers in 291 bytes (1 switches on core 0)
Sep 15 03:29:38.573438 dv-cinder-804459-7-iscsi devstack@c-api.service[100703]: INFO cinder.api.openstack.wsgi [None req-9a96dd04-0991-4ce1-8550-0a8c053d04a1 tempest-VolumeQuotasAdminTestJSON-136702594 tempest-VolumeQuotasAdminTestJSON-136702594-project] GET http://10.222.0.55/volume/v3/095c664bff884db086babd670b021006/volumes/6d3f778a-8f81-457a-ae6c-8415a846a530
Sep 15 03:29:38.574045 dv-cinder-804459-7-iscsi devstack@c-api.service[100703]: DEBUG cinder.api.openstack.wsgi [None req-9a96dd04-0991-4ce1-8550-0a8c053d04a1 tempest-VolumeQuotasAdminTestJSON-136702594 tempest-VolumeQuotasAdminTestJSON-136702594-project] Empty body provided in request {{(pid=100703) get_body /opt/stack/cinder/cinder/api/openstack/wsgi.py:703}}
Sep 15 03:29:38.574313 dv-cinder-804459-7-iscsi devstack@c-api.service[100703]: /usr/local/lib/python3.8/dist-packages/webob/acceptparse.py:1047: DeprecationWarning: The behavior of AcceptValidHeader.best_match is currently being maintained for backward compatibility, but it will be deprecated in the future, as it does not conform to the RFC.
Sep 15 03:29:38.574313 dv-cinder-804459-7-iscsi devstack@c-api.service[100703]: warnings.warn(
Sep 15 03:29:38.574803 dv-cinder-804459-7-iscsi devstack@c-api.service[100703]: DEBUG cinder.api.openstack.wsgi [None req-9a96dd04-0991-4ce1-8550-0a8c053d04a1 tempest-VolumeQuotasAdminTestJSON-136702594 tempest-VolumeQuotasAdminTestJSON-136702594-project] Calling method 'show' {{(pid=100703) _process_stack /opt/stack/cinder/cinder/api/openstack/wsgi.py:856}}
Sep 15 03:29:38.578248 dv-cinder-804459-7-iscsi devstack@c-api.service[100702]: /usr/local/lib/python3.8/dist-packages/oslo_context/context.py:105: DeprecationWarning: Policy enforcement is depending on the value of is_admin. This key is deprecated. Please update your policy file to use the standard policy values.
Sep 15 03:29:38.578248 dv-cinder-804459-7-iscsi devstack@c-api.service[100702]: warnings.warn('Policy enforcement is depending on the value of '
Sep 15 03:29:38.579435 dv-cinder-804459-7-iscsi devstack@c-api.service[100702]: INFO cinder.volume.api [None req-fcd40ed5-c886-4f66-9667-99d4b0608e1a tempest-VolumeSnapshotQuotasNegativeTestJSON-1712433351 tempest-VolumeSnapshotQuotasNegativeTestJSON-1712433351-project] Volume info retrieved successfully.
Sep 15 03:29:38.579750 dv-cinder-804459-7-iscsi devstack@c-api.service[100702]: INFO cinder.api.v3.snapshots [None req-fcd40ed5-c886-4f66-9667-99d4b0608e1a tempest-VolumeSnapshotQuotasNegativeTestJSON-1712433351 tempest-VolumeSnapshotQuotasNegativeTestJSON-1712433351-project] Create snapshot from volume bb1cfe62-4cff-482b-9c76-c5cdce62e30c
Sep 15 03:29:38.590944 dv-cinder-804459-7-iscsi devstack@c-api.service[100703]: /usr/local/lib/python3.8/dist-packages/oslo_context/context.py:105: DeprecationWarning: Policy enforcement is depending on the value of is_admin. This key is deprecated. Please update your policy file to use the standard policy values.
Sep 15 03:29:38.590944 dv-cinder-804459-7-iscsi devstack@c-api.service[100703]: warnings.warn('Policy enforcement is depending on the value of '
Sep 15 03:29:38.601127 dv-cinder-804459-7-iscsi devstack@c-api.service[100703]: INFO cinder.volume.api [None req-9a96dd04-0991-4ce1-8550-0a8c053d04a1 tempest-VolumeQuotasAdminTestJSON-136702594 tempest-VolumeQuotasAdminTestJSON-136702594-project] Volume info retrieved successfully.
Sep 15 03:29:38.635276 dv-cinder-804459-7-iscsi devstack@c-api.service[100703]: INFO cinder.api.openstack.wsgi [None req-9a96dd04-0991-4ce1-8550-0a8c053d04a1 tempest-VolumeQuotasAdminTestJSON-136702594 tempest-VolumeQuotasAdminTestJSON-136702594-project] http://10.222.0.55/volume/v3/095c664bff884db086babd670b021006/volumes/6d3f778a-8f81-457a-ae6c-8415a846a530 returned with HTTP 200
Sep 15 03:29:38.646699 dv-cinder-804459-7-iscsi devstack@c-api.service[100703]: [pid: 100703|app: 0|req: 52/108] 10.222.0.55 () {58 vars in 1325 bytes} [Wed Sep 15 03:29:38 2021] GET /volume/v3/095c664bff884db086babd670b021006/volumes/6d3f778a-8f81-457a-ae6c-8415a846a530 => generated 893 bytes in 78 msecs (HTTP/1.1 200) 7 headers in 285 bytes (1 switches on core 0)
Sep 15 03:29:38.685108 dv-cinder-804459-7-iscsi devstack@c-api.service[100702]: WARNING cinder.quota_utils [None req-fcd40ed5-c886-4f66-9667-99d4b0608e1a tempest-VolumeSnapshotQuotasNegativeTestJSON-1712433351 tempest-VolumeSnapshotQuotasNegativeTestJSON-1712433351-project] Quota exceeded for 8da9f82af31041028ece67efa357dba1, tried to create snapshot (1 snapshots already consumed).: cinder.exception.OverQuota: Quota exceeded for resources: ['snapshots']
Sep 15 03:29:38.685606 dv-cinder-804459-7-iscsi devstack@c-api.service[100702]: INFO cinder.api.middleware.fault [None req-fcd40ed5-c886-4f66-9667-99d4b0608e1a tempest-VolumeSnapshotQuotasNegativeTestJSON-1712433351 tempest-VolumeSnapshotQuotasNegativeTestJSON-1712433351-project] http://10.222.0.55/volume/v3/8da9f82af31041028ece67efa357dba1/snapshots returned with HTTP 413
Sep 15 03:29:38.687459 dv-cinder-804459-7-iscsi devstack@c-api.service[100702]: [pid: 100702|app: 0|req: 57/109] 10.222.0.55 () {60 vars in 1241 bytes} [Wed Sep 15 03:29:38 2021] POST /volume/v3/8da9f82af31041028ece67efa357dba1/snapshots => generated 133 bytes in 156 msecs (HTTP/1.1 413) 8 headers in 323 bytes (1 switches on core 0)
Sep 15 03:29:38.700542 dv-cinder-804459-7-iscsi devstack@c-api.service[100703]: INFO cinder.api.openstack.wsgi [None req-b9fa02a6-6dfb-444c-9ea6-6a181ea65d42 tempest-VolumeSnapshotQuotasNegativeTestJSON-1712433351 tempest-VolumeSnapshotQuotasNegativeTestJSON-1712433351-project] DELETE http://10.222.0.55/volume/v3/8da9f82af31041028ece67efa357dba1/snapshots/91e86483-84b4-4df8-a8bc-827be878dccf
Sep 15 03:29:38.701623 dv-cinder-804459-7-iscsi devstack@c-api.service[100703]: DEBUG cinder.api.openstack.wsgi [None req-b9fa02a6-6dfb-444c-9ea6-6a181ea65d42 tempest-VolumeSnapshotQuotasNegativeTestJSON-1712433351 tempest-VolumeSnapshotQuotasNegativeTestJSON-1712433351-project] Empty body provided in request {{(pid=100703) get_body /opt/stack/cinder/cinder/api/openstack/wsgi.py:703}}
Sep 15 03:29:38.703413 dv-cinder-804459-7-iscsi devstack@c-api.service[100703]: /usr/local/lib/python3.8/dist-packages/webob/acceptparse.py:1047: DeprecationWarning: The behavior of AcceptValidHeader.best_match is currently being maintained for backward compatibility, but it will be deprecated in the future, as it does not conform to the RFC.
Sep 15 03:29:38.703413 dv-cinder-804459-7-iscsi devstack@c-api.service[100703]: warnings.warn(
Sep 15 03:29:38.704387 dv-cinder-804459-7-iscsi devstack@c-api.service[100703]: DEBUG cinder.api.openstack.wsgi [None req-b9fa02a6-6dfb-444c-9ea6-6a181ea65d42 tempest-VolumeSnapshotQuotasNegativeTestJSON-1712433351 tempest-VolumeSnapshotQuotasNegativeTestJSON-1712433351-project] Calling method 'delete' {{(pid=100703) _process_stack /opt/stack/cinder/cinder/api/openstack/wsgi.py:856}}
Sep 15 03:29:38.705039 dv-cinder-804459-7-iscsi devstack@c-api.service[100703]: INFO cinder.api.v2.snapshots [None req-b9fa02a6-6dfb-444c-9ea6-6a181ea65d42 tempest-VolumeSnapshotQuotasNegativeTestJSON-1712433351 tempest-VolumeSnapshotQuotasNegativeTestJSON-1712433351-project] Delete snapshot with id: 91e86483-84b4-4df8-a8bc-827be878dccf
Sep 15 03:29:38.734038 dv-cinder-804459-7-iscsi devstack@c-api.service[100702]: INFO cinder.api.openstack.wsgi [None req-3615a899-4789-45ee-8437-7375203524d3 tempest-VolumesListTestJSON-903065766 tempest-VolumesListTestJSON-903065766-project] GET http://10.222.0.55/volume/v3/a644844285d045ce86d2ddcc5e017454/volumes/c2d0dad3-42f2-48cf-a8e6-7442c958f510
Sep 15 03:29:38.734875 dv-cinder-804459-7-iscsi devstack@c-api.service[100702]: DEBUG cinder.api.openstack.wsgi [None req-3615a899-4789-45ee-8437-7375203524d3 tempest-VolumesListTestJSON-903065766 tempest-VolumesListTestJSON-903065766-project] Empty body provided in request {{(pid=100702) get_body /opt/stack/cinder/cinder/api/openstack/wsgi.py:703}}
Sep 15 03:29:38.735185 dv-cinder-804459-7-iscsi devstack@c-api.service[100702]: /usr/local/lib/python3.8/dist-packages/webob/acceptparse.py:1047: DeprecationWarning: The behavior of AcceptValidHeader.best_match is currently being maintained for backward compatibility, but it will be deprecated in the future, as it does not conform to the RFC.
Sep 15 03:29:38.735185 dv-cinder-804459-7-iscsi devstack@c-api.service[100702]: warnings.warn(
Sep 15 03:29:38.735704 dv-cinder-804459-7-iscsi devstack@c-api.service[100702]: DEBUG cinder.api.openstack.wsgi [None req-3615a899-4789-45ee-8437-7375203524d3 tempest-VolumesListTestJSON-903065766 tempest-VolumesListTestJSON-903065766-project] Calling method 'show' {{(pid=100702) _process_stack /opt/stack/cinder/cinder/api/openstack/wsgi.py:856}}
Sep 15 03:29:38.772523 dv-cinder-804459-7-iscsi devstack@c-api.service[100702]: INFO cinder.api.openstack.wsgi [None req-3615a899-4789-45ee-8437-7375203524d3 tempest-VolumesListTestJSON-903065766 tempest-VolumesListTestJSON-903065766-project] http://10.222.0.55/volume/v3/a644844285d045ce86d2ddcc5e017454/volumes/c2d0dad3-42f2-48cf-a8e6-7442c958f510 returned with HTTP 404
Sep 15 03:29:38.773525 dv-cinder-804459-7-iscsi devstack@c-api.service[100702]: [pid: 100702|app: 0|req: 58/110] 10.222.0.55 () {58 vars in 1325 bytes} [Wed Sep 15 03:29:38 2021] GET /volume/v3/a644844285d045ce86d2ddcc5e017454/volumes/c2d0dad3-42f2-48cf-a8e6-7442c958f510 => generated 109 bytes in 44 msecs (HTTP/1.1 404) 7 headers in 292 bytes (1 switches on core 0)
Sep 15 03:29:38.798599 dv-cinder-804459-7-iscsi devstack@c-api.service[100702]: INFO cinder.api.openstack.wsgi [None req-024c0253-119d-475b-8d4a-76cba548485d tempest-VolumesListTestJSON-903065766 tempest-VolumesListTestJSON-903065766-project] DELETE http://10.222.0.55/volume/v3/a644844285d045ce86d2ddcc5e017454/volumes/3f360fe9-da0d-44aa-87fb-3d22b7172735
Sep 15 03:29:38.799059 dv-cinder-804459-7-iscsi devstack@c-api.service[100702]: DEBUG cinder.api.openstack.wsgi [None req-024c0253-119d-475b-8d4a-76cba548485d tempest-VolumesListTestJSON-903065766 tempest-VolumesListTestJSON-903065766-project] Empty body provided in request {{(pid=100702) get_body /opt/stack/cinder/cinder/api/openstack/wsgi.py:703}}
Sep 15 03:29:38.799479 dv-cinder-804459-7-iscsi devstack@c-api.service[100702]: DEBUG cinder.api.openstack.wsgi [None req-024c0253-119d-475b-8d4a-76cba548485d tempest-VolumesListTestJSON-903065766 tempest-VolumesListTestJSON-903065766-project] Calling method 'delete' {{(pid=100702) _process_stack /opt/stack/cinder/cinder/api/openstack/wsgi.py:856}}
Sep 15 03:29:38.799937 dv-cinder-804459-7-iscsi devstack@c-api.service[100702]: INFO cinder.api.v3.volumes [None req-024c0253-119d-475b-8d4a-76cba548485d tempest-VolumesListTestJSON-903065766 tempest-VolumesListTestJSON-903065766-project] Delete volume with id: 3f360fe9-da0d-44aa-87fb-3d22b7172735
Sep 15 03:29:38.842916 dv-cinder-804459-7-iscsi devstack@c-api.service[100703]: /usr/local/lib/python3.8/dist-packages/oslo_context/context.py:105: DeprecationWarning: Policy enforcement is depending on the value of is_admin. This key is deprecated. Please update your policy file to use the standard policy values.
Sep 15 03:29:38.842916 dv-cinder-804459-7-iscsi devstack@c-api.service[100703]: warnings.warn('Policy enforcement is depending on the value of '
Sep 15 03:29:38.846682 dv-cinder-804459-7-iscsi devstack@c-api.service[100703]: INFO cinder.volume.api [None req-b9fa02a6-6dfb-444c-9ea6-6a181ea65d42 tempest-VolumeSnapshotQuotasNegativeTestJSON-1712433351 tempest-VolumeSnapshotQuotasNegativeTestJSON-1712433351-project] Snapshot retrieved successfully.
Sep 15 03:29:38.853052 dv-cinder-804459-7-iscsi devstack@c-api.service[100702]: /usr/local/lib/python3.8/dist-packages/oslo_context/context.py:105: DeprecationWarning: Policy enforcement is depending on the value of is_admin. This key is deprecated. Please update your policy file to use the standard policy values.
Sep 15 03:29:38.853052 dv-cinder-804459-7-iscsi devstack@c-api.service[100702]: warnings.warn('Policy enforcement is depending on the value of '
Sep 15 03:29:38.855002 dv-cinder-804459-7-iscsi devstack@c-api.service[100702]: INFO cinder.volume.api [None req-024c0253-119d-475b-8d4a-76cba548485d tempest-VolumesListTestJSON-903065766 tempest-VolumesListTestJSON-903065766-project] Volume info retrieved successfully.
Sep 15 03:29:38.934977 dv-cinder-804459-7-iscsi devstack@c-api.service[100702]: INFO cinder.volume.api [None req-024c0253-119d-475b-8d4a-76cba548485d tempest-VolumesListTestJSON-903065766 tempest-VolumesListTestJSON-903065766-project] Delete volume request issued successfully.
Sep 15 03:29:38.936682 dv-cinder-804459-7-iscsi devstack@c-api.service[100703]: INFO cinder.volume.api [None req-b9fa02a6-6dfb-444c-9ea6-6a181ea65d42 tempest-VolumeSnapshotQuotasNegativeTestJSON-1712433351 tempest-VolumeSnapshotQuotasNegativeTestJSON-1712433351-project] Snapshot delete request issued successfully.
Sep 15 03:29:38.937197 dv-cinder-804459-7-iscsi devstack@c-api.service[100703]: INFO cinder.api.openstack.wsgi [None req-b9fa02a6-6dfb-444c-9ea6-6a181ea65d42 tempest-VolumeSnapshotQuotasNegativeTestJSON-1712433351 tempest-VolumeSnapshotQuotasNegativeTestJSON-1712433351-project] http://10.222.0.55/volume/v3/8da9f82af31041028ece67efa357dba1/snapshots/91e86483-84b4-4df8-a8bc-827be878dccf returned with HTTP 202
Sep 15 03:29:38.937503 dv-cinder-804459-7-iscsi devstack@c-api.service[100702]: INFO cinder.api.openstack.wsgi [None req-024c0253-119d-475b-8d4a-76cba548485d tempest-VolumesListTestJSON-903065766 tempest-VolumesListTestJSON-903065766-project] http://10.222.0.55/volume/v3/a644844285d045ce86d2ddcc5e017454/volumes/3f360fe9-da0d-44aa-87fb-3d22b7172735 returned with HTTP 202
Sep 15 03:29:38.938783 dv-cinder-804459-7-iscsi devstack@c-api.service[100702]: [pid: 100702|app: 0|req: 59/111] 10.222.0.55 () {58 vars in 1328 bytes} [Wed Sep 15 03:29:38 2021] DELETE /volume/v3/a644844285d045ce86d2ddcc5e017454/volumes/3f360fe9-da0d-44aa-87fb-3d22b7172735 => generated 0 bytes in 157 msecs (HTTP/1.1 202) 6 headers in 233 bytes (1 switches on core 0)
Sep 15 03:29:38.941147 dv-cinder-804459-7-iscsi devstack@c-api.service[100703]: [pid: 100703|app: 0|req: 53/112] 10.222.0.55 () {58 vars in 1334 bytes} [Wed Sep 15 03:29:38 2021] DELETE /volume/v3/8da9f82af31041028ece67efa357dba1/snapshots/91e86483-84b4-4df8-a8bc-827be878dccf => generated 0 bytes in 248 msecs (HTTP/1.1 202) 6 headers in 233 bytes (1 switches on core 0)
Sep 15 03:29:38.950662 dv-cinder-804459-7-iscsi devstack@c-api.service[100702]: INFO cinder.api.openstack.wsgi [None req-36ac49a1-2dee-4903-a9e4-6f981d432c26 tempest-VolumesListTestJSON-903065766 tempest-VolumesListTestJSON-903065766-project] GET http://10.222.0.55/volume/v3/a644844285d045ce86d2ddcc5e017454/volumes/3f360fe9-da0d-44aa-87fb-3d22b7172735
Sep 15 03:29:38.955022 dv-cinder-804459-7-iscsi devstack@c-api.service[100703]: INFO cinder.api.openstack.wsgi [None req-3b7223e4-00d4-4d9b-9ec3-12c4deb766fc tempest-VolumeSnapshotQuotasNegativeTestJSON-1712433351 tempest-VolumeSnapshotQuotasNegativeTestJSON-1712433351-project] GET http://10.222.0.55/volume/v3/8da9f82af31041028ece67efa357dba1/snapshots/91e86483-84b4-4df8-a8bc-827be878dccf
Sep 15 03:29:38.955671 dv-cinder-804459-7-iscsi devstack@c-api.service[100702]: DEBUG cinder.api.openstack.wsgi [None req-36ac49a1-2dee-4903-a9e4-6f981d432c26 tempest-VolumesListTestJSON-903065766 tempest-VolumesListTestJSON-903065766-project] Empty body provided in request {{(pid=100702) get_body /opt/stack/cinder/cinder/api/openstack/wsgi.py:703}}
Sep 15 03:29:38.955920 dv-cinder-804459-7-iscsi devstack@c-api.service[100702]: /usr/local/lib/python3.8/dist-packages/webob/acceptparse.py:1047: DeprecationWarning: The behavior of AcceptValidHeader.best_match is currently being maintained for backward compatibility, but it will be deprecated in the future, as it does not conform to the RFC.
Sep 15 03:29:38.955920 dv-cinder-804459-7-iscsi devstack@c-api.service[100702]: warnings.warn(
Sep 15 03:29:38.956567 dv-cinder-804459-7-iscsi devstack@c-api.service[100702]: DEBUG cinder.api.openstack.wsgi [None req-36ac49a1-2dee-4903-a9e4-6f981d432c26 tempest-VolumesListTestJSON-903065766 tempest-VolumesListTestJSON-903065766-project] Calling method 'show' {{(pid=100702) _process_stack /opt/stack/cinder/cinder/api/openstack/wsgi.py:856}}
Sep 15 03:29:38.959026 dv-cinder-804459-7-iscsi devstack@c-api.service[100703]: DEBUG cinder.api.openstack.wsgi [None req-3b7223e4-00d4-4d9b-9ec3-12c4deb766fc tempest-VolumeSnapshotQuotasNegativeTestJSON-1712433351 tempest-VolumeSnapshotQuotasNegativeTestJSON-1712433351-project] Empty body provided in request {{(pid=100703) get_body /opt/stack/cinder/cinder/api/openstack/wsgi.py:703}}
Sep 15 03:29:38.959372 dv-cinder-804459-7-iscsi devstack@c-api.service[100703]: /usr/local/lib/python3.8/dist-packages/webob/acceptparse.py:1047: DeprecationWarning: The behavior of AcceptValidHeader.best_match is currently being maintained for backward compatibility, but it will be deprecated in the future, as it does not conform to the RFC.
Sep 15 03:29:38.959372 dv-cinder-804459-7-iscsi devstack@c-api.service[100703]: warnings.warn(
Sep 15 03:29:38.959983 dv-cinder-804459-7-iscsi devstack@c-api.service[100703]: DEBUG cinder.api.openstack.wsgi [None req-3b7223e4-00d4-4d9b-9ec3-12c4deb766fc tempest-VolumeSnapshotQuotasNegativeTestJSON-1712433351 tempest-VolumeSnapshotQuotasNegativeTestJSON-1712433351-project] Calling method 'show' {{(pid=100703) _process_stack /opt/stack/cinder/cinder/api/openstack/wsgi.py:856}}
Sep 15 03:29:38.981367 dv-cinder-804459-7-iscsi devstack@c-api.service[100703]: /usr/local/lib/python3.8/dist-packages/oslo_context/context.py:105: DeprecationWarning: Policy enforcement is depending on the value of is_admin. This key is deprecated. Please update your policy file to use the standard policy values.
Sep 15 03:29:38.981367 dv-cinder-804459-7-iscsi devstack@c-api.service[100703]: warnings.warn('Policy enforcement is depending on the value of '
Sep 15 03:29:38.983949 dv-cinder-804459-7-iscsi devstack@c-api.service[100703]: INFO cinder.volume.api [None req-3b7223e4-00d4-4d9b-9ec3-12c4deb766fc tempest-VolumeSnapshotQuotasNegativeTestJSON-1712433351 tempest-VolumeSnapshotQuotasNegativeTestJSON-1712433351-project] Snapshot retrieved successfully.
Sep 15 03:29:38.986749 dv-cinder-804459-7-iscsi devstack@c-api.service[100703]: INFO cinder.api.openstack.wsgi [None req-3b7223e4-00d4-4d9b-9ec3-12c4deb766fc tempest-VolumeSnapshotQuotasNegativeTestJSON-1712433351 tempest-VolumeSnapshotQuotasNegativeTestJSON-1712433351-project] http://10.222.0.55/volume/v3/8da9f82af31041028ece67efa357dba1/snapshots/91e86483-84b4-4df8-a8bc-827be878dccf returned with HTTP 200
Sep 15 03:29:38.988290 dv-cinder-804459-7-iscsi devstack@c-api.service[100703]: [pid: 100703|app: 0|req: 54/113] 10.222.0.55 () {58 vars in 1331 bytes} [Wed Sep 15 03:29:38 2021] GET /volume/v3/8da9f82af31041028ece67efa357dba1/snapshots/91e86483-84b4-4df8-a8bc-827be878dccf => generated 480 bytes in 44 msecs (HTTP/1.1 200) 7 headers in 285 bytes (1 switches on core 0)
Sep 15 03:29:38.996757 dv-cinder-804459-7-iscsi devstack@c-api.service[100702]: /usr/local/lib/python3.8/dist-packages/oslo_context/context.py:105: DeprecationWarning: Policy enforcement is depending on the value of is_admin. This key is deprecated. Please update your policy file to use the standard policy values.
Sep 15 03:29:38.996757 dv-cinder-804459-7-iscsi devstack@c-api.service[100702]: warnings.warn('Policy enforcement is depending on the value of '
Sep 15 03:29:39.034801 dv-cinder-804459-7-iscsi devstack@c-api.service[100702]: INFO cinder.volume.api [None req-36ac49a1-2dee-4903-a9e4-6f981d432c26 tempest-VolumesListTestJSON-903065766 tempest-VolumesListTestJSON-903065766-project] Volume info retrieved successfully.
Sep 15 03:29:39.051920 dv-cinder-804459-7-iscsi devstack@c-api.service[100702]: INFO cinder.api.openstack.wsgi [None req-36ac49a1-2dee-4903-a9e4-6f981d432c26 tempest-VolumesListTestJSON-903065766 tempest-VolumesListTestJSON-903065766-project] http://10.222.0.55/volume/v3/a644844285d045ce86d2ddcc5e017454/volumes/3f360fe9-da0d-44aa-87fb-3d22b7172735 returned with HTTP 200
Sep 15 03:29:39.053179 dv-cinder-804459-7-iscsi devstack@c-api.service[100702]: [pid: 100702|app: 0|req: 60/114] 10.222.0.55 () {58 vars in 1325 bytes} [Wed Sep 15 03:29:38 2021] GET /volume/v3/a644844285d045ce86d2ddcc5e017454/volumes/3f360fe9-da0d-44aa-87fb-3d22b7172735 => generated 925 bytes in 110 msecs (HTTP/1.1 200) 7 headers in 285 bytes (1 switches on core 0)
Sep 15 03:29:39.660931 dv-cinder-804459-7-iscsi devstack@c-api.service[100703]: INFO cinder.api.openstack.wsgi [None req-f0eecae3-d986-41fd-8ceb-72625befd7c3 tempest-VolumeQuotasAdminTestJSON-136702594 tempest-VolumeQuotasAdminTestJSON-136702594-project] GET http://10.222.0.55/volume/v3/095c664bff884db086babd670b021006/volumes/6d3f778a-8f81-457a-ae6c-8415a846a530
Sep 15 03:29:39.663597 dv-cinder-804459-7-iscsi devstack@c-api.service[100703]: DEBUG cinder.api.openstack.wsgi [None req-f0eecae3-d986-41fd-8ceb-72625befd7c3 tempest-VolumeQuotasAdminTestJSON-136702594 tempest-VolumeQuotasAdminTestJSON-136702594-project] Empty body provided in request {{(pid=100703) get_body /opt/stack/cinder/cinder/api/openstack/wsgi.py:703}}
Sep 15 03:29:39.664356 dv-cinder-804459-7-iscsi devstack@c-api.service[100703]: /usr/local/lib/python3.8/dist-packages/webob/acceptparse.py:1047: DeprecationWarning: The behavior of AcceptValidHeader.best_match is currently being maintained for backward compatibility, but it will be deprecated in the future, as it does not conform to the RFC.
Sep 15 03:29:39.664356 dv-cinder-804459-7-iscsi devstack@c-api.service[100703]: warnings.warn(
Sep 15 03:29:39.665036 dv-cinder-804459-7-iscsi devstack@c-api.service[100703]: DEBUG cinder.api.openstack.wsgi [None req-f0eecae3-d986-41fd-8ceb-72625befd7c3 tempest-VolumeQuotasAdminTestJSON-136702594 tempest-VolumeQuotasAdminTestJSON-136702594-project] Calling method 'show' {{(pid=100703) _process_stack /opt/stack/cinder/cinder/api/openstack/wsgi.py:856}}
Sep 15 03:29:39.684161 dv-cinder-804459-7-iscsi devstack@c-api.service[100703]: /usr/local/lib/python3.8/dist-packages/oslo_context/context.py:105: DeprecationWarning: Policy enforcement is depending on the value of is_admin. This key is deprecated. Please update your policy file to use the standard policy values.
Sep 15 03:29:39.684161 dv-cinder-804459-7-iscsi devstack@c-api.service[100703]: warnings.warn('Policy enforcement is depending on the value of '
Sep 15 03:29:39.697134 dv-cinder-804459-7-iscsi devstack@c-api.service[100703]: INFO cinder.volume.api [None req-f0eecae3-d986-41fd-8ceb-72625befd7c3 tempest-VolumeQuotasAdminTestJSON-136702594 tempest-VolumeQuotasAdminTestJSON-136702594-project] Volume info retrieved successfully.
Sep 15 03:29:39.734293 dv-cinder-804459-7-iscsi devstack@c-api.service[100703]: INFO cinder.api.openstack.wsgi [None req-f0eecae3-d986-41fd-8ceb-72625befd7c3 tempest-VolumeQuotasAdminTestJSON-136702594 tempest-VolumeQuotasAdminTestJSON-136702594-project] http://10.222.0.55/volume/v3/095c664bff884db086babd670b021006/volumes/6d3f778a-8f81-457a-ae6c-8415a846a530 returned with HTTP 200
Sep 15 03:29:39.735697 dv-cinder-804459-7-iscsi devstack@c-api.service[100703]: [pid: 100703|app: 0|req: 55/115] 10.222.0.55 () {58 vars in 1325 bytes} [Wed Sep 15 03:29:39 2021] GET /volume/v3/095c664bff884db086babd670b021006/volumes/6d3f778a-8f81-457a-ae6c-8415a846a530 => generated 918 bytes in 87 msecs (HTTP/1.1 200) 7 headers in 285 bytes (1 switches on core 0)
Sep 15 03:29:39.755188 dv-cinder-804459-7-iscsi devstack@c-api.service[100702]: INFO cinder.api.openstack.wsgi [None req-77695816-1298-42ce-b10e-3ff90f77b681 tempest-VolumeQuotasAdminTestJSON-714323194 tempest-VolumeQuotasAdminTestJSON-714323194-project-admin] GET http://10.222.0.55/volume/v3/cc5d48c67e0f4b95b9cd6a9ca422c826/os-quota-sets/095c664bff884db086babd670b021006?usage=True
Sep 15 03:29:39.755663 dv-cinder-804459-7-iscsi devstack@c-api.service[100702]: DEBUG cinder.api.openstack.wsgi [None req-77695816-1298-42ce-b10e-3ff90f77b681 tempest-VolumeQuotasAdminTestJSON-714323194 tempest-VolumeQuotasAdminTestJSON-714323194-project-admin] Empty body provided in request {{(pid=100702) get_body /opt/stack/cinder/cinder/api/openstack/wsgi.py:703}}
Sep 15 03:29:39.755818 dv-cinder-804459-7-iscsi devstack@c-api.service[100702]: /usr/local/lib/python3.8/dist-packages/webob/acceptparse.py:1047: DeprecationWarning: The behavior of AcceptValidHeader.best_match is currently being maintained for backward compatibility, but it will be deprecated in the future, as it does not conform to the RFC.
Sep 15 03:29:39.755818 dv-cinder-804459-7-iscsi devstack@c-api.service[100702]: warnings.warn(
Sep 15 03:29:39.756357 dv-cinder-804459-7-iscsi devstack@c-api.service[100702]: DEBUG cinder.api.openstack.wsgi [None req-77695816-1298-42ce-b10e-3ff90f77b681 tempest-VolumeQuotasAdminTestJSON-714323194 tempest-VolumeQuotasAdminTestJSON-714323194-project-admin] Calling method 'show' {{(pid=100702) _process_stack /opt/stack/cinder/cinder/api/openstack/wsgi.py:856}}
Sep 15 03:29:39.822433 dv-cinder-804459-7-iscsi devstack@c-api.service[100702]: INFO cinder.api.openstack.wsgi [None req-77695816-1298-42ce-b10e-3ff90f77b681 tempest-VolumeQuotasAdminTestJSON-714323194 tempest-VolumeQuotasAdminTestJSON-714323194-project-admin] http://10.222.0.55/volume/v3/cc5d48c67e0f4b95b9cd6a9ca422c826/os-quota-sets/095c664bff884db086babd670b021006?usage=True returned with HTTP 200
Sep 15 03:29:39.824126 dv-cinder-804459-7-iscsi devstack@c-api.service[100702]: [pid: 100702|app: 0|req: 61/116] 10.222.0.55 () {58 vars in 1352 bytes} [Wed Sep 15 03:29:39 2021] GET /volume/v3/cc5d48c67e0f4b95b9cd6a9ca422c826/os-quota-sets/095c664bff884db086babd670b021006?usage=True => generated 868 bytes in 74 msecs (HTTP/1.1 200) 7 headers in 285 bytes (1 switches on core 0)
Sep 15 03:29:39.841772 dv-cinder-804459-7-iscsi devstack@c-api.service[100703]: INFO cinder.api.openstack.wsgi [None req-74ab7056-9981-45b4-9e0a-50182c13809b tempest-VolumeQuotasAdminTestJSON-136702594 tempest-VolumeQuotasAdminTestJSON-136702594-project] DELETE http://10.222.0.55/volume/v3/095c664bff884db086babd670b021006/volumes/6d3f778a-8f81-457a-ae6c-8415a846a530
Sep 15 03:29:39.842220 dv-cinder-804459-7-iscsi devstack@c-api.service[100703]: DEBUG cinder.api.openstack.wsgi [None req-74ab7056-9981-45b4-9e0a-50182c13809b tempest-VolumeQuotasAdminTestJSON-136702594 tempest-VolumeQuotasAdminTestJSON-136702594-project] Empty body provided in request {{(pid=100703) get_body /opt/stack/cinder/cinder/api/openstack/wsgi.py:703}}
Sep 15 03:29:39.842389 dv-cinder-804459-7-iscsi devstack@c-api.service[100703]: /usr/local/lib/python3.8/dist-packages/webob/acceptparse.py:1047: DeprecationWarning: The behavior of AcceptValidHeader.best_match is currently being maintained for backward compatibility, but it will be deprecated in the future, as it does not conform to the RFC.
Sep 15 03:29:39.842389 dv-cinder-804459-7-iscsi devstack@c-api.service[100703]: warnings.warn(
Sep 15 03:29:39.842702 dv-cinder-804459-7-iscsi devstack@c-api.service[100703]: DEBUG cinder.api.openstack.wsgi [None req-74ab7056-9981-45b4-9e0a-50182c13809b tempest-VolumeQuotasAdminTestJSON-136702594 tempest-VolumeQuotasAdminTestJSON-136702594-project] Calling method 'delete' {{(pid=100703) _process_stack /opt/stack/cinder/cinder/api/openstack/wsgi.py:856}}
Sep 15 03:29:39.843125 dv-cinder-804459-7-iscsi devstack@c-api.service[100703]: INFO cinder.api.v3.volumes [None req-74ab7056-9981-45b4-9e0a-50182c13809b tempest-VolumeQuotasAdminTestJSON-136702594 tempest-VolumeQuotasAdminTestJSON-136702594-project] Delete volume with id: 6d3f778a-8f81-457a-ae6c-8415a846a530
Sep 15 03:29:39.864292 dv-cinder-804459-7-iscsi devstack@c-api.service[100703]: /usr/local/lib/python3.8/dist-packages/oslo_context/context.py:105: DeprecationWarning: Policy enforcement is depending on the value of is_admin. This key is deprecated. Please update your policy file to use the standard policy values.
Sep 15 03:29:39.864292 dv-cinder-804459-7-iscsi devstack@c-api.service[100703]: warnings.warn('Policy enforcement is depending on the value of '
Sep 15 03:29:39.865626 dv-cinder-804459-7-iscsi devstack@c-api.service[100703]: INFO cinder.volume.api [None req-74ab7056-9981-45b4-9e0a-50182c13809b tempest-VolumeQuotasAdminTestJSON-136702594 tempest-VolumeQuotasAdminTestJSON-136702594-project] Volume info retrieved successfully.
Sep 15 03:29:39.909784 dv-cinder-804459-7-iscsi devstack@c-api.service[100703]: INFO cinder.volume.api [None req-74ab7056-9981-45b4-9e0a-50182c13809b tempest-VolumeQuotasAdminTestJSON-136702594 tempest-VolumeQuotasAdminTestJSON-136702594-project] Delete volume request issued successfully.
Sep 15 03:29:39.911470 dv-cinder-804459-7-iscsi devstack@c-api.service[100703]: INFO cinder.api.openstack.wsgi [None req-74ab7056-9981-45b4-9e0a-50182c13809b tempest-VolumeQuotasAdminTestJSON-136702594 tempest-VolumeQuotasAdminTestJSON-136702594-project] http://10.222.0.55/volume/v3/095c664bff884db086babd670b021006/volumes/6d3f778a-8f81-457a-ae6c-8415a846a530 returned with HTTP 202
Sep 15 03:29:39.912768 dv-cinder-804459-7-iscsi devstack@c-api.service[100703]: [pid: 100703|app: 0|req: 56/117] 10.222.0.55 () {58 vars in 1328 bytes} [Wed Sep 15 03:29:39 2021] DELETE /volume/v3/095c664bff884db086babd670b021006/volumes/6d3f778a-8f81-457a-ae6c-8415a846a530 => generated 0 bytes in 75 msecs (HTTP/1.1 202) 6 headers in 233 bytes (1 switches on core 0)
Sep 15 03:29:39.927690 dv-cinder-804459-7-iscsi devstack@c-api.service[100702]: INFO cinder.api.openstack.wsgi [None req-3920a241-0b15-4d67-8890-aed5d90bed42 tempest-VolumeQuotasAdminTestJSON-136702594 tempest-VolumeQuotasAdminTestJSON-136702594-project] GET http://10.222.0.55/volume/v3/095c664bff884db086babd670b021006/volumes/6d3f778a-8f81-457a-ae6c-8415a846a530
Sep 15 03:29:39.928311 dv-cinder-804459-7-iscsi devstack@c-api.service[100702]: DEBUG cinder.api.openstack.wsgi [None req-3920a241-0b15-4d67-8890-aed5d90bed42 tempest-VolumeQuotasAdminTestJSON-136702594 tempest-VolumeQuotasAdminTestJSON-136702594-project] Empty body provided in request {{(pid=100702) get_body /opt/stack/cinder/cinder/api/openstack/wsgi.py:703}}
Sep 15 03:29:39.929140 dv-cinder-804459-7-iscsi devstack@c-api.service[100702]: DEBUG cinder.api.openstack.wsgi [None req-3920a241-0b15-4d67-8890-aed5d90bed42 tempest-VolumeQuotasAdminTestJSON-136702594 tempest-VolumeQuotasAdminTestJSON-136702594-project] Calling method 'show' {{(pid=100702) _process_stack /opt/stack/cinder/cinder/api/openstack/wsgi.py:856}}
Sep 15 03:29:39.947127 dv-cinder-804459-7-iscsi devstack@c-api.service[100702]: /usr/local/lib/python3.8/dist-packages/oslo_context/context.py:105: DeprecationWarning: Policy enforcement is depending on the value of is_admin. This key is deprecated. Please update your policy file to use the standard policy values.
Sep 15 03:29:39.947127 dv-cinder-804459-7-iscsi devstack@c-api.service[100702]: warnings.warn('Policy enforcement is depending on the value of '
Sep 15 03:29:39.957337 dv-cinder-804459-7-iscsi devstack@c-api.service[100702]: INFO cinder.volume.api [None req-3920a241-0b15-4d67-8890-aed5d90bed42 tempest-VolumeQuotasAdminTestJSON-136702594 tempest-VolumeQuotasAdminTestJSON-136702594-project] Volume info retrieved successfully.
Sep 15 03:29:39.973452 dv-cinder-804459-7-iscsi devstack@c-api.service[100702]: INFO cinder.api.openstack.wsgi [None req-3920a241-0b15-4d67-8890-aed5d90bed42 tempest-VolumeQuotasAdminTestJSON-136702594 tempest-VolumeQuotasAdminTestJSON-136702594-project] http://10.222.0.55/volume/v3/095c664bff884db086babd670b021006/volumes/6d3f778a-8f81-457a-ae6c-8415a846a530 returned with HTTP 200
