Sep 15 03:30:27.923195 dv-cinder-804459-7-iscsi devstack@c-api.service[100702]: DEBUG cinder.volume.api [None req-cb0b2d82-d759-436a-a0a8-0be75b82fe49 tempest-VolumesListAdminTestJSON-595181472 tempest-VolumesListAdminTestJSON-595181472-project] Task 'cinder.volume.flows.api.create_volume.EntryCreateTask;volume:create' (da60c33e-d536-45fb-bfdf-fe30874870e2) transitioned into state 'SUCCESS' from state 'RUNNING' with result '{'volume_id': '50c41ef9-2acf-42a9-ba92-fb1251b2aa8d', 'volume_properties': VolumeProperties(attach_status='detached',availability_zone='nova',cgsnapshot_id=None,consistencygroup_id=None,display_description=None,display_name='tempest-VolumesListAdminTestJSON-Volume-1900034561',encryption_key_id=None,group_id=None,group_type_id=,metadata={},multiattach=False,project_id='e9a907ac5a0d4d6ebf9f035c69fba657',qos_specs=None,replication_status=,reservations=['a6a082ed-fa47-420f-948d-b6615be5b60e','1c5262bb-00c0-48ca-8b96-6a706def6b52','bb19eee9-a57d-454b-a5bc-4fec549b146f','15329e4e-434e-4e62-8377-4085df8defef'],size=1,snapshot_id=None,source_replicaid=,source_volid=None,status='creating',user_id='42d08556a87342eabbbe2629ade40963',volume_type_id=62fd20c4-1792-4c91-829d-1d19ce0c2384), 'volume': Volume(_name_id=None,admin_metadata=,attach_status='detached',availability_zone='nova',bootable=False,cluster=,cluster_name=None,consistencygroup=,consistencygroup_id=None,created_at=2021-09-15T03:30:27Z,deleted=False,deleted_at=None,display_description=None,display_name='tempest-VolumesListAdminTestJSON-Volume-1900034561',ec2_id=None,encryption_key_id=None,glance_metadata=,group=,group_id=None,host=None,id=50c41ef9-2acf-42a9-ba92-fb1251b2aa8d,launched_at=None,metadata={},migration_status=None,multiattach=False,previous_status=None,project_id='e9a907ac5a0d4d6ebf9f035c69fba657',provider_auth=None,provider_geometry=None,provider_id=None,provider_location=None,replication_driver_data=None,replication_extended_status=None,replication_status=None,scheduled_at=None,service_uuid=None,shared_targets=True,size=1,snapshot_id=None,snapshots=,source_volid=None,status='creating',terminated_at=None,updated_at=None,use_quota=True,user_id='42d08556a87342eabbbe2629ade40963',volume_attachment=,volume_type=VolumeType(62fd20c4-1792-4c91-829d-1d19ce0c2384),volume_type_id=62fd20c4-1792-4c91-829d-1d19ce0c2384)}' {{(pid=100702) _task_receiver /usr/local/lib/python3.8/dist-packages/taskflow/listeners/logging.py:178}}
Sep 15 03:30:27.927249 dv-cinder-804459-7-iscsi devstack@c-api.service[100702]: DEBUG cinder.volume.api [None req-cb0b2d82-d759-436a-a0a8-0be75b82fe49 tempest-VolumesListAdminTestJSON-595181472 tempest-VolumesListAdminTestJSON-595181472-project] Task 'cinder.volume.flows.api.create_volume.QuotaCommitTask;volume:create' (74e48501-4948-4105-9e65-84bbf5438470) transitioned into state 'RUNNING' from state 'PENDING' {{(pid=100702) _task_receiver /usr/local/lib/python3.8/dist-packages/taskflow/listeners/logging.py:190}}
Sep 15 03:30:27.959341 dv-cinder-804459-7-iscsi devstack@c-api.service[100703]: INFO cinder.api.openstack.wsgi [None req-a436876c-792c-4055-a818-e17553d042f1 tempest-GroupsTest-2143040201 tempest-GroupsTest-2143040201-project] http://10.222.0.55/volume/v3/866f448125a74263baecf430de3f8809/groups/8d31deb3-cea7-4868-bc98-b13ee3633111/action returned with HTTP 202
Sep 15 03:30:27.960485 dv-cinder-804459-7-iscsi devstack@c-api.service[100703]: [pid: 100703|app: 0|req: 189/417] 10.222.0.55 () {62 vars in 1405 bytes} [Wed Sep 15 03:30:27 2021] POST /volume/v3/866f448125a74263baecf430de3f8809/groups/8d31deb3-cea7-4868-bc98-b13ee3633111/action => generated 0 bytes in 96 msecs (HTTP/1.1 202) 6 headers in 234 bytes (1 switches on core 0)
Sep 15 03:30:27.962476 dv-cinder-804459-7-iscsi devstack@c-api.service[100702]: DEBUG cinder.volume.api [None req-cb0b2d82-d759-436a-a0a8-0be75b82fe49 tempest-VolumesListAdminTestJSON-595181472 tempest-VolumesListAdminTestJSON-595181472-project] Task 'cinder.volume.flows.api.create_volume.QuotaCommitTask;volume:create' (74e48501-4948-4105-9e65-84bbf5438470) transitioned into state 'SUCCESS' from state 'RUNNING' with result '{'volume_properties': VolumeProperties(attach_status='detached',availability_zone='nova',cgsnapshot_id=None,consistencygroup_id=None,display_description=None,display_name='tempest-VolumesListAdminTestJSON-Volume-1900034561',encryption_key_id=None,group_id=None,group_type_id=,metadata={},multiattach=False,project_id='e9a907ac5a0d4d6ebf9f035c69fba657',qos_specs=None,replication_status=,reservations=['a6a082ed-fa47-420f-948d-b6615be5b60e','1c5262bb-00c0-48ca-8b96-6a706def6b52','bb19eee9-a57d-454b-a5bc-4fec549b146f','15329e4e-434e-4e62-8377-4085df8defef'],size=1,snapshot_id=None,source_replicaid=,source_volid=None,status='creating',user_id='42d08556a87342eabbbe2629ade40963',volume_type_id=62fd20c4-1792-4c91-829d-1d19ce0c2384)}' {{(pid=100702) _task_receiver /usr/local/lib/python3.8/dist-packages/taskflow/listeners/logging.py:178}}
Sep 15 03:30:27.968472 dv-cinder-804459-7-iscsi devstack@c-api.service[100703]: INFO cinder.api.openstack.wsgi [None req-2f75003f-208f-4abd-8b27-18fc3b687379 tempest-GroupsTest-2143040201 tempest-GroupsTest-2143040201-project] GET http://10.222.0.55/volume/v3/866f448125a74263baecf430de3f8809/groups/8d31deb3-cea7-4868-bc98-b13ee3633111
Sep 15 03:30:27.968614 dv-cinder-804459-7-iscsi devstack@c-api.service[100702]: DEBUG cinder.volume.api [None req-cb0b2d82-d759-436a-a0a8-0be75b82fe49 tempest-VolumesListAdminTestJSON-595181472 tempest-VolumesListAdminTestJSON-595181472-project] Task 'cinder.volume.flows.api.create_volume.VolumeCastTask;volume:create' (9bebd96f-cd0e-435a-ae32-7f7d892c2d1c) transitioned into state 'RUNNING' from state 'PENDING' {{(pid=100702) _task_receiver /usr/local/lib/python3.8/dist-packages/taskflow/listeners/logging.py:190}}
Sep 15 03:30:27.969193 dv-cinder-804459-7-iscsi devstack@c-api.service[100703]: DEBUG cinder.api.openstack.wsgi [None req-2f75003f-208f-4abd-8b27-18fc3b687379 tempest-GroupsTest-2143040201 tempest-GroupsTest-2143040201-project] Empty body provided in request {{(pid=100703) get_body /opt/stack/cinder/cinder/api/openstack/wsgi.py:703}}
Sep 15 03:30:27.969293 dv-cinder-804459-7-iscsi devstack@c-api.service[100703]: /usr/local/lib/python3.8/dist-packages/webob/acceptparse.py:1047: DeprecationWarning: The behavior of AcceptValidHeader.best_match is currently being maintained for backward compatibility, but it will be deprecated in the future, as it does not conform to the RFC.
Sep 15 03:30:27.969293 dv-cinder-804459-7-iscsi devstack@c-api.service[100703]: warnings.warn(
Sep 15 03:30:27.969600 dv-cinder-804459-7-iscsi devstack@c-api.service[100703]: DEBUG cinder.api.openstack.wsgi [None req-2f75003f-208f-4abd-8b27-18fc3b687379 tempest-GroupsTest-2143040201 tempest-GroupsTest-2143040201-project] Calling method 'version_select' {{(pid=100703) _process_stack /opt/stack/cinder/cinder/api/openstack/wsgi.py:856}}
Sep 15 03:30:27.969938 dv-cinder-804459-7-iscsi devstack@c-api.service[100703]: DEBUG cinder.api.v3.groups [None req-2f75003f-208f-4abd-8b27-18fc3b687379 tempest-GroupsTest-2143040201 tempest-GroupsTest-2143040201-project] show called for member 8d31deb3-cea7-4868-bc98-b13ee3633111 {{(pid=100703) show /opt/stack/cinder/cinder/api/v3/groups.py:58}}
Sep 15 03:30:27.975584 dv-cinder-804459-7-iscsi devstack@c-api.service[100703]: /usr/local/lib/python3.8/dist-packages/oslo_context/context.py:105: DeprecationWarning: Policy enforcement is depending on the value of is_admin. This key is deprecated. Please update your policy file to use the standard policy values.
Sep 15 03:30:27.975584 dv-cinder-804459-7-iscsi devstack@c-api.service[100703]: warnings.warn('Policy enforcement is depending on the value of '
Sep 15 03:30:27.992923 dv-cinder-804459-7-iscsi devstack@c-api.service[100702]: DEBUG cinder.volume.api [None req-cb0b2d82-d759-436a-a0a8-0be75b82fe49 tempest-VolumesListAdminTestJSON-595181472 tempest-VolumesListAdminTestJSON-595181472-project] Task 'cinder.volume.flows.api.create_volume.VolumeCastTask;volume:create' (9bebd96f-cd0e-435a-ae32-7f7d892c2d1c) transitioned into state 'SUCCESS' from state 'RUNNING' with result 'None' {{(pid=100702) _task_receiver /usr/local/lib/python3.8/dist-packages/taskflow/listeners/logging.py:178}}
Sep 15 03:30:27.993564 dv-cinder-804459-7-iscsi devstack@c-api.service[100703]: INFO cinder.api.openstack.wsgi [None req-2f75003f-208f-4abd-8b27-18fc3b687379 tempest-GroupsTest-2143040201 tempest-GroupsTest-2143040201-project] http://10.222.0.55/volume/v3/866f448125a74263baecf430de3f8809/groups/8d31deb3-cea7-4868-bc98-b13ee3633111 returned with HTTP 200
Sep 15 03:30:27.996630 dv-cinder-804459-7-iscsi devstack@c-api.service[100702]: DEBUG cinder.volume.api [None req-cb0b2d82-d759-436a-a0a8-0be75b82fe49 tempest-VolumesListAdminTestJSON-595181472 tempest-VolumesListAdminTestJSON-595181472-project] Flow 'volume_create_api' (68e6441e-a178-4f64-bf9c-af0d767f3d6c) transitioned into state 'SUCCESS' from state 'RUNNING' {{(pid=100702) _flow_receiver /usr/local/lib/python3.8/dist-packages/taskflow/listeners/logging.py:141}}
Sep 15 03:30:27.997793 dv-cinder-804459-7-iscsi devstack@c-api.service[100702]: INFO cinder.volume.api [None req-cb0b2d82-d759-436a-a0a8-0be75b82fe49 tempest-VolumesListAdminTestJSON-595181472 tempest-VolumesListAdminTestJSON-595181472-project] Create volume request issued successfully.
Sep 15 03:30:27.998983 dv-cinder-804459-7-iscsi devstack@c-api.service[100703]: [pid: 100703|app: 0|req: 190/418] 10.222.0.55 () {60 vars in 1363 bytes} [Wed Sep 15 03:30:27 2021] GET /volume/v3/866f448125a74263baecf430de3f8809/groups/8d31deb3-cea7-4868-bc98-b13ee3633111 => generated 322 bytes in 35 msecs (HTTP/1.1 200) 7 headers in 286 bytes (1 switches on core 0)
Sep 15 03:30:28.009710 dv-cinder-804459-7-iscsi devstack@c-api.service[100702]: INFO cinder.api.openstack.wsgi [None req-cb0b2d82-d759-436a-a0a8-0be75b82fe49 tempest-VolumesListAdminTestJSON-595181472 tempest-VolumesListAdminTestJSON-595181472-project] http://10.222.0.55/volume/v3/e9a907ac5a0d4d6ebf9f035c69fba657/volumes returned with HTTP 202
Sep 15 03:30:28.012086 dv-cinder-804459-7-iscsi devstack@c-api.service[100702]: [pid: 100702|app: 0|req: 229/419] 10.222.0.55 () {60 vars in 1235 bytes} [Wed Sep 15 03:30:27 2021] POST /volume/v3/e9a907ac5a0d4d6ebf9f035c69fba657/volumes => generated 824 bytes in 382 msecs (HTTP/1.1 202) 7 headers in 291 bytes (1 switches on core 0)
Sep 15 03:30:28.026655 dv-cinder-804459-7-iscsi devstack@c-api.service[100703]: INFO cinder.api.openstack.wsgi [None req-87f20d54-e277-4969-b72f-6c0ba1678396 tempest-VolumesListAdminTestJSON-595181472 tempest-VolumesListAdminTestJSON-595181472-project] GET http://10.222.0.55/volume/v3/e9a907ac5a0d4d6ebf9f035c69fba657/volumes/50c41ef9-2acf-42a9-ba92-fb1251b2aa8d
Sep 15 03:30:28.027353 dv-cinder-804459-7-iscsi devstack@c-api.service[100703]: DEBUG cinder.api.openstack.wsgi [None req-87f20d54-e277-4969-b72f-6c0ba1678396 tempest-VolumesListAdminTestJSON-595181472 tempest-VolumesListAdminTestJSON-595181472-project] Empty body provided in request {{(pid=100703) get_body /opt/stack/cinder/cinder/api/openstack/wsgi.py:703}}
Sep 15 03:30:28.027768 dv-cinder-804459-7-iscsi devstack@c-api.service[100703]: /usr/local/lib/python3.8/dist-packages/webob/acceptparse.py:1047: DeprecationWarning: The behavior of AcceptValidHeader.best_match is currently being maintained for backward compatibility, but it will be deprecated in the future, as it does not conform to the RFC.
Sep 15 03:30:28.027768 dv-cinder-804459-7-iscsi devstack@c-api.service[100703]: warnings.warn(
Sep 15 03:30:28.028487 dv-cinder-804459-7-iscsi devstack@c-api.service[100703]: DEBUG cinder.api.openstack.wsgi [None req-87f20d54-e277-4969-b72f-6c0ba1678396 tempest-VolumesListAdminTestJSON-595181472 tempest-VolumesListAdminTestJSON-595181472-project] Calling method 'show' {{(pid=100703) _process_stack /opt/stack/cinder/cinder/api/openstack/wsgi.py:856}}
Sep 15 03:30:28.045550 dv-cinder-804459-7-iscsi devstack@c-api.service[100703]: /usr/local/lib/python3.8/dist-packages/oslo_context/context.py:105: DeprecationWarning: Policy enforcement is depending on the value of is_admin. This key is deprecated. Please update your policy file to use the standard policy values.
Sep 15 03:30:28.045550 dv-cinder-804459-7-iscsi devstack@c-api.service[100703]: warnings.warn('Policy enforcement is depending on the value of '
Sep 15 03:30:28.055164 dv-cinder-804459-7-iscsi devstack@c-api.service[100703]: INFO cinder.volume.api [None req-87f20d54-e277-4969-b72f-6c0ba1678396 tempest-VolumesListAdminTestJSON-595181472 tempest-VolumesListAdminTestJSON-595181472-project] Volume info retrieved successfully.
Sep 15 03:30:28.074372 dv-cinder-804459-7-iscsi devstack@c-api.service[100703]: INFO cinder.api.openstack.wsgi [None req-87f20d54-e277-4969-b72f-6c0ba1678396 tempest-VolumesListAdminTestJSON-595181472 tempest-VolumesListAdminTestJSON-595181472-project] http://10.222.0.55/volume/v3/e9a907ac5a0d4d6ebf9f035c69fba657/volumes/50c41ef9-2acf-42a9-ba92-fb1251b2aa8d returned with HTTP 200
Sep 15 03:30:28.075333 dv-cinder-804459-7-iscsi devstack@c-api.service[100703]: [pid: 100703|app: 0|req: 191/420] 10.222.0.55 () {58 vars in 1325 bytes} [Wed Sep 15 03:30:28 2021] GET /volume/v3/e9a907ac5a0d4d6ebf9f035c69fba657/volumes/50c41ef9-2acf-42a9-ba92-fb1251b2aa8d => generated 892 bytes in 54 msecs (HTTP/1.1 200) 7 headers in 285 bytes (2 switches on core 0)
Sep 15 03:30:28.607453 dv-cinder-804459-7-iscsi devstack@c-api.service[100702]: INFO cinder.api.openstack.wsgi [None req-98bc9bcc-5103-4947-ac66-be1db61e58a3 tempest-VolumesExtendTest-1566948571 tempest-VolumesExtendTest-1566948571-project] GET http://10.222.0.55/volume/v3/a520c051a1a04f6a9eae6297dd1d9d4c/volumes/39719222-1580-4bce-bedd-dcbe6a84a8c4
Sep 15 03:30:28.610166 dv-cinder-804459-7-iscsi devstack@c-api.service[100702]: DEBUG cinder.api.openstack.wsgi [None req-98bc9bcc-5103-4947-ac66-be1db61e58a3 tempest-VolumesExtendTest-1566948571 tempest-VolumesExtendTest-1566948571-project] Empty body provided in request {{(pid=100702) get_body /opt/stack/cinder/cinder/api/openstack/wsgi.py:703}}
Sep 15 03:30:28.610327 dv-cinder-804459-7-iscsi devstack@c-api.service[100702]: /usr/local/lib/python3.8/dist-packages/webob/acceptparse.py:1047: DeprecationWarning: The behavior of AcceptValidHeader.best_match is currently being maintained for backward compatibility, but it will be deprecated in the future, as it does not conform to the RFC.
Sep 15 03:30:28.610327 dv-cinder-804459-7-iscsi devstack@c-api.service[100702]: warnings.warn(
Sep 15 03:30:28.610656 dv-cinder-804459-7-iscsi devstack@c-api.service[100702]: DEBUG cinder.api.openstack.wsgi [None req-98bc9bcc-5103-4947-ac66-be1db61e58a3 tempest-VolumesExtendTest-1566948571 tempest-VolumesExtendTest-1566948571-project] Calling method 'show' {{(pid=100702) _process_stack /opt/stack/cinder/cinder/api/openstack/wsgi.py:856}}
Sep 15 03:30:28.624261 dv-cinder-804459-7-iscsi devstack@c-api.service[100702]: /usr/local/lib/python3.8/dist-packages/oslo_context/context.py:105: DeprecationWarning: Policy enforcement is depending on the value of is_admin. This key is deprecated. Please update your policy file to use the standard policy values.
Sep 15 03:30:28.624261 dv-cinder-804459-7-iscsi devstack@c-api.service[100702]: warnings.warn('Policy enforcement is depending on the value of '
Sep 15 03:30:28.632078 dv-cinder-804459-7-iscsi devstack@c-api.service[100702]: INFO cinder.volume.api [None req-98bc9bcc-5103-4947-ac66-be1db61e58a3 tempest-VolumesExtendTest-1566948571 tempest-VolumesExtendTest-1566948571-project] Volume info retrieved successfully.
Sep 15 03:30:28.647165 dv-cinder-804459-7-iscsi devstack@c-api.service[100702]: INFO cinder.api.openstack.wsgi [None req-98bc9bcc-5103-4947-ac66-be1db61e58a3 tempest-VolumesExtendTest-1566948571 tempest-VolumesExtendTest-1566948571-project] http://10.222.0.55/volume/v3/a520c051a1a04f6a9eae6297dd1d9d4c/volumes/39719222-1580-4bce-bedd-dcbe6a84a8c4 returned with HTTP 200
Sep 15 03:30:28.648211 dv-cinder-804459-7-iscsi devstack@c-api.service[100702]: [pid: 100702|app: 0|req: 230/421] 10.222.0.55 () {58 vars in 1325 bytes} [Wed Sep 15 03:30:28 2021] GET /volume/v3/a520c051a1a04f6a9eae6297dd1d9d4c/volumes/39719222-1580-4bce-bedd-dcbe6a84a8c4 => generated 908 bytes in 48 msecs (HTTP/1.1 200) 7 headers in 285 bytes (1 switches on core 0)
Sep 15 03:30:29.005599 dv-cinder-804459-7-iscsi devstack@c-api.service[100703]: INFO cinder.api.openstack.wsgi [None req-d4194344-4f34-4171-9ac6-21c6b43898b2 tempest-GroupsTest-2143040201 tempest-GroupsTest-2143040201-project] GET http://10.222.0.55/volume/v3/866f448125a74263baecf430de3f8809/groups/8d31deb3-cea7-4868-bc98-b13ee3633111
Sep 15 03:30:29.006217 dv-cinder-804459-7-iscsi devstack@c-api.service[100703]: DEBUG cinder.api.openstack.wsgi [None req-d4194344-4f34-4171-9ac6-21c6b43898b2 tempest-GroupsTest-2143040201 tempest-GroupsTest-2143040201-project] Empty body provided in request {{(pid=100703) get_body /opt/stack/cinder/cinder/api/openstack/wsgi.py:703}}
Sep 15 03:30:29.006616 dv-cinder-804459-7-iscsi devstack@c-api.service[100703]: /usr/local/lib/python3.8/dist-packages/webob/acceptparse.py:1047: DeprecationWarning: The behavior of AcceptValidHeader.best_match is currently being maintained for backward compatibility, but it will be deprecated in the future, as it does not conform to the RFC.
Sep 15 03:30:29.006616 dv-cinder-804459-7-iscsi devstack@c-api.service[100703]: warnings.warn(
Sep 15 03:30:29.006995 dv-cinder-804459-7-iscsi devstack@c-api.service[100703]: DEBUG cinder.api.openstack.wsgi [None req-d4194344-4f34-4171-9ac6-21c6b43898b2 tempest-GroupsTest-2143040201 tempest-GroupsTest-2143040201-project] Calling method 'version_select' {{(pid=100703) _process_stack /opt/stack/cinder/cinder/api/openstack/wsgi.py:856}}
Sep 15 03:30:29.007547 dv-cinder-804459-7-iscsi devstack@c-api.service[100703]: DEBUG cinder.api.v3.groups [None req-d4194344-4f34-4171-9ac6-21c6b43898b2 tempest-GroupsTest-2143040201 tempest-GroupsTest-2143040201-project] show called for member 8d31deb3-cea7-4868-bc98-b13ee3633111 {{(pid=100703) show /opt/stack/cinder/cinder/api/v3/groups.py:58}}
Sep 15 03:30:29.013642 dv-cinder-804459-7-iscsi devstack@c-api.service[100703]: INFO cinder.api.openstack.wsgi [None req-d4194344-4f34-4171-9ac6-21c6b43898b2 tempest-GroupsTest-2143040201 tempest-GroupsTest-2143040201-project] http://10.222.0.55/volume/v3/866f448125a74263baecf430de3f8809/groups/8d31deb3-cea7-4868-bc98-b13ee3633111 returned with HTTP 404
Sep 15 03:30:29.014619 dv-cinder-804459-7-iscsi devstack@c-api.service[100703]: [pid: 100703|app: 0|req: 192/422] 10.222.0.55 () {60 vars in 1363 bytes} [Wed Sep 15 03:30:29 2021] GET /volume/v3/866f448125a74263baecf430de3f8809/groups/8d31deb3-cea7-4868-bc98-b13ee3633111 => generated 108 bytes in 13 msecs (HTTP/1.1 404) 7 headers in 293 bytes (1 switches on core 0)
Sep 15 03:30:29.024140 dv-cinder-804459-7-iscsi devstack@c-api.service[100702]: INFO cinder.api.openstack.wsgi [None req-dd15bf1a-4cd7-4693-9bfe-c4610ae5b2af tempest-GroupsTest-2143040201 tempest-GroupsTest-2143040201-project] GET http://10.222.0.55/volume/v3/866f448125a74263baecf430de3f8809/groups/detail
Sep 15 03:30:29.024140 dv-cinder-804459-7-iscsi devstack@c-api.service[100702]: DEBUG cinder.api.openstack.wsgi [None req-dd15bf1a-4cd7-4693-9bfe-c4610ae5b2af tempest-GroupsTest-2143040201 tempest-GroupsTest-2143040201-project] Empty body provided in request {{(pid=100702) get_body /opt/stack/cinder/cinder/api/openstack/wsgi.py:703}}
Sep 15 03:30:29.024140 dv-cinder-804459-7-iscsi devstack@c-api.service[100702]: /usr/local/lib/python3.8/dist-packages/webob/acceptparse.py:1047: DeprecationWarning: The behavior of AcceptValidHeader.best_match is currently being maintained for backward compatibility, but it will be deprecated in the future, as it does not conform to the RFC.
Sep 15 03:30:29.024140 dv-cinder-804459-7-iscsi devstack@c-api.service[100702]: warnings.warn(
Sep 15 03:30:29.024822 dv-cinder-804459-7-iscsi devstack@c-api.service[100702]: DEBUG cinder.api.openstack.wsgi [None req-dd15bf1a-4cd7-4693-9bfe-c4610ae5b2af tempest-GroupsTest-2143040201 tempest-GroupsTest-2143040201-project] Calling method 'version_select' {{(pid=100702) _process_stack /opt/stack/cinder/cinder/api/openstack/wsgi.py:856}}
Sep 15 03:30:29.034190 dv-cinder-804459-7-iscsi devstack@c-api.service[100702]: INFO cinder.api.openstack.wsgi [None req-dd15bf1a-4cd7-4693-9bfe-c4610ae5b2af tempest-GroupsTest-2143040201 tempest-GroupsTest-2143040201-project] http://10.222.0.55/volume/v3/866f448125a74263baecf430de3f8809/groups/detail returned with HTTP 200
Sep 15 03:30:29.035343 dv-cinder-804459-7-iscsi devstack@c-api.service[100702]: [pid: 100702|app: 0|req: 231/423] 10.222.0.55 () {60 vars in 1273 bytes} [Wed Sep 15 03:30:29 2021] GET /volume/v3/866f448125a74263baecf430de3f8809/groups/detail => generated 14 bytes in 16 msecs (HTTP/1.1 200) 7 headers in 285 bytes (1 switches on core 0)
Sep 15 03:30:29.046288 dv-cinder-804459-7-iscsi devstack@c-api.service[100703]: INFO cinder.api.openstack.wsgi [None req-56b75b86-a6e7-4a71-9c97-b1f2b82adf0f tempest-GroupsTest-2143040201 tempest-GroupsTest-2143040201-project] GET http://10.222.0.55/volume/v3/866f448125a74263baecf430de3f8809/volumes/detail
Sep 15 03:30:29.046766 dv-cinder-804459-7-iscsi devstack@c-api.service[100703]: DEBUG cinder.api.openstack.wsgi [None req-56b75b86-a6e7-4a71-9c97-b1f2b82adf0f tempest-GroupsTest-2143040201 tempest-GroupsTest-2143040201-project] Empty body provided in request {{(pid=100703) get_body /opt/stack/cinder/cinder/api/openstack/wsgi.py:703}}
Sep 15 03:30:29.047173 dv-cinder-804459-7-iscsi devstack@c-api.service[100703]: DEBUG cinder.api.openstack.wsgi [None req-56b75b86-a6e7-4a71-9c97-b1f2b82adf0f tempest-GroupsTest-2143040201 tempest-GroupsTest-2143040201-project] Calling method 'detail' {{(pid=100703) _process_stack /opt/stack/cinder/cinder/api/openstack/wsgi.py:856}}
Sep 15 03:30:29.047732 dv-cinder-804459-7-iscsi devstack@c-api.service[100703]: DEBUG cinder.api.api_utils [None req-56b75b86-a6e7-4a71-9c97-b1f2b82adf0f tempest-GroupsTest-2143040201 tempest-GroupsTest-2143040201-project] Removing options '' from query. {{(pid=100703) remove_invalid_filter_options /opt/stack/cinder/cinder/api/api_utils.py:73}}
Sep 15 03:30:29.049617 dv-cinder-804459-7-iscsi devstack@c-api.service[100703]: DEBUG cinder.volume.api [None req-56b75b86-a6e7-4a71-9c97-b1f2b82adf0f tempest-GroupsTest-2143040201 tempest-GroupsTest-2143040201-project] Searching by: MultiDict([('no_migration_targets', True)]). {{(pid=100703) get_all /opt/stack/cinder/cinder/volume/api.py:619}}
Sep 15 03:30:29.091569 dv-cinder-804459-7-iscsi devstack@c-api.service[100702]: INFO cinder.api.openstack.wsgi [None req-9483382e-1ffa-41b1-a537-6423f600657f tempest-VolumesListAdminTestJSON-595181472 tempest-VolumesListAdminTestJSON-595181472-project] GET http://10.222.0.55/volume/v3/e9a907ac5a0d4d6ebf9f035c69fba657/volumes/50c41ef9-2acf-42a9-ba92-fb1251b2aa8d
Sep 15 03:30:29.092051 dv-cinder-804459-7-iscsi devstack@c-api.service[100702]: DEBUG cinder.api.openstack.wsgi [None req-9483382e-1ffa-41b1-a537-6423f600657f tempest-VolumesListAdminTestJSON-595181472 tempest-VolumesListAdminTestJSON-595181472-project] Empty body provided in request {{(pid=100702) get_body /opt/stack/cinder/cinder/api/openstack/wsgi.py:703}}
Sep 15 03:30:29.092526 dv-cinder-804459-7-iscsi devstack@c-api.service[100702]: DEBUG cinder.api.openstack.wsgi [None req-9483382e-1ffa-41b1-a537-6423f600657f tempest-VolumesListAdminTestJSON-595181472 tempest-VolumesListAdminTestJSON-595181472-project] Calling method 'show' {{(pid=100702) _process_stack /opt/stack/cinder/cinder/api/openstack/wsgi.py:856}}
Sep 15 03:30:29.108486 dv-cinder-804459-7-iscsi devstack@c-api.service[100702]: /usr/local/lib/python3.8/dist-packages/oslo_context/context.py:105: DeprecationWarning: Policy enforcement is depending on the value of is_admin. This key is deprecated. Please update your policy file to use the standard policy values.
Sep 15 03:30:29.108486 dv-cinder-804459-7-iscsi devstack@c-api.service[100702]: warnings.warn('Policy enforcement is depending on the value of '
Sep 15 03:30:29.117764 dv-cinder-804459-7-iscsi devstack@c-api.service[100702]: INFO cinder.volume.api [None req-9483382e-1ffa-41b1-a537-6423f600657f tempest-VolumesListAdminTestJSON-595181472 tempest-VolumesListAdminTestJSON-595181472-project] Volume info retrieved successfully.
Sep 15 03:30:29.125092 dv-cinder-804459-7-iscsi devstack@c-api.service[100703]: INFO cinder.volume.api [None req-56b75b86-a6e7-4a71-9c97-b1f2b82adf0f tempest-GroupsTest-2143040201 tempest-GroupsTest-2143040201-project] Get all volumes completed successfully.
Sep 15 03:30:29.130527 dv-cinder-804459-7-iscsi devstack@c-api.service[100703]: INFO cinder.api.openstack.wsgi [None req-56b75b86-a6e7-4a71-9c97-b1f2b82adf0f tempest-GroupsTest-2143040201 tempest-GroupsTest-2143040201-project] http://10.222.0.55/volume/v3/866f448125a74263baecf430de3f8809/volumes/detail returned with HTTP 200
Sep 15 03:30:29.131643 dv-cinder-804459-7-iscsi devstack@c-api.service[100703]: [pid: 100703|app: 0|req: 193/424] 10.222.0.55 () {60 vars in 1276 bytes} [Wed Sep 15 03:30:29 2021] GET /volume/v3/866f448125a74263baecf430de3f8809/volumes/detail => generated 15 bytes in 89 msecs (HTTP/1.1 200) 7 headers in 285 bytes (1 switches on core 0)
Sep 15 03:30:29.144228 dv-cinder-804459-7-iscsi devstack@c-api.service[100702]: INFO cinder.api.openstack.wsgi [None req-9483382e-1ffa-41b1-a537-6423f600657f tempest-VolumesListAdminTestJSON-595181472 tempest-VolumesListAdminTestJSON-595181472-project] http://10.222.0.55/volume/v3/e9a907ac5a0d4d6ebf9f035c69fba657/volumes/50c41ef9-2acf-42a9-ba92-fb1251b2aa8d returned with HTTP 200
Sep 15 03:30:29.152816 dv-cinder-804459-7-iscsi devstack@c-api.service[100702]: [pid: 100702|app: 0|req: 232/425] 10.222.0.55 () {58 vars in 1325 bytes} [Wed Sep 15 03:30:29 2021] GET /volume/v3/e9a907ac5a0d4d6ebf9f035c69fba657/volumes/50c41ef9-2acf-42a9-ba92-fb1251b2aa8d => generated 917 bytes in 58 msecs (HTTP/1.1 200) 7 headers in 285 bytes (1 switches on core 0)
Sep 15 03:30:29.152993 dv-cinder-804459-7-iscsi devstack@c-api.service[100703]: INFO cinder.api.openstack.wsgi [None req-ed607d0b-0eea-4633-8ee5-7cdd8c41acd3 tempest-GroupsTest-2143040201 tempest-GroupsTest-2143040201-project] POST http://10.222.0.55/volume/v3/866f448125a74263baecf430de3f8809/groups/8d31deb3-cea7-4868-bc98-b13ee3633111/action
Sep 15 03:30:29.152993 dv-cinder-804459-7-iscsi devstack@c-api.service[100703]: DEBUG cinder.api.openstack.wsgi [None req-ed607d0b-0eea-4633-8ee5-7cdd8c41acd3 tempest-GroupsTest-2143040201 tempest-GroupsTest-2143040201-project] Action body: b'{"delete": {"delete-volumes": true}}' {{(pid=100703) get_method /opt/stack/cinder/cinder/api/openstack/wsgi.py:971}}
Sep 15 03:30:29.152993 dv-cinder-804459-7-iscsi devstack@c-api.service[100703]: DEBUG cinder.api.openstack.wsgi [None req-ed607d0b-0eea-4633-8ee5-7cdd8c41acd3 tempest-GroupsTest-2143040201 tempest-GroupsTest-2143040201-project] Action: 'action', calling method: delete_group, body: {"delete": {"delete-volumes": true}} {{(pid=100703) _process_stack /opt/stack/cinder/cinder/api/openstack/wsgi.py:854}}
Sep 15 03:30:29.152993 dv-cinder-804459-7-iscsi devstack@c-api.service[100703]: DEBUG cinder.api.v3.groups [None req-ed607d0b-0eea-4633-8ee5-7cdd8c41acd3 tempest-GroupsTest-2143040201 tempest-GroupsTest-2143040201-project] delete called for group 8d31deb3-cea7-4868-bc98-b13ee3633111 {{(pid=100703) _delete /opt/stack/cinder/cinder/api/v3/groups.py:117}}
Sep 15 03:30:29.152993 dv-cinder-804459-7-iscsi devstack@c-api.service[100703]: INFO cinder.api.v3.groups [None req-ed607d0b-0eea-4633-8ee5-7cdd8c41acd3 tempest-GroupsTest-2143040201 tempest-GroupsTest-2143040201-project] Delete group with id: 8d31deb3-cea7-4868-bc98-b13ee3633111
Sep 15 03:30:29.158977 dv-cinder-804459-7-iscsi devstack@c-api.service[100703]: INFO cinder.api.openstack.wsgi [None req-ed607d0b-0eea-4633-8ee5-7cdd8c41acd3 tempest-GroupsTest-2143040201 tempest-GroupsTest-2143040201-project] http://10.222.0.55/volume/v3/866f448125a74263baecf430de3f8809/groups/8d31deb3-cea7-4868-bc98-b13ee3633111/action returned with HTTP 404
Sep 15 03:30:29.160709 dv-cinder-804459-7-iscsi devstack@c-api.service[100703]: [pid: 100703|app: 0|req: 194/426] 10.222.0.55 () {62 vars in 1405 bytes} [Wed Sep 15 03:30:29 2021] POST /volume/v3/866f448125a74263baecf430de3f8809/groups/8d31deb3-cea7-4868-bc98-b13ee3633111/action => generated 108 bytes in 19 msecs (HTTP/1.1 404) 7 headers in 293 bytes (1 switches on core 0)
Sep 15 03:30:29.164315 dv-cinder-804459-7-iscsi devstack@c-api.service[100702]: INFO cinder.api.openstack.wsgi [None req-aab1e0ed-62de-4c5b-9ac7-d2b78274b439 tempest-VolumesListAdminTestJSON-595181472 tempest-VolumesListAdminTestJSON-595181472-project] GET http://10.222.0.55/volume/v3/e9a907ac5a0d4d6ebf9f035c69fba657/volumes/50c41ef9-2acf-42a9-ba92-fb1251b2aa8d
Sep 15 03:30:29.164768 dv-cinder-804459-7-iscsi devstack@c-api.service[100702]: DEBUG cinder.api.openstack.wsgi [None req-aab1e0ed-62de-4c5b-9ac7-d2b78274b439 tempest-VolumesListAdminTestJSON-595181472 tempest-VolumesListAdminTestJSON-595181472-project] Empty body provided in request {{(pid=100702) get_body /opt/stack/cinder/cinder/api/openstack/wsgi.py:703}}
Sep 15 03:30:29.165019 dv-cinder-804459-7-iscsi devstack@c-api.service[100702]: /usr/local/lib/python3.8/dist-packages/webob/acceptparse.py:1047: DeprecationWarning: The behavior of AcceptValidHeader.best_match is currently being maintained for backward compatibility, but it will be deprecated in the future, as it does not conform to the RFC.
Sep 15 03:30:29.165019 dv-cinder-804459-7-iscsi devstack@c-api.service[100702]: warnings.warn(
Sep 15 03:30:29.165312 dv-cinder-804459-7-iscsi devstack@c-api.service[100702]: DEBUG cinder.api.openstack.wsgi [None req-aab1e0ed-62de-4c5b-9ac7-d2b78274b439 tempest-VolumesListAdminTestJSON-595181472 tempest-VolumesListAdminTestJSON-595181472-project] Calling method 'show' {{(pid=100702) _process_stack /opt/stack/cinder/cinder/api/openstack/wsgi.py:856}}
Sep 15 03:30:29.171187 dv-cinder-804459-7-iscsi devstack@c-api.service[100703]: INFO cinder.api.openstack.wsgi [None req-d649dc1e-396b-4413-8ef2-b59486d85ed8 tempest-GroupsTest-2143040201 tempest-GroupsTest-2143040201-project] GET http://10.222.0.55/volume/v3/866f448125a74263baecf430de3f8809/volumes/detail
Sep 15 03:30:29.171921 dv-cinder-804459-7-iscsi devstack@c-api.service[100703]: DEBUG cinder.api.openstack.wsgi [None req-d649dc1e-396b-4413-8ef2-b59486d85ed8 tempest-GroupsTest-2143040201 tempest-GroupsTest-2143040201-project] Empty body provided in request {{(pid=100703) get_body /opt/stack/cinder/cinder/api/openstack/wsgi.py:703}}
Sep 15 03:30:29.172414 dv-cinder-804459-7-iscsi devstack@c-api.service[100703]: DEBUG cinder.api.openstack.wsgi [None req-d649dc1e-396b-4413-8ef2-b59486d85ed8 tempest-GroupsTest-2143040201 tempest-GroupsTest-2143040201-project] Calling method 'detail' {{(pid=100703) _process_stack /opt/stack/cinder/cinder/api/openstack/wsgi.py:856}}
Sep 15 03:30:29.173171 dv-cinder-804459-7-iscsi devstack@c-api.service[100703]: DEBUG cinder.api.api_utils [None req-d649dc1e-396b-4413-8ef2-b59486d85ed8 tempest-GroupsTest-2143040201 tempest-GroupsTest-2143040201-project] Removing options '' from query. {{(pid=100703) remove_invalid_filter_options /opt/stack/cinder/cinder/api/api_utils.py:73}}
Sep 15 03:30:29.174906 dv-cinder-804459-7-iscsi devstack@c-api.service[100703]: DEBUG cinder.volume.api [None req-d649dc1e-396b-4413-8ef2-b59486d85ed8 tempest-GroupsTest-2143040201 tempest-GroupsTest-2143040201-project] Searching by: MultiDict([('no_migration_targets', True)]). {{(pid=100703) get_all /opt/stack/cinder/cinder/volume/api.py:619}}
Sep 15 03:30:29.178709 dv-cinder-804459-7-iscsi devstack@c-api.service[100702]: /usr/local/lib/python3.8/dist-packages/oslo_context/context.py:105: DeprecationWarning: Policy enforcement is depending on the value of is_admin. This key is deprecated. Please update your policy file to use the standard policy values.
Sep 15 03:30:29.178709 dv-cinder-804459-7-iscsi devstack@c-api.service[100702]: warnings.warn('Policy enforcement is depending on the value of '
Sep 15 03:30:29.185727 dv-cinder-804459-7-iscsi devstack@c-api.service[100702]: INFO cinder.volume.api [None req-aab1e0ed-62de-4c5b-9ac7-d2b78274b439 tempest-VolumesListAdminTestJSON-595181472 tempest-VolumesListAdminTestJSON-595181472-project] Volume info retrieved successfully.
Sep 15 03:30:29.203183 dv-cinder-804459-7-iscsi devstack@c-api.service[100702]: INFO cinder.api.openstack.wsgi [None req-aab1e0ed-62de-4c5b-9ac7-d2b78274b439 tempest-VolumesListAdminTestJSON-595181472 tempest-VolumesListAdminTestJSON-595181472-project] http://10.222.0.55/volume/v3/e9a907ac5a0d4d6ebf9f035c69fba657/volumes/50c41ef9-2acf-42a9-ba92-fb1251b2aa8d returned with HTTP 200
Sep 15 03:30:29.213225 dv-cinder-804459-7-iscsi devstack@c-api.service[100702]: [pid: 100702|app: 0|req: 233/427] 10.222.0.55 () {58 vars in 1325 bytes} [Wed Sep 15 03:30:29 2021] GET /volume/v3/e9a907ac5a0d4d6ebf9f035c69fba657/volumes/50c41ef9-2acf-42a9-ba92-fb1251b2aa8d => generated 917 bytes in 46 msecs (HTTP/1.1 200) 7 headers in 285 bytes (1 switches on core 0)
Sep 15 03:30:29.224795 dv-cinder-804459-7-iscsi devstack@c-api.service[100702]: INFO cinder.api.openstack.wsgi [None req-1398ff79-85ac-4053-96f4-12847ee6252c tempest-VolumesListAdminTestJSON-595181472 tempest-VolumesListAdminTestJSON-595181472-project] POST http://10.222.0.55/volume/v3/e9a907ac5a0d4d6ebf9f035c69fba657/volumes
Sep 15 03:30:29.224795 dv-cinder-804459-7-iscsi devstack@c-api.service[100702]: /usr/local/lib/python3.8/dist-packages/webob/acceptparse.py:1047: DeprecationWarning: The behavior of AcceptValidHeader.best_match is currently being maintained for backward compatibility, but it will be deprecated in the future, as it does not conform to the RFC.
Sep 15 03:30:29.224795 dv-cinder-804459-7-iscsi devstack@c-api.service[100702]: warnings.warn(
Sep 15 03:30:29.224795 dv-cinder-804459-7-iscsi devstack@c-api.service[100702]: DEBUG cinder.api.openstack.wsgi [None req-1398ff79-85ac-4053-96f4-12847ee6252c tempest-VolumesListAdminTestJSON-595181472 tempest-VolumesListAdminTestJSON-595181472-project] Action: 'create', calling method: create, body: {"volume": {"size": 1, "name": "tempest-VolumesListAdminTestJSON-Volume-252817014"}} {{(pid=100702) _process_stack /opt/stack/cinder/cinder/api/openstack/wsgi.py:854}}
Sep 15 03:30:29.224795 dv-cinder-804459-7-iscsi devstack@c-api.service[100702]: DEBUG cinder.api.v3.volumes [None req-1398ff79-85ac-4053-96f4-12847ee6252c tempest-VolumesListAdminTestJSON-595181472 tempest-VolumesListAdminTestJSON-595181472-project] Create volume request body: {'volume': {'size': 1, 'name': 'tempest-VolumesListAdminTestJSON-Volume-252817014'}} {{(pid=100702) create /opt/stack/cinder/cinder/api/v3/volumes.py:298}}
Sep 15 03:30:29.225738 dv-cinder-804459-7-iscsi devstack@c-api.service[100702]: INFO cinder.api.v3.volumes [None req-1398ff79-85ac-4053-96f4-12847ee6252c tempest-VolumesListAdminTestJSON-595181472 tempest-VolumesListAdminTestJSON-595181472-project] Create volume of 1 GB
Sep 15 03:30:29.229654 dv-cinder-804459-7-iscsi devstack@c-api.service[100703]: INFO cinder.volume.api [None req-d649dc1e-396b-4413-8ef2-b59486d85ed8 tempest-GroupsTest-2143040201 tempest-GroupsTest-2143040201-project] Get all volumes completed successfully.
Sep 15 03:30:29.234870 dv-cinder-804459-7-iscsi devstack@c-api.service[100703]: INFO cinder.api.openstack.wsgi [None req-d649dc1e-396b-4413-8ef2-b59486d85ed8 tempest-GroupsTest-2143040201 tempest-GroupsTest-2143040201-project] http://10.222.0.55/volume/v3/866f448125a74263baecf430de3f8809/volumes/detail returned with HTTP 200
Sep 15 03:30:29.236381 dv-cinder-804459-7-iscsi devstack@c-api.service[100703]: [pid: 100703|app: 0|req: 195/428] 10.222.0.55 () {60 vars in 1276 bytes} [Wed Sep 15 03:30:29 2021] GET /volume/v3/866f448125a74263baecf430de3f8809/volumes/detail => generated 15 bytes in 71 msecs (HTTP/1.1 200) 7 headers in 285 bytes (1 switches on core 0)
Sep 15 03:30:29.237615 dv-cinder-804459-7-iscsi devstack@c-api.service[100702]: INFO cinder.volume.api [None req-1398ff79-85ac-4053-96f4-12847ee6252c tempest-VolumesListAdminTestJSON-595181472 tempest-VolumesListAdminTestJSON-595181472-project] Availability Zones retrieved successfully.
Sep 15 03:30:29.255999 dv-cinder-804459-7-iscsi devstack@c-api.service[100703]: INFO cinder.api.openstack.wsgi [None req-f129b3c5-0958-406c-a435-5af1f68f803d tempest-GroupsTest-2143040201 tempest-GroupsTest-2143040201-project] POST http://10.222.0.55/volume/v3/866f448125a74263baecf430de3f8809/groups/faf34c4f-af97-45b1-8c38-f279e57e8fe7/action
Sep 15 03:30:29.256273 dv-cinder-804459-7-iscsi devstack@c-api.service[100702]: DEBUG cinder.volume.api [None req-1398ff79-85ac-4053-96f4-12847ee6252c tempest-VolumesListAdminTestJSON-595181472 tempest-VolumesListAdminTestJSON-595181472-project] Flow 'volume_create_api' (441ccd86-c08c-492b-a13c-8cbb79a0cfd7) transitioned into state 'RUNNING' from state 'PENDING' {{(pid=100702) _flow_receiver /usr/local/lib/python3.8/dist-packages/taskflow/listeners/logging.py:141}}
Sep 15 03:30:29.257267 dv-cinder-804459-7-iscsi devstack@c-api.service[100703]: DEBUG cinder.api.openstack.wsgi [None req-f129b3c5-0958-406c-a435-5af1f68f803d tempest-GroupsTest-2143040201 tempest-GroupsTest-2143040201-project] Action body: b'{"delete": {"delete-volumes": true}}' {{(pid=100703) get_method /opt/stack/cinder/cinder/api/openstack/wsgi.py:971}}
Sep 15 03:30:29.258481 dv-cinder-804459-7-iscsi devstack@c-api.service[100703]: DEBUG cinder.api.openstack.wsgi [None req-f129b3c5-0958-406c-a435-5af1f68f803d tempest-GroupsTest-2143040201 tempest-GroupsTest-2143040201-project] Action: 'action', calling method: delete_group, body: {"delete": {"delete-volumes": true}} {{(pid=100703) _process_stack /opt/stack/cinder/cinder/api/openstack/wsgi.py:854}}
Sep 15 03:30:29.258918 dv-cinder-804459-7-iscsi devstack@c-api.service[100702]: DEBUG cinder.volume.api [None req-1398ff79-85ac-4053-96f4-12847ee6252c tempest-VolumesListAdminTestJSON-595181472 tempest-VolumesListAdminTestJSON-595181472-project] Task 'cinder.volume.flows.api.create_volume.ExtractVolumeRequestTask;volume:create' (8abef34b-d6b9-42c6-b4a3-3e8116e634f5) transitioned into state 'RUNNING' from state 'PENDING' {{(pid=100702) _task_receiver /usr/local/lib/python3.8/dist-packages/taskflow/listeners/logging.py:190}}
Sep 15 03:30:29.260882 dv-cinder-804459-7-iscsi devstack@c-api.service[100703]: DEBUG cinder.api.v3.groups [None req-f129b3c5-0958-406c-a435-5af1f68f803d tempest-GroupsTest-2143040201 tempest-GroupsTest-2143040201-project] delete called for group faf34c4f-af97-45b1-8c38-f279e57e8fe7 {{(pid=100703) _delete /opt/stack/cinder/cinder/api/v3/groups.py:117}}
Sep 15 03:30:29.261553 dv-cinder-804459-7-iscsi devstack@c-api.service[100703]: INFO cinder.api.v3.groups [None req-f129b3c5-0958-406c-a435-5af1f68f803d tempest-GroupsTest-2143040201 tempest-GroupsTest-2143040201-project] Delete group with id: faf34c4f-af97-45b1-8c38-f279e57e8fe7
Sep 15 03:30:29.262053 dv-cinder-804459-7-iscsi devstack@c-api.service[100702]: DEBUG cinder.volume.flows.api.create_volume [None req-1398ff79-85ac-4053-96f4-12847ee6252c tempest-VolumesListAdminTestJSON-595181472 tempest-VolumesListAdminTestJSON-595181472-project] Validating volume size '1' using validate_int {{(pid=100702) _extract_size /opt/stack/cinder/cinder/volume/flows/api/create_volume.py:225}}
Sep 15 03:30:29.281885 dv-cinder-804459-7-iscsi devstack@c-api.service[100703]: INFO cinder.api.openstack.wsgi [None req-f129b3c5-0958-406c-a435-5af1f68f803d tempest-GroupsTest-2143040201 tempest-GroupsTest-2143040201-project] http://10.222.0.55/volume/v3/866f448125a74263baecf430de3f8809/groups/faf34c4f-af97-45b1-8c38-f279e57e8fe7/action returned with HTTP 404
Sep 15 03:30:29.286608 dv-cinder-804459-7-iscsi devstack@c-api.service[100703]: [pid: 100703|app: 0|req: 196/429] 10.222.0.55 () {62 vars in 1405 bytes} [Wed Sep 15 03:30:29 2021] POST /volume/v3/866f448125a74263baecf430de3f8809/groups/faf34c4f-af97-45b1-8c38-f279e57e8fe7/action => generated 108 bytes in 39 msecs (HTTP/1.1 404) 7 headers in 293 bytes (2 switches on core 0)
Sep 15 03:30:29.306179 dv-cinder-804459-7-iscsi devstack@c-api.service[100702]: DEBUG cinder.volume.api [None req-1398ff79-85ac-4053-96f4-12847ee6252c tempest-VolumesListAdminTestJSON-595181472 tempest-VolumesListAdminTestJSON-595181472-project] Task 'cinder.volume.flows.api.create_volume.ExtractVolumeRequestTask;volume:create' (8abef34b-d6b9-42c6-b4a3-3e8116e634f5) transitioned into state 'SUCCESS' from state 'RUNNING' with result '{'size': 1, 'snapshot_id': None, 'source_volid': None, 'volume_type': VolumeType(created_at=2021-09-15T03:20:11Z,deleted=False,deleted_at=None,description='Default Volume Type',extra_specs={},id=62fd20c4-1792-4c91-829d-1d19ce0c2384,is_public=True,name='__DEFAULT__',projects=[],qos_specs=,qos_specs_id=None,updated_at=2021-09-15T03:20:11Z), 'volume_type_id': '62fd20c4-1792-4c91-829d-1d19ce0c2384', 'encryption_key_id': None, 'qos_specs': None, 'consistencygroup_id': None, 'cgsnapshot_id': None, 'group_id': None, 'replication_status': 'disabled', 'refresh_az': False, 'backup_id': None, 'multiattach': False, 'availability_zones': ['nova']}' {{(pid=100702) _task_receiver /usr/local/lib/python3.8/dist-packages/taskflow/listeners/logging.py:178}}
Sep 15 03:30:29.308215 dv-cinder-804459-7-iscsi devstack@c-api.service[100702]: DEBUG cinder.volume.api [None req-1398ff79-85ac-4053-96f4-12847ee6252c tempest-VolumesListAdminTestJSON-595181472 tempest-VolumesListAdminTestJSON-595181472-project] Task 'cinder.volume.flows.api.create_volume.QuotaReserveTask;volume:create' (13148fe8-2b33-4a3f-87c0-7594f50e24f8) transitioned into state 'RUNNING' from state 'PENDING' {{(pid=100702) _task_receiver /usr/local/lib/python3.8/dist-packages/taskflow/listeners/logging.py:190}}
Sep 15 03:30:29.311384 dv-cinder-804459-7-iscsi devstack@c-api.service[100703]: INFO cinder.api.openstack.wsgi [None req-10ae425f-01a7-4968-a6d1-5348a43510c4 tempest-GroupsTest-1255506854 tempest-GroupsTest-1255506854-project-admin] DELETE http://10.222.0.55/volume/v3/e7b1465b9f5743d09089cebeee7ccf65/group_types/44e2f22c-94c4-4472-a6ef-53211d7bc9bc
Sep 15 03:30:29.312167 dv-cinder-804459-7-iscsi devstack@c-api.service[100703]: DEBUG cinder.api.openstack.wsgi [None req-10ae425f-01a7-4968-a6d1-5348a43510c4 tempest-GroupsTest-1255506854 tempest-GroupsTest-1255506854-project-admin] Empty body provided in request {{(pid=100703) get_body /opt/stack/cinder/cinder/api/openstack/wsgi.py:703}}
Sep 15 03:30:29.312752 dv-cinder-804459-7-iscsi devstack@c-api.service[100703]: DEBUG cinder.api.openstack.wsgi [None req-10ae425f-01a7-4968-a6d1-5348a43510c4 tempest-GroupsTest-1255506854 tempest-GroupsTest-1255506854-project-admin] Calling method 'version_select' {{(pid=100703) _process_stack /opt/stack/cinder/cinder/api/openstack/wsgi.py:856}}
Sep 15 03:30:29.384647 dv-cinder-804459-7-iscsi devstack@c-api.service[100703]: INFO cinder.api.openstack.wsgi [None req-10ae425f-01a7-4968-a6d1-5348a43510c4 tempest-GroupsTest-1255506854 tempest-GroupsTest-1255506854-project-admin] http://10.222.0.55/volume/v3/e7b1465b9f5743d09089cebeee7ccf65/group_types/44e2f22c-94c4-4472-a6ef-53211d7bc9bc returned with HTTP 202
Sep 15 03:30:29.386730 dv-cinder-804459-7-iscsi devstack@c-api.service[100703]: [pid: 100703|app: 0|req: 197/430] 10.222.0.55 () {60 vars in 1381 bytes} [Wed Sep 15 03:30:29 2021] DELETE /volume/v3/e7b1465b9f5743d09089cebeee7ccf65/group_types/44e2f22c-94c4-4472-a6ef-53211d7bc9bc => generated 0 bytes in 99 msecs (HTTP/1.1 202) 6 headers in 234 bytes (2 switches on core 0)
Sep 15 03:30:29.398551 dv-cinder-804459-7-iscsi devstack@c-api.service[100702]: DEBUG cinder.quota [None req-1398ff79-85ac-4053-96f4-12847ee6252c tempest-VolumesListAdminTestJSON-595181472 tempest-VolumesListAdminTestJSON-595181472-project] Created reservations ['eb8e558b-2c8f-4ae6-b11f-07dc44a302df', '3dd5a860-3e65-4b98-b192-529228f3a894', 'be80baab-e6df-41b6-be96-fba10fd87629', 'ae9970f4-58e4-40d6-b7bd-a81b586c9717'] {{(pid=100702) reserve /opt/stack/cinder/cinder/quota.py:755}}
Sep 15 03:30:29.400728 dv-cinder-804459-7-iscsi devstack@c-api.service[100702]: DEBUG cinder.volume.api [None req-1398ff79-85ac-4053-96f4-12847ee6252c tempest-VolumesListAdminTestJSON-595181472 tempest-VolumesListAdminTestJSON-595181472-project] Task 'cinder.volume.flows.api.create_volume.QuotaReserveTask;volume:create' (13148fe8-2b33-4a3f-87c0-7594f50e24f8) transitioned into state 'SUCCESS' from state 'RUNNING' with result '{'reservations': ['eb8e558b-2c8f-4ae6-b11f-07dc44a302df', '3dd5a860-3e65-4b98-b192-529228f3a894', 'be80baab-e6df-41b6-be96-fba10fd87629', 'ae9970f4-58e4-40d6-b7bd-a81b586c9717']}' {{(pid=100702) _task_receiver /usr/local/lib/python3.8/dist-packages/taskflow/listeners/logging.py:178}}
Sep 15 03:30:29.411774 dv-cinder-804459-7-iscsi devstack@c-api.service[100703]: INFO cinder.api.openstack.wsgi [None req-5b3cb275-b134-40e9-8bab-e138eae887f0 tempest-GroupsTest-1255506854 tempest-GroupsTest-1255506854-project-admin] POST http://10.222.0.55/volume/v3/e7b1465b9f5743d09089cebeee7ccf65/types
Sep 15 03:30:29.412477 dv-cinder-804459-7-iscsi devstack@c-api.service[100703]: DEBUG cinder.api.openstack.wsgi [None req-5b3cb275-b134-40e9-8bab-e138eae887f0 tempest-GroupsTest-1255506854 tempest-GroupsTest-1255506854-project-admin] Action: 'create', calling method: _create, body: {"volume_type": {"name": "tempest-GroupsTest-volume-type-1042877206"}} {{(pid=100703) _process_stack /opt/stack/cinder/cinder/api/openstack/wsgi.py:854}}
Sep 15 03:30:29.413640 dv-cinder-804459-7-iscsi devstack@c-api.service[100702]: DEBUG cinder.volume.api [None req-1398ff79-85ac-4053-96f4-12847ee6252c tempest-VolumesListAdminTestJSON-595181472 tempest-VolumesListAdminTestJSON-595181472-project] Task 'cinder.volume.flows.api.create_volume.EntryCreateTask;volume:create' (ecf38663-2d17-4de6-a26c-cb695aa311a2) transitioned into state 'RUNNING' from state 'PENDING' {{(pid=100702) _task_receiver /usr/local/lib/python3.8/dist-packages/taskflow/listeners/logging.py:190}}
Sep 15 03:30:29.467985 dv-cinder-804459-7-iscsi devstack@c-api.service[100702]: DEBUG cinder.volume.api [None req-1398ff79-85ac-4053-96f4-12847ee6252c tempest-VolumesListAdminTestJSON-595181472 tempest-VolumesListAdminTestJSON-595181472-project] Task 'cinder.volume.flows.api.create_volume.EntryCreateTask;volume:create' (ecf38663-2d17-4de6-a26c-cb695aa311a2) transitioned into state 'SUCCESS' from state 'RUNNING' with result '{'volume_id': '8011e489-c70e-4b33-947e-305ad43ddee2', 'volume_properties': VolumeProperties(attach_status='detached',availability_zone='nova',cgsnapshot_id=None,consistencygroup_id=None,display_description=None,display_name='tempest-VolumesListAdminTestJSON-Volume-252817014',encryption_key_id=None,group_id=None,group_type_id=,metadata={},multiattach=False,project_id='e9a907ac5a0d4d6ebf9f035c69fba657',qos_specs=None,replication_status=,reservations=['eb8e558b-2c8f-4ae6-b11f-07dc44a302df','3dd5a860-3e65-4b98-b192-529228f3a894','be80baab-e6df-41b6-be96-fba10fd87629','ae9970f4-58e4-40d6-b7bd-a81b586c9717'],size=1,snapshot_id=None,source_replicaid=,source_volid=None,status='creating',user_id='42d08556a87342eabbbe2629ade40963',volume_type_id=62fd20c4-1792-4c91-829d-1d19ce0c2384), 'volume': Volume(_name_id=None,admin_metadata=,attach_status='detached',availability_zone='nova',bootable=False,cluster=,cluster_name=None,consistencygroup=,consistencygroup_id=None,created_at=2021-09-15T03:30:29Z,deleted=False,deleted_at=None,display_description=None,display_name='tempest-VolumesListAdminTestJSON-Volume-252817014',ec2_id=None,encryption_key_id=None,glance_metadata=,group=,group_id=None,host=None,id=8011e489-c70e-4b33-947e-305ad43ddee2,launched_at=None,metadata={},migration_status=None,multiattach=False,previous_status=None,project_id='e9a907ac5a0d4d6ebf9f035c69fba657',provider_auth=None,provider_geometry=None,provider_id=None,provider_location=None,replication_driver_data=None,replication_extended_status=None,replication_status=None,scheduled_at=None,service_uuid=None,shared_targets=True,size=1,snapshot_id=None,snapshots=,source_volid=None,status='creating',terminated_at=None,updated_at=None,use_quota=True,user_id='42d08556a87342eabbbe2629ade40963',volume_attachment=,volume_type=VolumeType(62fd20c4-1792-4c91-829d-1d19ce0c2384),volume_type_id=62fd20c4-1792-4c91-829d-1d19ce0c2384)}' {{(pid=100702) _task_receiver /usr/local/lib/python3.8/dist-packages/taskflow/listeners/logging.py:178}}
Sep 15 03:30:29.469989 dv-cinder-804459-7-iscsi devstack@c-api.service[100702]: DEBUG cinder.volume.api [None req-1398ff79-85ac-4053-96f4-12847ee6252c tempest-VolumesListAdminTestJSON-595181472 tempest-VolumesListAdminTestJSON-595181472-project] Task 'cinder.volume.flows.api.create_volume.QuotaCommitTask;volume:create' (fd5cbc2a-ec0f-45eb-9abc-cb248fc2002a) transitioned into state 'RUNNING' from state 'PENDING' {{(pid=100702) _task_receiver /usr/local/lib/python3.8/dist-packages/taskflow/listeners/logging.py:190}}
Sep 15 03:30:29.473813 dv-cinder-804459-7-iscsi devstack@c-api.service[100703]: INFO cinder.api.openstack.wsgi [None req-5b3cb275-b134-40e9-8bab-e138eae887f0 tempest-GroupsTest-1255506854 tempest-GroupsTest-1255506854-project-admin] http://10.222.0.55/volume/v3/e7b1465b9f5743d09089cebeee7ccf65/types returned with HTTP 200
Sep 15 03:30:29.474576 dv-cinder-804459-7-iscsi devstack@c-api.service[100703]: [pid: 100703|app: 0|req: 198/431] 10.222.0.55 () {60 vars in 1229 bytes} [Wed Sep 15 03:30:29 2021] POST /volume/v3/e7b1465b9f5743d09089cebeee7ccf65/types => generated 216 bytes in 81 msecs (HTTP/1.1 200) 7 headers in 285 bytes (1 switches on core 0)
