Sep 14 23:10:55.637849 dv-cinder-804459-6-smb neutron-server[94137]: DEBUG novaclient.v2.client [-] REQ: curl -g -i --cacert "/opt/stack/data/ca-bundle.pem" -X POST http://10.222.0.22/compute/v2.1/os-server-external-events -H "Accept: application/json" -H "Content-Type: application/json" -H "User-Agent: python-novaclient" -H "X-Auth-Token: {SHA256}54997e0d88962c9b4056b3cc7127015e42ad7a7709a5a2ad38346d670bace625" -H "X-OpenStack-Nova-API-Version: 2.1" -H "X-OpenStack-Request-ID: req-7088a3fe-4274-4fa2-9c13-1c8a537d0aa9" -d '{"events": [{"server_uuid": "39c0ca42-3ebc-4ff9-b769-b5145ec2f404", "name": "network-vif-plugged", "status": "completed", "tag": "6bd25754-b6ad-406e-bbd3-0ef8f16488f1"}]}' {{(pid=94137) _http_log_request /usr/local/lib/python3.8/dist-packages/keystoneauth1/session.py:519}}
Sep 14 23:10:55.698807 dv-cinder-804459-6-smb neutron-server[94137]: DEBUG novaclient.v2.client [-] RESP: [200] Connection: close Content-Length: 183 Content-Type: application/json Date: Tue, 14 Sep 2021 23:10:55 GMT OpenStack-API-Version: compute 2.1 Server: Apache/2.4.41 (Ubuntu) Vary: OpenStack-API-Version,X-OpenStack-Nova-API-Version X-OpenStack-Nova-API-Version: 2.1 x-compute-request-id: req-b0feb142-4d4d-45af-92a1-5736cf4691ca x-openstack-request-id: req-b0feb142-4d4d-45af-92a1-5736cf4691ca {{(pid=94137) _http_log_response /usr/local/lib/python3.8/dist-packages/keystoneauth1/session.py:550}}
Sep 14 23:10:55.699389 dv-cinder-804459-6-smb neutron-server[94137]: DEBUG novaclient.v2.client [-] RESP BODY: {"events": [{"server_uuid": "39c0ca42-3ebc-4ff9-b769-b5145ec2f404", "name": "network-vif-plugged", "status": "completed", "tag": "6bd25754-b6ad-406e-bbd3-0ef8f16488f1", "code": 200}]} {{(pid=94137) _http_log_response /usr/local/lib/python3.8/dist-packages/keystoneauth1/session.py:582}}
Sep 14 23:10:55.699958 dv-cinder-804459-6-smb neutron-server[94137]: DEBUG novaclient.v2.client [-] POST call to compute for http://10.222.0.22/compute/v2.1/os-server-external-events used request id req-b0feb142-4d4d-45af-92a1-5736cf4691ca {{(pid=94137) request /usr/local/lib/python3.8/dist-packages/keystoneauth1/session.py:954}}
Sep 14 23:10:55.700786 dv-cinder-804459-6-smb neutron-server[94137]: INFO neutron.notifiers.nova [-] Nova event response: {'server_uuid': '39c0ca42-3ebc-4ff9-b769-b5145ec2f404', 'name': 'network-vif-plugged', 'status': 'completed', 'tag': '6bd25754-b6ad-406e-bbd3-0ef8f16488f1', 'code': 200}
Sep 14 23:10:55.780512 dv-cinder-804459-6-smb neutron-server[94135]: DEBUG neutron.pecan_wsgi.hooks.policy_enforcement [req-1424c39d-89a2-4d20-a16f-2f002f7d92c2 req-fb1a3c79-11d7-4e0f-88b5-b9cb1b794e88 tempest-AttachVolumeShelveTestJSON-215137027 tempest-AttachVolumeShelveTestJSON-215137027-project] Attributes excluded by policy engine: ['standard_attr_id', 'binding:profile', 'binding:host_id', 'binding:vif_type', 'binding:vif_details'] {{(pid=94135) _exclude_attributes_by_policy /opt/stack/neutron/neutron/pecan_wsgi/hooks/policy_enforcement.py:255}}
Sep 14 23:10:55.782851 dv-cinder-804459-6-smb neutron-server[94135]: INFO neutron.wsgi [req-1424c39d-89a2-4d20-a16f-2f002f7d92c2 req-fb1a3c79-11d7-4e0f-88b5-b9cb1b794e88 tempest-AttachVolumeShelveTestJSON-215137027 tempest-AttachVolumeShelveTestJSON-215137027-project] 10.222.0.22 "GET /v2.0/ports?device_id=39c0ca42-3ebc-4ff9-b769-b5145ec2f404 HTTP/1.1" status: 200 len: 945 time: 0.0599945
Sep 14 23:10:55.829223 dv-cinder-804459-6-smb neutron-server[94135]: INFO neutron.wsgi [req-1424c39d-89a2-4d20-a16f-2f002f7d92c2 req-b2548b35-40b3-43da-9ac9-8200089e8702 tempest-AttachVolumeShelveTestJSON-215137027 tempest-AttachVolumeShelveTestJSON-215137027-project] 10.222.0.22 "GET /v2.0/security-groups?id=2bd9c174-0f09-452e-bde9-8727b729610c&fields=id&fields=name HTTP/1.1" status: 200 len: 312 time: 0.0398092
Sep 14 23:10:55.920380 dv-cinder-804459-6-smb neutron-server[94135]: DEBUG neutron.wsgi [-] (94135) accepted ('10.222.0.22', 34006) {{(pid=94135) server /usr/local/lib/python3.8/dist-packages/eventlet/wsgi.py:982}}
Sep 14 23:10:55.936682 dv-cinder-804459-6-smb neutron-server[94135]: DEBUG neutron_lib.callbacks.manager [None req-08d4a409-a6ef-4d6d-a766-48c8821b9000 admin admin] Notify callbacks [] for security_group, before_create {{(pid=94135) _notify_loop /usr/local/lib/python3.8/dist-packages/neutron_lib/callbacks/manager.py:192}}
Sep 14 23:10:55.973504 dv-cinder-804459-6-smb neutron-server[94136]: DEBUG neutron.pecan_wsgi.hooks.policy_enforcement [req-047e62d1-4dfb-484a-8114-221c5c7d649b req-925ca4b3-42f5-43a4-b6b9-9a74ac95d4c8 tempest-VolumesActionsTest-1004087116 tempest-VolumesActionsTest-1004087116-project] Attributes excluded by policy engine: ['standard_attr_id', 'binding:profile', 'binding:host_id', 'binding:vif_type', 'binding:vif_details'] {{(pid=94136) _exclude_attributes_by_policy /opt/stack/neutron/neutron/pecan_wsgi/hooks/policy_enforcement.py:255}}
Sep 14 23:10:55.975182 dv-cinder-804459-6-smb neutron-server[94136]: INFO neutron.wsgi [req-047e62d1-4dfb-484a-8114-221c5c7d649b req-925ca4b3-42f5-43a4-b6b9-9a74ac95d4c8 tempest-VolumesActionsTest-1004087116 tempest-VolumesActionsTest-1004087116-project] 10.222.0.22 "GET /v2.0/ports?device_id=e53e1153-0317-41be-967e-ca4253fb266d HTTP/1.1" status: 200 len: 944 time: 0.0537350
Sep 14 23:10:56.037655 dv-cinder-804459-6-smb neutron-server[94136]: INFO neutron.wsgi [req-047e62d1-4dfb-484a-8114-221c5c7d649b req-ff74049d-3f54-4091-bafa-f9d0bad6bf1e tempest-VolumesActionsTest-1004087116 tempest-VolumesActionsTest-1004087116-project] 10.222.0.22 "GET /v2.0/security-groups?id=f983e6b1-7cc6-4f78-88de-f8603721aa01&fields=id&fields=name HTTP/1.1" status: 200 len: 286 time: 0.0560770
Sep 14 23:10:56.051597 dv-cinder-804459-6-smb neutron-server[94135]: DEBUG neutron_lib.callbacks.manager [None req-08d4a409-a6ef-4d6d-a766-48c8821b9000 admin admin] Notify callbacks [] for security_group, precommit_create {{(pid=94135) _notify_loop /usr/local/lib/python3.8/dist-packages/neutron_lib/callbacks/manager.py:192}}
Sep 14 23:10:56.058244 dv-cinder-804459-6-smb neutron-server[94135]: DEBUG neutron_lib.callbacks.manager [None req-08d4a409-a6ef-4d6d-a766-48c8821b9000 admin admin] Notify callbacks ['neutron.plugins.ml2.ovo_rpc._ObjectChangeHandler.handle_event-1630893'] for security_group, after_create {{(pid=94135) _notify_loop /usr/local/lib/python3.8/dist-packages/neutron_lib/callbacks/manager.py:192}}
Sep 14 23:10:56.095950 dv-cinder-804459-6-smb neutron-server[94135]: INFO neutron.wsgi [None req-08d4a409-a6ef-4d6d-a766-48c8821b9000 admin admin] 10.222.0.22 "GET /v2.0/security-groups?tenant_id=a0b02ff9d63e4cd38f90bc3f31070ceb&name=default HTTP/1.1" status: 200 len: 2979 time: 0.1743147
Sep 14 23:10:56.097016 dv-cinder-804459-6-smb neutron-server[94135]: DEBUG neutron.api.rpc.handlers.resources_rpc [None req-08d4a409-a6ef-4d6d-a766-48c8821b9000 admin admin] Pushing event updated for resources: {'SecurityGroup': ['ID=c34c9cee-ddb8-4011-9f0d-5be33f62f137,revision_number=1']} {{(pid=94135) push /opt/stack/neutron/neutron/api/rpc/handlers/resources_rpc.py:237}}
Sep 14 23:10:56.099548 dv-cinder-804459-6-smb neutron-server[94136]: DEBUG neutron.wsgi [-] (94136) accepted ('10.222.0.22', 34014) {{(pid=94136) server /usr/local/lib/python3.8/dist-packages/eventlet/wsgi.py:982}}
Sep 14 23:10:56.184980 dv-cinder-804459-6-smb neutron-server[94136]: DEBUG neutron.pecan_wsgi.hooks.policy_enforcement [req-1ed326ab-83b6-4872-98f7-6df2b56b8f61 req-32612d14-8373-46b5-99a2-d820c677b66c service neutron] Attributes excluded by policy engine: ['standard_attr_id'] {{(pid=94136) _exclude_attributes_by_policy /opt/stack/neutron/neutron/pecan_wsgi/hooks/policy_enforcement.py:255}}
Sep 14 23:10:56.186457 dv-cinder-804459-6-smb neutron-server[94136]: INFO neutron.wsgi [req-1ed326ab-83b6-4872-98f7-6df2b56b8f61 req-32612d14-8373-46b5-99a2-d820c677b66c service neutron] 10.222.0.57 "GET /v2.0/ports?device_id=39c0ca42-3ebc-4ff9-b769-b5145ec2f404 HTTP/1.1" status: 200 len: 1098 time: 0.0845659
Sep 14 23:10:56.217004 dv-cinder-804459-6-smb neutron-server[94136]: DEBUG neutron_lib.callbacks.manager [None req-f28e0c46-848b-42b3-b693-5352a10c6e5a admin admin] Notify callbacks [] for security_group, before_delete {{(pid=94136) _notify_loop /usr/local/lib/python3.8/dist-packages/neutron_lib/callbacks/manager.py:192}}
Sep 14 23:10:56.248124 dv-cinder-804459-6-smb neutron-server[94136]: INFO neutron.wsgi [req-1ed326ab-83b6-4872-98f7-6df2b56b8f61 req-8e5ac837-ed2f-4046-a94d-c83d29284662 service neutron] 10.222.0.57 "GET /v2.0/security-groups?id=2bd9c174-0f09-452e-bde9-8727b729610c&fields=id&fields=name HTTP/1.1" status: 200 len: 312 time: 0.0514588
Sep 14 23:10:56.253193 dv-cinder-804459-6-smb neutron-server[94136]: DEBUG neutron_lib.callbacks.manager [None req-f28e0c46-848b-42b3-b693-5352a10c6e5a admin admin] Notify callbacks [] for security_group, precommit_delete {{(pid=94136) _notify_loop /usr/local/lib/python3.8/dist-packages/neutron_lib/callbacks/manager.py:192}}
Sep 14 23:10:56.307262 dv-cinder-804459-6-smb neutron-server[94136]: DEBUG neutron_lib.callbacks.manager [None req-f28e0c46-848b-42b3-b693-5352a10c6e5a admin admin] Notify callbacks ['neutron.plugins.ml2.ovo_rpc._ObjectChangeHandler.handle_event-1630893'] for security_group, after_delete {{(pid=94136) _notify_loop /usr/local/lib/python3.8/dist-packages/neutron_lib/callbacks/manager.py:192}}
Sep 14 23:10:56.309820 dv-cinder-804459-6-smb neutron-server[94136]: DEBUG neutron_lib.callbacks.manager [None req-f28e0c46-848b-42b3-b693-5352a10c6e5a admin admin] Notify callbacks [] for security_group, before_response {{(pid=94136) _notify_loop /usr/local/lib/python3.8/dist-packages/neutron_lib/callbacks/manager.py:192}}
Sep 14 23:10:56.310998 dv-cinder-804459-6-smb neutron-server[94136]: INFO neutron.wsgi [None req-f28e0c46-848b-42b3-b693-5352a10c6e5a admin admin] 10.222.0.22 "DELETE /v2.0/security-groups/c34c9cee-ddb8-4011-9f0d-5be33f62f137 HTTP/1.1" status: 204 len: 168 time: 0.2069101
Sep 14 23:10:56.319300 dv-cinder-804459-6-smb neutron-server[94136]: DEBUG neutron.api.rpc.handlers.resources_rpc [None req-f28e0c46-848b-42b3-b693-5352a10c6e5a admin admin] Pushing event deleted for resources: {'SecurityGroup': ['ID=c34c9cee-ddb8-4011-9f0d-5be33f62f137,revision_number=None']} {{(pid=94136) push /opt/stack/neutron/neutron/api/rpc/handlers/resources_rpc.py:237}}
Sep 14 23:10:56.706979 dv-cinder-804459-6-smb neutron-server[94135]: DEBUG neutron.pecan_wsgi.hooks.policy_enforcement [req-f60d4f9a-c174-4be7-8768-822d8d76488e req-edf71e7b-c9cb-4339-9800-d236a1431c9f tempest-ServerRescueNegativeTestJSON-697079758 tempest-ServerRescueNegativeTestJSON-697079758-project] Attributes excluded by policy engine: ['standard_attr_id', 'binding:profile', 'binding:host_id', 'binding:vif_type', 'binding:vif_details'] {{(pid=94135) _exclude_attributes_by_policy /opt/stack/neutron/neutron/pecan_wsgi/hooks/policy_enforcement.py:255}}
Sep 14 23:10:56.708516 dv-cinder-804459-6-smb neutron-server[94135]: INFO neutron.wsgi [req-f60d4f9a-c174-4be7-8768-822d8d76488e req-edf71e7b-c9cb-4339-9800-d236a1431c9f tempest-ServerRescueNegativeTestJSON-697079758 tempest-ServerRescueNegativeTestJSON-697079758-project] 10.222.0.22 "GET /v2.0/ports?device_id=50bc656d-a187-4d33-ae29-51166a92bcff HTTP/1.1" status: 200 len: 945 time: 0.0780425
Sep 14 23:10:56.770874 dv-cinder-804459-6-smb neutron-server[94135]: INFO neutron.wsgi [req-f60d4f9a-c174-4be7-8768-822d8d76488e req-47a83e95-cff5-4947-9ac8-6d7ac140bd5c tempest-ServerRescueNegativeTestJSON-697079758 tempest-ServerRescueNegativeTestJSON-697079758-project] 10.222.0.22 "GET /v2.0/security-groups?id=66c6558b-78df-4dae-99d8-7b8c71743600&fields=id&fields=name HTTP/1.1" status: 200 len: 286 time: 0.0562041
Sep 14 23:10:56.966085 dv-cinder-804459-6-smb neutron-server[94135]: DEBUG neutron.pecan_wsgi.hooks.policy_enforcement [req-04e28028-c6cb-4fa8-84bd-4e32cd059b3d req-a99e254b-d5d2-4afd-8eaf-5144e8b944a7 tempest-AttachVolumeShelveTestJSON-215137027 tempest-AttachVolumeShelveTestJSON-215137027-project] Attributes excluded by policy engine: ['standard_attr_id', 'binding:profile', 'binding:host_id', 'binding:vif_type', 'binding:vif_details'] {{(pid=94135) _exclude_attributes_by_policy /opt/stack/neutron/neutron/pecan_wsgi/hooks/policy_enforcement.py:255}}
Sep 14 23:10:56.974724 dv-cinder-804459-6-smb neutron-server[94135]: INFO neutron.wsgi [req-04e28028-c6cb-4fa8-84bd-4e32cd059b3d req-a99e254b-d5d2-4afd-8eaf-5144e8b944a7 tempest-AttachVolumeShelveTestJSON-215137027 tempest-AttachVolumeShelveTestJSON-215137027-project] 10.222.0.22 "GET /v2.0/ports?device_id=39c0ca42-3ebc-4ff9-b769-b5145ec2f404 HTTP/1.1" status: 200 len: 945 time: 0.0641470
Sep 14 23:10:57.041867 dv-cinder-804459-6-smb neutron-server[94135]: INFO neutron.wsgi [req-04e28028-c6cb-4fa8-84bd-4e32cd059b3d req-dd48946e-dcc2-4d65-8120-fa44e0b40bac tempest-AttachVolumeShelveTestJSON-215137027 tempest-AttachVolumeShelveTestJSON-215137027-project] 10.222.0.22 "GET /v2.0/security-groups?id=2bd9c174-0f09-452e-bde9-8727b729610c&fields=id&fields=name HTTP/1.1" status: 200 len: 312 time: 0.0658338
Sep 14 23:10:57.164906 dv-cinder-804459-6-smb neutron-server[94135]: DEBUG neutron.pecan_wsgi.hooks.policy_enforcement [req-fb4fa382-fd7a-4850-be71-78a1dc62d622 req-122c1451-f47a-4c2a-a121-bd3bd4754038 tempest-VolumesActionsTest-1004087116 tempest-VolumesActionsTest-1004087116-project] Attributes excluded by policy engine: ['standard_attr_id', 'binding:profile', 'binding:host_id', 'binding:vif_type', 'binding:vif_details'] {{(pid=94135) _exclude_attributes_by_policy /opt/stack/neutron/neutron/pecan_wsgi/hooks/policy_enforcement.py:255}}
Sep 14 23:10:57.166435 dv-cinder-804459-6-smb neutron-server[94135]: INFO neutron.wsgi [req-fb4fa382-fd7a-4850-be71-78a1dc62d622 req-122c1451-f47a-4c2a-a121-bd3bd4754038 tempest-VolumesActionsTest-1004087116 tempest-VolumesActionsTest-1004087116-project] 10.222.0.22 "GET /v2.0/ports?device_id=e53e1153-0317-41be-967e-ca4253fb266d HTTP/1.1" status: 200 len: 944 time: 0.0585687
Sep 14 23:10:57.166927 dv-cinder-804459-6-smb neutron-server[94136]: DEBUG neutron.pecan_wsgi.hooks.policy_enforcement [req-c708e53e-8339-44be-8371-94a8c81bf561 req-0c11862d-b359-4a29-bb8b-6f02afba1af5 tempest-ServerRescueNegativeTestJSON-697079758 tempest-ServerRescueNegativeTestJSON-697079758-project] Attributes excluded by policy engine: ['standard_attr_id', 'binding:profile', 'binding:host_id', 'binding:vif_type', 'binding:vif_details'] {{(pid=94136) _exclude_attributes_by_policy /opt/stack/neutron/neutron/pecan_wsgi/hooks/policy_enforcement.py:255}}
Sep 14 23:10:57.168425 dv-cinder-804459-6-smb neutron-server[94136]: INFO neutron.wsgi [req-c708e53e-8339-44be-8371-94a8c81bf561 req-0c11862d-b359-4a29-bb8b-6f02afba1af5 tempest-ServerRescueNegativeTestJSON-697079758 tempest-ServerRescueNegativeTestJSON-697079758-project] 10.222.0.22 "GET /v2.0/ports?device_id=50bc656d-a187-4d33-ae29-51166a92bcff HTTP/1.1" status: 200 len: 945 time: 0.0861309
Sep 14 23:10:57.174256 dv-cinder-804459-6-smb neutron-server[94136]: DEBUG neutron.pecan_wsgi.hooks.policy_enforcement [req-98f58b6b-1ac5-4596-a990-f204efa9942c req-f135d718-9082-4d46-ad46-22bec4fc7f08 service neutron] Attributes excluded by policy engine: ['standard_attr_id'] {{(pid=94136) _exclude_attributes_by_policy /opt/stack/neutron/neutron/pecan_wsgi/hooks/policy_enforcement.py:255}}
Sep 14 23:10:57.176090 dv-cinder-804459-6-smb neutron-server[94136]: INFO neutron.wsgi [req-98f58b6b-1ac5-4596-a990-f204efa9942c req-f135d718-9082-4d46-ad46-22bec4fc7f08 service neutron] 10.222.0.57 "GET /v2.0/ports?tenant_id=a8b71e576d0d4103b3fbc9e6a4d398ea&device_id=50bc656d-a187-4d33-ae29-51166a92bcff HTTP/1.1" status: 200 len: 1098 time: 0.0825698
Sep 14 23:10:57.181399 dv-cinder-804459-6-smb neutron-server[94137]: DEBUG neutron.plugins.ml2.rpc [None req-1d9215e2-29e8-48ef-8022-f4454d211457 None None] Device 7ab39e56-4105-4312-9ba7-252fded698e3 details requested by agent hyperv_hv-cinder-80445 with host hv-cinder-80445 {{(pid=94137) get_device_details /opt/stack/neutron/neutron/plugins/ml2/rpc.py:102}}
Sep 14 23:10:57.222291 dv-cinder-804459-6-smb neutron-server[94135]: INFO neutron.wsgi [req-fb4fa382-fd7a-4850-be71-78a1dc62d622 req-534b4439-fe20-4da2-9e07-538f60e89f34 tempest-VolumesActionsTest-1004087116 tempest-VolumesActionsTest-1004087116-project] 10.222.0.22 "GET /v2.0/security-groups?id=f983e6b1-7cc6-4f78-88de-f8603721aa01&fields=id&fields=name HTTP/1.1" status: 200 len: 286 time: 0.0436606
Sep 14 23:10:57.264254 dv-cinder-804459-6-smb neutron-server[94136]: INFO neutron.wsgi [req-c708e53e-8339-44be-8371-94a8c81bf561 req-bc0440b7-7d90-4faa-93e1-dbc2d384f0b4 tempest-ServerRescueNegativeTestJSON-697079758 tempest-ServerRescueNegativeTestJSON-697079758-project] 10.222.0.22 "GET /v2.0/security-groups?id=66c6558b-78df-4dae-99d8-7b8c71743600&fields=id&fields=name HTTP/1.1" status: 200 len: 286 time: 0.0867813
Sep 14 23:10:57.298143 dv-cinder-804459-6-smb neutron-server[94136]: DEBUG neutron.pecan_wsgi.hooks.policy_enforcement [req-98f58b6b-1ac5-4596-a990-f204efa9942c req-a2ac490f-21f9-4f8a-b431-25ba2edd93c4 service neutron] Attributes excluded by policy engine: ['standard_attr_id', 'vlan_transparent'] {{(pid=94136) _exclude_attributes_by_policy /opt/stack/neutron/neutron/pecan_wsgi/hooks/policy_enforcement.py:255}}
Sep 14 23:10:57.300092 dv-cinder-804459-6-smb neutron-server[94136]: INFO neutron.wsgi [req-98f58b6b-1ac5-4596-a990-f204efa9942c req-a2ac490f-21f9-4f8a-b431-25ba2edd93c4 service neutron] 10.222.0.57 "GET /v2.0/networks?id=0b80d931-7e55-42a1-a416-57c311c941ad HTTP/1.1" status: 200 len: 920 time: 0.1152821
Sep 14 23:10:57.304939 dv-cinder-804459-6-smb neutron-server[94137]: DEBUG neutron.plugins.ml2.db [None req-1d9215e2-29e8-48ef-8022-f4454d211457 None None] For port 7ab39e56-4105-4312-9ba7-252fded698e3, host hv-cinder-80445, got binding levels [PortBindingLevel(driver='hyperv',host='hv-cinder-80445',level=0,port_id=7ab39e56-4105-4312-9ba7-252fded698e3,segment=NetworkSegment(3356d50c-863b-406e-8a2a-9a42d4449f4e),segment_id=3356d50c-863b-406e-8a2a-9a42d4449f4e)] {{(pid=94137) get_binding_level_objs /opt/stack/neutron/neutron/plugins/ml2/db.py:74}}
Sep 14 23:10:57.318712 dv-cinder-804459-6-smb neutron-server[94137]: DEBUG neutron.plugins.ml2.rpc [None req-1d9215e2-29e8-48ef-8022-f4454d211457 None None] Returning: {'device': '7ab39e56-4105-4312-9ba7-252fded698e3', 'network_id': '086a7f29-7579-4719-81fa-609c2a5ee5cf', 'port_id': '7ab39e56-4105-4312-9ba7-252fded698e3', 'mac_address': 'fa:16:3e:14:70:18', 'admin_state_up': True, 'network_type': 'vlan', 'segmentation_id': 618, 'physical_network': 'physnet1', 'mtu': 1500, 'fixed_ips': [{'subnet_id': 'c6eee0c4-2134-4ad1-82a9-6c591ffa46d6', 'ip_address': '172.20.0.14'}], 'device_owner': 'compute:nova', 'allowed_address_pairs': [], 'port_security_enabled': True, 'qos_policy_id': None, 'network_qos_policy_id': None, 'profile': {}, 'propagate_uplink_status': False} {{(pid=94137) _get_device_details /opt/stack/neutron/neutron/plugins/ml2/rpc.py:184}}
Sep 14 23:10:57.346070 dv-cinder-804459-6-smb neutron-server[94136]: INFO neutron.wsgi [req-98f58b6b-1ac5-4596-a990-f204efa9942c req-df4286ce-498f-4aca-94ef-fccd0a2a3d2e service neutron] 10.222.0.57 "GET /v2.0/floatingips?fixed_ip_address=172.20.0.5&port_id=2dc2d93d-e95f-4d17-9fdf-c7e40708d574 HTTP/1.1" status: 200 len: 217 time: 0.0374539
Sep 14 23:10:57.357062 dv-cinder-804459-6-smb neutron-server[94137]: DEBUG neutron_lib.callbacks.manager [None req-1d9215e2-29e8-48ef-8022-f4454d211457 None None] Notify callbacks ['neutron.plugins.ml2.plugin.SecurityGroupDbMixin._ensure_default_security_group_handler-1467802'] for port, before_update {{(pid=94137) _notify_loop /usr/local/lib/python3.8/dist-packages/neutron_lib/callbacks/manager.py:192}}
Sep 14 23:10:57.372443 dv-cinder-804459-6-smb neutron-server[94137]: DEBUG neutron.notifiers.nova [None req-1d9215e2-29e8-48ef-8022-f4454d211457 None None] Ignoring state change previous_port_status: DOWN current_port_status: BUILD port_id 7ab39e56-4105-4312-9ba7-252fded698e3 {{(pid=94137) record_port_status_changed /opt/stack/neutron/neutron/notifiers/nova.py:224}}
Sep 14 23:10:57.392801 dv-cinder-804459-6-smb neutron-server[94137]: DEBUG neutron.plugins.ml2.db [None req-1d9215e2-29e8-48ef-8022-f4454d211457 None None] For port 7ab39e56-4105-4312-9ba7-252fded698e3, host hv-cinder-80445, got binding levels [PortBindingLevel(driver='hyperv',host='hv-cinder-80445',level=0,port_id=7ab39e56-4105-4312-9ba7-252fded698e3,segment=NetworkSegment(3356d50c-863b-406e-8a2a-9a42d4449f4e),segment_id=3356d50c-863b-406e-8a2a-9a42d4449f4e)] {{(pid=94137) get_binding_level_objs /opt/stack/neutron/neutron/plugins/ml2/db.py:74}}
Sep 14 23:10:57.398834 dv-cinder-804459-6-smb neutron-server[94137]: DEBUG neutron_lib.callbacks.manager [None req-1d9215e2-29e8-48ef-8022-f4454d211457 None None] Notify callbacks ['neutron.plugins.ml2.plugin.SecurityGroupServerNotifierRpcMixin._notify_sg_on_port_change-1467867', 'neutron.plugins.ml2.ovo_rpc._ObjectChangeHandler.handle_event-66902', 'neutron.api.rpc.agentnotifiers.dhcp_rpc_agent_api.DhcpAgentNotifyAPI._native_event_send_dhcp_notification-1580877', 'neutron.db.l3_db.L3RpcNotifierMixin._notify_gateway_port_ip_changed-8768889884685', 'neutron.db.l3_dvrscheduler_db._notify_l3_agent_port_update-8768889379018', 'neutron.db.l3_hascheduler_db._notify_l3_agent_ha_port_update-8768889379036'] for port, after_update {{(pid=94137) _notify_loop /usr/local/lib/python3.8/dist-packages/neutron_lib/callbacks/manager.py:192}}
Sep 14 23:10:57.401669 dv-cinder-804459-6-smb neutron-server[94136]: DEBUG neutron.pecan_wsgi.hooks.policy_enforcement [req-98f58b6b-1ac5-4596-a990-f204efa9942c req-f1b73630-48ba-4280-aa1f-9f5c3cdc3176 service neutron] Attributes excluded by policy engine: ['standard_attr_id', 'shared', 'segment_id'] {{(pid=94136) _exclude_attributes_by_policy /opt/stack/neutron/neutron/pecan_wsgi/hooks/policy_enforcement.py:255}}
Sep 14 23:10:57.405087 dv-cinder-804459-6-smb neutron-server[94136]: INFO neutron.wsgi [req-98f58b6b-1ac5-4596-a990-f204efa9942c req-f1b73630-48ba-4280-aa1f-9f5c3cdc3176 service neutron] 10.222.0.57 "GET /v2.0/subnets?id=e27be052-3392-4995-8c2a-5b46b631e204 HTTP/1.1" status: 200 len: 859 time: 0.0520492
Sep 14 23:10:57.448469 dv-cinder-804459-6-smb neutron-server[94136]: INFO neutron.wsgi [req-98f58b6b-1ac5-4596-a990-f204efa9942c req-21fba9d0-4daa-4813-beeb-57a9b2eee931 service neutron] 10.222.0.57 "GET /v2.0/ports?network_id=0b80d931-7e55-42a1-a416-57c311c941ad&device_owner=network%3Adhcp HTTP/1.1" status: 200 len: 210 time: 0.0311735
Sep 14 23:10:57.454278 dv-cinder-804459-6-smb neutron-server[94137]: DEBUG neutron.api.rpc.handlers.resources_rpc [None req-1d9215e2-29e8-48ef-8022-f4454d211457 None None] Pushing event updated for resources: {'Port': ['ID=7ab39e56-4105-4312-9ba7-252fded698e3,revision_number=4']} {{(pid=94137) push /opt/stack/neutron/neutron/api/rpc/handlers/resources_rpc.py:237}}
Sep 14 23:10:57.557059 dv-cinder-804459-6-smb neutron-server[94136]: INFO neutron.wsgi [req-98f58b6b-1ac5-4596-a990-f204efa9942c req-7a41a1c8-24fc-49da-9d82-324d618be522 service neutron] 10.222.0.57 "GET /v2.0/networks/0b80d931-7e55-42a1-a416-57c311c941ad?fields=segments HTTP/1.1" status: 200 len: 212 time: 0.1000969
Sep 14 23:10:57.655449 dv-cinder-804459-6-smb neutron-server[94136]: INFO neutron.wsgi [req-98f58b6b-1ac5-4596-a990-f204efa9942c req-62555156-abe7-407e-ba8b-e9fea05effc1 service neutron] 10.222.0.57 "GET /v2.0/networks/0b80d931-7e55-42a1-a416-57c311c941ad?fields=provider%3Aphysical_network&fields=provider%3Anetwork_type HTTP/1.1" status: 200 len: 281 time: 0.0892627
Sep 14 23:10:58.102024 dv-cinder-804459-6-smb neutron-server[94137]: DEBUG neutron.plugins.ml2.db [None req-1d9215e2-29e8-48ef-8022-f4454d211457 None None] get_ports_and_sgs() called for port_ids ['7ab39e56-4105-4312-9ba7-252fded698e3'] {{(pid=94137) get_ports_and_sgs /opt/stack/neutron/neutron/plugins/ml2/db.py:156}}
Sep 14 23:10:58.192181 dv-cinder-804459-6-smb neutron-server[94135]: DEBUG neutron.pecan_wsgi.hooks.policy_enforcement [req-dcd49e26-8c94-4974-a653-d41691794c59 req-d5e268de-2deb-4f69-9d99-11eccf9a9ce5 tempest-AttachVolumeShelveTestJSON-215137027 tempest-AttachVolumeShelveTestJSON-215137027-project] Attributes excluded by policy engine: ['standard_attr_id', 'binding:profile', 'binding:host_id', 'binding:vif_type', 'binding:vif_details'] {{(pid=94135) _exclude_attributes_by_policy /opt/stack/neutron/neutron/pecan_wsgi/hooks/policy_enforcement.py:255}}
Sep 14 23:10:58.194642 dv-cinder-804459-6-smb neutron-server[94135]: INFO neutron.wsgi [req-dcd49e26-8c94-4974-a653-d41691794c59 req-d5e268de-2deb-4f69-9d99-11eccf9a9ce5 tempest-AttachVolumeShelveTestJSON-215137027 tempest-AttachVolumeShelveTestJSON-215137027-project] 10.222.0.22 "GET /v2.0/ports?device_id=39c0ca42-3ebc-4ff9-b769-b5145ec2f404 HTTP/1.1" status: 200 len: 945 time: 0.0690138
Sep 14 23:10:58.255296 dv-cinder-804459-6-smb neutron-server[94135]: INFO neutron.wsgi [req-dcd49e26-8c94-4974-a653-d41691794c59 req-f232f8d2-b000-4f42-999a-65a255fa6f2a tempest-AttachVolumeShelveTestJSON-215137027 tempest-AttachVolumeShelveTestJSON-215137027-project] 10.222.0.22 "GET /v2.0/security-groups?id=2bd9c174-0f09-452e-bde9-8727b729610c&fields=id&fields=name HTTP/1.1" status: 200 len: 312 time: 0.0536084
Sep 14 23:10:58.392651 dv-cinder-804459-6-smb neutron-server[94136]: DEBUG neutron.pecan_wsgi.hooks.policy_enforcement [req-3692424d-83c1-46fd-984b-b2b0dab32ae3 req-7bde2756-9068-46c3-9a8b-257314a0644a tempest-VolumesActionsTest-1004087116 tempest-VolumesActionsTest-1004087116-project] Attributes excluded by policy engine: ['standard_attr_id', 'binding:profile', 'binding:host_id', 'binding:vif_type', 'binding:vif_details'] {{(pid=94136) _exclude_attributes_by_policy /opt/stack/neutron/neutron/pecan_wsgi/hooks/policy_enforcement.py:255}}
Sep 14 23:10:58.406421 dv-cinder-804459-6-smb neutron-server[94136]: INFO neutron.wsgi [req-3692424d-83c1-46fd-984b-b2b0dab32ae3 req-7bde2756-9068-46c3-9a8b-257314a0644a tempest-VolumesActionsTest-1004087116 tempest-VolumesActionsTest-1004087116-project] 10.222.0.22 "GET /v2.0/ports?device_id=e53e1153-0317-41be-967e-ca4253fb266d HTTP/1.1" status: 200 len: 945 time: 0.0907531
Sep 14 23:10:58.450229 dv-cinder-804459-6-smb neutron-server[94135]: DEBUG neutron.pecan_wsgi.hooks.policy_enforcement [req-ab5f985e-b3a0-4b8f-aa87-054fe2359548 req-44e71944-ff9d-4487-b194-b17407acc201 tempest-ServerRescueNegativeTestJSON-697079758 tempest-ServerRescueNegativeTestJSON-697079758-project] Attributes excluded by policy engine: ['standard_attr_id', 'binding:profile', 'binding:host_id', 'binding:vif_type', 'binding:vif_details'] {{(pid=94135) _exclude_attributes_by_policy /opt/stack/neutron/neutron/pecan_wsgi/hooks/policy_enforcement.py:255}}
Sep 14 23:10:58.452470 dv-cinder-804459-6-smb neutron-server[94135]: INFO neutron.wsgi [req-ab5f985e-b3a0-4b8f-aa87-054fe2359548 req-44e71944-ff9d-4487-b194-b17407acc201 tempest-ServerRescueNegativeTestJSON-697079758 tempest-ServerRescueNegativeTestJSON-697079758-project] 10.222.0.22 "GET /v2.0/ports?device_id=50bc656d-a187-4d33-ae29-51166a92bcff HTTP/1.1" status: 200 len: 945 time: 0.0873005
Sep 14 23:10:58.454203 dv-cinder-804459-6-smb neutron-server[94136]: INFO neutron.wsgi [req-3692424d-83c1-46fd-984b-b2b0dab32ae3 req-97da121e-78a9-4762-b969-128179022169 tempest-VolumesActionsTest-1004087116 tempest-VolumesActionsTest-1004087116-project] 10.222.0.22 "GET /v2.0/security-groups?id=f983e6b1-7cc6-4f78-88de-f8603721aa01&fields=id&fields=name HTTP/1.1" status: 200 len: 286 time: 0.0468705
Sep 14 23:10:58.508834 dv-cinder-804459-6-smb neutron-server[94135]: INFO neutron.wsgi [req-ab5f985e-b3a0-4b8f-aa87-054fe2359548 req-0ef38e06-c0c1-438f-bd3e-985e2b7fee55 tempest-ServerRescueNegativeTestJSON-697079758 tempest-ServerRescueNegativeTestJSON-697079758-project] 10.222.0.22 "GET /v2.0/security-groups?id=66c6558b-78df-4dae-99d8-7b8c71743600&fields=id&fields=name HTTP/1.1" status: 200 len: 286 time: 0.0484152
Sep 14 23:10:59.114216 dv-cinder-804459-6-smb neutron-server[94135]: DEBUG neutron.pecan_wsgi.hooks.policy_enforcement [req-72f621b7-3e80-409a-9bb4-ce4418f6d9d6 req-3b6d91ad-3300-44d6-8457-907e4627faed tempest-DeleteServersTestJSON-511468649 tempest-DeleteServersTestJSON-511468649-project] Attributes excluded by policy engine: ['standard_attr_id', 'binding:profile', 'binding:host_id', 'binding:vif_type', 'binding:vif_details'] {{(pid=94135) _exclude_attributes_by_policy /opt/stack/neutron/neutron/pecan_wsgi/hooks/policy_enforcement.py:255}}
Sep 14 23:10:59.115755 dv-cinder-804459-6-smb neutron-server[94135]: INFO neutron.wsgi [req-72f621b7-3e80-409a-9bb4-ce4418f6d9d6 req-3b6d91ad-3300-44d6-8457-907e4627faed tempest-DeleteServersTestJSON-511468649 tempest-DeleteServersTestJSON-511468649-project] 10.222.0.22 "GET /v2.0/ports?device_id=ecb844de-a2ab-410f-b009-249234219a75 HTTP/1.1" status: 200 len: 946 time: 0.0539987
Sep 14 23:10:59.155402 dv-cinder-804459-6-smb neutron-server[94135]: INFO neutron.wsgi [req-72f621b7-3e80-409a-9bb4-ce4418f6d9d6 req-de03fab6-a086-4da6-9556-1de7b0568267 tempest-DeleteServersTestJSON-511468649 tempest-DeleteServersTestJSON-511468649-project] 10.222.0.22 "GET /v2.0/security-groups?id=8579a015-9c15-4e63-8c9d-cf059334c4a5&fields=id&fields=name HTTP/1.1" status: 200 len: 286 time: 0.0333369
Sep 14 23:10:59.393433 dv-cinder-804459-6-smb neutron-server[94136]: DEBUG neutron.pecan_wsgi.hooks.policy_enforcement [req-cce03704-f879-408b-9513-c5acb2759abd req-2837819f-3fbc-4a31-984d-29efedd6d6b7 tempest-AttachVolumeShelveTestJSON-215137027 tempest-AttachVolumeShelveTestJSON-215137027-project] Attributes excluded by policy engine: ['standard_attr_id', 'binding:profile', 'binding:host_id', 'binding:vif_type', 'binding:vif_details'] {{(pid=94136) _exclude_attributes_by_policy /opt/stack/neutron/neutron/pecan_wsgi/hooks/policy_enforcement.py:255}}
Sep 14 23:10:59.394815 dv-cinder-804459-6-smb neutron-server[94136]: INFO neutron.wsgi [req-cce03704-f879-408b-9513-c5acb2759abd req-2837819f-3fbc-4a31-984d-29efedd6d6b7 tempest-AttachVolumeShelveTestJSON-215137027 tempest-AttachVolumeShelveTestJSON-215137027-project] 10.222.0.22 "GET /v2.0/ports?device_id=39c0ca42-3ebc-4ff9-b769-b5145ec2f404 HTTP/1.1" status: 200 len: 945 time: 0.0520594
Sep 14 23:10:59.435718 dv-cinder-804459-6-smb neutron-server[94136]: INFO neutron.wsgi [req-cce03704-f879-408b-9513-c5acb2759abd req-51d3b3f3-d1c9-46ff-a1f1-b4d2d972d93b tempest-AttachVolumeShelveTestJSON-215137027 tempest-AttachVolumeShelveTestJSON-215137027-project] 10.222.0.22 "GET /v2.0/security-groups?id=2bd9c174-0f09-452e-bde9-8727b729610c&fields=id&fields=name HTTP/1.1" status: 200 len: 312 time: 0.0339146
Sep 14 23:10:59.582563 dv-cinder-804459-6-smb neutron-server[94136]: DEBUG neutron.pecan_wsgi.hooks.policy_enforcement [req-414b49d2-5e6d-4e01-80d2-bb03cfb32e57 req-b911fef3-3b8e-42b3-ab82-6bdd1efc1d2e tempest-VolumesActionsTest-1004087116 tempest-VolumesActionsTest-1004087116-project] Attributes excluded by policy engine: ['standard_attr_id', 'binding:profile', 'binding:host_id', 'binding:vif_type', 'binding:vif_details'] {{(pid=94136) _exclude_attributes_by_policy /opt/stack/neutron/neutron/pecan_wsgi/hooks/policy_enforcement.py:255}}
Sep 14 23:10:59.584061 dv-cinder-804459-6-smb neutron-server[94136]: INFO neutron.wsgi [req-414b49d2-5e6d-4e01-80d2-bb03cfb32e57 req-b911fef3-3b8e-42b3-ab82-6bdd1efc1d2e tempest-VolumesActionsTest-1004087116 tempest-VolumesActionsTest-1004087116-project] 10.222.0.22 "GET /v2.0/ports?device_id=e53e1153-0317-41be-967e-ca4253fb266d HTTP/1.1" status: 200 len: 945 time: 0.0530155
Sep 14 23:10:59.608161 dv-cinder-804459-6-smb neutron-server[94135]: DEBUG neutron.pecan_wsgi.hooks.policy_enforcement [req-698f1757-0e8c-4263-97e5-21443f23b64c req-be9207c5-190a-49c4-8f60-32a0f2780ce5 tempest-AttachVolumeShelveTestJSON-215137027 tempest-AttachVolumeShelveTestJSON-215137027-project] Attributes excluded by policy engine: ['standard_attr_id', 'binding:profile', 'binding:host_id', 'binding:vif_type', 'binding:vif_details'] {{(pid=94135) _exclude_attributes_by_policy /opt/stack/neutron/neutron/pecan_wsgi/hooks/policy_enforcement.py:255}}
Sep 14 23:10:59.610574 dv-cinder-804459-6-smb neutron-server[94135]: INFO neutron.wsgi [req-698f1757-0e8c-4263-97e5-21443f23b64c req-be9207c5-190a-49c4-8f60-32a0f2780ce5 tempest-AttachVolumeShelveTestJSON-215137027 tempest-AttachVolumeShelveTestJSON-215137027-project] 10.222.0.22 "GET /v2.0/ports?device_id=39c0ca42-3ebc-4ff9-b769-b5145ec2f404 HTTP/1.1" status: 200 len: 945 time: 0.0590091
Sep 14 23:10:59.619883 dv-cinder-804459-6-smb neutron-server[94135]: DEBUG neutron.wsgi [-] (94135) accepted ('10.222.0.22', 34190) {{(pid=94135) server /usr/local/lib/python3.8/dist-packages/eventlet/wsgi.py:982}}
Sep 14 23:10:59.627382 dv-cinder-804459-6-smb neutron-server[94135]: DEBUG neutron.api.v2.base [None req-8dcc6e16-dfa6-4e1c-b504-c8c17ecdf400 tempest-AttachVolumeShelveTestJSON-215137027 tempest-AttachVolumeShelveTestJSON-215137027-project] Request body: {'floatingip': {'port_id': '6bd25754-b6ad-406e-bbd3-0ef8f16488f1'}} {{(pid=94135) prepare_request_body /opt/stack/neutron/neutron/api/v2/base.py:730}}
Sep 14 23:10:59.644659 dv-cinder-804459-6-smb neutron-server[94136]: INFO neutron.wsgi [req-414b49d2-5e6d-4e01-80d2-bb03cfb32e57 req-c7360a76-f848-439f-9d96-a4ee5a1247cc tempest-VolumesActionsTest-1004087116 tempest-VolumesActionsTest-1004087116-project] 10.222.0.22 "GET /v2.0/security-groups?id=f983e6b1-7cc6-4f78-88de-f8603721aa01&fields=id&fields=name HTTP/1.1" status: 200 len: 286 time: 0.0537124
Sep 14 23:10:59.718815 dv-cinder-804459-6-smb neutron-server[94135]: DEBUG neutron_lib.callbacks.manager [None req-8dcc6e16-dfa6-4e1c-b504-c8c17ecdf400 tempest-AttachVolumeShelveTestJSON-215137027 tempest-AttachVolumeShelveTestJSON-215137027-project] Notify callbacks [] for floatingip, before_update {{(pid=94135) _notify_loop /usr/local/lib/python3.8/dist-packages/neutron_lib/callbacks/manager.py:192}}
Sep 14 23:10:59.742561 dv-cinder-804459-6-smb neutron-server[94136]: DEBUG neutron.wsgi [-] (94136) accepted ('10.222.0.22', 34198) {{(pid=94136) server /usr/local/lib/python3.8/dist-packages/eventlet/wsgi.py:982}}
Sep 14 23:10:59.842826 dv-cinder-804459-6-smb neutron-server[94135]: DEBUG neutron.pecan_wsgi.hooks.policy_enforcement [req-22a1708d-6e92-4e50-b6e2-510d66ddeb9f req-b7e0fbab-9f66-4cd8-9075-fc3a60310225 tempest-ServerRescueNegativeTestJSON-697079758 tempest-ServerRescueNegativeTestJSON-697079758-project] Attributes excluded by policy engine: ['standard_attr_id', 'binding:profile', 'binding:host_id', 'binding:vif_type', 'binding:vif_details'] {{(pid=94135) _exclude_attributes_by_policy /opt/stack/neutron/neutron/pecan_wsgi/hooks/policy_enforcement.py:255}}
Sep 14 23:10:59.844389 dv-cinder-804459-6-smb neutron-server[94135]: INFO neutron.wsgi [req-22a1708d-6e92-4e50-b6e2-510d66ddeb9f req-b7e0fbab-9f66-4cd8-9075-fc3a60310225 tempest-ServerRescueNegativeTestJSON-697079758 tempest-ServerRescueNegativeTestJSON-697079758-project] 10.222.0.22 "GET /v2.0/ports?device_id=50bc656d-a187-4d33-ae29-51166a92bcff HTTP/1.1" status: 200 len: 945 time: 0.1434851
Sep 14 23:10:59.864310 dv-cinder-804459-6-smb neutron-server[94136]: DEBUG neutron_lib.callbacks.manager [None req-0a9dba1d-8988-4a9c-9901-e55647a62185 admin admin] Notify callbacks [] for security_group, before_create {{(pid=94136) _notify_loop /usr/local/lib/python3.8/dist-packages/neutron_lib/callbacks/manager.py:192}}
Sep 14 23:10:59.967745 dv-cinder-804459-6-smb neutron-server[94136]: DEBUG neutron_lib.callbacks.manager [None req-0a9dba1d-8988-4a9c-9901-e55647a62185 admin admin] Notify callbacks [] for security_group, precommit_create {{(pid=94136) _notify_loop /usr/local/lib/python3.8/dist-packages/neutron_lib/callbacks/manager.py:192}}
Sep 14 23:10:59.970071 dv-cinder-804459-6-smb neutron-server[94135]: INFO neutron.wsgi [req-22a1708d-6e92-4e50-b6e2-510d66ddeb9f req-30363367-b5cc-4d56-9cc6-740f87cb903a tempest-ServerRescueNegativeTestJSON-697079758 tempest-ServerRescueNegativeTestJSON-697079758-project] 10.222.0.22 "GET /v2.0/security-groups?id=66c6558b-78df-4dae-99d8-7b8c71743600&fields=id&fields=name HTTP/1.1" status: 200 len: 286 time: 0.1076119
Sep 14 23:10:59.975652 dv-cinder-804459-6-smb neutron-server[94136]: DEBUG neutron_lib.callbacks.manager [None req-0a9dba1d-8988-4a9c-9901-e55647a62185 admin admin] Notify callbacks ['neutron.plugins.ml2.ovo_rpc._ObjectChangeHandler.handle_event-1630893'] for security_group, after_create {{(pid=94136) _notify_loop /usr/local/lib/python3.8/dist-packages/neutron_lib/callbacks/manager.py:192}}
Sep 14 23:11:00.040114 dv-cinder-804459-6-smb neutron-server[94136]: INFO neutron.wsgi [None req-0a9dba1d-8988-4a9c-9901-e55647a62185 admin admin] 10.222.0.22 "GET /v2.0/security-groups?tenant_id=b400c842bab24fbb99ea56c481090444&name=default HTTP/1.1" status: 200 len: 2979 time: 0.2962708
Sep 14 23:11:00.041023 dv-cinder-804459-6-smb neutron-server[94136]: DEBUG neutron.api.rpc.handlers.resources_rpc [None req-0a9dba1d-8988-4a9c-9901-e55647a62185 admin admin] Pushing event updated for resources: {'SecurityGroup': ['ID=cdc6737a-cd8a-4985-8433-4b16aea45420,revision_number=1']} {{(pid=94136) push /opt/stack/neutron/neutron/api/rpc/handlers/resources_rpc.py:237}}
Sep 14 23:11:00.055631 dv-cinder-804459-6-smb neutron-server[94136]: DEBUG neutron.wsgi [-] (94136) accepted ('10.222.0.22', 34214) {{(pid=94136) server /usr/local/lib/python3.8/dist-packages/eventlet/wsgi.py:982}}
Sep 14 23:11:00.114843 dv-cinder-804459-6-smb neutron-server[94136]: DEBUG neutron_lib.callbacks.manager [None req-6126a7ef-2f88-4299-8f90-fd3d2de3952e admin admin] Notify callbacks [] for security_group, before_delete {{(pid=94136) _notify_loop /usr/local/lib/python3.8/dist-packages/neutron_lib/callbacks/manager.py:192}}
Sep 14 23:11:00.138479 dv-cinder-804459-6-smb neutron-server[94136]: DEBUG neutron_lib.callbacks.manager [None req-6126a7ef-2f88-4299-8f90-fd3d2de3952e admin admin] Notify callbacks [] for security_group, precommit_delete {{(pid=94136) _notify_loop /usr/local/lib/python3.8/dist-packages/neutron_lib/callbacks/manager.py:192}}
Sep 14 23:11:00.197722 dv-cinder-804459-6-smb neutron-server[94136]: DEBUG neutron_lib.callbacks.manager [None req-6126a7ef-2f88-4299-8f90-fd3d2de3952e admin admin] Notify callbacks ['neutron.plugins.ml2.ovo_rpc._ObjectChangeHandler.handle_event-1630893'] for security_group, after_delete {{(pid=94136) _notify_loop /usr/local/lib/python3.8/dist-packages/neutron_lib/callbacks/manager.py:192}}
Sep 14 23:11:00.201294 dv-cinder-804459-6-smb neutron-server[94136]: DEBUG neutron_lib.callbacks.manager [None req-6126a7ef-2f88-4299-8f90-fd3d2de3952e admin admin] Notify callbacks [] for security_group, before_response {{(pid=94136) _notify_loop /usr/local/lib/python3.8/dist-packages/neutron_lib/callbacks/manager.py:192}}
Sep 14 23:11:00.202749 dv-cinder-804459-6-smb neutron-server[94136]: INFO neutron.wsgi [None req-6126a7ef-2f88-4299-8f90-fd3d2de3952e admin admin] 10.222.0.22 "DELETE /v2.0/security-groups/cdc6737a-cd8a-4985-8433-4b16aea45420 HTTP/1.1" status: 204 len: 168 time: 0.1460824
Sep 14 23:11:00.215354 dv-cinder-804459-6-smb neutron-server[94136]: DEBUG neutron.api.rpc.handlers.resources_rpc [None req-6126a7ef-2f88-4299-8f90-fd3d2de3952e admin admin] Pushing event deleted for resources: {'SecurityGroup': ['ID=cdc6737a-cd8a-4985-8433-4b16aea45420,revision_number=None']} {{(pid=94136) push /opt/stack/neutron/neutron/api/rpc/handlers/resources_rpc.py:237}}
Sep 14 23:11:00.309341 dv-cinder-804459-6-smb neutron-server[94136]: DEBUG neutron.pecan_wsgi.hooks.policy_enforcement [req-75d344cd-5433-4018-8a2b-f8b859ff4d13 req-986b3ee3-fcbd-4ead-9c0a-5e52bc34d8fd tempest-DeleteServersTestJSON-511468649 tempest-DeleteServersTestJSON-511468649-project] Attributes excluded by policy engine: ['standard_attr_id', 'binding:profile', 'binding:host_id', 'binding:vif_type', 'binding:vif_details'] {{(pid=94136) _exclude_attributes_by_policy /opt/stack/neutron/neutron/pecan_wsgi/hooks/policy_enforcement.py:255}}
Sep 14 23:11:00.311664 dv-cinder-804459-6-smb neutron-server[94136]: INFO neutron.wsgi [req-75d344cd-5433-4018-8a2b-f8b859ff4d13 req-986b3ee3-fcbd-4ead-9c0a-5e52bc34d8fd tempest-DeleteServersTestJSON-511468649 tempest-DeleteServersTestJSON-511468649-project] 10.222.0.22 "GET /v2.0/ports?device_id=ecb844de-a2ab-410f-b009-249234219a75 HTTP/1.1" status: 200 len: 946 time: 0.0587506
Sep 14 23:11:00.363835 dv-cinder-804459-6-smb neutron-server[94136]: INFO neutron.wsgi [req-75d344cd-5433-4018-8a2b-f8b859ff4d13 req-98082ff1-5681-4b64-8172-1e4ef92dbd0d tempest-DeleteServersTestJSON-511468649 tempest-DeleteServersTestJSON-511468649-project] 10.222.0.22 "GET /v2.0/security-groups?id=8579a015-9c15-4e63-8c9d-cf059334c4a5&fields=id&fields=name HTTP/1.1" status: 200 len: 286 time: 0.0441585
Sep 14 23:11:00.539142 dv-cinder-804459-6-smb neutron-server[94136]: DEBUG neutron.wsgi [-] (94136) accepted ('10.222.0.22', 34232) {{(pid=94136) server /usr/local/lib/python3.8/dist-packages/eventlet/wsgi.py:982}}
Sep 14 23:11:00.552745 dv-cinder-804459-6-smb neutron-server[94136]: DEBUG neutron_lib.callbacks.manager [None req-081614ae-9f92-430f-8865-1772453295e5 admin admin] Notify callbacks [] for security_group, before_create {{(pid=94136) _notify_loop /usr/local/lib/python3.8/dist-packages/neutron_lib/callbacks/manager.py:192}}
Sep 14 23:11:00.648646 dv-cinder-804459-6-smb neutron-server[94136]: DEBUG neutron_lib.callbacks.manager [None req-081614ae-9f92-430f-8865-1772453295e5 admin admin] Notify callbacks [] for security_group, precommit_create {{(pid=94136) _notify_loop /usr/local/lib/python3.8/dist-packages/neutron_lib/callbacks/manager.py:192}}
Sep 14 23:11:00.654870 dv-cinder-804459-6-smb neutron-server[94136]: DEBUG neutron_lib.callbacks.manager [None req-081614ae-9f92-430f-8865-1772453295e5 admin admin] Notify callbacks ['neutron.plugins.ml2.ovo_rpc._ObjectChangeHandler.handle_event-1630893'] for security_group, after_create {{(pid=94136) _notify_loop /usr/local/lib/python3.8/dist-packages/neutron_lib/callbacks/manager.py:192}}
Sep 14 23:11:00.660410 dv-cinder-804459-6-smb neutron-server[94135]: DEBUG neutron_lib.callbacks.manager [None req-8dcc6e16-dfa6-4e1c-b504-c8c17ecdf400 tempest-AttachVolumeShelveTestJSON-215137027 tempest-AttachVolumeShelveTestJSON-215137027-project] Notify callbacks [] for floatingip, precommit_update {{(pid=94135) _notify_loop /usr/local/lib/python3.8/dist-packages/neutron_lib/callbacks/manager.py:192}}
Sep 14 23:11:00.664827 dv-cinder-804459-6-smb neutron-server[94135]: DEBUG neutron_lib.callbacks.manager [None req-8dcc6e16-dfa6-4e1c-b504-c8c17ecdf400 tempest-AttachVolumeShelveTestJSON-215137027 tempest-AttachVolumeShelveTestJSON-215137027-project] Notify callbacks ['neutron.services.l3_router.l3_router_plugin.DVRResourceOperationHandler._create_dvr_floating_gw_port-1637888'] for floatingip, after_update {{(pid=94135) _notify_loop /usr/local/lib/python3.8/dist-packages/neutron_lib/callbacks/manager.py:192}}
Sep 14 23:11:00.697901 dv-cinder-804459-6-smb neutron-server[94136]: INFO neutron.wsgi [None req-081614ae-9f92-430f-8865-1772453295e5 admin admin] 10.222.0.22 "GET /v2.0/security-groups?tenant_id=4e1e2f6b0b094380b1551af54ac372b7&name=default HTTP/1.1" status: 200 len: 2979 time: 0.1550407
Sep 14 23:11:00.697901 dv-cinder-804459-6-smb neutron-server[94136]: DEBUG neutron.api.rpc.handlers.resources_rpc [None req-081614ae-9f92-430f-8865-1772453295e5 admin admin] Pushing event updated for resources: {'SecurityGroup': ['ID=2c596f1a-39d5-4c77-a014-8e7ceff2df64,revision_number=1']} {{(pid=94136) push /opt/stack/neutron/neutron/api/rpc/handlers/resources_rpc.py:237}}
Sep 14 23:11:00.698982 dv-cinder-804459-6-smb neutron-server[94135]: DEBUG neutron.wsgi [-] (94135) accepted ('10.222.0.22', 34236) {{(pid=94135) server /usr/local/lib/python3.8/dist-packages/eventlet/wsgi.py:982}}
Sep 14 23:11:00.833913 dv-cinder-804459-6-smb neutron-server[94135]: DEBUG neutron.pecan_wsgi.hooks.policy_enforcement [req-b647c9b4-d73f-444a-bf74-16a0497dbb1a req-7acaecc4-53f3-4b82-bc8b-a2c38ffe5f50 tempest-VolumesActionsTest-1004087116 tempest-VolumesActionsTest-1004087116-project] Attributes excluded by policy engine: ['standard_attr_id', 'binding:profile', 'binding:host_id', 'binding:vif_type', 'binding:vif_details'] {{(pid=94135) _exclude_attributes_by_policy /opt/stack/neutron/neutron/pecan_wsgi/hooks/policy_enforcement.py:255}}
Sep 14 23:11:00.835401 dv-cinder-804459-6-smb neutron-server[94135]: INFO neutron.wsgi [req-b647c9b4-d73f-444a-bf74-16a0497dbb1a req-7acaecc4-53f3-4b82-bc8b-a2c38ffe5f50 tempest-VolumesActionsTest-1004087116 tempest-VolumesActionsTest-1004087116-project] 10.222.0.22 "GET /v2.0/ports?device_id=e53e1153-0317-41be-967e-ca4253fb266d HTTP/1.1" status: 200 len: 945 time: 0.1021924
Sep 14 23:11:00.838004 dv-cinder-804459-6-smb neutron-server[94135]: INFO neutron.db.l3_db [None req-8dcc6e16-dfa6-4e1c-b504-c8c17ecdf400 tempest-AttachVolumeShelveTestJSON-215137027 tempest-AttachVolumeShelveTestJSON-215137027-project] Floating IP c1c6c18c-8d2f-4f32-b064-4ca4c6d3551a associated. External IP: 172.28.0.249, port: 6bd25754-b6ad-406e-bbd3-0ef8f16488f1.
Sep 14 23:11:00.876628 dv-cinder-804459-6-smb neutron-server[94135]: DEBUG neutron_lib.callbacks.manager [None req-8b56c04b-6029-4d95-ac49-538a1769879c admin admin] Notify callbacks [] for security_group, before_delete {{(pid=94135) _notify_loop /usr/local/lib/python3.8/dist-packages/neutron_lib/callbacks/manager.py:192}}
Sep 14 23:11:00.941128 dv-cinder-804459-6-smb neutron-server[94135]: DEBUG neutron_lib.callbacks.manager [None req-8b56c04b-6029-4d95-ac49-538a1769879c admin admin] Notify callbacks [] for security_group, precommit_delete {{(pid=94135) _notify_loop /usr/local/lib/python3.8/dist-packages/neutron_lib/callbacks/manager.py:192}}
Sep 14 23:11:00.976124 dv-cinder-804459-6-smb neutron-server[94135]: INFO neutron.wsgi [req-b647c9b4-d73f-444a-bf74-16a0497dbb1a req-abb08f1e-2466-466d-a735-fa1088ec49f8 tempest-VolumesActionsTest-1004087116 tempest-VolumesActionsTest-1004087116-project] 10.222.0.22 "GET /v2.0/security-groups?id=f983e6b1-7cc6-4f78-88de-f8603721aa01&fields=id&fields=name HTTP/1.1" status: 200 len: 286 time: 0.1334677
Sep 14 23:11:01.092195 dv-cinder-804459-6-smb neutron-server[94135]: DEBUG neutron_lib.callbacks.manager [None req-8b56c04b-6029-4d95-ac49-538a1769879c admin admin] Notify callbacks ['neutron.plugins.ml2.ovo_rpc._ObjectChangeHandler.handle_event-1630893'] for security_group, after_delete {{(pid=94135) _notify_loop /usr/local/lib/python3.8/dist-packages/neutron_lib/callbacks/manager.py:192}}
Sep 14 23:11:01.094932 dv-cinder-804459-6-smb neutron-server[94135]: DEBUG neutron_lib.callbacks.manager [None req-8b56c04b-6029-4d95-ac49-538a1769879c admin admin] Notify callbacks [] for security_group, before_response {{(pid=94135) _notify_loop /usr/local/lib/python3.8/dist-packages/neutron_lib/callbacks/manager.py:192}}
Sep 14 23:11:01.098768 dv-cinder-804459-6-smb neutron-server[94135]: INFO neutron.wsgi [None req-8b56c04b-6029-4d95-ac49-538a1769879c admin admin] 10.222.0.22 "DELETE /v2.0/security-groups/2c596f1a-39d5-4c77-a014-8e7ceff2df64 HTTP/1.1" status: 204 len: 168 time: 0.3961489
Sep 14 23:11:01.110391 dv-cinder-804459-6-smb neutron-server[94135]: DEBUG neutron.api.rpc.handlers.resources_rpc [None req-8b56c04b-6029-4d95-ac49-538a1769879c admin admin] Pushing event deleted for resources: {'SecurityGroup': ['ID=2c596f1a-39d5-4c77-a014-8e7ceff2df64,revision_number=None']} {{(pid=94135) push /opt/stack/neutron/neutron/api/rpc/handlers/resources_rpc.py:237}}
Sep 14 23:11:01.157168 dv-cinder-804459-6-smb neutron-server[94136]: DEBUG neutron.pecan_wsgi.hooks.policy_enforcement [req-058471e2-3853-4716-af12-4fa2b144feba req-1c849d5c-794e-4480-9c43-db2a30cb0fb7 tempest-ServerRescueNegativeTestJSON-697079758 tempest-ServerRescueNegativeTestJSON-697079758-project] Attributes excluded by policy engine: ['standard_attr_id', 'binding:profile', 'binding:host_id', 'binding:vif_type', 'binding:vif_details'] {{(pid=94136) _exclude_attributes_by_policy /opt/stack/neutron/neutron/pecan_wsgi/hooks/policy_enforcement.py:255}}
Sep 14 23:11:01.157782 dv-cinder-804459-6-smb neutron-server[94135]: DEBUG neutron.scheduler.l3_agent_scheduler [None req-8dcc6e16-dfa6-4e1c-b504-c8c17ecdf400 tempest-AttachVolumeShelveTestJSON-215137027 tempest-AttachVolumeShelveTestJSON-215137027-project] Router 9d3b3c29-9c17-4059-9d1b-a4abf63e2e08 has already been hosted by L3 agent 299715a0-dc78-46af-a4c5-c0d31bcdc363 {{(pid=94135) _get_candidates /opt/stack/neutron/neutron/scheduler/l3_agent_scheduler.py:126}}
Sep 14 23:11:01.159487 dv-cinder-804459-6-smb neutron-server[94136]: INFO neutron.wsgi [req-058471e2-3853-4716-af12-4fa2b144feba req-1c849d5c-794e-4480-9c43-db2a30cb0fb7 tempest-ServerRescueNegativeTestJSON-697079758 tempest-ServerRescueNegativeTestJSON-697079758-project] 10.222.0.22 "GET /v2.0/ports?device_id=50bc656d-a187-4d33-ae29-51166a92bcff HTTP/1.1" status: 200 len: 945 time: 0.0788012
Sep 14 23:11:01.199951 dv-cinder-804459-6-smb neutron-server[94137]: DEBUG neutron.plugins.ml2.rpc [None req-1d9215e2-29e8-48ef-8022-f4454d211457 None None] Device 7ab39e56-4105-4312-9ba7-252fded698e3 up at agent hyperv_hv-cinder-80445 {{(pid=94137) update_device_up /opt/stack/neutron/neutron/plugins/ml2/rpc.py:296}}
Sep 14 23:11:01.220355 dv-cinder-804459-6-smb neutron-server[94136]: INFO neutron.wsgi [req-058471e2-3853-4716-af12-4fa2b144feba req-8981b3db-ac08-4bd7-9292-f5924fb4aeb6 tempest-ServerRescueNegativeTestJSON-697079758 tempest-ServerRescueNegativeTestJSON-697079758-project] 10.222.0.22 "GET /v2.0/security-groups?id=66c6558b-78df-4dae-99d8-7b8c71743600&fields=id&fields=name HTTP/1.1" status: 200 len: 286 time: 0.0535302
