Aug 31 23:32:38.496913 dv-cinder-804459-5-iscsi devstack@c-api.service[100850]: WARNING cinder.quota [None req-eecc3919-154d-4230-a11a-9d7b0aba0eb8 tempest-UserMessagesTest-1105873469 tempest-UserMessagesTest-1105873469-project] Deprecated: Default quota for resource: gigabytes_tempest-UserMessagesTest-volume-type-662789665 is set by the default quota flag: quota_gigabytes_tempest-UserMessagesTest-volume-type-662789665, it is now deprecated. Please use the default quota class for default quota.
Aug 31 23:32:38.562103 dv-cinder-804459-5-iscsi devstack@c-api.service[100850]: DEBUG cinder.quota [None req-eecc3919-154d-4230-a11a-9d7b0aba0eb8 tempest-UserMessagesTest-1105873469 tempest-UserMessagesTest-1105873469-project] Created reservations ['0cea0113-6cb6-4de7-81b5-2676cf693b1f', '5b927aac-0451-43fc-8b37-d1e9f91437e0', 'd4c7f70f-c692-42e5-aa6a-ea6c2548ea82', 'aba1ec62-e10f-4f22-bce2-05dd8ec1cf3c'] {{(pid=100850) reserve /opt/stack/cinder/cinder/quota.py:755}}
Aug 31 23:32:38.566780 dv-cinder-804459-5-iscsi devstack@c-api.service[100850]: DEBUG cinder.volume.api [None req-eecc3919-154d-4230-a11a-9d7b0aba0eb8 tempest-UserMessagesTest-1105873469 tempest-UserMessagesTest-1105873469-project] Task 'cinder.volume.flows.api.create_volume.QuotaReserveTask;volume:create' (e13c0208-7ca2-4f69-a6a9-b2f5086ae557) transitioned into state 'SUCCESS' from state 'RUNNING' with result '{'reservations': ['0cea0113-6cb6-4de7-81b5-2676cf693b1f', '5b927aac-0451-43fc-8b37-d1e9f91437e0', 'd4c7f70f-c692-42e5-aa6a-ea6c2548ea82', 'aba1ec62-e10f-4f22-bce2-05dd8ec1cf3c']}' {{(pid=100850) _task_receiver /usr/local/lib/python3.8/dist-packages/taskflow/listeners/logging.py:178}}
Aug 31 23:32:38.569411 dv-cinder-804459-5-iscsi devstack@c-api.service[100850]: DEBUG cinder.volume.api [None req-eecc3919-154d-4230-a11a-9d7b0aba0eb8 tempest-UserMessagesTest-1105873469 tempest-UserMessagesTest-1105873469-project] Task 'cinder.volume.flows.api.create_volume.EntryCreateTask;volume:create' (1b60ce60-5880-467d-a59d-c2b809405cb8) transitioned into state 'RUNNING' from state 'PENDING' {{(pid=100850) _task_receiver /usr/local/lib/python3.8/dist-packages/taskflow/listeners/logging.py:190}}
Aug 31 23:32:38.597828 dv-cinder-804459-5-iscsi devstack@c-api.service[100850]: DEBUG cinder.volume.api [None req-eecc3919-154d-4230-a11a-9d7b0aba0eb8 tempest-UserMessagesTest-1105873469 tempest-UserMessagesTest-1105873469-project] Task 'cinder.volume.flows.api.create_volume.EntryCreateTask;volume:create' (1b60ce60-5880-467d-a59d-c2b809405cb8) transitioned into state 'SUCCESS' from state 'RUNNING' with result '{'volume_id': '6c88f969-6677-4a89-8ec1-51165ae95e18', 'volume_properties': VolumeProperties(attach_status='detached',availability_zone='nova',cgsnapshot_id=None,consistencygroup_id=None,display_description=None,display_name='tempest-UserMessagesTest-Volume-661447608',encryption_key_id=None,group_id=None,group_type_id=<?>,metadata={},multiattach=False,project_id='63773dcd337542528cc07523c3270963',qos_specs=None,replication_status=<?>,reservations=['0cea0113-6cb6-4de7-81b5-2676cf693b1f','5b927aac-0451-43fc-8b37-d1e9f91437e0','d4c7f70f-c692-42e5-aa6a-ea6c2548ea82','aba1ec62-e10f-4f22-bce2-05dd8ec1cf3c'],size=1,snapshot_id=None,source_replicaid=<?>,source_volid=None,status='creating',user_id='7f9c7ad0ce6a4ee1bce92298edb4250a',volume_type_id=eec2a691-25ab-4de6-b856-119b79dd80e7), 'volume': Volume(_name_id=None,admin_metadata=<?>,attach_status='detached',availability_zone='nova',bootable=False,cluster=<?>,cluster_name=None,consistencygroup=<?>,consistencygroup_id=None,created_at=2021-08-31T23:32:38Z,deleted=False,deleted_at=None,display_description=None,display_name='tempest-UserMessagesTest-Volume-661447608',ec2_id=None,encryption_key_id=None,glance_metadata=<?>,group=<?>,group_id=None,host=None,id=6c88f969-6677-4a89-8ec1-51165ae95e18,launched_at=None,metadata={},migration_status=None,multiattach=False,previous_status=None,project_id='63773dcd337542528cc07523c3270963',provider_auth=None,provider_geometry=None,provider_id=None,provider_location=None,replication_driver_data=None,replication_extended_status=None,replication_status=None,scheduled_at=None,service_uuid=None,shared_targets=True,size=1,snapshot_id=None,snapshots=<?>,source_volid=None,status='creating',terminated_at=None,updated_at=None,use_quota=True,user_id='7f9c7ad0ce6a4ee1bce92298edb4250a',volume_attachment=<?>,volume_type=VolumeType(eec2a691-25ab-4de6-b856-119b79dd80e7),volume_type_id=eec2a691-25ab-4de6-b856-119b79dd80e7)}' {{(pid=100850) _task_receiver /usr/local/lib/python3.8/dist-packages/taskflow/listeners/logging.py:178}}
Aug 31 23:32:38.600505 dv-cinder-804459-5-iscsi devstack@c-api.service[100850]: DEBUG cinder.volume.api [None req-eecc3919-154d-4230-a11a-9d7b0aba0eb8 tempest-UserMessagesTest-1105873469 tempest-UserMessagesTest-1105873469-project] Task 'cinder.volume.flows.api.create_volume.QuotaCommitTask;volume:create' (8b650d67-2f24-4b56-8401-b081f870977c) transitioned into state 'RUNNING' from state 'PENDING' {{(pid=100850) _task_receiver /usr/local/lib/python3.8/dist-packages/taskflow/listeners/logging.py:190}}
Aug 31 23:32:38.622837 dv-cinder-804459-5-iscsi devstack@c-api.service[100851]: INFO cinder.api.openstack.wsgi [None req-ccf7a91e-5663-40ab-9966-4bc5863e7d37 tempest-VolumesListAdminTestJSON-1537065466 tempest-VolumesListAdminTestJSON-1537065466-project] GET http://10.222.0.54/volume/v3/29459246d5244b2bbe306361e18c23ba/volumes/2ba6cf6d-6596-4f2e-8edc-1a7fc0caa3bf
Aug 31 23:32:38.623626 dv-cinder-804459-5-iscsi devstack@c-api.service[100851]: DEBUG cinder.api.openstack.wsgi [None req-ccf7a91e-5663-40ab-9966-4bc5863e7d37 tempest-VolumesListAdminTestJSON-1537065466 tempest-VolumesListAdminTestJSON-1537065466-project] Empty body provided in request {{(pid=100851) get_body /opt/stack/cinder/cinder/api/openstack/wsgi.py:703}}
Aug 31 23:32:38.624304 dv-cinder-804459-5-iscsi devstack@c-api.service[100851]: DEBUG cinder.api.openstack.wsgi [None req-ccf7a91e-5663-40ab-9966-4bc5863e7d37 tempest-VolumesListAdminTestJSON-1537065466 tempest-VolumesListAdminTestJSON-1537065466-project] Calling method 'show' {{(pid=100851) _process_stack /opt/stack/cinder/cinder/api/openstack/wsgi.py:856}}
Aug 31 23:32:38.638595 dv-cinder-804459-5-iscsi devstack@c-api.service[100850]: DEBUG cinder.volume.api [None req-eecc3919-154d-4230-a11a-9d7b0aba0eb8 tempest-UserMessagesTest-1105873469 tempest-UserMessagesTest-1105873469-project] Task 'cinder.volume.flows.api.create_volume.QuotaCommitTask;volume:create' (8b650d67-2f24-4b56-8401-b081f870977c) transitioned into state 'SUCCESS' from state 'RUNNING' with result '{'volume_properties': VolumeProperties(attach_status='detached',availability_zone='nova',cgsnapshot_id=None,consistencygroup_id=None,display_description=None,display_name='tempest-UserMessagesTest-Volume-661447608',encryption_key_id=None,group_id=None,group_type_id=<?>,metadata={},multiattach=False,project_id='63773dcd337542528cc07523c3270963',qos_specs=None,replication_status=<?>,reservations=['0cea0113-6cb6-4de7-81b5-2676cf693b1f','5b927aac-0451-43fc-8b37-d1e9f91437e0','d4c7f70f-c692-42e5-aa6a-ea6c2548ea82','aba1ec62-e10f-4f22-bce2-05dd8ec1cf3c'],size=1,snapshot_id=None,source_replicaid=<?>,source_volid=None,status='creating',user_id='7f9c7ad0ce6a4ee1bce92298edb4250a',volume_type_id=eec2a691-25ab-4de6-b856-119b79dd80e7)}' {{(pid=100850) _task_receiver /usr/local/lib/python3.8/dist-packages/taskflow/listeners/logging.py:178}}
Aug 31 23:32:38.641181 dv-cinder-804459-5-iscsi devstack@c-api.service[100850]: DEBUG cinder.volume.api [None req-eecc3919-154d-4230-a11a-9d7b0aba0eb8 tempest-UserMessagesTest-1105873469 tempest-UserMessagesTest-1105873469-project] Task 'cinder.volume.flows.api.create_volume.VolumeCastTask;volume:create' (3d070d0c-2190-41f4-beb2-43e80a1d2863) transitioned into state 'RUNNING' from state 'PENDING' {{(pid=100850) _task_receiver /usr/local/lib/python3.8/dist-packages/taskflow/listeners/logging.py:190}}
Aug 31 23:32:38.646864 dv-cinder-804459-5-iscsi devstack@c-api.service[100851]: /usr/local/lib/python3.8/dist-packages/oslo_context/context.py:105: DeprecationWarning: Policy enforcement is depending on the value of is_admin. This key is deprecated. Please update your policy file to use the standard policy values.
Aug 31 23:32:38.646864 dv-cinder-804459-5-iscsi devstack@c-api.service[100851]:   warnings.warn('Policy enforcement is depending on the value of '
Aug 31 23:32:38.659429 dv-cinder-804459-5-iscsi devstack@c-api.service[100851]: INFO cinder.volume.api [None req-ccf7a91e-5663-40ab-9966-4bc5863e7d37 tempest-VolumesListAdminTestJSON-1537065466 tempest-VolumesListAdminTestJSON-1537065466-project] Volume info retrieved successfully.
Aug 31 23:32:38.664208 dv-cinder-804459-5-iscsi devstack@c-api.service[100850]: DEBUG cinder.volume.api [None req-eecc3919-154d-4230-a11a-9d7b0aba0eb8 tempest-UserMessagesTest-1105873469 tempest-UserMessagesTest-1105873469-project] Task 'cinder.volume.flows.api.create_volume.VolumeCastTask;volume:create' (3d070d0c-2190-41f4-beb2-43e80a1d2863) transitioned into state 'SUCCESS' from state 'RUNNING' with result 'None' {{(pid=100850) _task_receiver /usr/local/lib/python3.8/dist-packages/taskflow/listeners/logging.py:178}}
Aug 31 23:32:38.668261 dv-cinder-804459-5-iscsi devstack@c-api.service[100850]: DEBUG cinder.volume.api [None req-eecc3919-154d-4230-a11a-9d7b0aba0eb8 tempest-UserMessagesTest-1105873469 tempest-UserMessagesTest-1105873469-project] Flow 'volume_create_api' (837c2e39-ac51-4908-8ed5-aad500929955) transitioned into state 'SUCCESS' from state 'RUNNING' {{(pid=100850) _flow_receiver /usr/local/lib/python3.8/dist-packages/taskflow/listeners/logging.py:141}}
Aug 31 23:32:38.668991 dv-cinder-804459-5-iscsi devstack@c-api.service[100850]: INFO cinder.volume.api [None req-eecc3919-154d-4230-a11a-9d7b0aba0eb8 tempest-UserMessagesTest-1105873469 tempest-UserMessagesTest-1105873469-project] Create volume request issued successfully.
Aug 31 23:32:38.689345 dv-cinder-804459-5-iscsi devstack@c-api.service[100850]: INFO cinder.api.openstack.wsgi [None req-eecc3919-154d-4230-a11a-9d7b0aba0eb8 tempest-UserMessagesTest-1105873469 tempest-UserMessagesTest-1105873469-project] http://10.222.0.54/volume/v3/63773dcd337542528cc07523c3270963/volumes returned with HTTP 202
Aug 31 23:32:38.696827 dv-cinder-804459-5-iscsi devstack@c-api.service[100850]: [pid: 100850|app: 0|req: 126/243] 10.222.0.54 () {62 vars in 1276 bytes} [Tue Aug 31 23:32:38 2021] POST /volume/v3/63773dcd337542528cc07523c3270963/volumes => generated 850 bytes in 314 msecs (HTTP/1.1 202) 7 headers in 291 bytes (2 switches on core 0)
Aug 31 23:32:38.706373 dv-cinder-804459-5-iscsi devstack@c-api.service[100850]: INFO cinder.api.openstack.wsgi [None req-dad7cdb6-444c-473c-be08-c86636850809 tempest-UserMessagesTest-1105873469 tempest-UserMessagesTest-1105873469-project] GET http://10.222.0.54/volume/v3/63773dcd337542528cc07523c3270963/volumes/6c88f969-6677-4a89-8ec1-51165ae95e18
Aug 31 23:32:38.707208 dv-cinder-804459-5-iscsi devstack@c-api.service[100850]: DEBUG cinder.api.openstack.wsgi [None req-dad7cdb6-444c-473c-be08-c86636850809 tempest-UserMessagesTest-1105873469 tempest-UserMessagesTest-1105873469-project] Empty body provided in request {{(pid=100850) get_body /opt/stack/cinder/cinder/api/openstack/wsgi.py:703}}
Aug 31 23:32:38.707528 dv-cinder-804459-5-iscsi devstack@c-api.service[100850]: /usr/local/lib/python3.8/dist-packages/webob/acceptparse.py:1047: DeprecationWarning: The behavior of AcceptValidHeader.best_match is currently being maintained for backward compatibility, but it will be deprecated in the future, as it does not conform to the RFC.
Aug 31 23:32:38.707528 dv-cinder-804459-5-iscsi devstack@c-api.service[100850]:   warnings.warn(
Aug 31 23:32:38.708081 dv-cinder-804459-5-iscsi devstack@c-api.service[100850]: DEBUG cinder.api.openstack.wsgi [None req-dad7cdb6-444c-473c-be08-c86636850809 tempest-UserMessagesTest-1105873469 tempest-UserMessagesTest-1105873469-project] Calling method 'show' {{(pid=100850) _process_stack /opt/stack/cinder/cinder/api/openstack/wsgi.py:856}}
Aug 31 23:32:38.717920 dv-cinder-804459-5-iscsi devstack@c-api.service[100851]: INFO cinder.api.openstack.wsgi [None req-ccf7a91e-5663-40ab-9966-4bc5863e7d37 tempest-VolumesListAdminTestJSON-1537065466 tempest-VolumesListAdminTestJSON-1537065466-project] http://10.222.0.54/volume/v3/29459246d5244b2bbe306361e18c23ba/volumes/2ba6cf6d-6596-4f2e-8edc-1a7fc0caa3bf returned with HTTP 200
Aug 31 23:32:38.720984 dv-cinder-804459-5-iscsi devstack@c-api.service[100851]: [pid: 100851|app: 0|req: 118/244] 10.222.0.54 () {58 vars in 1325 bytes} [Tue Aug 31 23:32:38 2021] GET /volume/v3/29459246d5244b2bbe306361e18c23ba/volumes/2ba6cf6d-6596-4f2e-8edc-1a7fc0caa3bf => generated 914 bytes in 102 msecs (HTTP/1.1 200) 7 headers in 285 bytes (2 switches on core 0)
Aug 31 23:32:38.732969 dv-cinder-804459-5-iscsi devstack@c-api.service[100850]: /usr/local/lib/python3.8/dist-packages/oslo_context/context.py:105: DeprecationWarning: Policy enforcement is depending on the value of is_admin. This key is deprecated. Please update your policy file to use the standard policy values.
Aug 31 23:32:38.732969 dv-cinder-804459-5-iscsi devstack@c-api.service[100850]:   warnings.warn('Policy enforcement is depending on the value of '
Aug 31 23:32:38.741392 dv-cinder-804459-5-iscsi devstack@c-api.service[100851]: INFO cinder.api.openstack.wsgi [None req-d958d594-795f-41d1-9783-aa483a4179a3 tempest-VolumesListAdminTestJSON-1537065466 tempest-VolumesListAdminTestJSON-1537065466-project] GET http://10.222.0.54/volume/v3/29459246d5244b2bbe306361e18c23ba/volumes/2ba6cf6d-6596-4f2e-8edc-1a7fc0caa3bf
Aug 31 23:32:38.742399 dv-cinder-804459-5-iscsi devstack@c-api.service[100851]: DEBUG cinder.api.openstack.wsgi [None req-d958d594-795f-41d1-9783-aa483a4179a3 tempest-VolumesListAdminTestJSON-1537065466 tempest-VolumesListAdminTestJSON-1537065466-project] Empty body provided in request {{(pid=100851) get_body /opt/stack/cinder/cinder/api/openstack/wsgi.py:703}}
Aug 31 23:32:38.743882 dv-cinder-804459-5-iscsi devstack@c-api.service[100851]: /usr/local/lib/python3.8/dist-packages/webob/acceptparse.py:1047: DeprecationWarning: The behavior of AcceptValidHeader.best_match is currently being maintained for backward compatibility, but it will be deprecated in the future, as it does not conform to the RFC.
Aug 31 23:32:38.743882 dv-cinder-804459-5-iscsi devstack@c-api.service[100851]:   warnings.warn(
Aug 31 23:32:38.745477 dv-cinder-804459-5-iscsi devstack@c-api.service[100851]: DEBUG cinder.api.openstack.wsgi [None req-d958d594-795f-41d1-9783-aa483a4179a3 tempest-VolumesListAdminTestJSON-1537065466 tempest-VolumesListAdminTestJSON-1537065466-project] Calling method 'show' {{(pid=100851) _process_stack /opt/stack/cinder/cinder/api/openstack/wsgi.py:856}}
Aug 31 23:32:38.749092 dv-cinder-804459-5-iscsi devstack@c-api.service[100850]: INFO cinder.volume.api [None req-dad7cdb6-444c-473c-be08-c86636850809 tempest-UserMessagesTest-1105873469 tempest-UserMessagesTest-1105873469-project] Volume info retrieved successfully.
Aug 31 23:32:38.792597 dv-cinder-804459-5-iscsi devstack@c-api.service[100851]: /usr/local/lib/python3.8/dist-packages/oslo_context/context.py:105: DeprecationWarning: Policy enforcement is depending on the value of is_admin. This key is deprecated. Please update your policy file to use the standard policy values.
Aug 31 23:32:38.792597 dv-cinder-804459-5-iscsi devstack@c-api.service[100851]:   warnings.warn('Policy enforcement is depending on the value of '
Aug 31 23:32:38.812215 dv-cinder-804459-5-iscsi devstack@c-api.service[100851]: INFO cinder.volume.api [None req-d958d594-795f-41d1-9783-aa483a4179a3 tempest-VolumesListAdminTestJSON-1537065466 tempest-VolumesListAdminTestJSON-1537065466-project] Volume info retrieved successfully.
Aug 31 23:32:38.817661 dv-cinder-804459-5-iscsi devstack@c-api.service[100850]: INFO cinder.api.openstack.wsgi [None req-dad7cdb6-444c-473c-be08-c86636850809 tempest-UserMessagesTest-1105873469 tempest-UserMessagesTest-1105873469-project] http://10.222.0.54/volume/v3/63773dcd337542528cc07523c3270963/volumes/6c88f969-6677-4a89-8ec1-51165ae95e18 returned with HTTP 200
Aug 31 23:32:38.819927 dv-cinder-804459-5-iscsi devstack@c-api.service[100850]: [pid: 100850|app: 0|req: 127/245] 10.222.0.54 () {60 vars in 1365 bytes} [Tue Aug 31 23:32:38 2021] GET /volume/v3/63773dcd337542528cc07523c3270963/volumes/6c88f969-6677-4a89-8ec1-51165ae95e18 => generated 918 bytes in 119 msecs (HTTP/1.1 200) 7 headers in 285 bytes (1 switches on core 0)
Aug 31 23:32:38.855390 dv-cinder-804459-5-iscsi devstack@c-api.service[100851]: INFO cinder.api.openstack.wsgi [None req-d958d594-795f-41d1-9783-aa483a4179a3 tempest-VolumesListAdminTestJSON-1537065466 tempest-VolumesListAdminTestJSON-1537065466-project] http://10.222.0.54/volume/v3/29459246d5244b2bbe306361e18c23ba/volumes/2ba6cf6d-6596-4f2e-8edc-1a7fc0caa3bf returned with HTTP 200
Aug 31 23:32:38.869470 dv-cinder-804459-5-iscsi devstack@c-api.service[100851]: [pid: 100851|app: 0|req: 119/246] 10.222.0.54 () {58 vars in 1325 bytes} [Tue Aug 31 23:32:38 2021] GET /volume/v3/29459246d5244b2bbe306361e18c23ba/volumes/2ba6cf6d-6596-4f2e-8edc-1a7fc0caa3bf => generated 914 bytes in 136 msecs (HTTP/1.1 200) 7 headers in 285 bytes (1 switches on core 0)
Aug 31 23:32:38.874315 dv-cinder-804459-5-iscsi devstack@c-api.service[100850]: INFO cinder.api.openstack.wsgi [None req-cd3ab2a2-9624-45e4-bccd-dda85a94fccc tempest-VolumesListAdminTestJSON-1537065466 tempest-VolumesListAdminTestJSON-1537065466-project] POST http://10.222.0.54/volume/v3/29459246d5244b2bbe306361e18c23ba/volumes
Aug 31 23:32:38.875081 dv-cinder-804459-5-iscsi devstack@c-api.service[100850]: /usr/local/lib/python3.8/dist-packages/webob/acceptparse.py:1047: DeprecationWarning: The behavior of AcceptValidHeader.best_match is currently being maintained for backward compatibility, but it will be deprecated in the future, as it does not conform to the RFC.
Aug 31 23:32:38.875081 dv-cinder-804459-5-iscsi devstack@c-api.service[100850]:   warnings.warn(
Aug 31 23:32:38.875880 dv-cinder-804459-5-iscsi devstack@c-api.service[100850]: DEBUG cinder.api.openstack.wsgi [None req-cd3ab2a2-9624-45e4-bccd-dda85a94fccc tempest-VolumesListAdminTestJSON-1537065466 tempest-VolumesListAdminTestJSON-1537065466-project] Action: 'create', calling method: create, body: {"volume": {"size": 1, "name": "tempest-VolumesListAdminTestJSON-Volume-1003648152"}} {{(pid=100850) _process_stack /opt/stack/cinder/cinder/api/openstack/wsgi.py:854}}
Aug 31 23:32:38.877441 dv-cinder-804459-5-iscsi devstack@c-api.service[100850]: DEBUG cinder.api.v3.volumes [None req-cd3ab2a2-9624-45e4-bccd-dda85a94fccc tempest-VolumesListAdminTestJSON-1537065466 tempest-VolumesListAdminTestJSON-1537065466-project] Create volume request body: {'volume': {'size': 1, 'name': 'tempest-VolumesListAdminTestJSON-Volume-1003648152'}} {{(pid=100850) create /opt/stack/cinder/cinder/api/v3/volumes.py:298}}
Aug 31 23:32:38.877783 dv-cinder-804459-5-iscsi devstack@c-api.service[100850]: INFO cinder.api.v3.volumes [None req-cd3ab2a2-9624-45e4-bccd-dda85a94fccc tempest-VolumesListAdminTestJSON-1537065466 tempest-VolumesListAdminTestJSON-1537065466-project] Create volume of 1 GB
Aug 31 23:32:38.885711 dv-cinder-804459-5-iscsi devstack@c-api.service[100850]: INFO cinder.volume.api [None req-cd3ab2a2-9624-45e4-bccd-dda85a94fccc tempest-VolumesListAdminTestJSON-1537065466 tempest-VolumesListAdminTestJSON-1537065466-project] Availability Zones retrieved successfully.
Aug 31 23:32:38.902583 dv-cinder-804459-5-iscsi devstack@c-api.service[100850]: DEBUG cinder.volume.api [None req-cd3ab2a2-9624-45e4-bccd-dda85a94fccc tempest-VolumesListAdminTestJSON-1537065466 tempest-VolumesListAdminTestJSON-1537065466-project] Flow 'volume_create_api' (9da0848e-06cb-48d9-aeac-544e301ce406) transitioned into state 'RUNNING' from state 'PENDING' {{(pid=100850) _flow_receiver /usr/local/lib/python3.8/dist-packages/taskflow/listeners/logging.py:141}}
Aug 31 23:32:38.905316 dv-cinder-804459-5-iscsi devstack@c-api.service[100850]: DEBUG cinder.volume.api [None req-cd3ab2a2-9624-45e4-bccd-dda85a94fccc tempest-VolumesListAdminTestJSON-1537065466 tempest-VolumesListAdminTestJSON-1537065466-project] Task 'cinder.volume.flows.api.create_volume.ExtractVolumeRequestTask;volume:create' (f2c6480f-6f5f-4ae8-bc5a-7d9e83ca16d8) transitioned into state 'RUNNING' from state 'PENDING' {{(pid=100850) _task_receiver /usr/local/lib/python3.8/dist-packages/taskflow/listeners/logging.py:190}}
Aug 31 23:32:38.907435 dv-cinder-804459-5-iscsi devstack@c-api.service[100850]: DEBUG cinder.volume.flows.api.create_volume [None req-cd3ab2a2-9624-45e4-bccd-dda85a94fccc tempest-VolumesListAdminTestJSON-1537065466 tempest-VolumesListAdminTestJSON-1537065466-project] Validating volume size '1' using validate_int {{(pid=100850) _extract_size /opt/stack/cinder/cinder/volume/flows/api/create_volume.py:225}}
Aug 31 23:32:38.946157 dv-cinder-804459-5-iscsi devstack@c-api.service[100850]: DEBUG cinder.volume.api [None req-cd3ab2a2-9624-45e4-bccd-dda85a94fccc tempest-VolumesListAdminTestJSON-1537065466 tempest-VolumesListAdminTestJSON-1537065466-project] Task 'cinder.volume.flows.api.create_volume.ExtractVolumeRequestTask;volume:create' (f2c6480f-6f5f-4ae8-bc5a-7d9e83ca16d8) transitioned into state 'SUCCESS' from state 'RUNNING' with result '{'size': 1, 'snapshot_id': None, 'source_volid': None, 'volume_type': VolumeType(created_at=2021-08-31T23:22:45Z,deleted=False,deleted_at=None,description='Default Volume Type',extra_specs={},id=1a722af5-5ebf-4132-81a7-35d8fa58b3bc,is_public=True,name='__DEFAULT__',projects=[],qos_specs=<?>,qos_specs_id=None,updated_at=2021-08-31T23:22:45Z), 'volume_type_id': '1a722af5-5ebf-4132-81a7-35d8fa58b3bc', 'encryption_key_id': None, 'qos_specs': None, 'consistencygroup_id': None, 'cgsnapshot_id': None, 'group_id': None, 'replication_status': 'disabled', 'refresh_az': False, 'backup_id': None, 'multiattach': False, 'availability_zones': ['nova']}' {{(pid=100850) _task_receiver /usr/local/lib/python3.8/dist-packages/taskflow/listeners/logging.py:178}}
Aug 31 23:32:38.949072 dv-cinder-804459-5-iscsi devstack@c-api.service[100850]: DEBUG cinder.volume.api [None req-cd3ab2a2-9624-45e4-bccd-dda85a94fccc tempest-VolumesListAdminTestJSON-1537065466 tempest-VolumesListAdminTestJSON-1537065466-project] Task 'cinder.volume.flows.api.create_volume.QuotaReserveTask;volume:create' (a9f78e2a-6322-4534-99a2-42a6423caae9) transitioned into state 'RUNNING' from state 'PENDING' {{(pid=100850) _task_receiver /usr/local/lib/python3.8/dist-packages/taskflow/listeners/logging.py:190}}
Aug 31 23:32:39.048475 dv-cinder-804459-5-iscsi devstack@c-api.service[100850]: DEBUG cinder.quota [None req-cd3ab2a2-9624-45e4-bccd-dda85a94fccc tempest-VolumesListAdminTestJSON-1537065466 tempest-VolumesListAdminTestJSON-1537065466-project] Created reservations ['2fb05e74-a061-4c27-8a2d-016492d4ea64', '1a15af34-bc58-42a3-8cc1-703a43cfe77c', '6ee531f6-57f7-497c-b6de-362c965bd609', '02adf24f-3afe-4637-a827-7fadc0958cec'] {{(pid=100850) reserve /opt/stack/cinder/cinder/quota.py:755}}
Aug 31 23:32:39.050891 dv-cinder-804459-5-iscsi devstack@c-api.service[100850]: DEBUG cinder.volume.api [None req-cd3ab2a2-9624-45e4-bccd-dda85a94fccc tempest-VolumesListAdminTestJSON-1537065466 tempest-VolumesListAdminTestJSON-1537065466-project] Task 'cinder.volume.flows.api.create_volume.QuotaReserveTask;volume:create' (a9f78e2a-6322-4534-99a2-42a6423caae9) transitioned into state 'SUCCESS' from state 'RUNNING' with result '{'reservations': ['2fb05e74-a061-4c27-8a2d-016492d4ea64', '1a15af34-bc58-42a3-8cc1-703a43cfe77c', '6ee531f6-57f7-497c-b6de-362c965bd609', '02adf24f-3afe-4637-a827-7fadc0958cec']}' {{(pid=100850) _task_receiver /usr/local/lib/python3.8/dist-packages/taskflow/listeners/logging.py:178}}
Aug 31 23:32:39.053324 dv-cinder-804459-5-iscsi devstack@c-api.service[100850]: DEBUG cinder.volume.api [None req-cd3ab2a2-9624-45e4-bccd-dda85a94fccc tempest-VolumesListAdminTestJSON-1537065466 tempest-VolumesListAdminTestJSON-1537065466-project] Task 'cinder.volume.flows.api.create_volume.EntryCreateTask;volume:create' (9432c4b6-3255-452d-ade1-d4c48008cd8b) transitioned into state 'RUNNING' from state 'PENDING' {{(pid=100850) _task_receiver /usr/local/lib/python3.8/dist-packages/taskflow/listeners/logging.py:190}}
Aug 31 23:32:39.084059 dv-cinder-804459-5-iscsi devstack@c-api.service[100850]: DEBUG cinder.volume.api [None req-cd3ab2a2-9624-45e4-bccd-dda85a94fccc tempest-VolumesListAdminTestJSON-1537065466 tempest-VolumesListAdminTestJSON-1537065466-project] Task 'cinder.volume.flows.api.create_volume.EntryCreateTask;volume:create' (9432c4b6-3255-452d-ade1-d4c48008cd8b) transitioned into state 'SUCCESS' from state 'RUNNING' with result '{'volume_id': '637de403-edcc-4066-96d9-a200384f88f6', 'volume_properties': VolumeProperties(attach_status='detached',availability_zone='nova',cgsnapshot_id=None,consistencygroup_id=None,display_description=None,display_name='tempest-VolumesListAdminTestJSON-Volume-1003648152',encryption_key_id=None,group_id=None,group_type_id=<?>,metadata={},multiattach=False,project_id='29459246d5244b2bbe306361e18c23ba',qos_specs=None,replication_status=<?>,reservations=['2fb05e74-a061-4c27-8a2d-016492d4ea64','1a15af34-bc58-42a3-8cc1-703a43cfe77c','6ee531f6-57f7-497c-b6de-362c965bd609','02adf24f-3afe-4637-a827-7fadc0958cec'],size=1,snapshot_id=None,source_replicaid=<?>,source_volid=None,status='creating',user_id='dd851a40232544a382ebfa8fb5e6acf3',volume_type_id=1a722af5-5ebf-4132-81a7-35d8fa58b3bc), 'volume': Volume(_name_id=None,admin_metadata=<?>,attach_status='detached',availability_zone='nova',bootable=False,cluster=<?>,cluster_name=None,consistencygroup=<?>,consistencygroup_id=None,created_at=2021-08-31T23:32:39Z,deleted=False,deleted_at=None,display_description=None,display_name='tempest-VolumesListAdminTestJSON-Volume-1003648152',ec2_id=None,encryption_key_id=None,glance_metadata=<?>,group=<?>,group_id=None,host=None,id=637de403-edcc-4066-96d9-a200384f88f6,launched_at=None,metadata={},migration_status=None,multiattach=False,previous_status=None,project_id='29459246d5244b2bbe306361e18c23ba',provider_auth=None,provider_geometry=None,provider_id=None,provider_location=None,replication_driver_data=None,replication_extended_status=None,replication_status=None,scheduled_at=None,service_uuid=None,shared_targets=True,size=1,snapshot_id=None,snapshots=<?>,source_volid=None,status='creating',terminated_at=None,updated_at=None,use_quota=True,user_id='dd851a40232544a382ebfa8fb5e6acf3',volume_attachment=<?>,volume_type=VolumeType(1a722af5-5ebf-4132-81a7-35d8fa58b3bc),volume_type_id=1a722af5-5ebf-4132-81a7-35d8fa58b3bc)}' {{(pid=100850) _task_receiver /usr/local/lib/python3.8/dist-packages/taskflow/listeners/logging.py:178}}
Aug 31 23:32:39.088549 dv-cinder-804459-5-iscsi devstack@c-api.service[100850]: DEBUG cinder.volume.api [None req-cd3ab2a2-9624-45e4-bccd-dda85a94fccc tempest-VolumesListAdminTestJSON-1537065466 tempest-VolumesListAdminTestJSON-1537065466-project] Task 'cinder.volume.flows.api.create_volume.QuotaCommitTask;volume:create' (73e7d421-95df-4a0d-b3e1-4defff98a00f) transitioned into state 'RUNNING' from state 'PENDING' {{(pid=100850) _task_receiver /usr/local/lib/python3.8/dist-packages/taskflow/listeners/logging.py:190}}
Aug 31 23:32:39.127008 dv-cinder-804459-5-iscsi devstack@c-api.service[100850]: DEBUG cinder.volume.api [None req-cd3ab2a2-9624-45e4-bccd-dda85a94fccc tempest-VolumesListAdminTestJSON-1537065466 tempest-VolumesListAdminTestJSON-1537065466-project] Task 'cinder.volume.flows.api.create_volume.QuotaCommitTask;volume:create' (73e7d421-95df-4a0d-b3e1-4defff98a00f) transitioned into state 'SUCCESS' from state 'RUNNING' with result '{'volume_properties': VolumeProperties(attach_status='detached',availability_zone='nova',cgsnapshot_id=None,consistencygroup_id=None,display_description=None,display_name='tempest-VolumesListAdminTestJSON-Volume-1003648152',encryption_key_id=None,group_id=None,group_type_id=<?>,metadata={},multiattach=False,project_id='29459246d5244b2bbe306361e18c23ba',qos_specs=None,replication_status=<?>,reservations=['2fb05e74-a061-4c27-8a2d-016492d4ea64','1a15af34-bc58-42a3-8cc1-703a43cfe77c','6ee531f6-57f7-497c-b6de-362c965bd609','02adf24f-3afe-4637-a827-7fadc0958cec'],size=1,snapshot_id=None,source_replicaid=<?>,source_volid=None,status='creating',user_id='dd851a40232544a382ebfa8fb5e6acf3',volume_type_id=1a722af5-5ebf-4132-81a7-35d8fa58b3bc)}' {{(pid=100850) _task_receiver /usr/local/lib/python3.8/dist-packages/taskflow/listeners/logging.py:178}}
Aug 31 23:32:39.129477 dv-cinder-804459-5-iscsi devstack@c-api.service[100850]: DEBUG cinder.volume.api [None req-cd3ab2a2-9624-45e4-bccd-dda85a94fccc tempest-VolumesListAdminTestJSON-1537065466 tempest-VolumesListAdminTestJSON-1537065466-project] Task 'cinder.volume.flows.api.create_volume.VolumeCastTask;volume:create' (628a1004-887e-4f07-bf17-4be651b5fdee) transitioned into state 'RUNNING' from state 'PENDING' {{(pid=100850) _task_receiver /usr/local/lib/python3.8/dist-packages/taskflow/listeners/logging.py:190}}
Aug 31 23:32:39.154446 dv-cinder-804459-5-iscsi devstack@c-api.service[100850]: DEBUG cinder.volume.api [None req-cd3ab2a2-9624-45e4-bccd-dda85a94fccc tempest-VolumesListAdminTestJSON-1537065466 tempest-VolumesListAdminTestJSON-1537065466-project] Task 'cinder.volume.flows.api.create_volume.VolumeCastTask;volume:create' (628a1004-887e-4f07-bf17-4be651b5fdee) transitioned into state 'SUCCESS' from state 'RUNNING' with result 'None' {{(pid=100850) _task_receiver /usr/local/lib/python3.8/dist-packages/taskflow/listeners/logging.py:178}}
Aug 31 23:32:39.164364 dv-cinder-804459-5-iscsi devstack@c-api.service[100850]: DEBUG cinder.volume.api [None req-cd3ab2a2-9624-45e4-bccd-dda85a94fccc tempest-VolumesListAdminTestJSON-1537065466 tempest-VolumesListAdminTestJSON-1537065466-project] Flow 'volume_create_api' (9da0848e-06cb-48d9-aeac-544e301ce406) transitioned into state 'SUCCESS' from state 'RUNNING' {{(pid=100850) _flow_receiver /usr/local/lib/python3.8/dist-packages/taskflow/listeners/logging.py:141}}
Aug 31 23:32:39.169230 dv-cinder-804459-5-iscsi devstack@c-api.service[100850]: INFO cinder.volume.api [None req-cd3ab2a2-9624-45e4-bccd-dda85a94fccc tempest-VolumesListAdminTestJSON-1537065466 tempest-VolumesListAdminTestJSON-1537065466-project] Create volume request issued successfully.
Aug 31 23:32:39.174562 dv-cinder-804459-5-iscsi devstack@c-api.service[100851]: INFO cinder.api.openstack.wsgi [None req-827eafb1-7043-4728-a2e9-1d221c0fe87e tempest-GroupSnapshotsTest-934278803 tempest-GroupSnapshotsTest-934278803-project] GET http://10.222.0.54/volume/v3/a70337fa8259452db2b8512148db17c8/snapshots/999e2bc8-83e8-4b96-a28c-ba9f0caa95fc
Aug 31 23:32:39.175011 dv-cinder-804459-5-iscsi devstack@c-api.service[100851]: DEBUG cinder.api.openstack.wsgi [None req-827eafb1-7043-4728-a2e9-1d221c0fe87e tempest-GroupSnapshotsTest-934278803 tempest-GroupSnapshotsTest-934278803-project] Empty body provided in request {{(pid=100851) get_body /opt/stack/cinder/cinder/api/openstack/wsgi.py:703}}
Aug 31 23:32:39.175838 dv-cinder-804459-5-iscsi devstack@c-api.service[100851]: /usr/local/lib/python3.8/dist-packages/webob/acceptparse.py:1047: DeprecationWarning: The behavior of AcceptValidHeader.best_match is currently being maintained for backward compatibility, but it will be deprecated in the future, as it does not conform to the RFC.
Aug 31 23:32:39.175838 dv-cinder-804459-5-iscsi devstack@c-api.service[100851]:   warnings.warn(
Aug 31 23:32:39.176222 dv-cinder-804459-5-iscsi devstack@c-api.service[100851]: DEBUG cinder.api.openstack.wsgi [None req-827eafb1-7043-4728-a2e9-1d221c0fe87e tempest-GroupSnapshotsTest-934278803 tempest-GroupSnapshotsTest-934278803-project] Calling method 'show' {{(pid=100851) _process_stack /opt/stack/cinder/cinder/api/openstack/wsgi.py:856}}
Aug 31 23:32:39.190644 dv-cinder-804459-5-iscsi devstack@c-api.service[100851]: INFO cinder.api.openstack.wsgi [None req-827eafb1-7043-4728-a2e9-1d221c0fe87e tempest-GroupSnapshotsTest-934278803 tempest-GroupSnapshotsTest-934278803-project] http://10.222.0.54/volume/v3/a70337fa8259452db2b8512148db17c8/snapshots/999e2bc8-83e8-4b96-a28c-ba9f0caa95fc returned with HTTP 404
Aug 31 23:32:39.190869 dv-cinder-804459-5-iscsi devstack@c-api.service[100850]: INFO cinder.api.openstack.wsgi [None req-cd3ab2a2-9624-45e4-bccd-dda85a94fccc tempest-VolumesListAdminTestJSON-1537065466 tempest-VolumesListAdminTestJSON-1537065466-project] http://10.222.0.54/volume/v3/29459246d5244b2bbe306361e18c23ba/volumes returned with HTTP 202
Aug 31 23:32:39.191920 dv-cinder-804459-5-iscsi devstack@c-api.service[100850]: [pid: 100850|app: 0|req: 128/247] 10.222.0.54 () {60 vars in 1235 bytes} [Tue Aug 31 23:32:38 2021] POST /volume/v3/29459246d5244b2bbe306361e18c23ba/volumes => generated 824 bytes in 324 msecs (HTTP/1.1 202) 7 headers in 291 bytes (1 switches on core 0)
Aug 31 23:32:39.205593 dv-cinder-804459-5-iscsi devstack@c-api.service[100850]: INFO cinder.api.openstack.wsgi [None req-c24e31ed-8bc0-4983-afe8-37e7e2819267 tempest-VolumesListAdminTestJSON-1537065466 tempest-VolumesListAdminTestJSON-1537065466-project] GET http://10.222.0.54/volume/v3/29459246d5244b2bbe306361e18c23ba/volumes/637de403-edcc-4066-96d9-a200384f88f6
Aug 31 23:32:39.206945 dv-cinder-804459-5-iscsi devstack@c-api.service[100850]: DEBUG cinder.api.openstack.wsgi [None req-c24e31ed-8bc0-4983-afe8-37e7e2819267 tempest-VolumesListAdminTestJSON-1537065466 tempest-VolumesListAdminTestJSON-1537065466-project] Empty body provided in request {{(pid=100850) get_body /opt/stack/cinder/cinder/api/openstack/wsgi.py:703}}
Aug 31 23:32:39.207212 dv-cinder-804459-5-iscsi devstack@c-api.service[100850]: /usr/local/lib/python3.8/dist-packages/webob/acceptparse.py:1047: DeprecationWarning: The behavior of AcceptValidHeader.best_match is currently being maintained for backward compatibility, but it will be deprecated in the future, as it does not conform to the RFC.
Aug 31 23:32:39.207212 dv-cinder-804459-5-iscsi devstack@c-api.service[100850]:   warnings.warn(
Aug 31 23:32:39.207439 dv-cinder-804459-5-iscsi devstack@c-api.service[100851]: [pid: 100851|app: 0|req: 120/248] 10.222.0.54 () {58 vars in 1331 bytes} [Tue Aug 31 23:32:39 2021] GET /volume/v3/a70337fa8259452db2b8512148db17c8/snapshots/999e2bc8-83e8-4b96-a28c-ba9f0caa95fc => generated 111 bytes in 37 msecs (HTTP/1.1 404) 7 headers in 292 bytes (2 switches on core 0)
Aug 31 23:32:39.207568 dv-cinder-804459-5-iscsi devstack@c-api.service[100850]: DEBUG cinder.api.openstack.wsgi [None req-c24e31ed-8bc0-4983-afe8-37e7e2819267 tempest-VolumesListAdminTestJSON-1537065466 tempest-VolumesListAdminTestJSON-1537065466-project] Calling method 'show' {{(pid=100850) _process_stack /opt/stack/cinder/cinder/api/openstack/wsgi.py:856}}
Aug 31 23:32:39.217354 dv-cinder-804459-5-iscsi devstack@c-api.service[100851]: INFO cinder.api.openstack.wsgi [None req-ad451863-61b3-4e18-b918-3e7172bed5ce tempest-GroupSnapshotsTest-934278803 tempest-GroupSnapshotsTest-934278803-project] GET http://10.222.0.54/volume/v3/a70337fa8259452db2b8512148db17c8/snapshots/b74298fd-8431-42d4-b525-19ae3d75107b
Aug 31 23:32:39.217974 dv-cinder-804459-5-iscsi devstack@c-api.service[100851]: DEBUG cinder.api.openstack.wsgi [None req-ad451863-61b3-4e18-b918-3e7172bed5ce tempest-GroupSnapshotsTest-934278803 tempest-GroupSnapshotsTest-934278803-project] Empty body provided in request {{(pid=100851) get_body /opt/stack/cinder/cinder/api/openstack/wsgi.py:703}}
Aug 31 23:32:39.221365 dv-cinder-804459-5-iscsi devstack@c-api.service[100851]: DEBUG cinder.api.openstack.wsgi [None req-ad451863-61b3-4e18-b918-3e7172bed5ce tempest-GroupSnapshotsTest-934278803 tempest-GroupSnapshotsTest-934278803-project] Calling method 'show' {{(pid=100851) _process_stack /opt/stack/cinder/cinder/api/openstack/wsgi.py:856}}
Aug 31 23:32:39.236942 dv-cinder-804459-5-iscsi devstack@c-api.service[100850]: /usr/local/lib/python3.8/dist-packages/oslo_context/context.py:105: DeprecationWarning: Policy enforcement is depending on the value of is_admin. This key is deprecated. Please update your policy file to use the standard policy values.
Aug 31 23:32:39.236942 dv-cinder-804459-5-iscsi devstack@c-api.service[100850]:   warnings.warn('Policy enforcement is depending on the value of '
Aug 31 23:32:39.242283 dv-cinder-804459-5-iscsi devstack@c-api.service[100851]: INFO cinder.api.openstack.wsgi [None req-ad451863-61b3-4e18-b918-3e7172bed5ce tempest-GroupSnapshotsTest-934278803 tempest-GroupSnapshotsTest-934278803-project] http://10.222.0.54/volume/v3/a70337fa8259452db2b8512148db17c8/snapshots/b74298fd-8431-42d4-b525-19ae3d75107b returned with HTTP 404
Aug 31 23:32:39.244311 dv-cinder-804459-5-iscsi devstack@c-api.service[100851]: [pid: 100851|app: 0|req: 121/249] 10.222.0.54 () {58 vars in 1331 bytes} [Tue Aug 31 23:32:39 2021] GET /volume/v3/a70337fa8259452db2b8512148db17c8/snapshots/b74298fd-8431-42d4-b525-19ae3d75107b => generated 111 bytes in 31 msecs (HTTP/1.1 404) 7 headers in 292 bytes (1 switches on core 0)
Aug 31 23:32:39.254871 dv-cinder-804459-5-iscsi devstack@c-api.service[100850]: INFO cinder.volume.api [None req-c24e31ed-8bc0-4983-afe8-37e7e2819267 tempest-VolumesListAdminTestJSON-1537065466 tempest-VolumesListAdminTestJSON-1537065466-project] Volume info retrieved successfully.
Aug 31 23:32:39.256073 dv-cinder-804459-5-iscsi devstack@c-api.service[100851]: INFO cinder.api.openstack.wsgi [None req-03845956-0cee-476b-b81c-a2ab98f9ad4e tempest-GroupSnapshotsTest-934278803 tempest-GroupSnapshotsTest-934278803-project] GET http://10.222.0.54/volume/v3/a70337fa8259452db2b8512148db17c8/group_snapshots/8cb76341-7cad-4741-aff0-e1b59ac5522c
Aug 31 23:32:39.256979 dv-cinder-804459-5-iscsi devstack@c-api.service[100851]: DEBUG cinder.api.openstack.wsgi [None req-03845956-0cee-476b-b81c-a2ab98f9ad4e tempest-GroupSnapshotsTest-934278803 tempest-GroupSnapshotsTest-934278803-project] Empty body provided in request {{(pid=100851) get_body /opt/stack/cinder/cinder/api/openstack/wsgi.py:703}}
Aug 31 23:32:39.259262 dv-cinder-804459-5-iscsi devstack@c-api.service[100851]: DEBUG cinder.api.openstack.wsgi [None req-03845956-0cee-476b-b81c-a2ab98f9ad4e tempest-GroupSnapshotsTest-934278803 tempest-GroupSnapshotsTest-934278803-project] Calling method 'version_select' {{(pid=100851) _process_stack /opt/stack/cinder/cinder/api/openstack/wsgi.py:856}}
Aug 31 23:32:39.260373 dv-cinder-804459-5-iscsi devstack@c-api.service[100851]: DEBUG cinder.api.v3.group_snapshots [None req-03845956-0cee-476b-b81c-a2ab98f9ad4e tempest-GroupSnapshotsTest-934278803 tempest-GroupSnapshotsTest-934278803-project] show called for member 8cb76341-7cad-4741-aff0-e1b59ac5522c {{(pid=100851) show /opt/stack/cinder/cinder/api/v3/group_snapshots.py:58}}
Aug 31 23:32:39.270644 dv-cinder-804459-5-iscsi devstack@c-api.service[100851]: INFO cinder.api.openstack.wsgi [None req-03845956-0cee-476b-b81c-a2ab98f9ad4e tempest-GroupSnapshotsTest-934278803 tempest-GroupSnapshotsTest-934278803-project] http://10.222.0.54/volume/v3/a70337fa8259452db2b8512148db17c8/group_snapshots/8cb76341-7cad-4741-aff0-e1b59ac5522c returned with HTTP 404
Aug 31 23:32:39.272394 dv-cinder-804459-5-iscsi devstack@c-api.service[100851]: [pid: 100851|app: 0|req: 122/250] 10.222.0.54 () {60 vars in 1390 bytes} [Tue Aug 31 23:32:39 2021] GET /volume/v3/a70337fa8259452db2b8512148db17c8/group_snapshots/8cb76341-7cad-4741-aff0-e1b59ac5522c => generated 116 bytes in 24 msecs (HTTP/1.1 404) 7 headers in 293 bytes (1 switches on core 0)
Aug 31 23:32:39.295129 dv-cinder-804459-5-iscsi devstack@c-api.service[100851]: INFO cinder.api.openstack.wsgi [None req-7c794b94-c1ae-41f2-9685-145fbaeecc1f tempest-GroupSnapshotsTest-934278803 tempest-GroupSnapshotsTest-934278803-project] DELETE http://10.222.0.54/volume/v3/a70337fa8259452db2b8512148db17c8/group_snapshots/8cb76341-7cad-4741-aff0-e1b59ac5522c
Aug 31 23:32:39.295257 dv-cinder-804459-5-iscsi devstack@c-api.service[100850]: INFO cinder.api.openstack.wsgi [None req-c24e31ed-8bc0-4983-afe8-37e7e2819267 tempest-VolumesListAdminTestJSON-1537065466 tempest-VolumesListAdminTestJSON-1537065466-project] http://10.222.0.54/volume/v3/29459246d5244b2bbe306361e18c23ba/volumes/637de403-edcc-4066-96d9-a200384f88f6 returned with HTTP 200
Aug 31 23:32:39.303936 dv-cinder-804459-5-iscsi devstack@c-api.service[100850]: [pid: 100850|app: 0|req: 129/251] 10.222.0.54 () {58 vars in 1325 bytes} [Tue Aug 31 23:32:39 2021] GET /volume/v3/29459246d5244b2bbe306361e18c23ba/volumes/637de403-edcc-4066-96d9-a200384f88f6 => generated 892 bytes in 95 msecs (HTTP/1.1 200) 7 headers in 285 bytes (2 switches on core 0)
Aug 31 23:32:39.307537 dv-cinder-804459-5-iscsi devstack@c-api.service[100851]: DEBUG cinder.api.openstack.wsgi [None req-7c794b94-c1ae-41f2-9685-145fbaeecc1f tempest-GroupSnapshotsTest-934278803 tempest-GroupSnapshotsTest-934278803-project] Empty body provided in request {{(pid=100851) get_body /opt/stack/cinder/cinder/api/openstack/wsgi.py:703}}
Aug 31 23:32:39.310094 dv-cinder-804459-5-iscsi devstack@c-api.service[100851]: DEBUG cinder.api.openstack.wsgi [None req-7c794b94-c1ae-41f2-9685-145fbaeecc1f tempest-GroupSnapshotsTest-934278803 tempest-GroupSnapshotsTest-934278803-project] Calling method 'version_select' {{(pid=100851) _process_stack /opt/stack/cinder/cinder/api/openstack/wsgi.py:856}}
Aug 31 23:32:39.310947 dv-cinder-804459-5-iscsi devstack@c-api.service[100851]: DEBUG cinder.api.v3.group_snapshots [None req-7c794b94-c1ae-41f2-9685-145fbaeecc1f tempest-GroupSnapshotsTest-934278803 tempest-GroupSnapshotsTest-934278803-project] delete called for member 8cb76341-7cad-4741-aff0-e1b59ac5522c {{(pid=100851) delete /opt/stack/cinder/cinder/api/v3/group_snapshots.py:72}}
Aug 31 23:32:39.311423 dv-cinder-804459-5-iscsi devstack@c-api.service[100851]: INFO cinder.api.v3.group_snapshots [None req-7c794b94-c1ae-41f2-9685-145fbaeecc1f tempest-GroupSnapshotsTest-934278803 tempest-GroupSnapshotsTest-934278803-project] Delete group_snapshot with id: 8cb76341-7cad-4741-aff0-e1b59ac5522c
Aug 31 23:32:39.316711 dv-cinder-804459-5-iscsi devstack@c-api.service[100851]: INFO cinder.api.openstack.wsgi [None req-7c794b94-c1ae-41f2-9685-145fbaeecc1f tempest-GroupSnapshotsTest-934278803 tempest-GroupSnapshotsTest-934278803-project] http://10.222.0.54/volume/v3/a70337fa8259452db2b8512148db17c8/group_snapshots/8cb76341-7cad-4741-aff0-e1b59ac5522c returned with HTTP 404
Aug 31 23:32:39.318231 dv-cinder-804459-5-iscsi devstack@c-api.service[100851]: [pid: 100851|app: 0|req: 123/252] 10.222.0.54 () {60 vars in 1393 bytes} [Tue Aug 31 23:32:39 2021] DELETE /volume/v3/a70337fa8259452db2b8512148db17c8/group_snapshots/8cb76341-7cad-4741-aff0-e1b59ac5522c => generated 116 bytes in 34 msecs (HTTP/1.1 404) 7 headers in 293 bytes (1 switches on core 0)
Aug 31 23:32:39.325004 dv-cinder-804459-5-iscsi devstack@c-api.service[100850]: INFO cinder.api.openstack.wsgi [None req-72693219-750b-49b5-b833-e489302a1ec2 tempest-GroupSnapshotsTest-934278803 tempest-GroupSnapshotsTest-934278803-project] GET http://10.222.0.54/volume/v3/a70337fa8259452db2b8512148db17c8/volumes/detail
Aug 31 23:32:39.325807 dv-cinder-804459-5-iscsi devstack@c-api.service[100850]: DEBUG cinder.api.openstack.wsgi [None req-72693219-750b-49b5-b833-e489302a1ec2 tempest-GroupSnapshotsTest-934278803 tempest-GroupSnapshotsTest-934278803-project] Empty body provided in request {{(pid=100850) get_body /opt/stack/cinder/cinder/api/openstack/wsgi.py:703}}
Aug 31 23:32:39.325807 dv-cinder-804459-5-iscsi devstack@c-api.service[100850]: /usr/local/lib/python3.8/dist-packages/webob/acceptparse.py:1047: DeprecationWarning: The behavior of AcceptValidHeader.best_match is currently being maintained for backward compatibility, but it will be deprecated in the future, as it does not conform to the RFC.
Aug 31 23:32:39.325807 dv-cinder-804459-5-iscsi devstack@c-api.service[100850]:   warnings.warn(
Aug 31 23:32:39.326063 dv-cinder-804459-5-iscsi devstack@c-api.service[100850]: DEBUG cinder.api.openstack.wsgi [None req-72693219-750b-49b5-b833-e489302a1ec2 tempest-GroupSnapshotsTest-934278803 tempest-GroupSnapshotsTest-934278803-project] Calling method 'detail' {{(pid=100850) _process_stack /opt/stack/cinder/cinder/api/openstack/wsgi.py:856}}
Aug 31 23:32:39.326626 dv-cinder-804459-5-iscsi devstack@c-api.service[100850]: DEBUG cinder.api.api_utils [None req-72693219-750b-49b5-b833-e489302a1ec2 tempest-GroupSnapshotsTest-934278803 tempest-GroupSnapshotsTest-934278803-project] Removing options '' from query. {{(pid=100850) remove_invalid_filter_options /opt/stack/cinder/cinder/api/api_utils.py:73}}
Aug 31 23:32:39.328837 dv-cinder-804459-5-iscsi devstack@c-api.service[100850]: DEBUG cinder.volume.api [None req-72693219-750b-49b5-b833-e489302a1ec2 tempest-GroupSnapshotsTest-934278803 tempest-GroupSnapshotsTest-934278803-project] Searching by: MultiDict([('no_migration_targets', True)]). {{(pid=100850) get_all /opt/stack/cinder/cinder/volume/api.py:619}}
Aug 31 23:32:39.455168 dv-cinder-804459-5-iscsi devstack@c-api.service[100850]: INFO cinder.volume.api [None req-72693219-750b-49b5-b833-e489302a1ec2 tempest-GroupSnapshotsTest-934278803 tempest-GroupSnapshotsTest-934278803-project] Get all volumes completed successfully.
Aug 31 23:32:39.461113 dv-cinder-804459-5-iscsi devstack@c-api.service[100850]: WARNING stevedore.named [None req-72693219-750b-49b5-b833-e489302a1ec2 tempest-GroupSnapshotsTest-934278803 tempest-GroupSnapshotsTest-934278803-project] Could not load cinder.keymgr.conf_key_mgr.ConfKeyManager
Aug 31 23:32:39.461457 dv-cinder-804459-5-iscsi devstack@c-api.service[100850]: WARNING castellan.key_manager [None req-72693219-750b-49b5-b833-e489302a1ec2 tempest-GroupSnapshotsTest-934278803 tempest-GroupSnapshotsTest-934278803-project] Deprecation Warning : cinder.keymgr.conf_key_mgr.ConfKeyManager is not a stevedore based driver, trying to load it as a class: stevedore.exception.NoMatches: No 'castellan.drivers' driver found, looking for 'cinder.keymgr.conf_key_mgr.ConfKeyManager'
Aug 31 23:32:39.502165 dv-cinder-804459-5-iscsi devstack@c-api.service[100850]: DEBUG oslo_db.sqlalchemy.engines [None req-72693219-750b-49b5-b833-e489302a1ec2 tempest-GroupSnapshotsTest-934278803 tempest-GroupSnapshotsTest-934278803-project] MySQL server mode set to STRICT_TRANS_TABLES,STRICT_ALL_TABLES,NO_ZERO_IN_DATE,NO_ZERO_DATE,ERROR_FOR_DIVISION_BY_ZERO,TRADITIONAL,NO_ENGINE_SUBSTITUTION {{(pid=100850) _check_effective_sql_mode /usr/local/lib/python3.8/dist-packages/oslo_db/sqlalchemy/engines.py:314}}
Aug 31 23:32:39.510703 dv-cinder-804459-5-iscsi devstack@c-api.service[100850]: /usr/local/lib/python3.8/dist-packages/oslo_context/context.py:105: DeprecationWarning: Policy enforcement is depending on the value of is_admin. This key is deprecated. Please update your policy file to use the standard policy values.
Aug 31 23:32:39.510703 dv-cinder-804459-5-iscsi devstack@c-api.service[100850]:   warnings.warn('Policy enforcement is depending on the value of '
Aug 31 23:32:39.533183 dv-cinder-804459-5-iscsi devstack@c-api.service[100850]: WARNING stevedore.named [None req-72693219-750b-49b5-b833-e489302a1ec2 tempest-GroupSnapshotsTest-934278803 tempest-GroupSnapshotsTest-934278803-project] Could not load cinder.keymgr.conf_key_mgr.ConfKeyManager
Aug 31 23:32:39.533584 dv-cinder-804459-5-iscsi devstack@c-api.service[100850]: WARNING castellan.key_manager [None req-72693219-750b-49b5-b833-e489302a1ec2 tempest-GroupSnapshotsTest-934278803 tempest-GroupSnapshotsTest-934278803-project] Deprecation Warning : cinder.keymgr.conf_key_mgr.ConfKeyManager is not a stevedore based driver, trying to load it as a class: stevedore.exception.NoMatches: No 'castellan.drivers' driver found, looking for 'cinder.keymgr.conf_key_mgr.ConfKeyManager'
Aug 31 23:32:39.547638 dv-cinder-804459-5-iscsi devstack@c-api.service[100850]: DEBUG oslo_db.sqlalchemy.engines [None req-72693219-750b-49b5-b833-e489302a1ec2 tempest-GroupSnapshotsTest-934278803 tempest-GroupSnapshotsTest-934278803-project] MySQL server mode set to STRICT_TRANS_TABLES,STRICT_ALL_TABLES,NO_ZERO_IN_DATE,NO_ZERO_DATE,ERROR_FOR_DIVISION_BY_ZERO,TRADITIONAL,NO_ENGINE_SUBSTITUTION {{(pid=100850) _check_effective_sql_mode /usr/local/lib/python3.8/dist-packages/oslo_db/sqlalchemy/engines.py:314}}
Aug 31 23:32:39.557594 dv-cinder-804459-5-iscsi devstack@c-api.service[100850]: /usr/local/lib/python3.8/dist-packages/oslo_context/context.py:105: DeprecationWarning: Policy enforcement is depending on the value of is_admin. This key is deprecated. Please update your policy file to use the standard policy values.
Aug 31 23:32:39.557594 dv-cinder-804459-5-iscsi devstack@c-api.service[100850]:   warnings.warn('Policy enforcement is depending on the value of '
Aug 31 23:32:39.596676 dv-cinder-804459-5-iscsi devstack@c-api.service[100850]: INFO cinder.api.openstack.wsgi [None req-72693219-750b-49b5-b833-e489302a1ec2 tempest-GroupSnapshotsTest-934278803 tempest-GroupSnapshotsTest-934278803-project] http://10.222.0.54/volume/v3/a70337fa8259452db2b8512148db17c8/volumes/detail returned with HTTP 200
Aug 31 23:32:39.598066 dv-cinder-804459-5-iscsi devstack@c-api.service[100850]: [pid: 100850|app: 0|req: 130/253] 10.222.0.54 () {60 vars in 1276 bytes} [Tue Aug 31 23:32:39 2021] GET /volume/v3/a70337fa8259452db2b8512148db17c8/volumes/detail => generated 1992 bytes in 276 msecs (HTTP/1.1 200) 7 headers in 287 bytes (1 switches on core 0)
