Aug 27 17:13:58.427904 dv-cinder-804459-4-smb neutron-server[94628]: DEBUG neutron_lib.callbacks.manager [None req-7c5df5a0-9f0a-4b2f-9c05-815ef7116c46 admin admin] Notify callbacks [] for security_group, precommit_delete {{(pid=94628) _notify_loop /usr/local/lib/python3.8/dist-packages/neutron_lib/callbacks/manager.py:192}}
Aug 27 17:13:58.435109 dv-cinder-804459-4-smb neutron-server[94629]: DEBUG neutron_lib.callbacks.manager [None req-b6201943-0443-480b-8921-11ff6584f30c admin admin] Notify callbacks [] for router_gateway, before_create {{(pid=94629) _notify_loop /usr/local/lib/python3.8/dist-packages/neutron_lib/callbacks/manager.py:192}}
Aug 27 17:13:58.439957 dv-cinder-804459-4-smb neutron-server[94631]: DEBUG neutron_lib.callbacks.manager [None req-0a8dbe4b-a966-4f13-8190-2de09efd3b64 None None] Notify callbacks [] for port, precommit_update {{(pid=94631) _notify_loop /usr/local/lib/python3.8/dist-packages/neutron_lib/callbacks/manager.py:192}}
Aug 27 17:13:58.455133 dv-cinder-804459-4-smb neutron-server[94628]: DEBUG neutron_lib.callbacks.manager [None req-9a188d51-a4d1-493b-aab6-484c11f0f129 admin admin] Notify callbacks ['neutron.plugins.ml2.plugin.SecurityGroupDbMixin._ensure_default_security_group_handler-16326479'] for port, before_create {{(pid=94628) _notify_loop /usr/local/lib/python3.8/dist-packages/neutron_lib/callbacks/manager.py:192}}
Aug 27 17:13:58.457420 dv-cinder-804459-4-smb neutron-server[94629]: DEBUG neutron.scheduler.base_scheduler [None req-cb9933fb-c762-4f2b-9a0a-9902b269233d admin admin] Resources bound (agent type, host, resource id): {{(pid=94629) schedule /opt/stack/neutron/neutron/scheduler/base_scheduler.py:57}}
Aug 27 17:13:58.461050 dv-cinder-804459-4-smb neutron-server[94629]: DEBUG neutron.db.l3_dvrscheduler_db [None req-cb9933fb-c762-4f2b-9a0a-9902b269233d admin admin] Received port after_create {{(pid=94629) _notify_l3_agent_new_port /opt/stack/neutron/neutron/db/l3_dvrscheduler_db.py:535}}
Aug 27 17:13:58.463704 dv-cinder-804459-4-smb neutron-server[94630]: DEBUG neutron.plugins.ml2.rpc [None req-aafae899-0cdc-40dc-9968-2c52e7de8aa9 None None] Device dc9e7fa1-ec2a-44b4-90ed-221c013119c6 up at agent ovs-agent-dv-cinder-804459-4-smb {{(pid=94630) update_device_up /opt/stack/neutron/neutron/plugins/ml2/rpc.py:296}}
Aug 27 17:13:58.483692 dv-cinder-804459-4-smb neutron-server[94631]: DEBUG neutron.db.provisioning_blocks [None req-0a8dbe4b-a966-4f13-8190-2de09efd3b64 None None] Transition to ACTIVE for port object 5d292019-738c-4077-953d-ffe004ccda2b will not be triggered until provisioned by entity L2. {{(pid=94631) add_provisioning_component /opt/stack/neutron/neutron/db/provisioning_blocks.py:73}}
Aug 27 17:13:58.546244 dv-cinder-804459-4-smb neutron-server[94631]: DEBUG neutron_lib.callbacks.manager [None req-0a8dbe4b-a966-4f13-8190-2de09efd3b64 None None] Notify callbacks ['neutron.plugins.ml2.plugin.SecurityGroupServerNotifierRpcMixin._notify_sg_on_port_change-16326400', 'neutron.plugins.ml2.ovo_rpc._ObjectChangeHandler.handle_event-35315', 'neutron.api.rpc.agentnotifiers.dhcp_rpc_agent_api.DhcpAgentNotifyAPI._native_event_send_dhcp_notification-630157', 'neutron.db.l3_db.L3RpcNotifierMixin._notify_gateway_port_ip_changed-8774458381617', 'neutron.db.l3_dvrscheduler_db._notify_l3_agent_port_update-8774457909261', 'neutron.db.l3_hascheduler_db._notify_l3_agent_ha_port_update-8774457909279'] for port, after_update {{(pid=94631) _notify_loop /usr/local/lib/python3.8/dist-packages/neutron_lib/callbacks/manager.py:192}}
Aug 27 17:13:58.553540 dv-cinder-804459-4-smb neutron-server[94630]: DEBUG neutron.api.rpc.handlers.dhcp_rpc [None req-574e86f7-2e0d-4689-b421-f0d80019c13a None None] Network b464cbce-9e94-4803-80fe-435adf291a0b requested from dv-cinder-804459-4-smb {{(pid=94630) get_network_info /opt/stack/neutron/neutron/api/rpc/handlers/dhcp_rpc.py:218}}
Aug 27 17:13:58.587702 dv-cinder-804459-4-smb neutron-server[94629]: DEBUG neutron_lib.callbacks.manager [None req-b6201943-0443-480b-8921-11ff6584f30c admin admin] Notify callbacks ['neutron.plugins.ml2.plugin.SecurityGroupDbMixin._ensure_default_security_group_handler-16326479'] for port, before_create {{(pid=94629) _notify_loop /usr/local/lib/python3.8/dist-packages/neutron_lib/callbacks/manager.py:192}}
Aug 27 17:13:58.650599 dv-cinder-804459-4-smb neutron-server[94631]: DEBUG neutron.api.rpc.handlers.resources_rpc [None req-6c838068-b21e-4412-bb0e-1f3e7e64ebba None None] Pushing event updated for resources: {'Port': ['ID=5d292019-738c-4077-953d-ffe004ccda2b,revision_number=2']} {{(pid=94631) push /opt/stack/neutron/neutron/api/rpc/handlers/resources_rpc.py:237}}
Aug 27 17:13:58.655811 dv-cinder-804459-4-smb neutron-server[94631]: DEBUG neutron.plugins.ml2.managers [None req-0a8dbe4b-a966-4f13-8190-2de09efd3b64 None None] Attempting to bind port 5d292019-738c-4077-953d-ffe004ccda2b on host dv-cinder-804459-4-smb for vnic_type normal with profile {{(pid=94631) bind_port /opt/stack/neutron/neutron/plugins/ml2/managers.py:790}}
Aug 27 17:13:58.656625 dv-cinder-804459-4-smb neutron-server[94631]: DEBUG neutron.plugins.ml2.managers [None req-0a8dbe4b-a966-4f13-8190-2de09efd3b64 None None] Attempting to bind port 5d292019-738c-4077-953d-ffe004ccda2b by drivers openvswitch,hyperv on host dv-cinder-804459-4-smb at level 0 using segments [{'id': '48833554-b2cd-42a1-b65e-8304c8841d20', 'network_type': 'flat', 'physical_network': 'physnet1', 'segmentation_id': None, 'network_id': '012fccad-3275-4361-a614-fe644d8fa9e6'}] {{(pid=94631) _bind_port_level /opt/stack/neutron/neutron/plugins/ml2/managers.py:815}}
Aug 27 17:13:58.657580 dv-cinder-804459-4-smb neutron-server[94631]: DEBUG neutron.plugins.ml2.drivers.mech_agent [None req-0a8dbe4b-a966-4f13-8190-2de09efd3b64 None None] Attempting to bind port 5d292019-738c-4077-953d-ffe004ccda2b on network 012fccad-3275-4361-a614-fe644d8fa9e6 {{(pid=94631) bind_port /opt/stack/neutron/neutron/plugins/ml2/drivers/mech_agent.py:85}}
Aug 27 17:13:58.669641 dv-cinder-804459-4-smb neutron-server[94631]: DEBUG neutron.api.rpc.callbacks.version_manager [None req-6c838068-b21e-4412-bb0e-1f3e7e64ebba None None] Version for resource type AddressGroup changed None to 1.2 on consumer Open vSwitch agent@dv-cinder-804459-4-smb {{(pid=94631) _set_version /opt/stack/neutron/neutron/api/rpc/callbacks/version_manager.py:113}}
Aug 27 17:13:58.675448 dv-cinder-804459-4-smb neutron-server[94631]: DEBUG neutron.api.rpc.callbacks.version_manager [None req-6c838068-b21e-4412-bb0e-1f3e7e64ebba None None] Version for resource type ConntrackHelper changed None to 1.0 on consumer Open vSwitch agent@dv-cinder-804459-4-smb {{(pid=94631) _set_version /opt/stack/neutron/neutron/api/rpc/callbacks/version_manager.py:113}}
Aug 27 17:13:58.675448 dv-cinder-804459-4-smb neutron-server[94631]: DEBUG neutron.api.rpc.callbacks.version_manager [None req-6c838068-b21e-4412-bb0e-1f3e7e64ebba None None] Version for resource type Log changed None to 1.0 on consumer Open vSwitch agent@dv-cinder-804459-4-smb {{(pid=94631) _set_version /opt/stack/neutron/neutron/api/rpc/callbacks/version_manager.py:113}}
Aug 27 17:13:58.675448 dv-cinder-804459-4-smb neutron-server[94631]: DEBUG neutron.api.rpc.callbacks.version_manager [None req-6c838068-b21e-4412-bb0e-1f3e7e64ebba None None] Version for resource type Network changed None to 1.1 on consumer Open vSwitch agent@dv-cinder-804459-4-smb {{(pid=94631) _set_version /opt/stack/neutron/neutron/api/rpc/callbacks/version_manager.py:113}}
Aug 27 17:13:58.675448 dv-cinder-804459-4-smb neutron-server[94631]: DEBUG neutron.api.rpc.callbacks.version_manager [None req-6c838068-b21e-4412-bb0e-1f3e7e64ebba None None] Version for resource type Port changed None to 1.7 on consumer Open vSwitch agent@dv-cinder-804459-4-smb {{(pid=94631) _set_version /opt/stack/neutron/neutron/api/rpc/callbacks/version_manager.py:113}}
Aug 27 17:13:58.675448 dv-cinder-804459-4-smb neutron-server[94631]: DEBUG neutron.api.rpc.callbacks.version_manager [None req-6c838068-b21e-4412-bb0e-1f3e7e64ebba None None] Version for resource type PortForwarding changed None to 1.2 on consumer Open vSwitch agent@dv-cinder-804459-4-smb {{(pid=94631) _set_version /opt/stack/neutron/neutron/api/rpc/callbacks/version_manager.py:113}}
Aug 27 17:13:58.675448 dv-cinder-804459-4-smb neutron-server[94631]: DEBUG neutron.api.rpc.callbacks.version_manager [None req-6c838068-b21e-4412-bb0e-1f3e7e64ebba None None] Version for resource type QosPolicy changed None to 1.9 on consumer Open vSwitch agent@dv-cinder-804459-4-smb {{(pid=94631) _set_version /opt/stack/neutron/neutron/api/rpc/callbacks/version_manager.py:113}}
Aug 27 17:13:58.675448 dv-cinder-804459-4-smb neutron-server[94631]: DEBUG neutron.api.rpc.callbacks.version_manager [None req-6c838068-b21e-4412-bb0e-1f3e7e64ebba None None] Version for resource type SecurityGroup changed None to 1.4 on consumer Open vSwitch agent@dv-cinder-804459-4-smb {{(pid=94631) _set_version /opt/stack/neutron/neutron/api/rpc/callbacks/version_manager.py:113}}
Aug 27 17:13:58.675448 dv-cinder-804459-4-smb neutron-server[94631]: DEBUG neutron.api.rpc.callbacks.version_manager [None req-6c838068-b21e-4412-bb0e-1f3e7e64ebba None None] Version for resource type SecurityGroupRule changed None to 1.2 on consumer Open vSwitch agent@dv-cinder-804459-4-smb {{(pid=94631) _set_version /opt/stack/neutron/neutron/api/rpc/callbacks/version_manager.py:113}}
Aug 27 17:13:58.675448 dv-cinder-804459-4-smb neutron-server[94631]: DEBUG neutron.api.rpc.callbacks.version_manager [None req-6c838068-b21e-4412-bb0e-1f3e7e64ebba None None] Version for resource type SubPort changed None to 1.0 on consumer Open vSwitch agent@dv-cinder-804459-4-smb {{(pid=94631) _set_version /opt/stack/neutron/neutron/api/rpc/callbacks/version_manager.py:113}}
Aug 27 17:13:58.675448 dv-cinder-804459-4-smb neutron-server[94631]: DEBUG neutron.api.rpc.callbacks.version_manager [None req-6c838068-b21e-4412-bb0e-1f3e7e64ebba None None] Version for resource type Subnet changed None to 1.1 on consumer Open vSwitch agent@dv-cinder-804459-4-smb {{(pid=94631) _set_version /opt/stack/neutron/neutron/api/rpc/callbacks/version_manager.py:113}}
Aug 27 17:13:58.675448 dv-cinder-804459-4-smb neutron-server[94631]: DEBUG neutron.api.rpc.callbacks.version_manager [None req-6c838068-b21e-4412-bb0e-1f3e7e64ebba None None] Version for resource type Trunk changed None to 1.1 on consumer Open vSwitch agent@dv-cinder-804459-4-smb {{(pid=94631) _set_version /opt/stack/neutron/neutron/api/rpc/callbacks/version_manager.py:113}}
Aug 27 17:13:58.677031 dv-cinder-804459-4-smb neutron-server[94631]: DEBUG neutron.api.rpc.callbacks.version_manager [None req-6c838068-b21e-4412-bb0e-1f3e7e64ebba None None] Tracked resource versions report:
Aug 27 17:13:58.677031 dv-cinder-804459-4-smb neutron-server[94631]: pushed versions:
Aug 27 17:13:58.677031 dv-cinder-804459-4-smb neutron-server[94631]: { 'AddressGroup': {'1.2'},
Aug 27 17:13:58.677031 dv-cinder-804459-4-smb neutron-server[94631]: 'ConntrackHelper': {'1.0'},
Aug 27 17:13:58.677031 dv-cinder-804459-4-smb neutron-server[94631]: 'Log': {'1.0'},
Aug 27 17:13:58.677031 dv-cinder-804459-4-smb neutron-server[94631]: 'Network': {'1.1'},
Aug 27 17:13:58.677031 dv-cinder-804459-4-smb neutron-server[94631]: 'Port': {'1.7'},
Aug 27 17:13:58.677031 dv-cinder-804459-4-smb neutron-server[94631]: 'PortForwarding': {'1.2'},
Aug 27 17:13:58.677031 dv-cinder-804459-4-smb neutron-server[94631]: 'QosPolicy': {'1.9'},
Aug 27 17:13:58.677031 dv-cinder-804459-4-smb neutron-server[94631]: 'SecurityGroup': {'1.4'},
Aug 27 17:13:58.677031 dv-cinder-804459-4-smb neutron-server[94631]: 'SecurityGroupRule': {'1.2'},
Aug 27 17:13:58.677031 dv-cinder-804459-4-smb neutron-server[94631]: 'SubPort': {'1.0'},
Aug 27 17:13:58.677031 dv-cinder-804459-4-smb neutron-server[94631]: 'Subnet': {'1.1'},
Aug 27 17:13:58.677031 dv-cinder-804459-4-smb neutron-server[94631]: 'Trunk': {'1.1'}}
Aug 27 17:13:58.677031 dv-cinder-804459-4-smb neutron-server[94631]: consumer versions:
Aug 27 17:13:58.677031 dv-cinder-804459-4-smb neutron-server[94631]: { DHCP agent@dv-cinder-804459-4-smb: {},
Aug 27 17:13:58.677031 dv-cinder-804459-4-smb neutron-server[94631]: HyperV agent@hv-cinder-80445: {},
Aug 27 17:13:58.677031 dv-cinder-804459-4-smb neutron-server[94631]: L3 agent@dv-cinder-804459-4-smb: {},
Aug 27 17:13:58.677031 dv-cinder-804459-4-smb neutron-server[94631]: Metadata agent@dv-cinder-804459-4-smb: {},
Aug 27 17:13:58.677031 dv-cinder-804459-4-smb neutron-server[94631]: Metering agent@dv-cinder-804459-4-smb: {},
Aug 27 17:13:58.677031 dv-cinder-804459-4-smb neutron-server[94631]: Open vSwitch agent@dv-cinder-804459-4-smb: { 'AddressGroup': '1.2',
Aug 27 17:13:58.677031 dv-cinder-804459-4-smb neutron-server[94631]: 'ConntrackHelper': '1.0',
Aug 27 17:13:58.677031 dv-cinder-804459-4-smb neutron-server[94631]: 'Log': '1.0',
Aug 27 17:13:58.677031 dv-cinder-804459-4-smb neutron-server[94631]: 'Network': '1.1',
Aug 27 17:13:58.677031 dv-cinder-804459-4-smb neutron-server[94631]: 'Port': '1.7',
Aug 27 17:13:58.677031 dv-cinder-804459-4-smb neutron-server[94631]: 'PortForwarding': '1.2',
Aug 27 17:13:58.677031 dv-cinder-804459-4-smb neutron-server[94631]: 'QosPolicy': '1.9',
Aug 27 17:13:58.677031 dv-cinder-804459-4-smb neutron-server[94631]: 'SecurityGroup': '1.4',
Aug 27 17:13:58.677031 dv-cinder-804459-4-smb neutron-server[94631]: 'SecurityGroupRule': '1.2',
Aug 27 17:13:58.677031 dv-cinder-804459-4-smb neutron-server[94631]: 'SubPort': '1.0',
Aug 27 17:13:58.677031 dv-cinder-804459-4-smb neutron-server[94631]: 'Subnet': '1.1',
Aug 27 17:13:58.677031 dv-cinder-804459-4-smb neutron-server[94631]: 'Trunk': '1.1'}}
Aug 27 17:13:58.677031 dv-cinder-804459-4-smb neutron-server[94631]: {{(pid=94631) report /opt/stack/neutron/neutron/api/rpc/callbacks/version_manager.py:175}}
Aug 27 17:13:58.694396 dv-cinder-804459-4-smb neutron-server[94631]: DEBUG neutron.plugins.ml2.drivers.mech_agent [None req-0a8dbe4b-a966-4f13-8190-2de09efd3b64 None None] Checking agent: {'id': 'a264f8fb-0b61-43f9-80db-1bb2ba59d89b', 'agent_type': 'Open vSwitch agent', 'binary': 'neutron-openvswitch-agent', 'topic': 'N/A', 'host': 'dv-cinder-804459-4-smb', 'admin_state_up': True, 'created_at': datetime.datetime(2021, 8, 27, 17, 5, 36), 'started_at': datetime.datetime(2021, 8, 27, 17, 6, 6), 'heartbeat_timestamp': datetime.datetime(2021, 8, 27, 17, 13, 36), 'description': None, 'resources_synced': None, 'availability_zone': None, 'alive': True, 'configurations': {'arp_responder_enabled': False, 'baremetal_smartnic': False, 'bridge_mappings': {'physnet1': 'br-data'}, 'datapath_type': 'system', 'devices': 0, 'enable_distributed_routing': False, 'extensions': [], 'in_distributed_mode': False, 'integration_bridge': 'br-int', 'l2_population': False, 'log_agent_heartbeats': False, 'ovs_capabilities': {'datapath_types': ['netdev', 'system'], 'iface_types': ['erspan', 'geneve', 'gre', 'internal', 'ip6erspan', 'ip6gre', 'lisp', 'patch', 'stt', 'system', 'tap', 'vxlan']}, 'ovs_hybrid_plug': False, 'resource_provider_bandwidths': {}, 'resource_provider_hypervisors': {'br-data': 'dv-cinder-804459-4-smb'}, 'resource_provider_inventory_defaults': {'allocation_ratio': 1.0, 'min_unit': 1, 'step_size': 1, 'reserved': 0}, 'tunnel_types': [], 'tunneling_ip': None, 'vhostuser_socket_dir': '/var/run/openvswitch'}, 'resource_versions': {'AddressGroup': '1.2', 'ConntrackHelper': '1.0', 'Log': '1.0', 'Network': '1.1', 'Port': '1.7', 'PortForwarding': '1.2', 'QosPolicy': '1.9', 'SecurityGroup': '1.4', 'SecurityGroupRule': '1.2', 'SubPort': '1.0', 'Subnet': '1.1', 'Trunk': '1.1'}} {{(pid=94631) bind_port /opt/stack/neutron/neutron/plugins/ml2/drivers/mech_agent.py:104}}
Aug 27 17:13:58.695410 dv-cinder-804459-4-smb neutron-server[94631]: DEBUG neutron.plugins.ml2.drivers.mech_agent [None req-0a8dbe4b-a966-4f13-8190-2de09efd3b64 None None] Checking segment: {'id': '48833554-b2cd-42a1-b65e-8304c8841d20', 'network_type': 'flat', 'physical_network': 'physnet1', 'segmentation_id': None, 'network_id': '012fccad-3275-4361-a614-fe644d8fa9e6'} for mappings: {'physnet1': 'br-data'} with network types: ['local', 'flat', 'vlan'] {{(pid=94631) check_segment_for_agent /opt/stack/neutron/neutron/plugins/ml2/drivers/mech_agent.py:352}}
Aug 27 17:13:58.696574 dv-cinder-804459-4-smb neutron-server[94631]: DEBUG neutron_lib.callbacks.manager [None req-0a8dbe4b-a966-4f13-8190-2de09efd3b64 None None] Notify callbacks [] for ovs_bridge_name, before_read {{(pid=94631) _notify_loop /usr/local/lib/python3.8/dist-packages/neutron_lib/callbacks/manager.py:192}}
Aug 27 17:13:58.697497 dv-cinder-804459-4-smb neutron-server[94631]: DEBUG neutron.plugins.ml2.drivers.mech_agent [None req-0a8dbe4b-a966-4f13-8190-2de09efd3b64 None None] Bound using segment: {'id': '48833554-b2cd-42a1-b65e-8304c8841d20', 'network_type': 'flat', 'physical_network': 'physnet1', 'segmentation_id': None, 'network_id': '012fccad-3275-4361-a614-fe644d8fa9e6'} {{(pid=94631) bind_port /opt/stack/neutron/neutron/plugins/ml2/drivers/mech_agent.py:114}}
Aug 27 17:13:58.698184 dv-cinder-804459-4-smb neutron-server[94631]: DEBUG neutron.plugins.ml2.managers [None req-0a8dbe4b-a966-4f13-8190-2de09efd3b64 None None] Bound port: 5d292019-738c-4077-953d-ffe004ccda2b, host: dv-cinder-804459-4-smb, vif_type: ovs, vif_details: {"connectivity": "l2", "port_filter": true, "ovs_hybrid_plug": false, "datapath_type": "system", "bridge_name": "br-int"}, binding_levels: [{'bound_driver': 'openvswitch', 'bound_segment': {'id': '48833554-b2cd-42a1-b65e-8304c8841d20', 'network_type': 'flat', 'physical_network': 'physnet1', 'segmentation_id': None, 'network_id': '012fccad-3275-4361-a614-fe644d8fa9e6'}}] {{(pid=94631) _bind_port_level /opt/stack/neutron/neutron/plugins/ml2/managers.py:928}}
Aug 27 17:13:58.698969 dv-cinder-804459-4-smb neutron-server[94631]: DEBUG neutron_lib.callbacks.manager [None req-0a8dbe4b-a966-4f13-8190-2de09efd3b64 None None] Notify callbacks ['neutron.plugins.ml2.plugin.SecurityGroupDbMixin._ensure_default_security_group_handler-16326479'] for port, before_update {{(pid=94631) _notify_loop /usr/local/lib/python3.8/dist-packages/neutron_lib/callbacks/manager.py:192}}
Aug 27 17:13:58.707412 dv-cinder-804459-4-smb neutron-server[94628]: DEBUG neutron_lib.callbacks.manager [None req-7c5df5a0-9f0a-4b2f-9c05-815ef7116c46 admin admin] Notify callbacks ['neutron.plugins.ml2.ovo_rpc._ObjectChangeHandler.handle_event-696801'] for security_group, after_delete {{(pid=94628) _notify_loop /usr/local/lib/python3.8/dist-packages/neutron_lib/callbacks/manager.py:192}}
Aug 27 17:13:58.708326 dv-cinder-804459-4-smb neutron-server[94628]: DEBUG neutron_lib.callbacks.manager [None req-7c5df5a0-9f0a-4b2f-9c05-815ef7116c46 admin admin] Notify callbacks [] for security_group, before_response {{(pid=94628) _notify_loop /usr/local/lib/python3.8/dist-packages/neutron_lib/callbacks/manager.py:192}}
Aug 27 17:13:58.709635 dv-cinder-804459-4-smb neutron-server[94628]: INFO neutron.wsgi [None req-7c5df5a0-9f0a-4b2f-9c05-815ef7116c46 admin admin] 10.222.0.52 "DELETE /v2.0/security-groups/9359531b-afa2-44fd-a479-27315ea36967 HTTP/1.1" status: 204 len: 168 time: 0.5809412
Aug 27 17:13:58.812595 dv-cinder-804459-4-smb neutron-server[94628]: DEBUG neutron.api.rpc.handlers.resources_rpc [None req-7c5df5a0-9f0a-4b2f-9c05-815ef7116c46 admin admin] Pushing event deleted for resources: {'SecurityGroup': ['ID=9359531b-afa2-44fd-a479-27315ea36967,revision_number=None']} {{(pid=94628) push /opt/stack/neutron/neutron/api/rpc/handlers/resources_rpc.py:237}}
Aug 27 17:13:58.812836 dv-cinder-804459-4-smb neutron-server[94631]: DEBUG neutron.plugins.ml2.db [None req-0a8dbe4b-a966-4f13-8190-2de09efd3b64 None None] For port 5d292019-738c-4077-953d-ffe004ccda2b, host dv-cinder-804459-4-smb, cleared binding levels {{(pid=94631) clear_binding_levels /opt/stack/neutron/neutron/plugins/ml2/db.py:87}}
Aug 27 17:13:58.817764 dv-cinder-804459-4-smb neutron-server[94631]: DEBUG neutron.plugins.ml2.db [None req-0a8dbe4b-a966-4f13-8190-2de09efd3b64 None None] For port 5d292019-738c-4077-953d-ffe004ccda2b, host dv-cinder-804459-4-smb, set binding levels [PortBindingLevel(driver='openvswitch',host='dv-cinder-804459-4-smb',level=0,port_id=5d292019-738c-4077-953d-ffe004ccda2b,segment=NetworkSegment(48833554-b2cd-42a1-b65e-8304c8841d20),segment_id=48833554-b2cd-42a1-b65e-8304c8841d20)] {{(pid=94631) set_binding_levels /opt/stack/neutron/neutron/plugins/ml2/db.py:59}}
Aug 27 17:13:58.873331 dv-cinder-804459-4-smb neutron-server[94628]: DEBUG neutron.db.db_base_plugin_common [None req-9a188d51-a4d1-493b-aab6-484c11f0f129 admin admin] Allocated IP 172.20.0.1 (c8419b7e-c2d6-49d0-8348-30492f697301/6cde2134-3a90-45dc-9c1b-fb5418a01cd7/878b9689-2beb-4036-af7e-9c7f5e551746) {{(pid=94628) _store_ip_allocation /opt/stack/neutron/neutron/db/db_base_plugin_common.py:131}}
Aug 27 17:13:58.930722 dv-cinder-804459-4-smb neutron-server[94631]: DEBUG neutron_lib.callbacks.manager [None req-0a8dbe4b-a966-4f13-8190-2de09efd3b64 None None] Notify callbacks ['neutron.plugins.ml2.plugin.SecurityGroupServerNotifierRpcMixin._notify_sg_on_port_change-16326400', 'neutron.plugins.ml2.ovo_rpc._ObjectChangeHandler.handle_event-35315', 'neutron.api.rpc.agentnotifiers.dhcp_rpc_agent_api.DhcpAgentNotifyAPI._native_event_send_dhcp_notification-630157', 'neutron.db.l3_db.L3RpcNotifierMixin._notify_gateway_port_ip_changed-8774458381617', 'neutron.db.l3_dvrscheduler_db._notify_l3_agent_port_update-8774457909261', 'neutron.db.l3_hascheduler_db._notify_l3_agent_ha_port_update-8774457909279'] for port, after_update {{(pid=94631) _notify_loop /usr/local/lib/python3.8/dist-packages/neutron_lib/callbacks/manager.py:192}}
Aug 27 17:13:58.932006 dv-cinder-804459-4-smb neutron-server[94630]: DEBUG neutron.db.provisioning_blocks [None req-aafae899-0cdc-40dc-9968-2c52e7de8aa9 None None] Provisioning for port dc9e7fa1-ec2a-44b4-90ed-221c013119c6 completed by entity L2. {{(pid=94630) provisioning_complete /opt/stack/neutron/neutron/db/provisioning_blocks.py:133}}
Aug 27 17:13:58.938906 dv-cinder-804459-4-smb neutron-server[94630]: DEBUG neutron.plugins.ml2.rpc [None req-aafae899-0cdc-40dc-9968-2c52e7de8aa9 None None] Device f01c5617-e4ca-4635-a635-9148c935e935 up at agent ovs-agent-dv-cinder-804459-4-smb {{(pid=94630) update_device_up /opt/stack/neutron/neutron/plugins/ml2/rpc.py:296}}
Aug 27 17:13:58.972254 dv-cinder-804459-4-smb neutron-server[94630]: DEBUG neutron.api.rpc.handlers.dhcp_rpc [None req-b637f1be-3520-4bad-b441-0faee9f32ffb None None] Network e22ec560-0fcd-445e-bb70-27f3e1b822dc requested from dv-cinder-804459-4-smb {{(pid=94630) get_network_info /opt/stack/neutron/neutron/api/rpc/handlers/dhcp_rpc.py:218}}
Aug 27 17:13:59.016490 dv-cinder-804459-4-smb neutron-server[94629]: INFO neutron.wsgi [req-c7d808d4-05e6-4ed6-9dd8-688ace290144 req-14ec851e-1580-43c4-90e8-81434f714471 service neutron] 10.222.0.52 "GET /v2.0/networks/c6fd39d4-0f3d-44d7-b7fa-72e4e1644138?fields=segments HTTP/1.1" status: 200 len: 212 time: 0.7116392
Aug 27 17:13:59.090591 dv-cinder-804459-4-smb neutron-server[94628]: DEBUG neutron_lib.callbacks.manager [None req-9a188d51-a4d1-493b-aab6-484c11f0f129 admin admin] Notify callbacks [] for port, precommit_create {{(pid=94628) _notify_loop /usr/local/lib/python3.8/dist-packages/neutron_lib/callbacks/manager.py:192}}
Aug 27 17:13:59.106749 dv-cinder-804459-4-smb neutron-server[94631]: DEBUG neutron.api.rpc.handlers.resources_rpc [None req-6c838068-b21e-4412-bb0e-1f3e7e64ebba None None] Pushing event updated for resources: {'Port': ['ID=5d292019-738c-4077-953d-ffe004ccda2b,revision_number=3']} {{(pid=94631) push /opt/stack/neutron/neutron/api/rpc/handlers/resources_rpc.py:237}}
Aug 27 17:13:59.130412 dv-cinder-804459-4-smb neutron-server[94631]: DEBUG neutron.db.l3_dvrscheduler_db [None req-0a8dbe4b-a966-4f13-8190-2de09efd3b64 None None] Routers {'13dabdde-408f-41ef-a2e3-384a8de38dbc'} bound to L3 agent in host dv-cinder-804459-4-smb {{(pid=94631) _get_router_ids_for_agent /opt/stack/neutron/neutron/db/l3_dvrscheduler_db.py:420}}
Aug 27 17:13:59.131410 dv-cinder-804459-4-smb neutron-server[94631]: DEBUG neutron.db.l3_hamode_db [None req-0a8dbe4b-a966-4f13-8190-2de09efd3b64 None None] neutron.services.l3_router.l3_router_plugin.L3RouterPlugin method get_ha_sync_data_for_host called with arguments (, 'dv-cinder-804459-4-smb', Agent(admin_state_up=True,agent_type='L3 agent',availability_zone='nova',binary='neutron-l3-agent',configurations={"agent_mode": "legacy", "ex_gw_ports": 1, "extensions": [], "floating_ips": 0, "handle_internal_only_routers": true, "interface_driver": "openvswitch", "interfaces": 1, "log_agent_heartbeats": false, "routers": 1},created_at=2021-08-27T17:05:36Z,description=,heartbeat_timestamp=2021-08-27T17:13:36Z,host='dv-cinder-804459-4-smb',id=6a103bc7-4abb-4727-bf71-ce0a67aca252,load=0,resource_versions=,resources_synced=,started_at=2021-08-27T17:05:36Z,topic='l3_agent')) {'router_ids': ['13dabdde-408f-41ef-a2e3-384a8de38dbc'], 'active': True} {{(pid=94631) wrapper /usr/local/lib/python3.8/dist-packages/oslo_log/helpers.py:65}}
Aug 27 17:13:59.157501 dv-cinder-804459-4-smb neutron-server[94630]: DEBUG neutron.db.provisioning_blocks [None req-b718ab65-bdbc-472e-b5ec-ca590fed391b None None] Provisioning for port dc9e7fa1-ec2a-44b4-90ed-221c013119c6 completed by entity DHCP. {{(pid=94630) provisioning_complete /opt/stack/neutron/neutron/db/provisioning_blocks.py:133}}
Aug 27 17:13:59.186048 dv-cinder-804459-4-smb neutron-server[94630]: DEBUG neutron.db.provisioning_blocks [None req-b718ab65-bdbc-472e-b5ec-ca590fed391b None None] Provisioning complete for port dc9e7fa1-ec2a-44b4-90ed-221c013119c6 triggered by entity DHCP. {{(pid=94630) provisioning_complete /opt/stack/neutron/neutron/db/provisioning_blocks.py:139}}
Aug 27 17:13:59.188890 dv-cinder-804459-4-smb neutron-server[94630]: DEBUG neutron_lib.callbacks.manager [None req-b718ab65-bdbc-472e-b5ec-ca590fed391b None None] Notify callbacks ['neutron.plugins.ml2.plugin.Ml2Plugin._port_provisioned-16415430'] for port, provisioning_complete {{(pid=94630) _notify_loop /usr/local/lib/python3.8/dist-packages/neutron_lib/callbacks/manager.py:192}}
Aug 27 17:13:59.224209 dv-cinder-804459-4-smb neutron-server[94629]: DEBUG neutron.db.db_base_plugin_common [None req-b6201943-0443-480b-8921-11ff6584f30c admin admin] Allocated IP 172.28.0.181 (012fccad-3275-4361-a614-fe644d8fa9e6/0e4ce9f7-d9df-469d-b557-c06c0b25c5d7/0e027d0e-9f17-4848-9d73-8d6c896ade08) {{(pid=94629) _store_ip_allocation /opt/stack/neutron/neutron/db/db_base_plugin_common.py:131}}
Aug 27 17:13:59.266613 dv-cinder-804459-4-smb neutron-server[94628]: DEBUG neutron_lib.callbacks.manager [None req-9a188d51-a4d1-493b-aab6-484c11f0f129 admin admin] Notify callbacks ['neutron.plugins.ml2.plugin.SecurityGroupServerNotifierRpcMixin._notify_sg_on_port_change-16326400', 'neutron.plugins.ml2.ovo_rpc._ObjectChangeHandler.handle_event-35315', 'neutron.api.rpc.agentnotifiers.dhcp_rpc_agent_api.DhcpAgentNotifyAPI._native_event_send_dhcp_notification-630157', 'neutron.db.l3_dvrscheduler_db._notify_l3_agent_new_port-8774457907703'] for port, after_create {{(pid=94628) _notify_loop /usr/local/lib/python3.8/dist-packages/neutron_lib/callbacks/manager.py:192}}
Aug 27 17:13:59.295845 dv-cinder-804459-4-smb neutron-server[94628]: DEBUG neutron.scheduler.dhcp_agent_scheduler [None req-9a188d51-a4d1-493b-aab6-484c11f0f129 admin admin] Network c8419b7e-c2d6-49d0-8348-30492f697301 is already hosted by enough agents. {{(pid=94628) _get_dhcp_agents_hosting_network /opt/stack/neutron/neutron/scheduler/dhcp_agent_scheduler.py:275}}
Aug 27 17:13:59.298439 dv-cinder-804459-4-smb neutron-server[94628]: DEBUG neutron.scheduler.base_scheduler [None req-9a188d51-a4d1-493b-aab6-484c11f0f129 admin admin] Resources bound (agent type, host, resource id): {{(pid=94628) schedule /opt/stack/neutron/neutron/scheduler/base_scheduler.py:57}}
Aug 27 17:13:59.301057 dv-cinder-804459-4-smb neutron-server[94629]: INFO neutron.wsgi [req-c7d808d4-05e6-4ed6-9dd8-688ace290144 req-251f2e21-4a8d-46bd-a9f2-5e1ea91e05fc service neutron] 10.222.0.52 "GET /v2.0/networks/c6fd39d4-0f3d-44d7-b7fa-72e4e1644138?fields=provider%3Aphysical_network&fields=provider%3Anetwork_type HTTP/1.1" status: 200 len: 281 time: 0.2759304
Aug 27 17:13:59.347328 dv-cinder-804459-4-smb neutron-server[94628]: DEBUG neutron.db.l3_dvrscheduler_db [None req-9a188d51-a4d1-493b-aab6-484c11f0f129 admin admin] Received port after_create {{(pid=94628) _notify_l3_agent_new_port /opt/stack/neutron/neutron/db/l3_dvrscheduler_db.py:535}}
Aug 27 17:13:59.347813 dv-cinder-804459-4-smb neutron-server[94628]: DEBUG neutron_lib.callbacks.manager [None req-9a188d51-a4d1-493b-aab6-484c11f0f129 admin admin] Notify callbacks ['neutron.services.l3_router.l3_router_plugin.DVRResourceOperationHandler._add_csnat_on_interface_create-752353'] for router_interface, before_create {{(pid=94628) _notify_loop /usr/local/lib/python3.8/dist-packages/neutron_lib/callbacks/manager.py:192}}
Aug 27 17:13:59.362215 dv-cinder-804459-4-smb neutron-server[94629]: DEBUG neutron_lib.callbacks.manager [None req-cb9933fb-c762-4f2b-9a0a-9902b269233d admin admin] Notify callbacks [] for router_gateway, after_create {{(pid=94629) _notify_loop /usr/local/lib/python3.8/dist-packages/neutron_lib/callbacks/manager.py:192}}
Aug 27 17:13:59.380607 dv-cinder-804459-4-smb neutron-server[94631]: DEBUG neutron.db.l3_dvr_db [None req-0a8dbe4b-a966-4f13-8190-2de09efd3b64 None None] Set router 13dabdde-408f-41ef-a2e3-384a8de38dbc gateway port host: dv-cinder-804459-4-smb {{(pid=94631) _build_routers_list /opt/stack/neutron/neutron/db/l3_dvr_db.py:906}}
Aug 27 17:13:59.469858 dv-cinder-804459-4-smb neutron-server[94630]: DEBUG neutron.db.provisioning_blocks [None req-aafae899-0cdc-40dc-9968-2c52e7de8aa9 None None] Provisioning for port f01c5617-e4ca-4635-a635-9148c935e935 completed by entity L2. {{(pid=94630) provisioning_complete /opt/stack/neutron/neutron/db/provisioning_blocks.py:133}}
Aug 27 17:13:59.575505 dv-cinder-804459-4-smb neutron-server[94628]: DEBUG neutron.api.rpc.handlers.resources_rpc [None req-9a188d51-a4d1-493b-aab6-484c11f0f129 admin admin] Pushing event updated for resources: {'Port': ['ID=878b9689-2beb-4036-af7e-9c7f5e551746,revision_number=1']} {{(pid=94628) push /opt/stack/neutron/neutron/api/rpc/handlers/resources_rpc.py:237}}
Aug 27 17:13:59.575768 dv-cinder-804459-4-smb neutron-server[94630]: DEBUG neutron_lib.callbacks.manager [None req-b718ab65-bdbc-472e-b5ec-ca590fed391b None None] Notify callbacks ['neutron.plugins.ml2.plugin.SecurityGroupDbMixin._ensure_default_security_group_handler-16326479'] for port, before_update {{(pid=94630) _notify_loop /usr/local/lib/python3.8/dist-packages/neutron_lib/callbacks/manager.py:192}}
Aug 27 17:13:59.631313 dv-cinder-804459-4-smb neutron-server[94629]: DEBUG neutron_lib.callbacks.manager [None req-b6201943-0443-480b-8921-11ff6584f30c admin admin] Notify callbacks [] for port, precommit_create {{(pid=94629) _notify_loop /usr/local/lib/python3.8/dist-packages/neutron_lib/callbacks/manager.py:192}}
Aug 27 17:13:59.734761 dv-cinder-804459-4-smb neutron-server[94630]: DEBUG neutron.plugins.ml2.db [None req-b718ab65-bdbc-472e-b5ec-ca590fed391b None None] For port dc9e7fa1-ec2a-44b4-90ed-221c013119c6, host dv-cinder-804459-4-smb, got binding levels [PortBindingLevel(driver='openvswitch',host='dv-cinder-804459-4-smb',level=0,port_id=dc9e7fa1-ec2a-44b4-90ed-221c013119c6,segment=NetworkSegment(d715c21b-fbc5-4415-a655-d498a26d62cb),segment_id=d715c21b-fbc5-4415-a655-d498a26d62cb)] {{(pid=94630) get_binding_level_objs /opt/stack/neutron/neutron/plugins/ml2/db.py:74}}
Aug 27 17:13:59.797243 dv-cinder-804459-4-smb neutron-server[94630]: DEBUG neutron_lib.callbacks.manager [None req-b718ab65-bdbc-472e-b5ec-ca590fed391b None None] Notify callbacks ['neutron.plugins.ml2.plugin.SecurityGroupServerNotifierRpcMixin._notify_sg_on_port_change-16326400', 'neutron.plugins.ml2.ovo_rpc._ObjectChangeHandler.handle_event-35315', 'neutron.api.rpc.agentnotifiers.dhcp_rpc_agent_api.DhcpAgentNotifyAPI._native_event_send_dhcp_notification-630157', 'neutron.db.l3_db.L3RpcNotifierMixin._notify_gateway_port_ip_changed-8774458381617', 'neutron.db.l3_dvrscheduler_db._notify_l3_agent_port_update-8774457909261', 'neutron.db.l3_hascheduler_db._notify_l3_agent_ha_port_update-8774457909279'] for port, after_update {{(pid=94630) _notify_loop /usr/local/lib/python3.8/dist-packages/neutron_lib/callbacks/manager.py:192}}
Aug 27 17:13:59.820956 dv-cinder-804459-4-smb neutron-server[94628]: DEBUG neutron.wsgi [-] (94628) accepted ('10.222.0.52', 57038) {{(pid=94628) server /usr/local/lib/python3.8/dist-packages/eventlet/wsgi.py:982}}
Aug 27 17:13:59.831414 dv-cinder-804459-4-smb neutron-server[94628]: DEBUG neutron.wsgi [-] (94628) accepted ('10.222.0.52', 57040) {{(pid=94628) server /usr/local/lib/python3.8/dist-packages/eventlet/wsgi.py:982}}
Aug 27 17:13:59.901108 dv-cinder-804459-4-smb neutron-server[94628]: DEBUG neutron_lib.callbacks.manager [None req-f28b3065-d0b8-48e3-8135-6a204a8eb34c admin admin] Notify callbacks [] for security_group, before_create {{(pid=94628) _notify_loop /usr/local/lib/python3.8/dist-packages/neutron_lib/callbacks/manager.py:192}}
Aug 27 17:13:59.947783 dv-cinder-804459-4-smb neutron-server[94628]: DEBUG neutron.wsgi [-] (94628) accepted ('10.222.0.52', 57046) {{(pid=94628) server /usr/local/lib/python3.8/dist-packages/eventlet/wsgi.py:982}}
Aug 27 17:13:59.969132 dv-cinder-804459-4-smb neutron-server[94631]: DEBUG neutron.db.l3_hamode_db [None req-0a8dbe4b-a966-4f13-8190-2de09efd3b64 None None] neutron.services.l3_router.l3_router_plugin.L3RouterPlugin method _process_sync_ha_data called with arguments (, [{'id': '13dabdde-408f-41ef-a2e3-384a8de38dbc', 'name': 'tempest-ServerRescueNegativeTestJSON-925897231-router', 'tenant_id': '6879b4ca28c24faaa389def7e748bdce', 'admin_state_up': True, 'status': 'ACTIVE', 'external_gateway_info': {'network_id': '012fccad-3275-4361-a614-fe644d8fa9e6', 'external_fixed_ips': [{'subnet_id': '0e4ce9f7-d9df-469d-b557-c06c0b25c5d7', 'ip_address': '172.28.0.191'}], 'enable_snat': True}, 'gw_port_id': '5d292019-738c-4077-953d-ffe004ccda2b', 'description': '', 'availability_zones': ['nova'], 'distributed': False, 'ha': False, 'ha_vr_id': 0, 'availability_zone_hints': [], 'routes': [], 'flavor_id': None, 'tags': [], 'created_at': '2021-08-27T17:13:53Z', 'updated_at': '2021-08-27T17:13:55Z', 'revision_number': 3, 'project_id': '6879b4ca28c24faaa389def7e748bdce', 'gw_port': {'id': '5d292019-738c-4077-953d-ffe004ccda2b', 'name': '', 'network_id': '012fccad-3275-4361-a614-fe644d8fa9e6', 'tenant_id': '', 'mac_address': 'fa:16:3e:27:3d:06', 'admin_state_up': True, 'status': 'DOWN', 'device_id': '13dabdde-408f-41ef-a2e3-384a8de38dbc', 'device_owner': 'network:router_gateway', 'standard_attr_id': 62, 'fixed_ips': [{'subnet_id': '0e4ce9f7-d9df-469d-b557-c06c0b25c5d7', 'ip_address': '172.28.0.191', 'prefixlen': 24}], 'allowed_address_pairs': [], 'extra_dhcp_opts': [], 'security_groups': [], 'description': '', 'binding:vnic_type': 'normal', 'binding:profile': {}, 'binding:host_id': 'dv-cinder-804459-4-smb', 'binding:vif_type': 'ovs', 'binding:vif_details': {'connectivity': 'l2', 'port_filter': True, 'ovs_hybrid_plug': False, 'datapath_type': 'system', 'bridge_name': 'br-int'}, 'port_security_enabled': False, 'tags': [], 'created_at': '2021-08-27T17:13:54Z', 'updated_at': '2021-08-27T17:13:58Z', 'revision_number': 3, 'project_id': '', 'subnets': [{'id': '0e4ce9f7-d9df-469d-b557-c06c0b25c5d7', 'cidr': '172.28.0.0/24', 'gateway_ip': '172.28.0.1', 'dns_nameservers': [], 'ipv6_ra_mode': None, 'subnetpool_id': None}], 'extra_subnets': [], 'address_scopes': {4: None, 6: None}, 'mtu': 1500}, 'enable_snat': True, 'gw_port_host': 'dv-cinder-804459-4-smb'}], 'dv-cinder-804459-4-smb', False) {} {{(pid=94631) wrapper /usr/local/lib/python3.8/dist-packages/oslo_log/helpers.py:65}}
Aug 27 17:13:59.971415 dv-cinder-804459-4-smb neutron-server[94628]: WARNING keystonemiddleware.auth_token [-] A valid token was submitted as a service token, but it was not a valid service token. This is incorrect but backwards compatible behaviour. This will be removed in future releases.
Aug 27 17:13:59.996697 dv-cinder-804459-4-smb neutron-server[94630]: DEBUG neutron.api.rpc.handlers.resources_rpc [None req-b718ab65-bdbc-472e-b5ec-ca590fed391b None None] Pushing event updated for resources: {'Port': ['ID=dc9e7fa1-ec2a-44b4-90ed-221c013119c6,revision_number=3']} {{(pid=94630) push /opt/stack/neutron/neutron/api/rpc/handlers/resources_rpc.py:237}}
Aug 27 17:14:00.007146 dv-cinder-804459-4-smb neutron-server[94629]: DEBUG neutron_lib.callbacks.manager [None req-b6201943-0443-480b-8921-11ff6584f30c admin admin] Notify callbacks ['neutron.plugins.ml2.plugin.SecurityGroupServerNotifierRpcMixin._notify_sg_on_port_change-16326400', 'neutron.plugins.ml2.ovo_rpc._ObjectChangeHandler.handle_event-35315', 'neutron.api.rpc.agentnotifiers.dhcp_rpc_agent_api.DhcpAgentNotifyAPI._native_event_send_dhcp_notification-630157', 'neutron.db.l3_dvrscheduler_db._notify_l3_agent_new_port-8774457907703'] for port, after_create {{(pid=94629) _notify_loop /usr/local/lib/python3.8/dist-packages/neutron_lib/callbacks/manager.py:192}}
Aug 27 17:14:00.011968 dv-cinder-804459-4-smb neutron-server[94631]: DEBUG neutron.api.rpc.handlers.l3_rpc [None req-0a8dbe4b-a966-4f13-8190-2de09efd3b64 None None] The sync data for ids ['13dabdde-408f-41ef-a2e3-384a8de38dbc'] in dv-cinder-804459-4-smb is: [{'id': '13dabdde-408f-41ef-a2e3-384a8de38dbc', 'name': 'tempest-ServerRescueNegativeTestJSON-925897231-router', 'tenant_id': '6879b4ca28c24faaa389def7e748bdce', 'admin_state_up': True, 'status': 'ACTIVE', 'external_gateway_info': {'network_id': '012fccad-3275-4361-a614-fe644d8fa9e6', 'external_fixed_ips': [{'subnet_id': '0e4ce9f7-d9df-469d-b557-c06c0b25c5d7', 'ip_address': '172.28.0.191'}], 'enable_snat': True}, 'gw_port_id': '5d292019-738c-4077-953d-ffe004ccda2b', 'description': '', 'availability_zones': ['nova'], 'distributed': False, 'ha': False, 'ha_vr_id': 0, 'availability_zone_hints': [], 'routes': [], 'flavor_id': None, 'tags': [], 'created_at': '2021-08-27T17:13:53Z', 'updated_at': '2021-08-27T17:13:55Z', 'revision_number': 3, 'project_id': '6879b4ca28c24faaa389def7e748bdce', 'gw_port': {'id': '5d292019-738c-4077-953d-ffe004ccda2b', 'name': '', 'network_id': '012fccad-3275-4361-a614-fe644d8fa9e6', 'tenant_id': '', 'mac_address': 'fa:16:3e:27:3d:06', 'admin_state_up': True, 'status': 'DOWN', 'device_id': '13dabdde-408f-41ef-a2e3-384a8de38dbc', 'device_owner': 'network:router_gateway', 'standard_attr_id': 62, 'fixed_ips': [{'subnet_id': '0e4ce9f7-d9df-469d-b557-c06c0b25c5d7', 'ip_address': '172.28.0.191', 'prefixlen': 24}], 'allowed_address_pairs': [], 'extra_dhcp_opts': [], 'security_groups': [], 'description': '', 'binding:vnic_type': 'normal', 'binding:profile': {}, 'binding:host_id': 'dv-cinder-804459-4-smb', 'binding:vif_type': 'ovs', 'binding:vif_details': {'connectivity': 'l2', 'port_filter': True, 'ovs_hybrid_plug': False, 'datapath_type': 'system', 'bridge_name': 'br-int'}, 'port_security_enabled': False, 'tags': [], 'created_at': '2021-08-27T17:13:54Z', 'updated_at': '2021-08-27T17:13:58Z', 'revision_number': 3, 'project_id': '', 'subnets': [{'id': '0e4ce9f7-d9df-469d-b557-c06c0b25c5d7', 'cidr': '172.28.0.0/24', 'gateway_ip': '172.28.0.1', 'dns_nameservers': [], 'ipv6_ra_mode': None, 'subnetpool_id': None}], 'extra_subnets': [], 'address_scopes': {4: None, 6: None}, 'mtu': 1500}, 'enable_snat': True, 'gw_port_host': 'dv-cinder-804459-4-smb'}] {{(pid=94631) sync_routers /opt/stack/neutron/neutron/api/rpc/handlers/l3_rpc.py:137}}
Aug 27 17:14:00.075956 dv-cinder-804459-4-smb neutron-server[94630]: DEBUG neutron.db.provisioning_blocks [None req-b5803901-7d48-4253-8764-dc73fd4a0679 None None] Provisioning for port f01c5617-e4ca-4635-a635-9148c935e935 completed by entity DHCP. {{(pid=94630) provisioning_complete /opt/stack/neutron/neutron/db/provisioning_blocks.py:133}}
Aug 27 17:14:00.081745 dv-cinder-804459-4-smb neutron-server[94630]: DEBUG neutron.db.provisioning_blocks [None req-b5803901-7d48-4253-8764-dc73fd4a0679 None None] Provisioning complete for port f01c5617-e4ca-4635-a635-9148c935e935 triggered by entity DHCP. {{(pid=94630) provisioning_complete /opt/stack/neutron/neutron/db/provisioning_blocks.py:139}}
Aug 27 17:14:00.082344 dv-cinder-804459-4-smb neutron-server[94630]: DEBUG neutron_lib.callbacks.manager [None req-b5803901-7d48-4253-8764-dc73fd4a0679 None None] Notify callbacks ['neutron.plugins.ml2.plugin.Ml2Plugin._port_provisioned-16415430'] for port, provisioning_complete {{(pid=94630) _notify_loop /usr/local/lib/python3.8/dist-packages/neutron_lib/callbacks/manager.py:192}}
Aug 27 17:14:00.094552 dv-cinder-804459-4-smb neutron-server[94629]: DEBUG neutron_lib.callbacks.manager [None req-cb9933fb-c762-4f2b-9a0a-9902b269233d admin admin] Notify callbacks ['neutron.services.l3_router.l3_router_plugin.L3_HA_NAT_db_mixin._after_router_create-750256', 'neutron.services.l3_router.l3_router_plugin.DVRResourceOperationHandler._create_snat_interfaces_after_change-752190'] for router, after_create {{(pid=94629) _notify_loop /usr/local/lib/python3.8/dist-packages/neutron_lib/callbacks/manager.py:192}}
Aug 27 17:14:00.097474 dv-cinder-804459-4-smb neutron-server[94629]: DEBUG neutron.scheduler.dhcp_agent_scheduler [None req-b6201943-0443-480b-8921-11ff6584f30c admin admin] Network 012fccad-3275-4361-a614-fe644d8fa9e6 is already hosted by enough agents. {{(pid=94629) _get_dhcp_agents_hosting_network /opt/stack/neutron/neutron/scheduler/dhcp_agent_scheduler.py:275}}
Aug 27 17:14:00.105742 dv-cinder-804459-4-smb neutron-server[94629]: DEBUG neutron.scheduler.base_scheduler [None req-b6201943-0443-480b-8921-11ff6584f30c admin admin] Resources bound (agent type, host, resource id): {{(pid=94629) schedule /opt/stack/neutron/neutron/scheduler/base_scheduler.py:57}}
Aug 27 17:14:00.110936 dv-cinder-804459-4-smb neutron-server[94629]: DEBUG neutron.db.l3_dvrscheduler_db [None req-b6201943-0443-480b-8921-11ff6584f30c admin admin] Received port after_create {{(pid=94629) _notify_l3_agent_new_port /opt/stack/neutron/neutron/db/l3_dvrscheduler_db.py:535}}
Aug 27 17:14:00.119196 dv-cinder-804459-4-smb neutron-server[94629]: DEBUG neutron.api.rpc.handlers.resources_rpc [None req-b6201943-0443-480b-8921-11ff6584f30c admin admin] Pushing event updated for resources: {'Port': ['ID=0e027d0e-9f17-4848-9d73-8d6c896ade08,revision_number=1']} {{(pid=94629) push /opt/stack/neutron/neutron/api/rpc/handlers/resources_rpc.py:237}}
Aug 27 17:14:00.231333 dv-cinder-804459-4-smb neutron-server[94628]: INFO neutron.wsgi [req-77a50ad2-64f6-488a-aa75-0d20bc0e972b req-f43a5140-7c75-4eb4-80ad-82e288ba21ef tempest-DeleteServersTestJSON-106928998 tempest-DeleteServersTestJSON-106928998-project] 10.222.0.52 "GET /v2.0/ports?device_id=19671bf6-379a-4eea-b4ae-0799aba6114c HTTP/1.1" status: 200 len: 210 time: 0.2760220
Aug 27 17:14:00.232065 dv-cinder-804459-4-smb neutron-server[94628]: DEBUG neutron_lib.callbacks.manager [None req-6deb2d88-c74d-449c-82b1-67a2bc20cf35 admin admin] Notify callbacks [] for security_group, before_create {{(pid=94628) _notify_loop /usr/local/lib/python3.8/dist-packages/neutron_lib/callbacks/manager.py:192}}
Aug 27 17:14:00.267651 dv-cinder-804459-4-smb neutron-server[94628]: DEBUG neutron_lib.callbacks.manager [None req-9a188d51-a4d1-493b-aab6-484c11f0f129 admin admin] Notify callbacks ['neutron.plugins.ml2.plugin.SecurityGroupDbMixin._ensure_default_security_group_handler-16326479'] for port, before_update {{(pid=94628) _notify_loop /usr/local/lib/python3.8/dist-packages/neutron_lib/callbacks/manager.py:192}}
Aug 27 17:14:00.349877 dv-cinder-804459-4-smb neutron-server[94630]: DEBUG neutron_lib.callbacks.manager [None req-b5803901-7d48-4253-8764-dc73fd4a0679 None None] Notify callbacks ['neutron.plugins.ml2.plugin.SecurityGroupDbMixin._ensure_default_security_group_handler-16326479'] for port, before_update {{(pid=94630) _notify_loop /usr/local/lib/python3.8/dist-packages/neutron_lib/callbacks/manager.py:192}}
Aug 27 17:14:00.360299 dv-cinder-804459-4-smb neutron-server[94630]: DEBUG neutron.plugins.ml2.rpc [None req-aafae899-0cdc-40dc-9968-2c52e7de8aa9 None None] Device dc9e7fa1-ec2a-44b4-90ed-221c013119c6 up at agent ovs-agent-dv-cinder-804459-4-smb {{(pid=94630) update_device_up /opt/stack/neutron/neutron/plugins/ml2/rpc.py:296}}
Aug 27 17:14:00.483491 dv-cinder-804459-4-smb neutron-server[94630]: DEBUG neutron.plugins.ml2.db [None req-b5803901-7d48-4253-8764-dc73fd4a0679 None None] For port f01c5617-e4ca-4635-a635-9148c935e935, host dv-cinder-804459-4-smb, got binding levels [PortBindingLevel(driver='openvswitch',host='dv-cinder-804459-4-smb',level=0,port_id=f01c5617-e4ca-4635-a635-9148c935e935,segment=NetworkSegment(75953bd3-1d54-4c6f-b846-a9e5d9e34325),segment_id=75953bd3-1d54-4c6f-b846-a9e5d9e34325)] {{(pid=94630) get_binding_level_objs /opt/stack/neutron/neutron/plugins/ml2/db.py:74}}
Aug 27 17:14:00.510795 dv-cinder-804459-4-smb neutron-server[94630]: DEBUG neutron.db.provisioning_blocks [None req-aafae899-0cdc-40dc-9968-2c52e7de8aa9 None None] Provisioning complete for port dc9e7fa1-ec2a-44b4-90ed-221c013119c6 triggered by entity L2. {{(pid=94630) provisioning_complete /opt/stack/neutron/neutron/db/provisioning_blocks.py:139}}
Aug 27 17:14:00.511582 dv-cinder-804459-4-smb neutron-server[94630]: DEBUG neutron_lib.callbacks.manager [None req-aafae899-0cdc-40dc-9968-2c52e7de8aa9 None None] Notify callbacks ['neutron.plugins.ml2.plugin.Ml2Plugin._port_provisioned-16415430'] for port, provisioning_complete {{(pid=94630) _notify_loop /usr/local/lib/python3.8/dist-packages/neutron_lib/callbacks/manager.py:192}}
Aug 27 17:14:00.518995 dv-cinder-804459-4-smb neutron-server[94628]: DEBUG neutron_lib.callbacks.manager [None req-f28b3065-d0b8-48e3-8135-6a204a8eb34c admin admin] Notify callbacks [] for security_group, precommit_create {{(pid=94628) _notify_loop /usr/local/lib/python3.8/dist-packages/neutron_lib/callbacks/manager.py:192}}
Aug 27 17:14:00.611822 dv-cinder-804459-4-smb neutron-server[94630]: DEBUG neutron_lib.callbacks.manager [None req-b5803901-7d48-4253-8764-dc73fd4a0679 None None] Notify callbacks ['neutron.plugins.ml2.plugin.SecurityGroupServerNotifierRpcMixin._notify_sg_on_port_change-16326400', 'neutron.plugins.ml2.ovo_rpc._ObjectChangeHandler.handle_event-35315', 'neutron.api.rpc.agentnotifiers.dhcp_rpc_agent_api.DhcpAgentNotifyAPI._native_event_send_dhcp_notification-630157', 'neutron.db.l3_db.L3RpcNotifierMixin._notify_gateway_port_ip_changed-8774458381617', 'neutron.db.l3_dvrscheduler_db._notify_l3_agent_port_update-8774457909261', 'neutron.db.l3_hascheduler_db._notify_l3_agent_ha_port_update-8774457909279'] for port, after_update {{(pid=94630) _notify_loop /usr/local/lib/python3.8/dist-packages/neutron_lib/callbacks/manager.py:192}}
Aug 27 17:14:00.619122 dv-cinder-804459-4-smb neutron-server[94629]: DEBUG neutron.scheduler.l3_agent_scheduler [None req-cb9933fb-c762-4f2b-9a0a-9902b269233d admin admin] Router a49bc9cc-28c4-4d8d-bec1-62b9c97f35c2 is scheduled to L3 agent 6a103bc7-4abb-4727-bf71-ce0a67aca252 with binding_index 1 {{(pid=94629) bind_router /opt/stack/neutron/neutron/scheduler/l3_agent_scheduler.py:209}}
Aug 27 17:14:00.651983 dv-cinder-804459-4-smb neutron-server[94628]: DEBUG neutron_lib.callbacks.manager [None req-f28b3065-d0b8-48e3-8135-6a204a8eb34c admin admin] Notify callbacks ['neutron.plugins.ml2.ovo_rpc._ObjectChangeHandler.handle_event-696801'] for security_group, after_create {{(pid=94628) _notify_loop /usr/local/lib/python3.8/dist-packages/neutron_lib/callbacks/manager.py:192}}
Aug 27 17:14:00.703373 dv-cinder-804459-4-smb neutron-server[94630]: DEBUG neutron.db.provisioning_blocks [None req-b5803901-7d48-4253-8764-dc73fd4a0679 None None] Provisioning complete for port dc9e7fa1-ec2a-44b4-90ed-221c013119c6 triggered by entity DHCP. {{(pid=94630) provisioning_complete /opt/stack/neutron/neutron/db/provisioning_blocks.py:139}}
Aug 27 17:14:00.704147 dv-cinder-804459-4-smb neutron-server[94630]: DEBUG neutron_lib.callbacks.manager [None req-b5803901-7d48-4253-8764-dc73fd4a0679 None None] Notify callbacks ['neutron.plugins.ml2.plugin.Ml2Plugin._port_provisioned-16415430'] for port, provisioning_complete {{(pid=94630) _notify_loop /usr/local/lib/python3.8/dist-packages/neutron_lib/callbacks/manager.py:192}}
Aug 27 17:14:00.807316 dv-cinder-804459-4-smb neutron-server[94630]: DEBUG neutron.api.rpc.handlers.resources_rpc [None req-b5803901-7d48-4253-8764-dc73fd4a0679 None None] Pushing event updated for resources: {'Port': ['ID=f01c5617-e4ca-4635-a635-9148c935e935,revision_number=3']} {{(pid=94630) push /opt/stack/neutron/neutron/api/rpc/handlers/resources_rpc.py:237}}
Aug 27 17:14:00.941332 dv-cinder-804459-4-smb neutron-server[94628]: DEBUG neutron.api.rpc.handlers.resources_rpc [None req-f28b3065-d0b8-48e3-8135-6a204a8eb34c admin admin] Pushing event updated for resources: {'SecurityGroup': ['ID=9dc28921-a540-4977-b186-819433853788,revision_number=1']} {{(pid=94628) push /opt/stack/neutron/neutron/api/rpc/handlers/resources_rpc.py:237}}
Aug 27 17:14:00.942961 dv-cinder-804459-4-smb neutron-server[94629]: DEBUG neutron_lib.callbacks.manager [None req-b6201943-0443-480b-8921-11ff6584f30c admin admin] Notify callbacks [] for router_gateway, after_create {{(pid=94629) _notify_loop /usr/local/lib/python3.8/dist-packages/neutron_lib/callbacks/manager.py:192}}
Aug 27 17:14:00.962468 dv-cinder-804459-4-smb neutron-server[94628]: INFO neutron.wsgi [None req-f28b3065-d0b8-48e3-8135-6a204a8eb34c admin admin] 10.222.0.52 "GET /v2.0/security-groups?tenant_id=d1bc7254d60f4fa483e4e6792a4ffcd6&name=default HTTP/1.1" status: 200 len: 2975 time: 1.1276047
