Aug 12 21:55:56.465840 dv-cinder-804457-2-smb neutron-server[93817]: DEBUG neutron.plugins.ml2.managers [req-b67a2e0f-7a1d-458a-824e-a015af7b374f req-b716857f-0f83-4665-8e9c-83da606dba16 service neutron] Attempting to bind port 868d54a3-b7dc-438b-953d-73080ecf17a1 on host hv-cinder-80445 for vnic_type normal with profile {{(pid=93817) bind_port /opt/stack/neutron/neutron/plugins/ml2/managers.py:790}}
Aug 12 21:55:56.466809 dv-cinder-804457-2-smb neutron-server[93817]: DEBUG neutron.plugins.ml2.managers [req-b67a2e0f-7a1d-458a-824e-a015af7b374f req-b716857f-0f83-4665-8e9c-83da606dba16 service neutron] Attempting to bind port 868d54a3-b7dc-438b-953d-73080ecf17a1 by drivers openvswitch,hyperv on host hv-cinder-80445 at level 0 using segments [{'id': 'c4c2f8dc-b79c-4c7b-9d81-e8bdd3efc57e', 'network_type': 'vlan', 'physical_network': 'physnet1', 'segmentation_id': 780, 'network_id': '7ecaae78-a0f5-4b38-b01f-140e6dde4aed'}] {{(pid=93817) _bind_port_level /opt/stack/neutron/neutron/plugins/ml2/managers.py:815}}
Aug 12 21:55:56.467190 dv-cinder-804457-2-smb neutron-server[93817]: DEBUG neutron.plugins.ml2.drivers.mech_agent [req-b67a2e0f-7a1d-458a-824e-a015af7b374f req-b716857f-0f83-4665-8e9c-83da606dba16 service neutron] Attempting to bind port 868d54a3-b7dc-438b-953d-73080ecf17a1 on network 7ecaae78-a0f5-4b38-b01f-140e6dde4aed {{(pid=93817) bind_port /opt/stack/neutron/neutron/plugins/ml2/drivers/mech_agent.py:85}}
Aug 12 21:55:56.472734 dv-cinder-804457-2-smb neutron-server[93817]: DEBUG neutron.plugins.ml2.drivers.mech_agent [req-b67a2e0f-7a1d-458a-824e-a015af7b374f req-b716857f-0f83-4665-8e9c-83da606dba16 service neutron] Port 868d54a3-b7dc-438b-953d-73080ecf17a1 on network 7ecaae78-a0f5-4b38-b01f-140e6dde4aed not bound, no agent of type Open vSwitch agent registered on host hv-cinder-80445 {{(pid=93817) bind_port /opt/stack/neutron/neutron/plugins/ml2/drivers/mech_agent.py:97}}
Aug 12 21:55:56.473126 dv-cinder-804457-2-smb neutron-server[93817]: DEBUG neutron.plugins.ml2.drivers.mech_agent [req-b67a2e0f-7a1d-458a-824e-a015af7b374f req-b716857f-0f83-4665-8e9c-83da606dba16 service neutron] Attempting to bind port 868d54a3-b7dc-438b-953d-73080ecf17a1 on network 7ecaae78-a0f5-4b38-b01f-140e6dde4aed {{(pid=93817) bind_port /opt/stack/neutron/neutron/plugins/ml2/drivers/mech_agent.py:85}}
Aug 12 21:55:56.478888 dv-cinder-804457-2-smb neutron-server[93817]: DEBUG neutron.plugins.ml2.drivers.mech_agent [req-b67a2e0f-7a1d-458a-824e-a015af7b374f req-b716857f-0f83-4665-8e9c-83da606dba16 service neutron] Checking agent: {'id': 'cb46716c-b92c-4735-8549-43ea5df2a3c5', 'agent_type': 'HyperV agent', 'binary': 'neutron-hyperv-agent', 'topic': 'N/A', 'host': 'hv-cinder-80445', 'admin_state_up': True, 'created_at': datetime.datetime(2021, 8, 12, 21, 53, 39), 'started_at': datetime.datetime(2021, 8, 12, 21, 53, 39), 'heartbeat_timestamp': datetime.datetime(2021, 8, 12, 21, 55, 39), 'description': None, 'resources_synced': None, 'availability_zone': None, 'alive': True, 'configurations': {'vswitch_mappings': {'physnet1$': 'br-data'}}, 'resource_versions': {}} {{(pid=93817) bind_port /opt/stack/neutron/neutron/plugins/ml2/drivers/mech_agent.py:104}}
Aug 12 21:55:56.479357 dv-cinder-804457-2-smb neutron-server[93817]: DEBUG neutron.plugins.ml2.drivers.mech_agent [req-b67a2e0f-7a1d-458a-824e-a015af7b374f req-b716857f-0f83-4665-8e9c-83da606dba16 service neutron] Checking segment: {'id': 'c4c2f8dc-b79c-4c7b-9d81-e8bdd3efc57e', 'network_type': 'vlan', 'physical_network': 'physnet1', 'segmentation_id': 780, 'network_id': '7ecaae78-a0f5-4b38-b01f-140e6dde4aed'} for mappings: {'physnet1$': 'br-data'} with network types: ['local', 'flat', 'vlan'] {{(pid=93817) check_segment_for_agent /opt/stack/neutron/neutron/plugins/ml2/drivers/mech_agent.py:352}}
Aug 12 21:55:56.479831 dv-cinder-804457-2-smb neutron-server[93817]: DEBUG neutron.plugins.ml2.drivers.mech_agent [req-b67a2e0f-7a1d-458a-824e-a015af7b374f req-b716857f-0f83-4665-8e9c-83da606dba16 service neutron] Bound using segment: {'id': 'c4c2f8dc-b79c-4c7b-9d81-e8bdd3efc57e', 'network_type': 'vlan', 'physical_network': 'physnet1', 'segmentation_id': 780, 'network_id': '7ecaae78-a0f5-4b38-b01f-140e6dde4aed'} {{(pid=93817) bind_port /opt/stack/neutron/neutron/plugins/ml2/drivers/mech_agent.py:114}}
Aug 12 21:55:56.480361 dv-cinder-804457-2-smb neutron-server[93817]: DEBUG neutron.plugins.ml2.managers [req-b67a2e0f-7a1d-458a-824e-a015af7b374f req-b716857f-0f83-4665-8e9c-83da606dba16 service neutron] Bound port: 868d54a3-b7dc-438b-953d-73080ecf17a1, host: hv-cinder-80445, vif_type: hyperv, vif_details: {"connectivity": "legacy", "port_filter": false}, binding_levels: [{'bound_driver': 'hyperv', 'bound_segment': {'id': 'c4c2f8dc-b79c-4c7b-9d81-e8bdd3efc57e', 'network_type': 'vlan', 'physical_network': 'physnet1', 'segmentation_id': 780, 'network_id': '7ecaae78-a0f5-4b38-b01f-140e6dde4aed'}}] {{(pid=93817) _bind_port_level /opt/stack/neutron/neutron/plugins/ml2/managers.py:928}}
Aug 12 21:55:56.480834 dv-cinder-804457-2-smb neutron-server[93817]: DEBUG neutron_lib.callbacks.manager [req-b67a2e0f-7a1d-458a-824e-a015af7b374f req-b716857f-0f83-4665-8e9c-83da606dba16 service neutron] Notify callbacks ['neutron.plugins.ml2.plugin.SecurityGroupDbMixin._ensure_default_security_group_handler-1459727'] for port, before_update {{(pid=93817) _notify_loop /usr/local/lib/python3.8/dist-packages/neutron_lib/callbacks/manager.py:192}}
Aug 12 21:55:56.706804 dv-cinder-804457-2-smb neutron-server[93818]: DEBUG neutron.wsgi [-] (93818) accepted ('10.222.0.72', 59582) {{(pid=93818) server /usr/local/lib/python3.8/dist-packages/eventlet/wsgi.py:982}}
Aug 12 21:55:56.816728 dv-cinder-804457-2-smb neutron-server[93817]: DEBUG neutron.plugins.ml2.db [req-b67a2e0f-7a1d-458a-824e-a015af7b374f req-b716857f-0f83-4665-8e9c-83da606dba16 service neutron] For port 868d54a3-b7dc-438b-953d-73080ecf17a1, host hv-cinder-80445, cleared binding levels {{(pid=93817) clear_binding_levels /opt/stack/neutron/neutron/plugins/ml2/db.py:87}}
Aug 12 21:55:56.838887 dv-cinder-804457-2-smb neutron-server[93817]: DEBUG neutron.plugins.ml2.db [req-b67a2e0f-7a1d-458a-824e-a015af7b374f req-b716857f-0f83-4665-8e9c-83da606dba16 service neutron] For port 868d54a3-b7dc-438b-953d-73080ecf17a1, host hv-cinder-80445, set binding levels [PortBindingLevel(driver='hyperv',host='hv-cinder-80445',level=0,port_id=868d54a3-b7dc-438b-953d-73080ecf17a1,segment=NetworkSegment(c4c2f8dc-b79c-4c7b-9d81-e8bdd3efc57e),segment_id=c4c2f8dc-b79c-4c7b-9d81-e8bdd3efc57e)] {{(pid=93817) set_binding_levels /opt/stack/neutron/neutron/plugins/ml2/db.py:59}}
Aug 12 21:55:56.850945 dv-cinder-804457-2-smb neutron-server[93817]: DEBUG neutron.pecan_wsgi.hooks.policy_enforcement [req-39f1bf16-5342-406f-82a1-421ac4421aae req-fb95b947-3778-469e-a9aa-dd7f6bdda845 tempest-VolumesActionsTest-349260844 tempest-VolumesActionsTest-349260844-project] Attributes excluded by policy engine: ['standard_attr_id', 'binding:profile', 'binding:host_id', 'binding:vif_type', 'binding:vif_details'] {{(pid=93817) _exclude_attributes_by_policy /opt/stack/neutron/neutron/pecan_wsgi/hooks/policy_enforcement.py:255}}
Aug 12 21:55:56.852482 dv-cinder-804457-2-smb neutron-server[93817]: INFO neutron.wsgi [req-39f1bf16-5342-406f-82a1-421ac4421aae req-fb95b947-3778-469e-a9aa-dd7f6bdda845 tempest-VolumesActionsTest-349260844 tempest-VolumesActionsTest-349260844-project] 10.222.0.72 "GET /v2.0/ports?device_id=f0aae885-50cb-4d3a-885e-32fa1b60afc9 HTTP/1.1" status: 200 len: 944 time: 0.3239968
Aug 12 21:55:56.854981 dv-cinder-804457-2-smb neutron-server[93817]: DEBUG neutron_lib.callbacks.manager [req-b67a2e0f-7a1d-458a-824e-a015af7b374f req-b716857f-0f83-4665-8e9c-83da606dba16 service neutron] Notify callbacks ['neutron.plugins.ml2.plugin.SecurityGroupServerNotifierRpcMixin._notify_sg_on_port_change-1460129', 'neutron.plugins.ml2.ovo_rpc._ObjectChangeHandler.handle_event-1997535', 'neutron.api.rpc.agentnotifiers.dhcp_rpc_agent_api.DhcpAgentNotifyAPI._native_event_send_dhcp_notification-1611068', 'neutron.db.l3_db.L3RpcNotifierMixin._notify_gateway_port_ip_changed-8794353536660', 'neutron.db.l3_dvrscheduler_db._notify_l3_agent_port_update-8794352984046', 'neutron.db.l3_hascheduler_db._notify_l3_agent_ha_port_update-8794352984580'] for port, after_update {{(pid=93817) _notify_loop /usr/local/lib/python3.8/dist-packages/neutron_lib/callbacks/manager.py:192}}
Aug 12 21:55:56.901617 dv-cinder-804457-2-smb neutron-server[93817]: DEBUG neutron.pecan_wsgi.hooks.policy_enforcement [req-c9bab680-65f7-4de1-8a81-bd1b3001d4ca req-685d8051-22d3-448c-a0e9-4bdc1cbfaf2c tempest-AttachVolumeNegativeTest-1924827763 tempest-AttachVolumeNegativeTest-1924827763-project] Attributes excluded by policy engine: ['standard_attr_id', 'binding:profile', 'binding:host_id', 'binding:vif_type', 'binding:vif_details'] {{(pid=93817) _exclude_attributes_by_policy /opt/stack/neutron/neutron/pecan_wsgi/hooks/policy_enforcement.py:255}}
Aug 12 21:55:56.903124 dv-cinder-804457-2-smb neutron-server[93817]: INFO neutron.wsgi [req-c9bab680-65f7-4de1-8a81-bd1b3001d4ca req-685d8051-22d3-448c-a0e9-4bdc1cbfaf2c tempest-AttachVolumeNegativeTest-1924827763 tempest-AttachVolumeNegativeTest-1924827763-project] 10.222.0.72 "GET /v2.0/ports?device_id=7b9e9aac-dac4-4529-b531-c35b473458e3 HTTP/1.1" status: 200 len: 945 time: 0.1331344
Aug 12 21:55:56.933338 dv-cinder-804457-2-smb neutron-server[93818]: DEBUG neutron_lib.callbacks.manager [None req-dc8831bd-4c92-4436-9244-7347e26f4ec9 admin admin] Notify callbacks [] for security_group, before_create {{(pid=93818) _notify_loop /usr/local/lib/python3.8/dist-packages/neutron_lib/callbacks/manager.py:192}}
Aug 12 21:55:56.935008 dv-cinder-804457-2-smb neutron-server[93817]: DEBUG neutron.pecan_wsgi.hooks.policy_enforcement [req-b67a2e0f-7a1d-458a-824e-a015af7b374f req-b716857f-0f83-4665-8e9c-83da606dba16 service neutron] Attributes excluded by policy engine: ['standard_attr_id'] {{(pid=93817) _exclude_attributes_by_policy /opt/stack/neutron/neutron/pecan_wsgi/hooks/policy_enforcement.py:255}}
Aug 12 21:55:56.935625 dv-cinder-804457-2-smb neutron-server[93817]: DEBUG neutron_lib.callbacks.manager [req-b67a2e0f-7a1d-458a-824e-a015af7b374f req-b716857f-0f83-4665-8e9c-83da606dba16 service neutron] Notify callbacks ['neutron.notifiers.nova.Notifier._send_nova_notification-122923', 'neutron.api.rpc.agentnotifiers.dhcp_rpc_agent_api.DhcpAgentNotifyAPI._send_dhcp_notification-1611042'] for port, before_response {{(pid=93817) _notify_loop /usr/local/lib/python3.8/dist-packages/neutron_lib/callbacks/manager.py:192}}
Aug 12 21:55:56.937096 dv-cinder-804457-2-smb neutron-server[93817]: INFO neutron.wsgi [req-b67a2e0f-7a1d-458a-824e-a015af7b374f req-b716857f-0f83-4665-8e9c-83da606dba16 service neutron] 10.222.0.63 "PUT /v2.0/ports/868d54a3-b7dc-438b-953d-73080ecf17a1 HTTP/1.1" status: 200 len: 1094 time: 1.2330711
Aug 12 21:55:56.937808 dv-cinder-804457-2-smb neutron-server[93817]: DEBUG neutron.notifiers.nova [-] Sending events: [{'name': 'network-changed', 'server_uuid': 'f0aae885-50cb-4d3a-885e-32fa1b60afc9', 'tag': '868d54a3-b7dc-438b-953d-73080ecf17a1'}] {{(pid=93817) send_events /opt/stack/neutron/neutron/notifiers/nova.py:262}}
Aug 12 21:55:56.940018 dv-cinder-804457-2-smb neutron-server[93817]: DEBUG novaclient.v2.client [-] REQ: curl -g -i --cacert "/opt/stack/data/ca-bundle.pem" -X POST http://10.222.0.72/compute/v2.1/os-server-external-events -H "Accept: application/json" -H "Content-Type: application/json" -H "User-Agent: python-novaclient" -H "X-Auth-Token: {SHA256}2135ef2f222ea926141591b8a253a6374891383b8410fea44d05b649816c4a95" -H "X-OpenStack-Nova-API-Version: 2.1" -H "X-OpenStack-Request-ID: req-1c6f13fb-50e2-4a23-958d-664949dde5b3" -d '{"events": [{"name": "network-changed", "server_uuid": "f0aae885-50cb-4d3a-885e-32fa1b60afc9", "tag": "868d54a3-b7dc-438b-953d-73080ecf17a1"}]}' {{(pid=93817) _http_log_request /usr/local/lib/python3.8/dist-packages/keystoneauth1/session.py:519}}
Aug 12 21:55:56.989046 dv-cinder-804457-2-smb neutron-server[93817]: DEBUG neutron.api.rpc.handlers.resources_rpc [None req-b716857f-0f83-4665-8e9c-83da606dba16 service neutron] Pushing event updated for resources: {'Port': ['ID=868d54a3-b7dc-438b-953d-73080ecf17a1,revision_number=3']} {{(pid=93817) push /opt/stack/neutron/neutron/api/rpc/handlers/resources_rpc.py:237}}
Aug 12 21:55:56.993843 dv-cinder-804457-2-smb neutron-server[93817]: INFO neutron.wsgi [req-39f1bf16-5342-406f-82a1-421ac4421aae req-7d4f1f22-f9e1-451c-a096-922dab5c96c8 tempest-VolumesActionsTest-349260844 tempest-VolumesActionsTest-349260844-project] 10.222.0.72 "GET /v2.0/security-groups?id=f1fe05f7-e251-4535-beae-b45fcadbb927&fields=id&fields=name HTTP/1.1" status: 200 len: 286 time: 0.1297743
Aug 12 21:55:57.061070 dv-cinder-804457-2-smb neutron-server[93817]: INFO neutron.wsgi [req-c9bab680-65f7-4de1-8a81-bd1b3001d4ca req-b75ed62b-5e12-43ed-af3e-05ea2a000d2e tempest-AttachVolumeNegativeTest-1924827763 tempest-AttachVolumeNegativeTest-1924827763-project] 10.222.0.72 "GET /v2.0/security-groups?id=e247e020-92ec-4bc6-a6a9-2a148ed45a4b&fields=id&fields=name HTTP/1.1" status: 200 len: 286 time: 0.1403406
Aug 12 21:55:57.088727 dv-cinder-804457-2-smb neutron-server[93817]: DEBUG neutron.pecan_wsgi.hooks.policy_enforcement [req-b67a2e0f-7a1d-458a-824e-a015af7b374f req-203f99cf-3cf3-4a59-a8ea-1a87c3ac9f7a service neutron] Attributes excluded by policy engine: ['standard_attr_id'] {{(pid=93817) _exclude_attributes_by_policy /opt/stack/neutron/neutron/pecan_wsgi/hooks/policy_enforcement.py:255}}
Aug 12 21:55:57.090335 dv-cinder-804457-2-smb neutron-server[93817]: INFO neutron.wsgi [req-b67a2e0f-7a1d-458a-824e-a015af7b374f req-203f99cf-3cf3-4a59-a8ea-1a87c3ac9f7a service neutron] 10.222.0.63 "GET /v2.0/ports?tenant_id=d650bcc369304b06af7c5e44486465f7&device_id=f0aae885-50cb-4d3a-885e-32fa1b60afc9 HTTP/1.1" status: 200 len: 1097 time: 0.0850604
Aug 12 21:55:57.105516 dv-cinder-804457-2-smb neutron-server[93818]: DEBUG neutron_lib.callbacks.manager [None req-dc8831bd-4c92-4436-9244-7347e26f4ec9 admin admin] Notify callbacks [] for security_group, precommit_create {{(pid=93818) _notify_loop /usr/local/lib/python3.8/dist-packages/neutron_lib/callbacks/manager.py:192}}
Aug 12 21:55:57.110301 dv-cinder-804457-2-smb neutron-server[93817]: DEBUG novaclient.v2.client [-] RESP: [200] Connection: close Content-Length: 179 Content-Type: application/json Date: Thu, 12 Aug 2021 21:55:56 GMT OpenStack-API-Version: compute 2.1 Server: Apache/2.4.41 (Ubuntu) Vary: OpenStack-API-Version,X-OpenStack-Nova-API-Version X-OpenStack-Nova-API-Version: 2.1 x-compute-request-id: req-153d7f6f-bb6d-4a4a-9621-66b6ea56f3c2 x-openstack-request-id: req-153d7f6f-bb6d-4a4a-9621-66b6ea56f3c2 {{(pid=93817) _http_log_response /usr/local/lib/python3.8/dist-packages/keystoneauth1/session.py:550}}
Aug 12 21:55:57.110627 dv-cinder-804457-2-smb neutron-server[93817]: DEBUG novaclient.v2.client [-] RESP BODY: {"events": [{"name": "network-changed", "server_uuid": "f0aae885-50cb-4d3a-885e-32fa1b60afc9", "tag": "868d54a3-b7dc-438b-953d-73080ecf17a1", "status": "completed", "code": 200}]} {{(pid=93817) _http_log_response /usr/local/lib/python3.8/dist-packages/keystoneauth1/session.py:582}}
Aug 12 21:55:57.110883 dv-cinder-804457-2-smb neutron-server[93817]: DEBUG novaclient.v2.client [-] POST call to compute for http://10.222.0.72/compute/v2.1/os-server-external-events used request id req-153d7f6f-bb6d-4a4a-9621-66b6ea56f3c2 {{(pid=93817) request /usr/local/lib/python3.8/dist-packages/keystoneauth1/session.py:954}}
Aug 12 21:55:57.111272 dv-cinder-804457-2-smb neutron-server[93817]: INFO neutron.notifiers.nova [-] Nova event response: {'name': 'network-changed', 'server_uuid': 'f0aae885-50cb-4d3a-885e-32fa1b60afc9', 'tag': '868d54a3-b7dc-438b-953d-73080ecf17a1', 'status': 'completed', 'code': 200}
Aug 12 21:55:57.111926 dv-cinder-804457-2-smb neutron-server[93818]: DEBUG neutron_lib.callbacks.manager [None req-dc8831bd-4c92-4436-9244-7347e26f4ec9 admin admin] Notify callbacks ['neutron.plugins.ml2.ovo_rpc._ObjectChangeHandler.handle_event-1643195'] for security_group, after_create {{(pid=93818) _notify_loop /usr/local/lib/python3.8/dist-packages/neutron_lib/callbacks/manager.py:192}}
Aug 12 21:55:57.155304 dv-cinder-804457-2-smb neutron-server[93817]: INFO neutron.wsgi [req-b67a2e0f-7a1d-458a-824e-a015af7b374f req-d1fe8e95-3ca3-49a9-8e9c-9842af0f79ac service neutron] 10.222.0.63 "GET /v2.0/floatingips?fixed_ip_address=172.20.0.11&port_id=868d54a3-b7dc-438b-953d-73080ecf17a1 HTTP/1.1" status: 200 len: 217 time: 0.0415719
Aug 12 21:55:57.164121 dv-cinder-804457-2-smb neutron-server[93818]: INFO neutron.wsgi [None req-dc8831bd-4c92-4436-9244-7347e26f4ec9 admin admin] 10.222.0.72 "GET /v2.0/security-groups?tenant_id=920b605337e945ef827b396553cc6e73&name=default HTTP/1.1" status: 200 len: 2979 time: 0.4524889
Aug 12 21:55:57.164443 dv-cinder-804457-2-smb neutron-server[93818]: DEBUG neutron.wsgi [-] (93818) accepted ('10.222.0.72', 59604) {{(pid=93818) server /usr/local/lib/python3.8/dist-packages/eventlet/wsgi.py:982}}
Aug 12 21:55:57.172037 dv-cinder-804457-2-smb neutron-server[93818]: DEBUG neutron.api.rpc.handlers.resources_rpc [None req-dc8831bd-4c92-4436-9244-7347e26f4ec9 admin admin] Pushing event updated for resources: {'SecurityGroup': ['ID=fc1e8c78-2109-44a5-a28e-434813892a4f,revision_number=1']} {{(pid=93818) push /opt/stack/neutron/neutron/api/rpc/handlers/resources_rpc.py:237}}
Aug 12 21:55:57.243667 dv-cinder-804457-2-smb neutron-server[93817]: DEBUG neutron.pecan_wsgi.hooks.policy_enforcement [req-b67a2e0f-7a1d-458a-824e-a015af7b374f req-c2da5d8a-cfd3-42e0-a0ab-f55a973ce7ae service neutron] Attributes excluded by policy engine: ['standard_attr_id', 'shared'] {{(pid=93817) _exclude_attributes_by_policy /opt/stack/neutron/neutron/pecan_wsgi/hooks/policy_enforcement.py:255}}
Aug 12 21:55:57.245450 dv-cinder-804457-2-smb neutron-server[93817]: INFO neutron.wsgi [req-b67a2e0f-7a1d-458a-824e-a015af7b374f req-c2da5d8a-cfd3-42e0-a0ab-f55a973ce7ae service neutron] 10.222.0.63 "GET /v2.0/subnets?id=4e8e577a-4e18-40d0-a5fe-8453a85b1ae0 HTTP/1.1" status: 200 len: 849 time: 0.0761168
Aug 12 21:55:57.249744 dv-cinder-804457-2-smb neutron-server[93818]: DEBUG neutron_lib.callbacks.manager [None req-d111f024-7bf9-4e23-b3a4-4641cf649695 admin admin] Notify callbacks [] for security_group, before_delete {{(pid=93818) _notify_loop /usr/local/lib/python3.8/dist-packages/neutron_lib/callbacks/manager.py:192}}
Aug 12 21:55:57.254823 dv-cinder-804457-2-smb neutron-server[93817]: DEBUG neutron.pecan_wsgi.hooks.policy_enforcement [req-8ff40d81-a0f8-49d5-a28b-d3c013cecaef req-73ad3700-715f-4899-8018-d18e1a3645bb tempest-AttachVolumeTestJSON-805699611 tempest-AttachVolumeTestJSON-805699611-project] Attributes excluded by policy engine: ['standard_attr_id', 'binding:profile', 'binding:host_id', 'binding:vif_type', 'binding:vif_details'] {{(pid=93817) _exclude_attributes_by_policy /opt/stack/neutron/neutron/pecan_wsgi/hooks/policy_enforcement.py:255}}
Aug 12 21:55:57.257095 dv-cinder-804457-2-smb neutron-server[93817]: INFO neutron.wsgi [req-8ff40d81-a0f8-49d5-a28b-d3c013cecaef req-73ad3700-715f-4899-8018-d18e1a3645bb tempest-AttachVolumeTestJSON-805699611 tempest-AttachVolumeTestJSON-805699611-project] 10.222.0.72 "GET /v2.0/ports?device_id=3f692b49-7bc0-4621-aa6f-b136cdc3c88b HTTP/1.1" status: 200 len: 945 time: 0.1565347
Aug 12 21:55:57.279228 dv-cinder-804457-2-smb neutron-server[93818]: DEBUG neutron_lib.callbacks.manager [None req-d111f024-7bf9-4e23-b3a4-4641cf649695 admin admin] Notify callbacks [] for security_group, precommit_delete {{(pid=93818) _notify_loop /usr/local/lib/python3.8/dist-packages/neutron_lib/callbacks/manager.py:192}}
Aug 12 21:55:57.306942 dv-cinder-804457-2-smb neutron-server[93817]: INFO neutron.wsgi [req-b67a2e0f-7a1d-458a-824e-a015af7b374f req-778645ad-3215-411a-aedc-0e00948027ce service neutron] 10.222.0.63 "GET /v2.0/ports?network_id=7ecaae78-a0f5-4b38-b01f-140e6dde4aed&device_owner=network%3Adhcp HTTP/1.1" status: 200 len: 210 time: 0.0404220
Aug 12 21:55:57.329712 dv-cinder-804457-2-smb neutron-server[93817]: INFO neutron.wsgi [req-8ff40d81-a0f8-49d5-a28b-d3c013cecaef req-75f35afd-883f-4c4b-a21e-04fb8de33a44 tempest-AttachVolumeTestJSON-805699611 tempest-AttachVolumeTestJSON-805699611-project] 10.222.0.72 "GET /v2.0/security-groups?id=14c5c8b1-3f68-49b1-a34b-73d17b45a8b9&fields=id&fields=name HTTP/1.1" status: 200 len: 312 time: 0.0656180
Aug 12 21:55:57.348983 dv-cinder-804457-2-smb neutron-server[93818]: DEBUG neutron_lib.callbacks.manager [None req-d111f024-7bf9-4e23-b3a4-4641cf649695 admin admin] Notify callbacks ['neutron.plugins.ml2.ovo_rpc._ObjectChangeHandler.handle_event-1643195'] for security_group, after_delete {{(pid=93818) _notify_loop /usr/local/lib/python3.8/dist-packages/neutron_lib/callbacks/manager.py:192}}
Aug 12 21:55:57.353277 dv-cinder-804457-2-smb neutron-server[93818]: DEBUG neutron_lib.callbacks.manager [None req-d111f024-7bf9-4e23-b3a4-4641cf649695 admin admin] Notify callbacks [] for security_group, before_response {{(pid=93818) _notify_loop /usr/local/lib/python3.8/dist-packages/neutron_lib/callbacks/manager.py:192}}
Aug 12 21:55:57.357368 dv-cinder-804457-2-smb neutron-server[93818]: INFO neutron.wsgi [None req-d111f024-7bf9-4e23-b3a4-4641cf649695 admin admin] 10.222.0.72 "DELETE /v2.0/security-groups/fc1e8c78-2109-44a5-a28e-434813892a4f HTTP/1.1" status: 204 len: 168 time: 0.1887901
Aug 12 21:55:57.366518 dv-cinder-804457-2-smb neutron-server[93818]: DEBUG neutron.api.rpc.handlers.resources_rpc [None req-d111f024-7bf9-4e23-b3a4-4641cf649695 admin admin] Pushing event deleted for resources: {'SecurityGroup': ['ID=fc1e8c78-2109-44a5-a28e-434813892a4f,revision_number=None']} {{(pid=93818) push /opt/stack/neutron/neutron/api/rpc/handlers/resources_rpc.py:237}}
Aug 12 21:55:57.541277 dv-cinder-804457-2-smb neutron-server[93817]: INFO neutron.wsgi [req-b67a2e0f-7a1d-458a-824e-a015af7b374f req-95db94fd-0743-495b-ad1d-d9563c8c413e service neutron] 10.222.0.63 "GET /v2.0/networks/7ecaae78-a0f5-4b38-b01f-140e6dde4aed?fields=segments HTTP/1.1" status: 200 len: 212 time: 0.2104990
Aug 12 21:55:57.641739 dv-cinder-804457-2-smb neutron-server[93817]: DEBUG neutron.pecan_wsgi.hooks.policy_enforcement [req-95887b5e-bceb-440d-835b-417bafc02332 req-9aa7bb02-8d2a-4a58-86bd-ab3b1ec0987f tempest-AttachVolumeTestJSON-805699611 tempest-AttachVolumeTestJSON-805699611-project] Attributes excluded by policy engine: ['standard_attr_id', 'binding:profile', 'binding:host_id', 'binding:vif_type', 'binding:vif_details'] {{(pid=93817) _exclude_attributes_by_policy /opt/stack/neutron/neutron/pecan_wsgi/hooks/policy_enforcement.py:255}}
Aug 12 21:55:57.643345 dv-cinder-804457-2-smb neutron-server[93817]: INFO neutron.wsgi [req-95887b5e-bceb-440d-835b-417bafc02332 req-9aa7bb02-8d2a-4a58-86bd-ab3b1ec0987f tempest-AttachVolumeTestJSON-805699611 tempest-AttachVolumeTestJSON-805699611-project] 10.222.0.72 "GET /v2.0/ports?device_id=3f692b49-7bc0-4621-aa6f-b136cdc3c88b HTTP/1.1" status: 200 len: 945 time: 0.1493478
Aug 12 21:55:57.655132 dv-cinder-804457-2-smb neutron-server[93818]: DEBUG neutron.wsgi [-] (93818) accepted ('10.222.0.72', 59626) {{(pid=93818) server /usr/local/lib/python3.8/dist-packages/eventlet/wsgi.py:982}}
Aug 12 21:55:57.660011 dv-cinder-804457-2-smb neutron-server[93817]: DEBUG neutron.pecan_wsgi.hooks.policy_enforcement [req-dda155de-eef9-49e5-ae61-f2262a47412f req-a80af771-fd58-406f-a047-ca7d26ad6db8 tempest-ServerRescueNegativeTestJSON-842343702 tempest-ServerRescueNegativeTestJSON-842343702-project] Attributes excluded by policy engine: ['standard_attr_id', 'binding:profile', 'binding:host_id', 'binding:vif_type', 'binding:vif_details'] {{(pid=93817) _exclude_attributes_by_policy /opt/stack/neutron/neutron/pecan_wsgi/hooks/policy_enforcement.py:255}}
Aug 12 21:55:57.661005 dv-cinder-804457-2-smb neutron-server[93818]: DEBUG neutron.api.v2.base [None req-099ef426-fc43-432e-ae4f-38384f0a886e tempest-AttachVolumeTestJSON-805699611 tempest-AttachVolumeTestJSON-805699611-project] Request body: {'floatingip': {'port_id': '8f9f8585-4c9e-40cc-965f-faa0db3f3ce1'}} {{(pid=93818) prepare_request_body /opt/stack/neutron/neutron/api/v2/base.py:729}}
Aug 12 21:55:57.662035 dv-cinder-804457-2-smb neutron-server[93817]: INFO neutron.wsgi [req-dda155de-eef9-49e5-ae61-f2262a47412f req-a80af771-fd58-406f-a047-ca7d26ad6db8 tempest-ServerRescueNegativeTestJSON-842343702 tempest-ServerRescueNegativeTestJSON-842343702-project] 10.222.0.72 "GET /v2.0/ports?device_id=7cc9d19b-95b1-4695-b5b8-1318500d97f6 HTTP/1.1" status: 200 len: 945 time: 0.1594703
Aug 12 21:55:57.725929 dv-cinder-804457-2-smb neutron-server[93817]: INFO neutron.wsgi [req-b67a2e0f-7a1d-458a-824e-a015af7b374f req-111ae8c7-830c-45a5-b8f4-96cb87f19733 service neutron] 10.222.0.63 "GET /v2.0/networks/7ecaae78-a0f5-4b38-b01f-140e6dde4aed?fields=provider%3Aphysical_network&fields=provider%3Anetwork_type HTTP/1.1" status: 200 len: 281 time: 0.1654294
Aug 12 21:55:57.748037 dv-cinder-804457-2-smb neutron-server[93817]: INFO neutron.wsgi [req-dda155de-eef9-49e5-ae61-f2262a47412f req-4d942b53-ddd1-4d8a-94ed-1ad58acf01e5 tempest-ServerRescueNegativeTestJSON-842343702 tempest-ServerRescueNegativeTestJSON-842343702-project] 10.222.0.72 "GET /v2.0/security-groups?id=9d6f99b4-8187-491d-a26b-26defce19cd3&fields=id&fields=name HTTP/1.1" status: 200 len: 286 time: 0.0676734
Aug 12 21:55:57.764492 dv-cinder-804457-2-smb neutron-server[93818]: DEBUG neutron_lib.callbacks.manager [None req-099ef426-fc43-432e-ae4f-38384f0a886e tempest-AttachVolumeTestJSON-805699611 tempest-AttachVolumeTestJSON-805699611-project] Notify callbacks [] for floatingip, before_update {{(pid=93818) _notify_loop /usr/local/lib/python3.8/dist-packages/neutron_lib/callbacks/manager.py:192}}
Aug 12 21:55:57.848019 dv-cinder-804457-2-smb neutron-server[93817]: DEBUG neutron.pecan_wsgi.hooks.policy_enforcement [req-3edeb5cc-bfa0-486d-906c-8e8dc6e592ff req-350899d2-dfb2-4e10-a76e-798158d7644e tempest-DeleteServersTestJSON-160544586 tempest-DeleteServersTestJSON-160544586-project] Attributes excluded by policy engine: ['standard_attr_id', 'binding:profile', 'binding:host_id', 'binding:vif_type', 'binding:vif_details'] {{(pid=93817) _exclude_attributes_by_policy /opt/stack/neutron/neutron/pecan_wsgi/hooks/policy_enforcement.py:255}}
Aug 12 21:55:57.855422 dv-cinder-804457-2-smb neutron-server[93817]: INFO neutron.wsgi [req-3edeb5cc-bfa0-486d-906c-8e8dc6e592ff req-350899d2-dfb2-4e10-a76e-798158d7644e tempest-DeleteServersTestJSON-160544586 tempest-DeleteServersTestJSON-160544586-project] 10.222.0.72 "GET /v2.0/ports?device_id=a7a1cfe8-5fc3-4748-93a4-8e7abd7cce46 HTTP/1.1" status: 200 len: 945 time: 0.0976262
Aug 12 21:55:57.888151 dv-cinder-804457-2-smb neutron-server[93817]: DEBUG neutron.pecan_wsgi.hooks.policy_enforcement [req-1c6f13fb-50e2-4a23-958d-664949dde5b3 req-a9cf9fad-7fa8-4dd9-8595-4b74dd8424d6 service neutron] Attributes excluded by policy engine: ['standard_attr_id'] {{(pid=93817) _exclude_attributes_by_policy /opt/stack/neutron/neutron/pecan_wsgi/hooks/policy_enforcement.py:255}}
Aug 12 21:55:57.890122 dv-cinder-804457-2-smb neutron-server[93817]: INFO neutron.wsgi [req-1c6f13fb-50e2-4a23-958d-664949dde5b3 req-a9cf9fad-7fa8-4dd9-8595-4b74dd8424d6 service neutron] 10.222.0.63 "GET /v2.0/ports?tenant_id=d650bcc369304b06af7c5e44486465f7&device_id=f0aae885-50cb-4d3a-885e-32fa1b60afc9 HTTP/1.1" status: 200 len: 1097 time: 0.0789652
Aug 12 21:55:57.916644 dv-cinder-804457-2-smb neutron-server[93817]: INFO neutron.wsgi [req-3edeb5cc-bfa0-486d-906c-8e8dc6e592ff req-1ebf3779-6c0c-4de2-a9b3-1abdfa2a6454 tempest-DeleteServersTestJSON-160544586 tempest-DeleteServersTestJSON-160544586-project] 10.222.0.72 "GET /v2.0/security-groups?id=19efdf01-9ee2-4102-8722-e1a6a80b0313&fields=id&fields=name HTTP/1.1" status: 200 len: 286 time: 0.0589652
Aug 12 21:55:57.999955 dv-cinder-804457-2-smb neutron-server[93818]: DEBUG neutron.wsgi [-] (93818) accepted ('10.222.0.72', 59636) {{(pid=93818) server /usr/local/lib/python3.8/dist-packages/eventlet/wsgi.py:982}}
Aug 12 21:55:58.021322 dv-cinder-804457-2-smb neutron-server[93817]: DEBUG neutron.pecan_wsgi.hooks.policy_enforcement [req-1c6f13fb-50e2-4a23-958d-664949dde5b3 req-a08f6238-017d-414b-a088-66b23731598b service neutron] Attributes excluded by policy engine: ['standard_attr_id', 'vlan_transparent'] {{(pid=93817) _exclude_attributes_by_policy /opt/stack/neutron/neutron/pecan_wsgi/hooks/policy_enforcement.py:255}}
Aug 12 21:55:58.022828 dv-cinder-804457-2-smb neutron-server[93817]: INFO neutron.wsgi [req-1c6f13fb-50e2-4a23-958d-664949dde5b3 req-a08f6238-017d-414b-a088-66b23731598b service neutron] 10.222.0.63 "GET /v2.0/networks?id=7ecaae78-a0f5-4b38-b01f-140e6dde4aed HTTP/1.1" status: 200 len: 910 time: 0.1169589
Aug 12 21:55:58.043998 dv-cinder-804457-2-smb neutron-server[93818]: DEBUG neutron_lib.callbacks.manager [None req-90ab07cc-7eb1-44e8-909d-c7d97b34393a admin admin] Notify callbacks [] for security_group, before_create {{(pid=93818) _notify_loop /usr/local/lib/python3.8/dist-packages/neutron_lib/callbacks/manager.py:192}}
Aug 12 21:55:58.070623 dv-cinder-804457-2-smb neutron-server[93817]: INFO neutron.wsgi [req-1c6f13fb-50e2-4a23-958d-664949dde5b3 req-9fd48ed4-421d-457c-b506-49ed20f1d744 service neutron] 10.222.0.63 "GET /v2.0/floatingips?fixed_ip_address=172.20.0.11&port_id=868d54a3-b7dc-438b-953d-73080ecf17a1 HTTP/1.1" status: 200 len: 217 time: 0.0356073
Aug 12 21:55:58.111386 dv-cinder-804457-2-smb neutron-server[93818]: DEBUG neutron.wsgi [-] (93818) accepted ('10.222.0.72', 59646) {{(pid=93818) server /usr/local/lib/python3.8/dist-packages/eventlet/wsgi.py:982}}
Aug 12 21:55:58.172158 dv-cinder-804457-2-smb neutron-server[93817]: DEBUG neutron.pecan_wsgi.hooks.policy_enforcement [req-1c6f13fb-50e2-4a23-958d-664949dde5b3 req-38d2df9b-f8a3-41cc-bd52-ae362f4d929d service neutron] Attributes excluded by policy engine: ['standard_attr_id', 'shared'] {{(pid=93817) _exclude_attributes_by_policy /opt/stack/neutron/neutron/pecan_wsgi/hooks/policy_enforcement.py:255}}
Aug 12 21:55:58.173703 dv-cinder-804457-2-smb neutron-server[93817]: INFO neutron.wsgi [req-1c6f13fb-50e2-4a23-958d-664949dde5b3 req-38d2df9b-f8a3-41cc-bd52-ae362f4d929d service neutron] 10.222.0.63 "GET /v2.0/subnets?id=4e8e577a-4e18-40d0-a5fe-8453a85b1ae0 HTTP/1.1" status: 200 len: 849 time: 0.0830655
Aug 12 21:55:58.192689 dv-cinder-804457-2-smb neutron-server[93817]: DEBUG neutron.pecan_wsgi.hooks.policy_enforcement [req-23b6dfbe-2649-40c5-898e-70b977f6518d req-32d882f4-ebca-4735-a108-0b8320ee8981 tempest-VolumesActionsTest-349260844 tempest-VolumesActionsTest-349260844-project] Attributes excluded by policy engine: ['standard_attr_id', 'binding:profile', 'binding:host_id', 'binding:vif_type', 'binding:vif_details'] {{(pid=93817) _exclude_attributes_by_policy /opt/stack/neutron/neutron/pecan_wsgi/hooks/policy_enforcement.py:255}}
Aug 12 21:55:58.202550 dv-cinder-804457-2-smb neutron-server[93817]: INFO neutron.wsgi [req-23b6dfbe-2649-40c5-898e-70b977f6518d req-32d882f4-ebca-4735-a108-0b8320ee8981 tempest-VolumesActionsTest-349260844 tempest-VolumesActionsTest-349260844-project] 10.222.0.72 "GET /v2.0/ports?device_id=f0aae885-50cb-4d3a-885e-32fa1b60afc9 HTTP/1.1" status: 200 len: 944 time: 0.1018376
Aug 12 21:55:58.240937 dv-cinder-804457-2-smb neutron-server[93817]: INFO neutron.wsgi [req-1c6f13fb-50e2-4a23-958d-664949dde5b3 req-acc32ffd-7aea-4aaf-92cb-92e4b32de244 service neutron] 10.222.0.63 "GET /v2.0/ports?network_id=7ecaae78-a0f5-4b38-b01f-140e6dde4aed&device_owner=network%3Adhcp HTTP/1.1" status: 200 len: 210 time: 0.0357165
Aug 12 21:55:58.271372 dv-cinder-804457-2-smb neutron-server[93817]: INFO neutron.wsgi [req-23b6dfbe-2649-40c5-898e-70b977f6518d req-3190d341-461e-4134-af13-b634bba479fc tempest-VolumesActionsTest-349260844 tempest-VolumesActionsTest-349260844-project] 10.222.0.72 "GET /v2.0/security-groups?id=f1fe05f7-e251-4535-beae-b45fcadbb927&fields=id&fields=name HTTP/1.1" status: 200 len: 286 time: 0.0674753
Aug 12 21:55:58.379764 dv-cinder-804457-2-smb neutron-server[93817]: INFO neutron.wsgi [req-1c6f13fb-50e2-4a23-958d-664949dde5b3 req-4d08cb83-b03b-4a65-bffb-23659ac15b3e service neutron] 10.222.0.63 "GET /v2.0/networks/7ecaae78-a0f5-4b38-b01f-140e6dde4aed?fields=segments HTTP/1.1" status: 200 len: 212 time: 0.1052265
Aug 12 21:55:58.473792 dv-cinder-804457-2-smb neutron-server[93817]: INFO neutron.wsgi [req-1c6f13fb-50e2-4a23-958d-664949dde5b3 req-321e6fd4-93df-43f4-9969-9150e2a11571 service neutron] 10.222.0.63 "GET /v2.0/networks/7ecaae78-a0f5-4b38-b01f-140e6dde4aed?fields=provider%3Aphysical_network&fields=provider%3Anetwork_type HTTP/1.1" status: 200 len: 281 time: 0.0839241
Aug 12 21:55:58.535665 dv-cinder-804457-2-smb neutron-server[93818]: DEBUG neutron_lib.callbacks.manager [None req-74c265aa-a1d1-4467-aa83-2e7255f2c75c admin admin] Notify callbacks [] for security_group, before_create {{(pid=93818) _notify_loop /usr/local/lib/python3.8/dist-packages/neutron_lib/callbacks/manager.py:192}}
Aug 12 21:55:58.638514 dv-cinder-804457-2-smb neutron-server[93818]: DEBUG neutron_lib.callbacks.manager [None req-90ab07cc-7eb1-44e8-909d-c7d97b34393a admin admin] Notify callbacks [] for security_group, precommit_create {{(pid=93818) _notify_loop /usr/local/lib/python3.8/dist-packages/neutron_lib/callbacks/manager.py:192}}
Aug 12 21:55:58.655258 dv-cinder-804457-2-smb neutron-server[93818]: DEBUG neutron_lib.callbacks.manager [None req-90ab07cc-7eb1-44e8-909d-c7d97b34393a admin admin] Notify callbacks ['neutron.plugins.ml2.ovo_rpc._ObjectChangeHandler.handle_event-1643195'] for security_group, after_create {{(pid=93818) _notify_loop /usr/local/lib/python3.8/dist-packages/neutron_lib/callbacks/manager.py:192}}
Aug 12 21:55:58.665838 dv-cinder-804457-2-smb neutron-server[93817]: DEBUG neutron.pecan_wsgi.hooks.policy_enforcement [req-d69a99a4-c5f8-434a-a3b6-76c115f9a8be req-8b42002f-f89f-4f2f-a811-cad3a7ff0b76 tempest-DeleteServersTestJSON-160544586 tempest-DeleteServersTestJSON-160544586-project] Attributes excluded by policy engine: ['standard_attr_id', 'binding:profile', 'binding:host_id', 'binding:vif_type', 'binding:vif_details'] {{(pid=93817) _exclude_attributes_by_policy /opt/stack/neutron/neutron/pecan_wsgi/hooks/policy_enforcement.py:255}}
Aug 12 21:55:58.667304 dv-cinder-804457-2-smb neutron-server[93817]: INFO neutron.wsgi [req-d69a99a4-c5f8-434a-a3b6-76c115f9a8be req-8b42002f-f89f-4f2f-a811-cad3a7ff0b76 tempest-DeleteServersTestJSON-160544586 tempest-DeleteServersTestJSON-160544586-project] 10.222.0.63 "GET /v2.0/ports?device_id=a7a1cfe8-5fc3-4748-93a4-8e7abd7cce46 HTTP/1.1" status: 200 len: 945 time: 0.0562167
Aug 12 21:55:58.769548 dv-cinder-804457-2-smb neutron-server[93818]: INFO neutron.wsgi [None req-90ab07cc-7eb1-44e8-909d-c7d97b34393a admin admin] 10.222.0.72 "GET /v2.0/security-groups?tenant_id=7e686ffdc9694d6185ceac24a4dc27f4&name=default HTTP/1.1" status: 200 len: 2979 time: 0.7685316
Aug 12 21:55:58.771084 dv-cinder-804457-2-smb neutron-server[93817]: DEBUG neutron.wsgi [-] (93817) accepted ('10.222.0.72', 59666) {{(pid=93817) server /usr/local/lib/python3.8/dist-packages/eventlet/wsgi.py:982}}
Aug 12 21:55:58.786324 dv-cinder-804457-2-smb neutron-server[93818]: DEBUG neutron.api.rpc.handlers.resources_rpc [None req-90ab07cc-7eb1-44e8-909d-c7d97b34393a admin admin] Pushing event updated for resources: {'SecurityGroup': ['ID=bc3cd622-987d-4291-acab-7b691bb1a8e7,revision_number=1']} {{(pid=93818) push /opt/stack/neutron/neutron/api/rpc/handlers/resources_rpc.py:237}}
Aug 12 21:55:58.812686 dv-cinder-804457-2-smb neutron-server[93818]: DEBUG neutron_lib.callbacks.manager [None req-099ef426-fc43-432e-ae4f-38384f0a886e tempest-AttachVolumeTestJSON-805699611 tempest-AttachVolumeTestJSON-805699611-project] Notify callbacks [] for floatingip, precommit_update {{(pid=93818) _notify_loop /usr/local/lib/python3.8/dist-packages/neutron_lib/callbacks/manager.py:192}}
Aug 12 21:55:58.818247 dv-cinder-804457-2-smb neutron-server[93818]: DEBUG neutron_lib.callbacks.manager [None req-099ef426-fc43-432e-ae4f-38384f0a886e tempest-AttachVolumeTestJSON-805699611 tempest-AttachVolumeTestJSON-805699611-project] Notify callbacks ['neutron.services.l3_router.l3_router_plugin.DVRResourceOperationHandler._create_dvr_floating_gw_port-1585045'] for floatingip, after_update {{(pid=93818) _notify_loop /usr/local/lib/python3.8/dist-packages/neutron_lib/callbacks/manager.py:192}}
Aug 12 21:55:58.929366 dv-cinder-804457-2-smb neutron-server[93818]: DEBUG neutron_lib.callbacks.manager [None req-74c265aa-a1d1-4467-aa83-2e7255f2c75c admin admin] Notify callbacks [] for security_group, precommit_create {{(pid=93818) _notify_loop /usr/local/lib/python3.8/dist-packages/neutron_lib/callbacks/manager.py:192}}
Aug 12 21:55:58.934602 dv-cinder-804457-2-smb neutron-server[93817]: DEBUG neutron.plugins.ml2.plugin [req-d69a99a4-c5f8-434a-a3b6-76c115f9a8be req-f0c0e8ad-7d12-4937-ac3e-cc778582e854 tempest-DeleteServersTestJSON-160544586 tempest-DeleteServersTestJSON-160544586-project] Deleting port 356741fb-8ab6-47e9-a2c9-aa07bd2642a0 {{(pid=93817) _pre_delete_port /opt/stack/neutron/neutron/plugins/ml2/plugin.py:1919}}
Aug 12 21:55:58.936776 dv-cinder-804457-2-smb neutron-server[93818]: DEBUG neutron_lib.callbacks.manager [None req-74c265aa-a1d1-4467-aa83-2e7255f2c75c admin admin] Notify callbacks ['neutron.plugins.ml2.ovo_rpc._ObjectChangeHandler.handle_event-1643195'] for security_group, after_create {{(pid=93818) _notify_loop /usr/local/lib/python3.8/dist-packages/neutron_lib/callbacks/manager.py:192}}
Aug 12 21:55:58.944935 dv-cinder-804457-2-smb neutron-server[93817]: DEBUG neutron_lib.callbacks.manager [req-d69a99a4-c5f8-434a-a3b6-76c115f9a8be req-f0c0e8ad-7d12-4937-ac3e-cc778582e854 tempest-DeleteServersTestJSON-160544586 tempest-DeleteServersTestJSON-160544586-project] Notify callbacks ['neutron.db.l3_db.L3_NAT_dbonly_mixin._prevent_l3_port_delete_callback-8794353530920'] for port, before_delete {{(pid=93817) _notify_loop /usr/local/lib/python3.8/dist-packages/neutron_lib/callbacks/manager.py:192}}
Aug 12 21:55:58.965682 dv-cinder-804457-2-smb neutron-server[93818]: INFO neutron.db.l3_db [None req-099ef426-fc43-432e-ae4f-38384f0a886e tempest-AttachVolumeTestJSON-805699611 tempest-AttachVolumeTestJSON-805699611-project] Floating IP 89705249-3bad-4065-811e-7dccb4e59b01 associated. External IP: 172.28.2.158, port: 8f9f8585-4c9e-40cc-965f-faa0db3f3ce1.
Aug 12 21:55:59.013559 dv-cinder-804457-2-smb neutron-server[93817]: DEBUG neutron.pecan_wsgi.hooks.policy_enforcement [req-45779829-3612-43ef-b1ec-a21f92e6a634 req-0fe1f6a4-ba84-4687-a52b-80beb39fc1cc tempest-ServerRescueNegativeTestJSON-842343702 tempest-ServerRescueNegativeTestJSON-842343702-project] Attributes excluded by policy engine: ['standard_attr_id', 'binding:profile', 'binding:host_id', 'binding:vif_type', 'binding:vif_details'] {{(pid=93817) _exclude_attributes_by_policy /opt/stack/neutron/neutron/pecan_wsgi/hooks/policy_enforcement.py:255}}
Aug 12 21:55:59.015900 dv-cinder-804457-2-smb neutron-server[93817]: INFO neutron.wsgi [req-45779829-3612-43ef-b1ec-a21f92e6a634 req-0fe1f6a4-ba84-4687-a52b-80beb39fc1cc tempest-ServerRescueNegativeTestJSON-842343702 tempest-ServerRescueNegativeTestJSON-842343702-project] 10.222.0.72 "GET /v2.0/ports?device_id=7cc9d19b-95b1-4695-b5b8-1318500d97f6 HTTP/1.1" status: 200 len: 945 time: 0.1722491
Aug 12 21:55:59.021057 dv-cinder-804457-2-smb neutron-server[93818]: INFO neutron.wsgi [None req-74c265aa-a1d1-4467-aa83-2e7255f2c75c admin admin] 10.222.0.72 "GET /v2.0/security-groups?tenant_id=eacf51ecde314872a195d6673341ef02&name=default HTTP/1.1" status: 200 len: 2979 time: 0.9053943
Aug 12 21:55:59.024750 dv-cinder-804457-2-smb neutron-server[93818]: DEBUG neutron.wsgi [-] (93818) accepted ('10.222.0.72', 59676) {{(pid=93818) server /usr/local/lib/python3.8/dist-packages/eventlet/wsgi.py:982}}
Aug 12 21:55:59.038312 dv-cinder-804457-2-smb neutron-server[93818]: DEBUG neutron.api.rpc.handlers.resources_rpc [None req-74c265aa-a1d1-4467-aa83-2e7255f2c75c admin admin] Pushing event updated for resources: {'SecurityGroup': ['ID=7d7624bb-c59b-4952-912c-aee200b5bf2a,revision_number=1']} {{(pid=93818) push /opt/stack/neutron/neutron/api/rpc/handlers/resources_rpc.py:237}}
Aug 12 21:55:59.042267 dv-cinder-804457-2-smb neutron-server[93817]: DEBUG neutron_lib.callbacks.manager [None req-5480d5c3-a520-428d-8830-e3bf198a9e15 admin admin] Notify callbacks [] for security_group, before_delete {{(pid=93817) _notify_loop /usr/local/lib/python3.8/dist-packages/neutron_lib/callbacks/manager.py:192}}
Aug 12 21:55:59.130831 dv-cinder-804457-2-smb neutron-server[93818]: DEBUG neutron_lib.callbacks.manager [None req-8c31990d-da6f-4c60-9a5e-8eaf6efb19d2 admin admin] Notify callbacks [] for security_group, before_delete {{(pid=93818) _notify_loop /usr/local/lib/python3.8/dist-packages/neutron_lib/callbacks/manager.py:192}}
Aug 12 21:55:59.142473 dv-cinder-804457-2-smb neutron-server[93817]: DEBUG neutron_lib.callbacks.manager [None req-5480d5c3-a520-428d-8830-e3bf198a9e15 admin admin] Notify callbacks [] for security_group, precommit_delete {{(pid=93817) _notify_loop /usr/local/lib/python3.8/dist-packages/neutron_lib/callbacks/manager.py:192}}
Aug 12 21:55:59.165830 dv-cinder-804457-2-smb neutron-server[93817]: INFO neutron.wsgi [req-45779829-3612-43ef-b1ec-a21f92e6a634 req-9cdd87dc-9858-4aa7-ae1d-70b00ddb7789 tempest-ServerRescueNegativeTestJSON-842343702 tempest-ServerRescueNegativeTestJSON-842343702-project] 10.222.0.72 "GET /v2.0/security-groups?id=9d6f99b4-8187-491d-a26b-26defce19cd3&fields=id&fields=name HTTP/1.1" status: 200 len: 286 time: 0.1356099
Aug 12 21:55:59.192781 dv-cinder-804457-2-smb neutron-server[93817]: DEBUG neutron.pecan_wsgi.hooks.policy_enforcement [req-7c34d25a-0af5-4107-8900-e7ee3de90e93 req-a0345e04-85b3-4a61-8c59-5635d7e30366 tempest-DeleteServersTestJSON-160544586 tempest-DeleteServersTestJSON-160544586-project] Attributes excluded by policy engine: ['standard_attr_id', 'binding:profile', 'binding:host_id', 'binding:vif_type', 'binding:vif_details'] {{(pid=93817) _exclude_attributes_by_policy /opt/stack/neutron/neutron/pecan_wsgi/hooks/policy_enforcement.py:255}}
Aug 12 21:55:59.193930 dv-cinder-804457-2-smb neutron-server[93818]: DEBUG neutron_lib.callbacks.manager [None req-8c31990d-da6f-4c60-9a5e-8eaf6efb19d2 admin admin] Notify callbacks [] for security_group, precommit_delete {{(pid=93818) _notify_loop /usr/local/lib/python3.8/dist-packages/neutron_lib/callbacks/manager.py:192}}
Aug 12 21:55:59.194633 dv-cinder-804457-2-smb neutron-server[93817]: INFO neutron.wsgi [req-7c34d25a-0af5-4107-8900-e7ee3de90e93 req-a0345e04-85b3-4a61-8c59-5635d7e30366 tempest-DeleteServersTestJSON-160544586 tempest-DeleteServersTestJSON-160544586-project] 10.222.0.72 "GET /v2.0/ports?device_id=a7a1cfe8-5fc3-4748-93a4-8e7abd7cce46 HTTP/1.1" status: 200 len: 945 time: 0.1581554
Aug 12 21:55:59.207880 dv-cinder-804457-2-smb neutron-server[93817]: DEBUG neutron.plugins.ml2.db [req-d69a99a4-c5f8-434a-a3b6-76c115f9a8be req-f0c0e8ad-7d12-4937-ac3e-cc778582e854 tempest-DeleteServersTestJSON-160544586 tempest-DeleteServersTestJSON-160544586-project] For port 356741fb-8ab6-47e9-a2c9-aa07bd2642a0, host hv-cinder-80445, got binding levels [PortBindingLevel(driver='hyperv',host='hv-cinder-80445',level=0,port_id=356741fb-8ab6-47e9-a2c9-aa07bd2642a0,segment=NetworkSegment(a0230294-7654-4d61-806d-ae907e3bbb32),segment_id=a0230294-7654-4d61-806d-ae907e3bbb32)] {{(pid=93817) get_binding_level_objs /opt/stack/neutron/neutron/plugins/ml2/db.py:74}}
Aug 12 21:55:59.208273 dv-cinder-804457-2-smb neutron-server[93817]: DEBUG neutron_lib.callbacks.manager [req-d69a99a4-c5f8-434a-a3b6-76c115f9a8be req-f0c0e8ad-7d12-4937-ac3e-cc778582e854 tempest-DeleteServersTestJSON-160544586 tempest-DeleteServersTestJSON-160544586-project] Notify callbacks ['neutron.services.l3_router.l3_router_plugin.L3_NAT_dbonly_mixin._precommit_delete_port_callback-1583290'] for port, precommit_delete {{(pid=93817) _notify_loop /usr/local/lib/python3.8/dist-packages/neutron_lib/callbacks/manager.py:192}}
Aug 12 21:55:59.246236 dv-cinder-804457-2-smb neutron-server[93817]: DEBUG neutron.plugins.ml2.plugin [req-d69a99a4-c5f8-434a-a3b6-76c115f9a8be req-f0c0e8ad-7d12-4937-ac3e-cc778582e854 tempest-DeleteServersTestJSON-160544586 tempest-DeleteServersTestJSON-160544586-project] Calling delete_port for 356741fb-8ab6-47e9-a2c9-aa07bd2642a0 owned by compute:nova {{(pid=93817) delete_port /opt/stack/neutron/neutron/plugins/ml2/plugin.py:1997}}
Aug 12 21:55:59.287246 dv-cinder-804457-2-smb neutron-server[93818]: DEBUG neutron.scheduler.l3_agent_scheduler [None req-099ef426-fc43-432e-ae4f-38384f0a886e tempest-AttachVolumeTestJSON-805699611 tempest-AttachVolumeTestJSON-805699611-project] Router f373464e-a15a-4a76-9929-a2bfeefafe33 has already been hosted by L3 agent 393a82d8-e4d5-497c-8156-3031ca5dbb64 {{(pid=93818) _get_candidates /opt/stack/neutron/neutron/scheduler/l3_agent_scheduler.py:127}}
Aug 12 21:55:59.291042 dv-cinder-804457-2-smb neutron-server[93818]: DEBUG neutron_lib.callbacks.manager [None req-8c31990d-da6f-4c60-9a5e-8eaf6efb19d2 admin admin] Notify callbacks ['neutron.plugins.ml2.ovo_rpc._ObjectChangeHandler.handle_event-1643195'] for security_group, after_delete {{(pid=93818) _notify_loop /usr/local/lib/python3.8/dist-packages/neutron_lib/callbacks/manager.py:192}}
Aug 12 21:55:59.293494 dv-cinder-804457-2-smb neutron-server[93818]: DEBUG neutron_lib.callbacks.manager [None req-8c31990d-da6f-4c60-9a5e-8eaf6efb19d2 admin admin] Notify callbacks [] for security_group, before_response {{(pid=93818) _notify_loop /usr/local/lib/python3.8/dist-packages/neutron_lib/callbacks/manager.py:192}}
Aug 12 21:55:59.295985 dv-cinder-804457-2-smb neutron-server[93818]: INFO neutron.wsgi [None req-8c31990d-da6f-4c60-9a5e-8eaf6efb19d2 admin admin] 10.222.0.72 "DELETE /v2.0/security-groups/7d7624bb-c59b-4952-912c-aee200b5bf2a HTTP/1.1" status: 204 len: 168 time: 0.2696199
Aug 12 21:55:59.308608 dv-cinder-804457-2-smb neutron-server[93817]: INFO neutron.wsgi [req-7c34d25a-0af5-4107-8900-e7ee3de90e93 req-b6fdfcf2-3eee-48c8-9fb0-9df5e53912d1 tempest-DeleteServersTestJSON-160544586 tempest-DeleteServersTestJSON-160544586-project] 10.222.0.72 "GET /v2.0/security-groups?id=19efdf01-9ee2-4102-8722-e1a6a80b0313&fields=id&fields=name HTTP/1.1" status: 200 len: 286 time: 0.1027346
Aug 12 21:55:59.311064 dv-cinder-804457-2-smb neutron-server[93818]: DEBUG neutron.api.rpc.handlers.resources_rpc [None req-8c31990d-da6f-4c60-9a5e-8eaf6efb19d2 admin admin] Pushing event deleted for resources: {'SecurityGroup': ['ID=7d7624bb-c59b-4952-912c-aee200b5bf2a,revision_number=None']} {{(pid=93818) push /opt/stack/neutron/neutron/api/rpc/handlers/resources_rpc.py:237}}
Aug 12 21:55:59.359476 dv-cinder-804457-2-smb neutron-server[93817]: DEBUG neutron_lib.callbacks.manager [None req-5480d5c3-a520-428d-8830-e3bf198a9e15 admin admin] Notify callbacks ['neutron.plugins.ml2.ovo_rpc._ObjectChangeHandler.handle_event-1643195'] for security_group, after_delete {{(pid=93817) _notify_loop /usr/local/lib/python3.8/dist-packages/neutron_lib/callbacks/manager.py:192}}
Aug 12 21:55:59.362020 dv-cinder-804457-2-smb neutron-server[93817]: DEBUG neutron_lib.callbacks.manager [None req-5480d5c3-a520-428d-8830-e3bf198a9e15 admin admin] Notify callbacks [] for security_group, before_response {{(pid=93817) _notify_loop /usr/local/lib/python3.8/dist-packages/neutron_lib/callbacks/manager.py:192}}
Aug 12 21:55:59.363164 dv-cinder-804457-2-smb neutron-server[93817]: INFO neutron.wsgi [None req-5480d5c3-a520-428d-8830-e3bf198a9e15 admin admin] 10.222.0.72 "DELETE /v2.0/security-groups/bc3cd622-987d-4291-acab-7b691bb1a8e7 HTTP/1.1" status: 204 len: 168 time: 0.5902164
Aug 12 21:55:59.382745 dv-cinder-804457-2-smb neutron-server[93817]: DEBUG neutron.api.rpc.handlers.resources_rpc [None req-5480d5c3-a520-428d-8830-e3bf198a9e15 admin admin] Pushing event deleted for resources: {'SecurityGroup': ['ID=bc3cd622-987d-4291-acab-7b691bb1a8e7,revision_number=None']} {{(pid=93817) push /opt/stack/neutron/neutron/api/rpc/handlers/resources_rpc.py:237}}
Aug 12 21:55:59.451910 dv-cinder-804457-2-smb neutron-server[93818]: DEBUG neutron.api.rpc.agentnotifiers.l3_rpc_agent_api [None req-099ef426-fc43-432e-ae4f-38384f0a886e tempest-AttachVolumeTestJSON-805699611 tempest-AttachVolumeTestJSON-805699611-project] Notify agent at l3_agent.dv-cinder-804457-2-smb the message routers_updated {{(pid=93818) _agent_notification /opt/stack/neutron/neutron/api/rpc/agentnotifiers/l3_rpc_agent_api.py:65}}
Aug 12 21:55:59.457965 dv-cinder-804457-2-smb neutron-server[93818]: DEBUG neutron_lib.callbacks.manager [None req-099ef426-fc43-432e-ae4f-38384f0a886e tempest-AttachVolumeTestJSON-805699611 tempest-AttachVolumeTestJSON-805699611-project] Notify callbacks ['neutron.notifiers.nova.Notifier._send_nova_notification-122923'] for floatingip, before_response {{(pid=93818) _notify_loop /usr/local/lib/python3.8/dist-packages/neutron_lib/callbacks/manager.py:192}}
Aug 12 21:55:59.466997 dv-cinder-804457-2-smb neutron-server[93820]: DEBUG neutron.api.rpc.handlers.l3_rpc [None req-219bf5c4-a929-49a7-92c9-19a48467864c None None] Sync routers for ids ['f373464e-a15a-4a76-9929-a2bfeefafe33'] in dv-cinder-804457-2-smb {{(pid=93820) sync_routers /opt/stack/neutron/neutron/api/rpc/handlers/l3_rpc.py:125}}
Aug 12 21:55:59.479200 dv-cinder-804457-2-smb neutron-server[93820]: DEBUG neutron.db.l3_dvrscheduler_db [None req-219bf5c4-a929-49a7-92c9-19a48467864c None None] Routers {'f373464e-a15a-4a76-9929-a2bfeefafe33'} bound to L3 agent in host dv-cinder-804457-2-smb {{(pid=93820) _get_router_ids_for_agent /opt/stack/neutron/neutron/db/l3_dvrscheduler_db.py:420}}
