Aug 12 21:55:46.679685 dv-cinder-804457-2-smb devstack@c-api.service[100630]: INFO cinder.api.openstack.wsgi [None req-48579691-beb8-42f1-89cf-68da7639eaee tempest-GroupSnapshotsTest-1455225965 tempest-GroupSnapshotsTest-1455225965-project] GET http://10.222.0.72/volume/v3/920b605337e945ef827b396553cc6e73/volumes/detail
Aug 12 21:55:46.680089 dv-cinder-804457-2-smb devstack@c-api.service[100630]: DEBUG cinder.api.openstack.wsgi [None req-48579691-beb8-42f1-89cf-68da7639eaee tempest-GroupSnapshotsTest-1455225965 tempest-GroupSnapshotsTest-1455225965-project] Empty body provided in request {{(pid=100630) get_body /opt/stack/cinder/cinder/api/openstack/wsgi.py:703}}
Aug 12 21:55:46.680634 dv-cinder-804457-2-smb devstack@c-api.service[100630]: DEBUG cinder.api.openstack.wsgi [None req-48579691-beb8-42f1-89cf-68da7639eaee tempest-GroupSnapshotsTest-1455225965 tempest-GroupSnapshotsTest-1455225965-project] Calling method 'detail' {{(pid=100630) _process_stack /opt/stack/cinder/cinder/api/openstack/wsgi.py:856}}
Aug 12 21:55:46.681163 dv-cinder-804457-2-smb devstack@c-api.service[100630]: DEBUG cinder.api.api_utils [None req-48579691-beb8-42f1-89cf-68da7639eaee tempest-GroupSnapshotsTest-1455225965 tempest-GroupSnapshotsTest-1455225965-project] Removing options '' from query. {{(pid=100630) remove_invalid_filter_options /opt/stack/cinder/cinder/api/api_utils.py:73}}
Aug 12 21:55:46.683006 dv-cinder-804457-2-smb devstack@c-api.service[100630]: DEBUG cinder.volume.api [None req-48579691-beb8-42f1-89cf-68da7639eaee tempest-GroupSnapshotsTest-1455225965 tempest-GroupSnapshotsTest-1455225965-project] Searching by: MultiDict([('no_migration_targets', True)]). {{(pid=100630) get_all /opt/stack/cinder/cinder/volume/api.py:619}}
Aug 12 21:55:46.685465 dv-cinder-804457-2-smb devstack@c-api.service[100631]: INFO cinder.api.openstack.wsgi [None req-94f939fc-3ad5-4a5a-9e77-24182f90470e tempest-GroupsV320Test-266768148 tempest-GroupsV320Test-266768148-project-admin] http://10.222.0.72/volume/v3/e2f45d721cbb4571b99ed1eb6500000e/groups/10e69b2e-c494-4093-8e2b-33cf4f020ba0/action returned with HTTP 202
Aug 12 21:55:46.687337 dv-cinder-804457-2-smb devstack@c-api.service[100631]: [pid: 100631|app: 0|req: 81/160] 10.222.0.72 () {62 vars in 1405 bytes} [Thu Aug 12 21:55:46 2021] POST /volume/v3/e2f45d721cbb4571b99ed1eb6500000e/groups/10e69b2e-c494-4093-8e2b-33cf4f020ba0/action => generated 0 bytes in 35 msecs (HTTP/1.1 202) 6 headers in 234 bytes (2 switches on core 0)
Aug 12 21:55:46.695554 dv-cinder-804457-2-smb devstack@c-api.service[100631]: INFO cinder.api.openstack.wsgi [None req-5d69bd9e-9d33-4803-b9da-5f29c6ff795c tempest-GroupsV320Test-520806940 tempest-GroupsV320Test-520806940-project] GET http://10.222.0.72/volume/v3/cd75cbdd46894a0b8e6a2cc1fa5b9915/groups/10e69b2e-c494-4093-8e2b-33cf4f020ba0
Aug 12 21:55:46.696182 dv-cinder-804457-2-smb devstack@c-api.service[100631]: DEBUG cinder.api.openstack.wsgi [None req-5d69bd9e-9d33-4803-b9da-5f29c6ff795c tempest-GroupsV320Test-520806940 tempest-GroupsV320Test-520806940-project] Empty body provided in request {{(pid=100631) get_body /opt/stack/cinder/cinder/api/openstack/wsgi.py:703}}
Aug 12 21:55:46.696424 dv-cinder-804457-2-smb devstack@c-api.service[100631]: /usr/local/lib/python3.8/dist-packages/webob/acceptparse.py:1047: DeprecationWarning: The behavior of AcceptValidHeader.best_match is currently being maintained for backward compatibility, but it will be deprecated in the future, as it does not conform to the RFC.
Aug 12 21:55:46.696424 dv-cinder-804457-2-smb devstack@c-api.service[100631]: warnings.warn(
Aug 12 21:55:46.697669 dv-cinder-804457-2-smb devstack@c-api.service[100631]: DEBUG cinder.api.openstack.wsgi [None req-5d69bd9e-9d33-4803-b9da-5f29c6ff795c tempest-GroupsV320Test-520806940 tempest-GroupsV320Test-520806940-project] Calling method 'version_select' {{(pid=100631) _process_stack /opt/stack/cinder/cinder/api/openstack/wsgi.py:856}}
Aug 12 21:55:46.698081 dv-cinder-804457-2-smb devstack@c-api.service[100631]: DEBUG cinder.api.v3.groups [None req-5d69bd9e-9d33-4803-b9da-5f29c6ff795c tempest-GroupsV320Test-520806940 tempest-GroupsV320Test-520806940-project] show called for member 10e69b2e-c494-4093-8e2b-33cf4f020ba0 {{(pid=100631) show /opt/stack/cinder/cinder/api/v3/groups.py:58}}
Aug 12 21:55:46.704804 dv-cinder-804457-2-smb devstack@c-api.service[100631]: /usr/local/lib/python3.8/dist-packages/oslo_context/context.py:105: DeprecationWarning: Policy enforcement is depending on the value of is_admin. This key is deprecated. Please update your policy file to use the standard policy values.
Aug 12 21:55:46.704804 dv-cinder-804457-2-smb devstack@c-api.service[100631]: warnings.warn('Policy enforcement is depending on the value of '
Aug 12 21:55:46.723418 dv-cinder-804457-2-smb devstack@c-api.service[100631]: INFO cinder.api.openstack.wsgi [None req-5d69bd9e-9d33-4803-b9da-5f29c6ff795c tempest-GroupsV320Test-520806940 tempest-GroupsV320Test-520806940-project] http://10.222.0.72/volume/v3/cd75cbdd46894a0b8e6a2cc1fa5b9915/groups/10e69b2e-c494-4093-8e2b-33cf4f020ba0 returned with HTTP 200
Aug 12 21:55:46.728418 dv-cinder-804457-2-smb devstack@c-api.service[100631]: [pid: 100631|app: 0|req: 82/161] 10.222.0.72 () {60 vars in 1363 bytes} [Thu Aug 12 21:55:46 2021] GET /volume/v3/cd75cbdd46894a0b8e6a2cc1fa5b9915/groups/10e69b2e-c494-4093-8e2b-33cf4f020ba0 => generated 384 bytes in 37 msecs (HTTP/1.1 200) 7 headers in 286 bytes (2 switches on core 0)
Aug 12 21:55:46.738001 dv-cinder-804457-2-smb devstack@c-api.service[100631]: INFO cinder.api.openstack.wsgi [None req-983ffba3-577a-40e1-9bee-5dc6c3fdd39a tempest-GroupsV320Test-266768148 tempest-GroupsV320Test-266768148-project-admin] POST http://10.222.0.72/volume/v3/e2f45d721cbb4571b99ed1eb6500000e/groups/10e69b2e-c494-4093-8e2b-33cf4f020ba0/action
Aug 12 21:55:46.738200 dv-cinder-804457-2-smb devstack@c-api.service[100630]: INFO cinder.volume.api [None req-48579691-beb8-42f1-89cf-68da7639eaee tempest-GroupSnapshotsTest-1455225965 tempest-GroupSnapshotsTest-1455225965-project] Get all volumes completed successfully.
Aug 12 21:55:46.738728 dv-cinder-804457-2-smb devstack@c-api.service[100631]: /usr/local/lib/python3.8/dist-packages/webob/acceptparse.py:1047: DeprecationWarning: The behavior of AcceptValidHeader.best_match is currently being maintained for backward compatibility, but it will be deprecated in the future, as it does not conform to the RFC.
Aug 12 21:55:46.738728 dv-cinder-804457-2-smb devstack@c-api.service[100631]: warnings.warn(
Aug 12 21:55:46.739248 dv-cinder-804457-2-smb devstack@c-api.service[100631]: DEBUG cinder.api.openstack.wsgi [None req-983ffba3-577a-40e1-9bee-5dc6c3fdd39a tempest-GroupsV320Test-266768148 tempest-GroupsV320Test-266768148-project-admin] Action body: b'{"reset_status": {"status": "available"}}' {{(pid=100631) get_method /opt/stack/cinder/cinder/api/openstack/wsgi.py:971}}
Aug 12 21:55:46.739638 dv-cinder-804457-2-smb devstack@c-api.service[100630]: WARNING stevedore.named [None req-48579691-beb8-42f1-89cf-68da7639eaee tempest-GroupSnapshotsTest-1455225965 tempest-GroupSnapshotsTest-1455225965-project] Could not load cinder.keymgr.conf_key_mgr.ConfKeyManager
Aug 12 21:55:46.739755 dv-cinder-804457-2-smb devstack@c-api.service[100631]: DEBUG cinder.api.openstack.wsgi [None req-983ffba3-577a-40e1-9bee-5dc6c3fdd39a tempest-GroupsV320Test-266768148 tempest-GroupsV320Test-266768148-project-admin] Action: 'action', calling method: reset_status, body: {"reset_status": {"status": "available"}} {{(pid=100631) _process_stack /opt/stack/cinder/cinder/api/openstack/wsgi.py:854}}
Aug 12 21:55:46.740010 dv-cinder-804457-2-smb devstack@c-api.service[100630]: WARNING castellan.key_manager [None req-48579691-beb8-42f1-89cf-68da7639eaee tempest-GroupSnapshotsTest-1455225965 tempest-GroupSnapshotsTest-1455225965-project] Deprecation Warning : cinder.keymgr.conf_key_mgr.ConfKeyManager is not a stevedore based driver, trying to load it as a class: stevedore.exception.NoMatches: No 'castellan.drivers' driver found, looking for 'cinder.keymgr.conf_key_mgr.ConfKeyManager'
Aug 12 21:55:46.740825 dv-cinder-804457-2-smb devstack@c-api.service[100631]: DEBUG cinder.api.v3.groups [None req-983ffba3-577a-40e1-9bee-5dc6c3fdd39a tempest-GroupsV320Test-266768148 tempest-GroupsV320Test-266768148-project-admin] Updating group '10e69b2e-c494-4093-8e2b-33cf4f020ba0' with 'available' {{(pid=100631) _reset_status /opt/stack/cinder/cinder/api/v3/groups.py:82}}
Aug 12 21:55:46.747334 dv-cinder-804457-2-smb devstack@c-api.service[100630]: DEBUG oslo_db.sqlalchemy.engines [None req-48579691-beb8-42f1-89cf-68da7639eaee tempest-GroupSnapshotsTest-1455225965 tempest-GroupSnapshotsTest-1455225965-project] MySQL server mode set to STRICT_TRANS_TABLES,STRICT_ALL_TABLES,NO_ZERO_IN_DATE,NO_ZERO_DATE,ERROR_FOR_DIVISION_BY_ZERO,TRADITIONAL,NO_ENGINE_SUBSTITUTION {{(pid=100630) _check_effective_sql_mode /usr/local/lib/python3.8/dist-packages/oslo_db/sqlalchemy/engines.py:314}}
Aug 12 21:55:46.751451 dv-cinder-804457-2-smb devstack@c-api.service[100631]: /usr/local/lib/python3.8/dist-packages/oslo_context/context.py:105: DeprecationWarning: Policy enforcement is depending on the value of is_admin. This key is deprecated. Please update your policy file to use the standard policy values.
Aug 12 21:55:46.751451 dv-cinder-804457-2-smb devstack@c-api.service[100631]: warnings.warn('Policy enforcement is depending on the value of '
Aug 12 21:55:46.753566 dv-cinder-804457-2-smb devstack@c-api.service[100630]: /usr/local/lib/python3.8/dist-packages/oslo_context/context.py:105: DeprecationWarning: Policy enforcement is depending on the value of is_admin. This key is deprecated. Please update your policy file to use the standard policy values.
Aug 12 21:55:46.753566 dv-cinder-804457-2-smb devstack@c-api.service[100630]: warnings.warn('Policy enforcement is depending on the value of '
Aug 12 21:55:46.761266 dv-cinder-804457-2-smb devstack@c-api.service[100630]: WARNING stevedore.named [None req-48579691-beb8-42f1-89cf-68da7639eaee tempest-GroupSnapshotsTest-1455225965 tempest-GroupSnapshotsTest-1455225965-project] Could not load cinder.keymgr.conf_key_mgr.ConfKeyManager
Aug 12 21:55:46.761889 dv-cinder-804457-2-smb devstack@c-api.service[100630]: WARNING castellan.key_manager [None req-48579691-beb8-42f1-89cf-68da7639eaee tempest-GroupSnapshotsTest-1455225965 tempest-GroupSnapshotsTest-1455225965-project] Deprecation Warning : cinder.keymgr.conf_key_mgr.ConfKeyManager is not a stevedore based driver, trying to load it as a class: stevedore.exception.NoMatches: No 'castellan.drivers' driver found, looking for 'cinder.keymgr.conf_key_mgr.ConfKeyManager'
Aug 12 21:55:46.764535 dv-cinder-804457-2-smb devstack@c-api.service[100631]: INFO cinder.api.openstack.wsgi [None req-983ffba3-577a-40e1-9bee-5dc6c3fdd39a tempest-GroupsV320Test-266768148 tempest-GroupsV320Test-266768148-project-admin] http://10.222.0.72/volume/v3/e2f45d721cbb4571b99ed1eb6500000e/groups/10e69b2e-c494-4093-8e2b-33cf4f020ba0/action returned with HTTP 202
Aug 12 21:55:46.768748 dv-cinder-804457-2-smb devstack@c-api.service[100631]: [pid: 100631|app: 0|req: 83/162] 10.222.0.72 () {62 vars in 1405 bytes} [Thu Aug 12 21:55:46 2021] POST /volume/v3/e2f45d721cbb4571b99ed1eb6500000e/groups/10e69b2e-c494-4093-8e2b-33cf4f020ba0/action => generated 0 bytes in 35 msecs (HTTP/1.1 202) 6 headers in 234 bytes (1 switches on core 0)
Aug 12 21:55:46.773789 dv-cinder-804457-2-smb devstack@c-api.service[100630]: DEBUG oslo_db.sqlalchemy.engines [None req-48579691-beb8-42f1-89cf-68da7639eaee tempest-GroupSnapshotsTest-1455225965 tempest-GroupSnapshotsTest-1455225965-project] MySQL server mode set to STRICT_TRANS_TABLES,STRICT_ALL_TABLES,NO_ZERO_IN_DATE,NO_ZERO_DATE,ERROR_FOR_DIVISION_BY_ZERO,TRADITIONAL,NO_ENGINE_SUBSTITUTION {{(pid=100630) _check_effective_sql_mode /usr/local/lib/python3.8/dist-packages/oslo_db/sqlalchemy/engines.py:314}}
Aug 12 21:55:46.774290 dv-cinder-804457-2-smb devstack@c-api.service[100631]: INFO cinder.api.openstack.wsgi [None req-f966ce59-8b86-4903-98fc-796c442e7eeb tempest-GroupsV320Test-520806940 tempest-GroupsV320Test-520806940-project] GET http://10.222.0.72/volume/v3/cd75cbdd46894a0b8e6a2cc1fa5b9915/groups/10e69b2e-c494-4093-8e2b-33cf4f020ba0
Aug 12 21:55:46.775022 dv-cinder-804457-2-smb devstack@c-api.service[100631]: DEBUG cinder.api.openstack.wsgi [None req-f966ce59-8b86-4903-98fc-796c442e7eeb tempest-GroupsV320Test-520806940 tempest-GroupsV320Test-520806940-project] Empty body provided in request {{(pid=100631) get_body /opt/stack/cinder/cinder/api/openstack/wsgi.py:703}}
Aug 12 21:55:46.775387 dv-cinder-804457-2-smb devstack@c-api.service[100631]: /usr/local/lib/python3.8/dist-packages/webob/acceptparse.py:1047: DeprecationWarning: The behavior of AcceptValidHeader.best_match is currently being maintained for backward compatibility, but it will be deprecated in the future, as it does not conform to the RFC.
Aug 12 21:55:46.775387 dv-cinder-804457-2-smb devstack@c-api.service[100631]: warnings.warn(
Aug 12 21:55:46.776012 dv-cinder-804457-2-smb devstack@c-api.service[100631]: DEBUG cinder.api.openstack.wsgi [None req-f966ce59-8b86-4903-98fc-796c442e7eeb tempest-GroupsV320Test-520806940 tempest-GroupsV320Test-520806940-project] Calling method 'version_select' {{(pid=100631) _process_stack /opt/stack/cinder/cinder/api/openstack/wsgi.py:856}}
Aug 12 21:55:46.777119 dv-cinder-804457-2-smb devstack@c-api.service[100631]: DEBUG cinder.api.v3.groups [None req-f966ce59-8b86-4903-98fc-796c442e7eeb tempest-GroupsV320Test-520806940 tempest-GroupsV320Test-520806940-project] show called for member 10e69b2e-c494-4093-8e2b-33cf4f020ba0 {{(pid=100631) show /opt/stack/cinder/cinder/api/v3/groups.py:58}}
Aug 12 21:55:46.781535 dv-cinder-804457-2-smb devstack@c-api.service[100630]: /usr/local/lib/python3.8/dist-packages/oslo_context/context.py:105: DeprecationWarning: Policy enforcement is depending on the value of is_admin. This key is deprecated. Please update your policy file to use the standard policy values.
Aug 12 21:55:46.781535 dv-cinder-804457-2-smb devstack@c-api.service[100630]: warnings.warn('Policy enforcement is depending on the value of '
Aug 12 21:55:46.785498 dv-cinder-804457-2-smb devstack@c-api.service[100631]: /usr/local/lib/python3.8/dist-packages/oslo_context/context.py:105: DeprecationWarning: Policy enforcement is depending on the value of is_admin. This key is deprecated. Please update your policy file to use the standard policy values.
Aug 12 21:55:46.785498 dv-cinder-804457-2-smb devstack@c-api.service[100631]: warnings.warn('Policy enforcement is depending on the value of '
Aug 12 21:55:46.799627 dv-cinder-804457-2-smb devstack@c-api.service[100630]: INFO cinder.api.openstack.wsgi [None req-48579691-beb8-42f1-89cf-68da7639eaee tempest-GroupSnapshotsTest-1455225965 tempest-GroupSnapshotsTest-1455225965-project] http://10.222.0.72/volume/v3/920b605337e945ef827b396553cc6e73/volumes/detail returned with HTTP 200
Aug 12 21:55:46.803696 dv-cinder-804457-2-smb devstack@c-api.service[100631]: INFO cinder.api.openstack.wsgi [None req-f966ce59-8b86-4903-98fc-796c442e7eeb tempest-GroupsV320Test-520806940 tempest-GroupsV320Test-520806940-project] http://10.222.0.72/volume/v3/cd75cbdd46894a0b8e6a2cc1fa5b9915/groups/10e69b2e-c494-4093-8e2b-33cf4f020ba0 returned with HTTP 200
Aug 12 21:55:46.804596 dv-cinder-804457-2-smb devstack@c-api.service[100631]: [pid: 100631|app: 0|req: 84/163] 10.222.0.72 () {60 vars in 1363 bytes} [Thu Aug 12 21:55:46 2021] GET /volume/v3/cd75cbdd46894a0b8e6a2cc1fa5b9915/groups/10e69b2e-c494-4093-8e2b-33cf4f020ba0 => generated 388 bytes in 35 msecs (HTTP/1.1 200) 7 headers in 286 bytes (1 switches on core 0)
Aug 12 21:55:46.808819 dv-cinder-804457-2-smb devstack@c-api.service[100630]: [pid: 100630|app: 0|req: 80/164] 10.222.0.72 () {60 vars in 1276 bytes} [Thu Aug 12 21:55:46 2021] GET /volume/v3/920b605337e945ef827b396553cc6e73/volumes/detail => generated 1995 bytes in 132 msecs (HTTP/1.1 200) 7 headers in 287 bytes (1 switches on core 0)
Aug 12 21:55:46.814321 dv-cinder-804457-2-smb devstack@c-api.service[100631]: INFO cinder.api.openstack.wsgi [None req-19b10a84-203b-4774-bb08-ef81fc6ef0f4 tempest-GroupsV320Test-520806940 tempest-GroupsV320Test-520806940-project] GET http://10.222.0.72/volume/v3/cd75cbdd46894a0b8e6a2cc1fa5b9915/volumes/detail
Aug 12 21:55:46.814808 dv-cinder-804457-2-smb devstack@c-api.service[100631]: DEBUG cinder.api.openstack.wsgi [None req-19b10a84-203b-4774-bb08-ef81fc6ef0f4 tempest-GroupsV320Test-520806940 tempest-GroupsV320Test-520806940-project] Empty body provided in request {{(pid=100631) get_body /opt/stack/cinder/cinder/api/openstack/wsgi.py:703}}
Aug 12 21:55:46.814984 dv-cinder-804457-2-smb devstack@c-api.service[100631]: /usr/local/lib/python3.8/dist-packages/webob/acceptparse.py:1047: DeprecationWarning: The behavior of AcceptValidHeader.best_match is currently being maintained for backward compatibility, but it will be deprecated in the future, as it does not conform to the RFC.
Aug 12 21:55:46.814984 dv-cinder-804457-2-smb devstack@c-api.service[100631]: warnings.warn(
Aug 12 21:55:46.815287 dv-cinder-804457-2-smb devstack@c-api.service[100631]: DEBUG cinder.api.openstack.wsgi [None req-19b10a84-203b-4774-bb08-ef81fc6ef0f4 tempest-GroupsV320Test-520806940 tempest-GroupsV320Test-520806940-project] Calling method 'detail' {{(pid=100631) _process_stack /opt/stack/cinder/cinder/api/openstack/wsgi.py:856}}
Aug 12 21:55:46.815818 dv-cinder-804457-2-smb devstack@c-api.service[100631]: DEBUG cinder.api.api_utils [None req-19b10a84-203b-4774-bb08-ef81fc6ef0f4 tempest-GroupsV320Test-520806940 tempest-GroupsV320Test-520806940-project] Removing options '' from query. {{(pid=100631) remove_invalid_filter_options /opt/stack/cinder/cinder/api/api_utils.py:73}}
Aug 12 21:55:46.816582 dv-cinder-804457-2-smb devstack@c-api.service[100631]: /usr/local/lib/python3.8/dist-packages/oslo_context/context.py:105: DeprecationWarning: Policy enforcement is depending on the value of is_admin. This key is deprecated. Please update your policy file to use the standard policy values.
Aug 12 21:55:46.816582 dv-cinder-804457-2-smb devstack@c-api.service[100631]: warnings.warn('Policy enforcement is depending on the value of '
Aug 12 21:55:46.817571 dv-cinder-804457-2-smb devstack@c-api.service[100631]: DEBUG cinder.volume.api [None req-19b10a84-203b-4774-bb08-ef81fc6ef0f4 tempest-GroupsV320Test-520806940 tempest-GroupsV320Test-520806940-project] Searching by: MultiDict([('no_migration_targets', True)]). {{(pid=100631) get_all /opt/stack/cinder/cinder/volume/api.py:619}}
Aug 12 21:55:46.824337 dv-cinder-804457-2-smb devstack@c-api.service[100630]: INFO cinder.api.openstack.wsgi [None req-32dff9b9-098e-4aad-a9c7-22600d1d0e23 tempest-GroupSnapshotsTest-1455225965 tempest-GroupSnapshotsTest-1455225965-project] POST http://10.222.0.72/volume/v3/920b605337e945ef827b396553cc6e73/groups/8c7baa53-e546-4099-8ee2-14957e4b7076/action
Aug 12 21:55:46.824800 dv-cinder-804457-2-smb devstack@c-api.service[100630]: /usr/local/lib/python3.8/dist-packages/webob/acceptparse.py:1047: DeprecationWarning: The behavior of AcceptValidHeader.best_match is currently being maintained for backward compatibility, but it will be deprecated in the future, as it does not conform to the RFC.
Aug 12 21:55:46.824800 dv-cinder-804457-2-smb devstack@c-api.service[100630]: warnings.warn(
Aug 12 21:55:46.825243 dv-cinder-804457-2-smb devstack@c-api.service[100630]: DEBUG cinder.api.openstack.wsgi [None req-32dff9b9-098e-4aad-a9c7-22600d1d0e23 tempest-GroupSnapshotsTest-1455225965 tempest-GroupSnapshotsTest-1455225965-project] Action body: b'{"delete": {"delete-volumes": true}}' {{(pid=100630) get_method /opt/stack/cinder/cinder/api/openstack/wsgi.py:971}}
Aug 12 21:55:46.825651 dv-cinder-804457-2-smb devstack@c-api.service[100630]: DEBUG cinder.api.openstack.wsgi [None req-32dff9b9-098e-4aad-a9c7-22600d1d0e23 tempest-GroupSnapshotsTest-1455225965 tempest-GroupSnapshotsTest-1455225965-project] Action: 'action', calling method: delete_group, body: {"delete": {"delete-volumes": true}} {{(pid=100630) _process_stack /opt/stack/cinder/cinder/api/openstack/wsgi.py:854}}
Aug 12 21:55:46.827457 dv-cinder-804457-2-smb devstack@c-api.service[100630]: DEBUG cinder.api.v3.groups [None req-32dff9b9-098e-4aad-a9c7-22600d1d0e23 tempest-GroupSnapshotsTest-1455225965 tempest-GroupSnapshotsTest-1455225965-project] delete called for group 8c7baa53-e546-4099-8ee2-14957e4b7076 {{(pid=100630) _delete /opt/stack/cinder/cinder/api/v3/groups.py:117}}
Aug 12 21:55:46.827898 dv-cinder-804457-2-smb devstack@c-api.service[100630]: INFO cinder.api.v3.groups [None req-32dff9b9-098e-4aad-a9c7-22600d1d0e23 tempest-GroupSnapshotsTest-1455225965 tempest-GroupSnapshotsTest-1455225965-project] Delete group with id: 8c7baa53-e546-4099-8ee2-14957e4b7076
Aug 12 21:55:46.834067 dv-cinder-804457-2-smb devstack@c-api.service[100630]: /usr/local/lib/python3.8/dist-packages/oslo_context/context.py:105: DeprecationWarning: Policy enforcement is depending on the value of is_admin. This key is deprecated. Please update your policy file to use the standard policy values.
Aug 12 21:55:46.834067 dv-cinder-804457-2-smb devstack@c-api.service[100630]: warnings.warn('Policy enforcement is depending on the value of '
Aug 12 21:55:46.889730 dv-cinder-804457-2-smb devstack@c-api.service[100631]: INFO cinder.volume.api [None req-19b10a84-203b-4774-bb08-ef81fc6ef0f4 tempest-GroupsV320Test-520806940 tempest-GroupsV320Test-520806940-project] Get all volumes completed successfully.
Aug 12 21:55:46.894804 dv-cinder-804457-2-smb devstack@c-api.service[100631]: INFO cinder.api.openstack.wsgi [None req-19b10a84-203b-4774-bb08-ef81fc6ef0f4 tempest-GroupsV320Test-520806940 tempest-GroupsV320Test-520806940-project] http://10.222.0.72/volume/v3/cd75cbdd46894a0b8e6a2cc1fa5b9915/volumes/detail returned with HTTP 200
Aug 12 21:55:46.895710 dv-cinder-804457-2-smb devstack@c-api.service[100631]: [pid: 100631|app: 0|req: 85/165] 10.222.0.72 () {60 vars in 1276 bytes} [Thu Aug 12 21:55:46 2021] GET /volume/v3/cd75cbdd46894a0b8e6a2cc1fa5b9915/volumes/detail => generated 15 bytes in 85 msecs (HTTP/1.1 200) 7 headers in 285 bytes (2 switches on core 0)
Aug 12 21:55:46.910055 dv-cinder-804457-2-smb devstack@c-api.service[100631]: INFO cinder.api.openstack.wsgi [None req-09f61e25-07f8-4f13-b7cd-4e1d30ebeb04 tempest-GroupsV320Test-520806940 tempest-GroupsV320Test-520806940-project] POST http://10.222.0.72/volume/v3/cd75cbdd46894a0b8e6a2cc1fa5b9915/groups/10e69b2e-c494-4093-8e2b-33cf4f020ba0/action
Aug 12 21:55:46.911205 dv-cinder-804457-2-smb devstack@c-api.service[100631]: DEBUG cinder.api.openstack.wsgi [None req-09f61e25-07f8-4f13-b7cd-4e1d30ebeb04 tempest-GroupsV320Test-520806940 tempest-GroupsV320Test-520806940-project] Action body: b'{"delete": {"delete-volumes": true}}' {{(pid=100631) get_method /opt/stack/cinder/cinder/api/openstack/wsgi.py:971}}
Aug 12 21:55:46.911609 dv-cinder-804457-2-smb devstack@c-api.service[100631]: DEBUG cinder.api.openstack.wsgi [None req-09f61e25-07f8-4f13-b7cd-4e1d30ebeb04 tempest-GroupsV320Test-520806940 tempest-GroupsV320Test-520806940-project] Action: 'action', calling method: delete_group, body: {"delete": {"delete-volumes": true}} {{(pid=100631) _process_stack /opt/stack/cinder/cinder/api/openstack/wsgi.py:854}}
Aug 12 21:55:46.912503 dv-cinder-804457-2-smb devstack@c-api.service[100631]: DEBUG cinder.api.v3.groups [None req-09f61e25-07f8-4f13-b7cd-4e1d30ebeb04 tempest-GroupsV320Test-520806940 tempest-GroupsV320Test-520806940-project] delete called for group 10e69b2e-c494-4093-8e2b-33cf4f020ba0 {{(pid=100631) _delete /opt/stack/cinder/cinder/api/v3/groups.py:117}}
Aug 12 21:55:46.912888 dv-cinder-804457-2-smb devstack@c-api.service[100631]: INFO cinder.api.v3.groups [None req-09f61e25-07f8-4f13-b7cd-4e1d30ebeb04 tempest-GroupsV320Test-520806940 tempest-GroupsV320Test-520806940-project] Delete group with id: 10e69b2e-c494-4093-8e2b-33cf4f020ba0
Aug 12 21:55:46.918302 dv-cinder-804457-2-smb devstack@c-api.service[100631]: /usr/local/lib/python3.8/dist-packages/oslo_context/context.py:105: DeprecationWarning: Policy enforcement is depending on the value of is_admin. This key is deprecated. Please update your policy file to use the standard policy values.
Aug 12 21:55:46.918302 dv-cinder-804457-2-smb devstack@c-api.service[100631]: warnings.warn('Policy enforcement is depending on the value of '
Aug 12 21:55:46.949479 dv-cinder-804457-2-smb devstack@c-api.service[100630]: INFO cinder.api.openstack.wsgi [None req-32dff9b9-098e-4aad-a9c7-22600d1d0e23 tempest-GroupSnapshotsTest-1455225965 tempest-GroupSnapshotsTest-1455225965-project] http://10.222.0.72/volume/v3/920b605337e945ef827b396553cc6e73/groups/8c7baa53-e546-4099-8ee2-14957e4b7076/action returned with HTTP 202
Aug 12 21:55:46.951469 dv-cinder-804457-2-smb devstack@c-api.service[100630]: [pid: 100630|app: 0|req: 81/166] 10.222.0.72 () {62 vars in 1405 bytes} [Thu Aug 12 21:55:46 2021] POST /volume/v3/920b605337e945ef827b396553cc6e73/groups/8c7baa53-e546-4099-8ee2-14957e4b7076/action => generated 0 bytes in 132 msecs (HTTP/1.1 202) 6 headers in 234 bytes (2 switches on core 0)
Aug 12 21:55:46.961462 dv-cinder-804457-2-smb devstack@c-api.service[100630]: INFO cinder.api.openstack.wsgi [None req-ead219fc-75e9-439e-b0c1-967a42291439 tempest-GroupSnapshotsTest-1455225965 tempest-GroupSnapshotsTest-1455225965-project] GET http://10.222.0.72/volume/v3/920b605337e945ef827b396553cc6e73/volumes/0b497ee9-2c6a-4153-bad0-ad32720624ee
Aug 12 21:55:46.962237 dv-cinder-804457-2-smb devstack@c-api.service[100630]: DEBUG cinder.api.openstack.wsgi [None req-ead219fc-75e9-439e-b0c1-967a42291439 tempest-GroupSnapshotsTest-1455225965 tempest-GroupSnapshotsTest-1455225965-project] Empty body provided in request {{(pid=100630) get_body /opt/stack/cinder/cinder/api/openstack/wsgi.py:703}}
Aug 12 21:55:46.962629 dv-cinder-804457-2-smb devstack@c-api.service[100630]: /usr/local/lib/python3.8/dist-packages/webob/acceptparse.py:1047: DeprecationWarning: The behavior of AcceptValidHeader.best_match is currently being maintained for backward compatibility, but it will be deprecated in the future, as it does not conform to the RFC.
Aug 12 21:55:46.962629 dv-cinder-804457-2-smb devstack@c-api.service[100630]: warnings.warn(
Aug 12 21:55:46.963232 dv-cinder-804457-2-smb devstack@c-api.service[100630]: DEBUG cinder.api.openstack.wsgi [None req-ead219fc-75e9-439e-b0c1-967a42291439 tempest-GroupSnapshotsTest-1455225965 tempest-GroupSnapshotsTest-1455225965-project] Calling method 'show' {{(pid=100630) _process_stack /opt/stack/cinder/cinder/api/openstack/wsgi.py:856}}
Aug 12 21:55:46.968080 dv-cinder-804457-2-smb devstack@c-api.service[100631]: INFO cinder.api.openstack.wsgi [None req-09f61e25-07f8-4f13-b7cd-4e1d30ebeb04 tempest-GroupsV320Test-520806940 tempest-GroupsV320Test-520806940-project] http://10.222.0.72/volume/v3/cd75cbdd46894a0b8e6a2cc1fa5b9915/groups/10e69b2e-c494-4093-8e2b-33cf4f020ba0/action returned with HTTP 202
Aug 12 21:55:46.972067 dv-cinder-804457-2-smb devstack@c-api.service[100631]: [pid: 100631|app: 0|req: 86/167] 10.222.0.72 () {62 vars in 1405 bytes} [Thu Aug 12 21:55:46 2021] POST /volume/v3/cd75cbdd46894a0b8e6a2cc1fa5b9915/groups/10e69b2e-c494-4093-8e2b-33cf4f020ba0/action => generated 0 bytes in 63 msecs (HTTP/1.1 202) 6 headers in 234 bytes (2 switches on core 0)
Aug 12 21:55:46.978168 dv-cinder-804457-2-smb devstack@c-api.service[100631]: INFO cinder.api.openstack.wsgi [None req-30a138de-0319-4bf2-a447-407a932eba99 tempest-GroupsV320Test-520806940 tempest-GroupsV320Test-520806940-project] GET http://10.222.0.72/volume/v3/cd75cbdd46894a0b8e6a2cc1fa5b9915/groups/10e69b2e-c494-4093-8e2b-33cf4f020ba0
Aug 12 21:55:46.978869 dv-cinder-804457-2-smb devstack@c-api.service[100631]: DEBUG cinder.api.openstack.wsgi [None req-30a138de-0319-4bf2-a447-407a932eba99 tempest-GroupsV320Test-520806940 tempest-GroupsV320Test-520806940-project] Empty body provided in request {{(pid=100631) get_body /opt/stack/cinder/cinder/api/openstack/wsgi.py:703}}
Aug 12 21:55:46.979138 dv-cinder-804457-2-smb devstack@c-api.service[100631]: /usr/local/lib/python3.8/dist-packages/webob/acceptparse.py:1047: DeprecationWarning: The behavior of AcceptValidHeader.best_match is currently being maintained for backward compatibility, but it will be deprecated in the future, as it does not conform to the RFC.
Aug 12 21:55:46.979138 dv-cinder-804457-2-smb devstack@c-api.service[100631]: warnings.warn(
Aug 12 21:55:46.979582 dv-cinder-804457-2-smb devstack@c-api.service[100631]: DEBUG cinder.api.openstack.wsgi [None req-30a138de-0319-4bf2-a447-407a932eba99 tempest-GroupsV320Test-520806940 tempest-GroupsV320Test-520806940-project] Calling method 'version_select' {{(pid=100631) _process_stack /opt/stack/cinder/cinder/api/openstack/wsgi.py:856}}
Aug 12 21:55:46.980094 dv-cinder-804457-2-smb devstack@c-api.service[100631]: DEBUG cinder.api.v3.groups [None req-30a138de-0319-4bf2-a447-407a932eba99 tempest-GroupsV320Test-520806940 tempest-GroupsV320Test-520806940-project] show called for member 10e69b2e-c494-4093-8e2b-33cf4f020ba0 {{(pid=100631) show /opt/stack/cinder/cinder/api/v3/groups.py:58}}
Aug 12 21:55:46.985994 dv-cinder-804457-2-smb devstack@c-api.service[100630]: /usr/local/lib/python3.8/dist-packages/oslo_context/context.py:105: DeprecationWarning: Policy enforcement is depending on the value of is_admin. This key is deprecated. Please update your policy file to use the standard policy values.
Aug 12 21:55:46.985994 dv-cinder-804457-2-smb devstack@c-api.service[100630]: warnings.warn('Policy enforcement is depending on the value of '
Aug 12 21:55:46.986921 dv-cinder-804457-2-smb devstack@c-api.service[100631]: /usr/local/lib/python3.8/dist-packages/oslo_context/context.py:105: DeprecationWarning: Policy enforcement is depending on the value of is_admin. This key is deprecated. Please update your policy file to use the standard policy values.
Aug 12 21:55:46.986921 dv-cinder-804457-2-smb devstack@c-api.service[100631]: warnings.warn('Policy enforcement is depending on the value of '
Aug 12 21:55:46.995666 dv-cinder-804457-2-smb devstack@c-api.service[100630]: INFO cinder.volume.api [None req-ead219fc-75e9-439e-b0c1-967a42291439 tempest-GroupSnapshotsTest-1455225965 tempest-GroupSnapshotsTest-1455225965-project] Volume info retrieved successfully.
Aug 12 21:55:47.003699 dv-cinder-804457-2-smb devstack@c-api.service[100630]: WARNING stevedore.named [None req-ead219fc-75e9-439e-b0c1-967a42291439 tempest-GroupSnapshotsTest-1455225965 tempest-GroupSnapshotsTest-1455225965-project] Could not load cinder.keymgr.conf_key_mgr.ConfKeyManager
Aug 12 21:55:47.004725 dv-cinder-804457-2-smb devstack@c-api.service[100630]: WARNING castellan.key_manager [None req-ead219fc-75e9-439e-b0c1-967a42291439 tempest-GroupSnapshotsTest-1455225965 tempest-GroupSnapshotsTest-1455225965-project] Deprecation Warning : cinder.keymgr.conf_key_mgr.ConfKeyManager is not a stevedore based driver, trying to load it as a class: stevedore.exception.NoMatches: No 'castellan.drivers' driver found, looking for 'cinder.keymgr.conf_key_mgr.ConfKeyManager'
Aug 12 21:55:47.008288 dv-cinder-804457-2-smb devstack@c-api.service[100631]: INFO cinder.api.openstack.wsgi [None req-30a138de-0319-4bf2-a447-407a932eba99 tempest-GroupsV320Test-520806940 tempest-GroupsV320Test-520806940-project] http://10.222.0.72/volume/v3/cd75cbdd46894a0b8e6a2cc1fa5b9915/groups/10e69b2e-c494-4093-8e2b-33cf4f020ba0 returned with HTTP 200
Aug 12 21:55:47.014138 dv-cinder-804457-2-smb devstack@c-api.service[100631]: [pid: 100631|app: 0|req: 87/168] 10.222.0.72 () {60 vars in 1363 bytes} [Thu Aug 12 21:55:46 2021] GET /volume/v3/cd75cbdd46894a0b8e6a2cc1fa5b9915/groups/10e69b2e-c494-4093-8e2b-33cf4f020ba0 => generated 387 bytes in 37 msecs (HTTP/1.1 200) 7 headers in 286 bytes (2 switches on core 0)
Aug 12 21:55:47.019283 dv-cinder-804457-2-smb devstack@c-api.service[100630]: DEBUG oslo_db.sqlalchemy.engines [None req-ead219fc-75e9-439e-b0c1-967a42291439 tempest-GroupSnapshotsTest-1455225965 tempest-GroupSnapshotsTest-1455225965-project] MySQL server mode set to STRICT_TRANS_TABLES,STRICT_ALL_TABLES,NO_ZERO_IN_DATE,NO_ZERO_DATE,ERROR_FOR_DIVISION_BY_ZERO,TRADITIONAL,NO_ENGINE_SUBSTITUTION {{(pid=100630) _check_effective_sql_mode /usr/local/lib/python3.8/dist-packages/oslo_db/sqlalchemy/engines.py:314}}
Aug 12 21:55:47.027430 dv-cinder-804457-2-smb devstack@c-api.service[100630]: /usr/local/lib/python3.8/dist-packages/oslo_context/context.py:105: DeprecationWarning: Policy enforcement is depending on the value of is_admin. This key is deprecated. Please update your policy file to use the standard policy values.
Aug 12 21:55:47.027430 dv-cinder-804457-2-smb devstack@c-api.service[100630]: warnings.warn('Policy enforcement is depending on the value of '
Aug 12 21:55:47.046576 dv-cinder-804457-2-smb devstack@c-api.service[100630]: INFO cinder.api.openstack.wsgi [None req-ead219fc-75e9-439e-b0c1-967a42291439 tempest-GroupSnapshotsTest-1455225965 tempest-GroupSnapshotsTest-1455225965-project] http://10.222.0.72/volume/v3/920b605337e945ef827b396553cc6e73/volumes/0b497ee9-2c6a-4153-bad0-ad32720624ee returned with HTTP 200
Aug 12 21:55:47.047323 dv-cinder-804457-2-smb devstack@c-api.service[100630]: [pid: 100630|app: 0|req: 82/169] 10.222.0.72 () {60 vars in 1366 bytes} [Thu Aug 12 21:55:46 2021] GET /volume/v3/920b605337e945ef827b396553cc6e73/volumes/0b497ee9-2c6a-4153-bad0-ad32720624ee => generated 1000 bytes in 92 msecs (HTTP/1.1 200) 7 headers in 287 bytes (1 switches on core 0)
Aug 12 21:55:48.022228 dv-cinder-804457-2-smb devstack@c-api.service[100631]: INFO cinder.api.openstack.wsgi [None req-12f0f895-4416-43a8-8f10-fbe875f69676 tempest-GroupsV320Test-520806940 tempest-GroupsV320Test-520806940-project] GET http://10.222.0.72/volume/v3/cd75cbdd46894a0b8e6a2cc1fa5b9915/groups/10e69b2e-c494-4093-8e2b-33cf4f020ba0
Aug 12 21:55:48.023309 dv-cinder-804457-2-smb devstack@c-api.service[100631]: DEBUG cinder.api.openstack.wsgi [None req-12f0f895-4416-43a8-8f10-fbe875f69676 tempest-GroupsV320Test-520806940 tempest-GroupsV320Test-520806940-project] Empty body provided in request {{(pid=100631) get_body /opt/stack/cinder/cinder/api/openstack/wsgi.py:703}}
Aug 12 21:55:48.023640 dv-cinder-804457-2-smb devstack@c-api.service[100631]: /usr/local/lib/python3.8/dist-packages/webob/acceptparse.py:1047: DeprecationWarning: The behavior of AcceptValidHeader.best_match is currently being maintained for backward compatibility, but it will be deprecated in the future, as it does not conform to the RFC.
Aug 12 21:55:48.023640 dv-cinder-804457-2-smb devstack@c-api.service[100631]: warnings.warn(
Aug 12 21:55:48.024580 dv-cinder-804457-2-smb devstack@c-api.service[100631]: DEBUG cinder.api.openstack.wsgi [None req-12f0f895-4416-43a8-8f10-fbe875f69676 tempest-GroupsV320Test-520806940 tempest-GroupsV320Test-520806940-project] Calling method 'version_select' {{(pid=100631) _process_stack /opt/stack/cinder/cinder/api/openstack/wsgi.py:856}}
Aug 12 21:55:48.025136 dv-cinder-804457-2-smb devstack@c-api.service[100631]: DEBUG cinder.api.v3.groups [None req-12f0f895-4416-43a8-8f10-fbe875f69676 tempest-GroupsV320Test-520806940 tempest-GroupsV320Test-520806940-project] show called for member 10e69b2e-c494-4093-8e2b-33cf4f020ba0 {{(pid=100631) show /opt/stack/cinder/cinder/api/v3/groups.py:58}}
Aug 12 21:55:48.030611 dv-cinder-804457-2-smb devstack@c-api.service[100631]: INFO cinder.api.openstack.wsgi [None req-12f0f895-4416-43a8-8f10-fbe875f69676 tempest-GroupsV320Test-520806940 tempest-GroupsV320Test-520806940-project] http://10.222.0.72/volume/v3/cd75cbdd46894a0b8e6a2cc1fa5b9915/groups/10e69b2e-c494-4093-8e2b-33cf4f020ba0 returned with HTTP 404
Aug 12 21:55:48.032702 dv-cinder-804457-2-smb devstack@c-api.service[100631]: [pid: 100631|app: 0|req: 88/170] 10.222.0.72 () {60 vars in 1363 bytes} [Thu Aug 12 21:55:48 2021] GET /volume/v3/cd75cbdd46894a0b8e6a2cc1fa5b9915/groups/10e69b2e-c494-4093-8e2b-33cf4f020ba0 => generated 108 bytes in 16 msecs (HTTP/1.1 404) 7 headers in 293 bytes (1 switches on core 0)
Aug 12 21:55:48.045588 dv-cinder-804457-2-smb devstack@c-api.service[100630]: INFO cinder.api.openstack.wsgi [None req-757dc2bc-5495-4555-ad52-aaaf7f59004b tempest-GroupsV320Test-266768148 tempest-GroupsV320Test-266768148-project-admin] DELETE http://10.222.0.72/volume/v3/e2f45d721cbb4571b99ed1eb6500000e/group_types/9a290de6-0655-4171-bad9-29c92758b157
Aug 12 21:55:48.046100 dv-cinder-804457-2-smb devstack@c-api.service[100630]: DEBUG cinder.api.openstack.wsgi [None req-757dc2bc-5495-4555-ad52-aaaf7f59004b tempest-GroupsV320Test-266768148 tempest-GroupsV320Test-266768148-project-admin] Empty body provided in request {{(pid=100630) get_body /opt/stack/cinder/cinder/api/openstack/wsgi.py:703}}
Aug 12 21:55:48.046273 dv-cinder-804457-2-smb devstack@c-api.service[100630]: /usr/local/lib/python3.8/dist-packages/webob/acceptparse.py:1047: DeprecationWarning: The behavior of AcceptValidHeader.best_match is currently being maintained for backward compatibility, but it will be deprecated in the future, as it does not conform to the RFC.
Aug 12 21:55:48.046273 dv-cinder-804457-2-smb devstack@c-api.service[100630]: warnings.warn(
Aug 12 21:55:48.046643 dv-cinder-804457-2-smb devstack@c-api.service[100630]: DEBUG cinder.api.openstack.wsgi [None req-757dc2bc-5495-4555-ad52-aaaf7f59004b tempest-GroupsV320Test-266768148 tempest-GroupsV320Test-266768148-project-admin] Calling method 'version_select' {{(pid=100630) _process_stack /opt/stack/cinder/cinder/api/openstack/wsgi.py:856}}
Aug 12 21:55:48.066442 dv-cinder-804457-2-smb devstack@c-api.service[100631]: INFO cinder.api.openstack.wsgi [None req-1d984a43-b756-44e2-a81a-e0f5ef007d5f tempest-GroupSnapshotsTest-1455225965 tempest-GroupSnapshotsTest-1455225965-project] GET http://10.222.0.72/volume/v3/920b605337e945ef827b396553cc6e73/volumes/0b497ee9-2c6a-4153-bad0-ad32720624ee
Aug 12 21:55:48.067316 dv-cinder-804457-2-smb devstack@c-api.service[100631]: DEBUG cinder.api.openstack.wsgi [None req-1d984a43-b756-44e2-a81a-e0f5ef007d5f tempest-GroupSnapshotsTest-1455225965 tempest-GroupSnapshotsTest-1455225965-project] Empty body provided in request {{(pid=100631) get_body /opt/stack/cinder/cinder/api/openstack/wsgi.py:703}}
Aug 12 21:55:48.068946 dv-cinder-804457-2-smb devstack@c-api.service[100631]: DEBUG cinder.api.openstack.wsgi [None req-1d984a43-b756-44e2-a81a-e0f5ef007d5f tempest-GroupSnapshotsTest-1455225965 tempest-GroupSnapshotsTest-1455225965-project] Calling method 'show' {{(pid=100631) _process_stack /opt/stack/cinder/cinder/api/openstack/wsgi.py:856}}
Aug 12 21:55:48.099777 dv-cinder-804457-2-smb devstack@c-api.service[100631]: INFO cinder.api.openstack.wsgi [None req-1d984a43-b756-44e2-a81a-e0f5ef007d5f tempest-GroupSnapshotsTest-1455225965 tempest-GroupSnapshotsTest-1455225965-project] http://10.222.0.72/volume/v3/920b605337e945ef827b396553cc6e73/volumes/0b497ee9-2c6a-4153-bad0-ad32720624ee returned with HTTP 404
Aug 12 21:55:48.106173 dv-cinder-804457-2-smb devstack@c-api.service[100630]: INFO cinder.api.openstack.wsgi [None req-757dc2bc-5495-4555-ad52-aaaf7f59004b tempest-GroupsV320Test-266768148 tempest-GroupsV320Test-266768148-project-admin] http://10.222.0.72/volume/v3/e2f45d721cbb4571b99ed1eb6500000e/group_types/9a290de6-0655-4171-bad9-29c92758b157 returned with HTTP 202
Aug 12 21:55:48.108325 dv-cinder-804457-2-smb devstack@c-api.service[100630]: [pid: 100630|app: 0|req: 83/171] 10.222.0.72 () {60 vars in 1381 bytes} [Thu Aug 12 21:55:48 2021] DELETE /volume/v3/e2f45d721cbb4571b99ed1eb6500000e/group_types/9a290de6-0655-4171-bad9-29c92758b157 => generated 0 bytes in 70 msecs (HTTP/1.1 202) 6 headers in 234 bytes (1 switches on core 0)
Aug 12 21:55:48.114534 dv-cinder-804457-2-smb devstack@c-api.service[100631]: [pid: 100631|app: 0|req: 89/172] 10.222.0.72 () {60 vars in 1366 bytes} [Thu Aug 12 21:55:48 2021] GET /volume/v3/920b605337e945ef827b396553cc6e73/volumes/0b497ee9-2c6a-4153-bad0-ad32720624ee => generated 109 bytes in 55 msecs (HTTP/1.1 404) 7 headers in 293 bytes (1 switches on core 0)
Aug 12 21:55:48.116029 dv-cinder-804457-2-smb devstack@c-api.service[100630]: INFO cinder.api.openstack.wsgi [None req-cf2fc16d-683c-4441-9889-eeabe1be1cc9 tempest-GroupSnapshotsTest-1455225965 tempest-GroupSnapshotsTest-1455225965-project] GET http://10.222.0.72/volume/v3/920b605337e945ef827b396553cc6e73/volumes/bb279777-4059-4ce5-b672-ad47cd7ba59a
Aug 12 21:55:48.117822 dv-cinder-804457-2-smb devstack@c-api.service[100630]: DEBUG cinder.api.openstack.wsgi [None req-cf2fc16d-683c-4441-9889-eeabe1be1cc9 tempest-GroupSnapshotsTest-1455225965 tempest-GroupSnapshotsTest-1455225965-project] Empty body provided in request {{(pid=100630) get_body /opt/stack/cinder/cinder/api/openstack/wsgi.py:703}}
Aug 12 21:55:48.119211 dv-cinder-804457-2-smb devstack@c-api.service[100630]: DEBUG cinder.api.openstack.wsgi [None req-cf2fc16d-683c-4441-9889-eeabe1be1cc9 tempest-GroupSnapshotsTest-1455225965 tempest-GroupSnapshotsTest-1455225965-project] Calling method 'show' {{(pid=100630) _process_stack /opt/stack/cinder/cinder/api/openstack/wsgi.py:856}}
Aug 12 21:55:48.121443 dv-cinder-804457-2-smb devstack@c-api.service[100631]: INFO cinder.api.openstack.wsgi [None req-4b6218e6-f043-479b-9d01-ca8ac1d7fdf9 tempest-GroupsV320Test-266768148 tempest-GroupsV320Test-266768148-project-admin] DELETE http://10.222.0.72/volume/v3/e2f45d721cbb4571b99ed1eb6500000e/types/58974a90-af4c-4793-8a2b-f6cad16ea285
Aug 12 21:55:48.122064 dv-cinder-804457-2-smb devstack@c-api.service[100631]: DEBUG cinder.api.openstack.wsgi [None req-4b6218e6-f043-479b-9d01-ca8ac1d7fdf9 tempest-GroupsV320Test-266768148 tempest-GroupsV320Test-266768148-project-admin] Empty body provided in request {{(pid=100631) get_body /opt/stack/cinder/cinder/api/openstack/wsgi.py:703}}
Aug 12 21:55:48.123395 dv-cinder-804457-2-smb devstack@c-api.service[100631]: DEBUG cinder.api.openstack.wsgi [None req-4b6218e6-f043-479b-9d01-ca8ac1d7fdf9 tempest-GroupsV320Test-266768148 tempest-GroupsV320Test-266768148-project-admin] Calling method '_delete' {{(pid=100631) _process_stack /opt/stack/cinder/cinder/api/openstack/wsgi.py:856}}
Aug 12 21:55:48.123941 dv-cinder-804457-2-smb devstack@c-api.service[100631]: /usr/local/lib/python3.8/dist-packages/oslo_context/context.py:105: DeprecationWarning: Policy enforcement is depending on the value of is_admin. This key is deprecated. Please update your policy file to use the standard policy values.
Aug 12 21:55:48.123941 dv-cinder-804457-2-smb devstack@c-api.service[100631]: warnings.warn('Policy enforcement is depending on the value of '
Aug 12 21:55:48.150072 dv-cinder-804457-2-smb devstack@c-api.service[100630]: INFO cinder.api.openstack.wsgi [None req-cf2fc16d-683c-4441-9889-eeabe1be1cc9 tempest-GroupSnapshotsTest-1455225965 tempest-GroupSnapshotsTest-1455225965-project] http://10.222.0.72/volume/v3/920b605337e945ef827b396553cc6e73/volumes/bb279777-4059-4ce5-b672-ad47cd7ba59a returned with HTTP 404
Aug 12 21:55:48.151800 dv-cinder-804457-2-smb devstack@c-api.service[100630]: [pid: 100630|app: 0|req: 84/173] 10.222.0.72 () {60 vars in 1366 bytes} [Thu Aug 12 21:55:48 2021] GET /volume/v3/920b605337e945ef827b396553cc6e73/volumes/bb279777-4059-4ce5-b672-ad47cd7ba59a => generated 109 bytes in 43 msecs (HTTP/1.1 404) 7 headers in 293 bytes (1 switches on core 0)
Aug 12 21:55:48.165264 dv-cinder-804457-2-smb devstack@c-api.service[100630]: INFO cinder.api.openstack.wsgi [None req-748a94a3-4111-4b66-b7d0-650698d9c475 tempest-GroupSnapshotsTest-1455225965 tempest-GroupSnapshotsTest-1455225965-project] GET http://10.222.0.72/volume/v3/920b605337e945ef827b396553cc6e73/groups/8c7baa53-e546-4099-8ee2-14957e4b7076
Aug 12 21:55:48.167010 dv-cinder-804457-2-smb devstack@c-api.service[100630]: DEBUG cinder.api.openstack.wsgi [None req-748a94a3-4111-4b66-b7d0-650698d9c475 tempest-GroupSnapshotsTest-1455225965 tempest-GroupSnapshotsTest-1455225965-project] Empty body provided in request {{(pid=100630) get_body /opt/stack/cinder/cinder/api/openstack/wsgi.py:703}}
Aug 12 21:55:48.169720 dv-cinder-804457-2-smb devstack@c-api.service[100630]: DEBUG cinder.api.openstack.wsgi [None req-748a94a3-4111-4b66-b7d0-650698d9c475 tempest-GroupSnapshotsTest-1455225965 tempest-GroupSnapshotsTest-1455225965-project] Calling method 'version_select' {{(pid=100630) _process_stack /opt/stack/cinder/cinder/api/openstack/wsgi.py:856}}
Aug 12 21:55:48.170303 dv-cinder-804457-2-smb devstack@c-api.service[100630]: DEBUG cinder.api.v3.groups [None req-748a94a3-4111-4b66-b7d0-650698d9c475 tempest-GroupSnapshotsTest-1455225965 tempest-GroupSnapshotsTest-1455225965-project] show called for member 8c7baa53-e546-4099-8ee2-14957e4b7076 {{(pid=100630) show /opt/stack/cinder/cinder/api/v3/groups.py:58}}
Aug 12 21:55:48.180016 dv-cinder-804457-2-smb devstack@c-api.service[100630]: INFO cinder.api.openstack.wsgi [None req-748a94a3-4111-4b66-b7d0-650698d9c475 tempest-GroupSnapshotsTest-1455225965 tempest-GroupSnapshotsTest-1455225965-project] http://10.222.0.72/volume/v3/920b605337e945ef827b396553cc6e73/groups/8c7baa53-e546-4099-8ee2-14957e4b7076 returned with HTTP 404
Aug 12 21:55:48.181191 dv-cinder-804457-2-smb devstack@c-api.service[100630]: [pid: 100630|app: 0|req: 85/174] 10.222.0.72 () {60 vars in 1363 bytes} [Thu Aug 12 21:55:48 2021] GET /volume/v3/920b605337e945ef827b396553cc6e73/groups/8c7baa53-e546-4099-8ee2-14957e4b7076 => generated 108 bytes in 26 msecs (HTTP/1.1 404) 7 headers in 293 bytes (2 switches on core 0)
Aug 12 21:55:48.202960 dv-cinder-804457-2-smb devstack@c-api.service[100630]: INFO cinder.api.openstack.wsgi [None req-a479eda2-fa40-4d91-8582-1b04a797892e tempest-GroupSnapshotsTest-1367529037 tempest-GroupSnapshotsTest-1367529037-project-admin] DELETE http://10.222.0.72/volume/v3/7e686ffdc9694d6185ceac24a4dc27f4/group_types/577081c4-3eaf-4842-afa9-fa891eb778b8
Aug 12 21:55:48.203436 dv-cinder-804457-2-smb devstack@c-api.service[100630]: DEBUG cinder.api.openstack.wsgi [None req-a479eda2-fa40-4d91-8582-1b04a797892e tempest-GroupSnapshotsTest-1367529037 tempest-GroupSnapshotsTest-1367529037-project-admin] Empty body provided in request {{(pid=100630) get_body /opt/stack/cinder/cinder/api/openstack/wsgi.py:703}}
Aug 12 21:55:48.203849 dv-cinder-804457-2-smb devstack@c-api.service[100630]: DEBUG cinder.api.openstack.wsgi [None req-a479eda2-fa40-4d91-8582-1b04a797892e tempest-GroupSnapshotsTest-1367529037 tempest-GroupSnapshotsTest-1367529037-project-admin] Calling method 'version_select' {{(pid=100630) _process_stack /opt/stack/cinder/cinder/api/openstack/wsgi.py:856}}
Aug 12 21:55:48.213756 dv-cinder-804457-2-smb devstack@c-api.service[100631]: INFO cinder.api.openstack.wsgi [None req-4b6218e6-f043-479b-9d01-ca8ac1d7fdf9 tempest-GroupsV320Test-266768148 tempest-GroupsV320Test-266768148-project-admin] http://10.222.0.72/volume/v3/e2f45d721cbb4571b99ed1eb6500000e/types/58974a90-af4c-4793-8a2b-f6cad16ea285 returned with HTTP 202
Aug 12 21:55:48.215883 dv-cinder-804457-2-smb devstack@c-api.service[100631]: [pid: 100631|app: 0|req: 90/175] 10.222.0.72 () {58 vars in 1322 bytes} [Thu Aug 12 21:55:48 2021] DELETE /volume/v3/e2f45d721cbb4571b99ed1eb6500000e/types/58974a90-af4c-4793-8a2b-f6cad16ea285 => generated 0 bytes in 100 msecs (HTTP/1.1 202) 6 headers in 233 bytes (1 switches on core 0)
Aug 12 21:55:48.226797 dv-cinder-804457-2-smb devstack@c-api.service[100631]: INFO cinder.api.openstack.wsgi [None req-149c8c81-0363-469b-89e0-e85c7c7338cc tempest-GroupsV320Test-266768148 tempest-GroupsV320Test-266768148-project-admin] GET http://10.222.0.72/volume/v3/e2f45d721cbb4571b99ed1eb6500000e/types/58974a90-af4c-4793-8a2b-f6cad16ea285
Aug 12 21:55:48.239074 dv-cinder-804457-2-smb devstack@c-api.service[100631]: DEBUG cinder.api.openstack.wsgi [None req-149c8c81-0363-469b-89e0-e85c7c7338cc tempest-GroupsV320Test-266768148 tempest-GroupsV320Test-266768148-project-admin] Empty body provided in request {{(pid=100631) get_body /opt/stack/cinder/cinder/api/openstack/wsgi.py:703}}
Aug 12 21:55:48.240601 dv-cinder-804457-2-smb devstack@c-api.service[100631]: DEBUG cinder.api.openstack.wsgi [None req-149c8c81-0363-469b-89e0-e85c7c7338cc tempest-GroupsV320Test-266768148 tempest-GroupsV320Test-266768148-project-admin] Calling method 'show' {{(pid=100631) _process_stack /opt/stack/cinder/cinder/api/openstack/wsgi.py:856}}
Aug 12 21:55:48.256398 dv-cinder-804457-2-smb devstack@c-api.service[100631]: INFO cinder.api.openstack.wsgi [None req-149c8c81-0363-469b-89e0-e85c7c7338cc tempest-GroupsV320Test-266768148 tempest-GroupsV320Test-266768148-project-admin] http://10.222.0.72/volume/v3/e2f45d721cbb4571b99ed1eb6500000e/types/58974a90-af4c-4793-8a2b-f6cad16ea285 returned with HTTP 404
Aug 12 21:55:48.258176 dv-cinder-804457-2-smb devstack@c-api.service[100631]: [pid: 100631|app: 0|req: 91/176] 10.222.0.72 () {58 vars in 1319 bytes} [Thu Aug 12 21:55:48 2021] GET /volume/v3/e2f45d721cbb4571b99ed1eb6500000e/types/58974a90-af4c-4793-8a2b-f6cad16ea285 => generated 114 bytes in 36 msecs (HTTP/1.1 404) 7 headers in 292 bytes (2 switches on core 0)
Aug 12 21:55:48.261366 dv-cinder-804457-2-smb devstack@c-api.service[100630]: INFO cinder.api.openstack.wsgi [None req-a479eda2-fa40-4d91-8582-1b04a797892e tempest-GroupSnapshotsTest-1367529037 tempest-GroupSnapshotsTest-1367529037-project-admin] http://10.222.0.72/volume/v3/7e686ffdc9694d6185ceac24a4dc27f4/group_types/577081c4-3eaf-4842-afa9-fa891eb778b8 returned with HTTP 202
