Aug 11 21:07:15.156465 dv-cinder-804296-1-iscsi devstack@g-api.service[101783]: DEBUG glance.api.middleware.version_negotiation [None req-71397f46-8eda-4017-888f-029f3ade0914 tempest-VolumesSnapshotTestJSON-1285013497 tempest-VolumesSnapshotTestJSON-1285013497-project] new path /v2/schemas/image {{(pid=101783) process_request /opt/stack/glance/glance/api/middleware/version_negotiation.py:70}}
Aug 11 21:07:15.163213 dv-cinder-804296-1-iscsi devstack@g-api.service[101783]: [pid: 101783|app: 0|req: 95/207] 127.0.0.1 () {40 vars in 796 bytes} [Wed Aug 11 21:07:15 2021] GET /v2/schemas/image => generated 6083 bytes in 9 msecs (HTTP/1.1 200) 4 headers in 158 bytes (1 switches on core 0)
Aug 11 21:07:15.236531 dv-cinder-804296-1-iscsi devstack@g-api.service[101782]: [pid: 101782|app: 0|req: 113/208] 127.0.0.1 () {40 vars in 856 bytes} [Wed Aug 11 21:07:15 2021] GET /v2/images/8d05db6d-8674-450f-abce-6f99cda6de54 => generated 946 bytes in 109 msecs (HTTP/1.1 200) 4 headers in 157 bytes (1 switches on core 0)
Aug 11 21:07:15.303356 dv-cinder-804296-1-iscsi devstack@g-api.service[101783]: DEBUG glance.api.middleware.version_negotiation [None req-71397f46-8eda-4017-888f-029f3ade0914 tempest-VolumesSnapshotTestJSON-1285013497 tempest-VolumesSnapshotTestJSON-1285013497-project] Determining version of request: GET /v2/images/8d05db6d-8674-450f-abce-6f99cda6de54 Accept: */* {{(pid=101783) process_request /opt/stack/glance/glance/api/middleware/version_negotiation.py:44}}
Aug 11 21:07:15.303618 dv-cinder-804296-1-iscsi devstack@g-api.service[101782]: DEBUG glance.api.middleware.version_negotiation [None req-19abf820-a19f-4313-bc8e-93f8ebd3320b tempest-TestVolumeBootPattern-742629850 tempest-TestVolumeBootPattern-742629850-project] Determining version of request: GET /v2/schemas/image Accept: */* {{(pid=101782) process_request /opt/stack/glance/glance/api/middleware/version_negotiation.py:44}}
Aug 11 21:07:15.304070 dv-cinder-804296-1-iscsi devstack@g-api.service[101782]: DEBUG glance.api.middleware.version_negotiation [None req-19abf820-a19f-4313-bc8e-93f8ebd3320b tempest-TestVolumeBootPattern-742629850 tempest-TestVolumeBootPattern-742629850-project] Using url versioning {{(pid=101782) process_request /opt/stack/glance/glance/api/middleware/version_negotiation.py:57}}
Aug 11 21:07:15.304356 dv-cinder-804296-1-iscsi devstack@g-api.service[101783]: DEBUG glance.api.middleware.version_negotiation [None req-71397f46-8eda-4017-888f-029f3ade0914 tempest-VolumesSnapshotTestJSON-1285013497 tempest-VolumesSnapshotTestJSON-1285013497-project] Using url versioning {{(pid=101783) process_request /opt/stack/glance/glance/api/middleware/version_negotiation.py:57}}
Aug 11 21:07:15.304586 dv-cinder-804296-1-iscsi devstack@g-api.service[101782]: DEBUG glance.api.middleware.version_negotiation [None req-19abf820-a19f-4313-bc8e-93f8ebd3320b tempest-TestVolumeBootPattern-742629850 tempest-TestVolumeBootPattern-742629850-project] Matched version: v2 {{(pid=101782) process_request /opt/stack/glance/glance/api/middleware/version_negotiation.py:69}}
Aug 11 21:07:15.305150 dv-cinder-804296-1-iscsi devstack@g-api.service[101783]: DEBUG glance.api.middleware.version_negotiation [None req-71397f46-8eda-4017-888f-029f3ade0914 tempest-VolumesSnapshotTestJSON-1285013497 tempest-VolumesSnapshotTestJSON-1285013497-project] Matched version: v2 {{(pid=101783) process_request /opt/stack/glance/glance/api/middleware/version_negotiation.py:69}}
Aug 11 21:07:15.305479 dv-cinder-804296-1-iscsi devstack@g-api.service[101782]: DEBUG glance.api.middleware.version_negotiation [None req-19abf820-a19f-4313-bc8e-93f8ebd3320b tempest-TestVolumeBootPattern-742629850 tempest-TestVolumeBootPattern-742629850-project] new path /v2/schemas/image {{(pid=101782) process_request /opt/stack/glance/glance/api/middleware/version_negotiation.py:70}}
Aug 11 21:07:15.305757 dv-cinder-804296-1-iscsi devstack@g-api.service[101783]: DEBUG glance.api.middleware.version_negotiation [None req-71397f46-8eda-4017-888f-029f3ade0914 tempest-VolumesSnapshotTestJSON-1285013497 tempest-VolumesSnapshotTestJSON-1285013497-project] new path /v2/images/8d05db6d-8674-450f-abce-6f99cda6de54 {{(pid=101783) process_request /opt/stack/glance/glance/api/middleware/version_negotiation.py:70}}
Aug 11 21:07:15.310792 dv-cinder-804296-1-iscsi devstack@g-api.service[101782]: [pid: 101782|app: 0|req: 114/209] 127.0.0.1 () {40 vars in 796 bytes} [Wed Aug 11 21:07:15 2021] GET /v2/schemas/image => generated 6083 bytes in 8 msecs (HTTP/1.1 200) 4 headers in 158 bytes (1 switches on core 0)
Aug 11 21:07:15.319996 dv-cinder-804296-1-iscsi devstack@g-api.service[101782]: DEBUG glance.api.middleware.version_negotiation [None req-19abf820-a19f-4313-bc8e-93f8ebd3320b tempest-TestVolumeBootPattern-742629850 tempest-TestVolumeBootPattern-742629850-project] Determining version of request: GET /v2/images/8d05db6d-8674-450f-abce-6f99cda6de54 Accept: */* {{(pid=101782) process_request /opt/stack/glance/glance/api/middleware/version_negotiation.py:44}}
Aug 11 21:07:15.320325 dv-cinder-804296-1-iscsi devstack@g-api.service[101782]: DEBUG glance.api.middleware.version_negotiation [None req-19abf820-a19f-4313-bc8e-93f8ebd3320b tempest-TestVolumeBootPattern-742629850 tempest-TestVolumeBootPattern-742629850-project] Using url versioning {{(pid=101782) process_request /opt/stack/glance/glance/api/middleware/version_negotiation.py:57}}
Aug 11 21:07:15.320651 dv-cinder-804296-1-iscsi devstack@g-api.service[101782]: DEBUG glance.api.middleware.version_negotiation [None req-19abf820-a19f-4313-bc8e-93f8ebd3320b tempest-TestVolumeBootPattern-742629850 tempest-TestVolumeBootPattern-742629850-project] Matched version: v2 {{(pid=101782) process_request /opt/stack/glance/glance/api/middleware/version_negotiation.py:69}}
Aug 11 21:07:15.320936 dv-cinder-804296-1-iscsi devstack@g-api.service[101782]: DEBUG glance.api.middleware.version_negotiation [None req-19abf820-a19f-4313-bc8e-93f8ebd3320b tempest-TestVolumeBootPattern-742629850 tempest-TestVolumeBootPattern-742629850-project] new path /v2/images/8d05db6d-8674-450f-abce-6f99cda6de54 {{(pid=101782) process_request /opt/stack/glance/glance/api/middleware/version_negotiation.py:70}}
Aug 11 21:07:15.325695 dv-cinder-804296-1-iscsi devstack@g-api.service[101783]: [pid: 101783|app: 0|req: 96/210] 127.0.0.1 () {40 vars in 856 bytes} [Wed Aug 11 21:07:15 2021] GET /v2/images/8d05db6d-8674-450f-abce-6f99cda6de54 => generated 946 bytes in 23 msecs (HTTP/1.1 200) 4 headers in 157 bytes (1 switches on core 0)
Aug 11 21:07:15.333671 dv-cinder-804296-1-iscsi devstack@g-api.service[101783]: DEBUG glance.api.middleware.version_negotiation [None req-71397f46-8eda-4017-888f-029f3ade0914 tempest-VolumesSnapshotTestJSON-1285013497 tempest-VolumesSnapshotTestJSON-1285013497-project] Determining version of request: GET /v2/images/8d05db6d-8674-450f-abce-6f99cda6de54/file Accept: */* {{(pid=101783) process_request /opt/stack/glance/glance/api/middleware/version_negotiation.py:44}}
Aug 11 21:07:15.334432 dv-cinder-804296-1-iscsi devstack@g-api.service[101783]: DEBUG glance.api.middleware.version_negotiation [None req-71397f46-8eda-4017-888f-029f3ade0914 tempest-VolumesSnapshotTestJSON-1285013497 tempest-VolumesSnapshotTestJSON-1285013497-project] Using url versioning {{(pid=101783) process_request /opt/stack/glance/glance/api/middleware/version_negotiation.py:57}}
Aug 11 21:07:15.334932 dv-cinder-804296-1-iscsi devstack@g-api.service[101783]: DEBUG glance.api.middleware.version_negotiation [None req-71397f46-8eda-4017-888f-029f3ade0914 tempest-VolumesSnapshotTestJSON-1285013497 tempest-VolumesSnapshotTestJSON-1285013497-project] Matched version: v2 {{(pid=101783) process_request /opt/stack/glance/glance/api/middleware/version_negotiation.py:69}}
Aug 11 21:07:15.335371 dv-cinder-804296-1-iscsi devstack@g-api.service[101783]: DEBUG glance.api.middleware.version_negotiation [None req-71397f46-8eda-4017-888f-029f3ade0914 tempest-VolumesSnapshotTestJSON-1285013497 tempest-VolumesSnapshotTestJSON-1285013497-project] new path /v2/images/8d05db6d-8674-450f-abce-6f99cda6de54/file {{(pid=101783) process_request /opt/stack/glance/glance/api/middleware/version_negotiation.py:70}}
Aug 11 21:07:15.338177 dv-cinder-804296-1-iscsi devstack@g-api.service[101782]: [pid: 101782|app: 0|req: 115/211] 127.0.0.1 () {40 vars in 856 bytes} [Wed Aug 11 21:07:15 2021] GET /v2/images/8d05db6d-8674-450f-abce-6f99cda6de54 => generated 946 bytes in 18 msecs (HTTP/1.1 200) 4 headers in 157 bytes (1 switches on core 0)
Aug 11 21:07:15.344261 dv-cinder-804296-1-iscsi devstack@g-api.service[101782]: DEBUG glance.api.middleware.version_negotiation [None req-19abf820-a19f-4313-bc8e-93f8ebd3320b tempest-TestVolumeBootPattern-742629850 tempest-TestVolumeBootPattern-742629850-project] Determining version of request: GET /v2/schemas/image Accept: */* {{(pid=101782) process_request /opt/stack/glance/glance/api/middleware/version_negotiation.py:44}}
Aug 11 21:07:15.344740 dv-cinder-804296-1-iscsi devstack@g-api.service[101782]: DEBUG glance.api.middleware.version_negotiation [None req-19abf820-a19f-4313-bc8e-93f8ebd3320b tempest-TestVolumeBootPattern-742629850 tempest-TestVolumeBootPattern-742629850-project] Using url versioning {{(pid=101782) process_request /opt/stack/glance/glance/api/middleware/version_negotiation.py:57}}
Aug 11 21:07:15.345361 dv-cinder-804296-1-iscsi devstack@g-api.service[101782]: DEBUG glance.api.middleware.version_negotiation [None req-19abf820-a19f-4313-bc8e-93f8ebd3320b tempest-TestVolumeBootPattern-742629850 tempest-TestVolumeBootPattern-742629850-project] Matched version: v2 {{(pid=101782) process_request /opt/stack/glance/glance/api/middleware/version_negotiation.py:69}}
Aug 11 21:07:15.345868 dv-cinder-804296-1-iscsi devstack@g-api.service[101782]: DEBUG glance.api.middleware.version_negotiation [None req-19abf820-a19f-4313-bc8e-93f8ebd3320b tempest-TestVolumeBootPattern-742629850 tempest-TestVolumeBootPattern-742629850-project] new path /v2/schemas/image {{(pid=101782) process_request /opt/stack/glance/glance/api/middleware/version_negotiation.py:70}}
Aug 11 21:07:15.350449 dv-cinder-804296-1-iscsi devstack@g-api.service[101782]: [pid: 101782|app: 0|req: 116/212] 127.0.0.1 () {40 vars in 796 bytes} [Wed Aug 11 21:07:15 2021] GET /v2/schemas/image => generated 6083 bytes in 6 msecs (HTTP/1.1 200) 4 headers in 158 bytes (1 switches on core 0)
Aug 11 21:07:15.351918 dv-cinder-804296-1-iscsi devstack@g-api.service[101783]: DEBUG glance.api.middleware.cache [None req-71397f46-8eda-4017-888f-029f3ade0914 tempest-VolumesSnapshotTestJSON-1285013497 tempest-VolumesSnapshotTestJSON-1285013497-project] Cache hit for image '8d05db6d-8674-450f-abce-6f99cda6de54' {{(pid=101783) process_request /opt/stack/glance/glance/api/middleware/cache.py:174}}
Aug 11 21:07:15.360274 dv-cinder-804296-1-iscsi devstack@g-api.service[101782]: DEBUG glance.api.middleware.version_negotiation [None req-19abf820-a19f-4313-bc8e-93f8ebd3320b tempest-TestVolumeBootPattern-742629850 tempest-TestVolumeBootPattern-742629850-project] Determining version of request: GET /v2/schemas/image Accept: */* {{(pid=101782) process_request /opt/stack/glance/glance/api/middleware/version_negotiation.py:44}}
Aug 11 21:07:15.361489 dv-cinder-804296-1-iscsi devstack@g-api.service[101782]: DEBUG glance.api.middleware.version_negotiation [None req-19abf820-a19f-4313-bc8e-93f8ebd3320b tempest-TestVolumeBootPattern-742629850 tempest-TestVolumeBootPattern-742629850-project] Using url versioning {{(pid=101782) process_request /opt/stack/glance/glance/api/middleware/version_negotiation.py:57}}
Aug 11 21:07:15.362582 dv-cinder-804296-1-iscsi devstack@g-api.service[101782]: DEBUG glance.api.middleware.version_negotiation [None req-19abf820-a19f-4313-bc8e-93f8ebd3320b tempest-TestVolumeBootPattern-742629850 tempest-TestVolumeBootPattern-742629850-project] Matched version: v2 {{(pid=101782) process_request /opt/stack/glance/glance/api/middleware/version_negotiation.py:69}}
Aug 11 21:07:15.363712 dv-cinder-804296-1-iscsi devstack@g-api.service[101782]: DEBUG glance.api.middleware.version_negotiation [None req-19abf820-a19f-4313-bc8e-93f8ebd3320b tempest-TestVolumeBootPattern-742629850 tempest-TestVolumeBootPattern-742629850-project] new path /v2/schemas/image {{(pid=101782) process_request /opt/stack/glance/glance/api/middleware/version_negotiation.py:70}}
Aug 11 21:07:15.371037 dv-cinder-804296-1-iscsi devstack@g-api.service[101782]: [pid: 101782|app: 0|req: 117/213] 127.0.0.1 () {40 vars in 796 bytes} [Wed Aug 11 21:07:15 2021] GET /v2/schemas/image => generated 6083 bytes in 11 msecs (HTTP/1.1 200) 4 headers in 158 bytes (1 switches on core 0)
Aug 11 21:07:15.427441 dv-cinder-804296-1-iscsi devstack@g-api.service[101782]: DEBUG glance.api.middleware.version_negotiation [None req-19abf820-a19f-4313-bc8e-93f8ebd3320b tempest-TestVolumeBootPattern-742629850 tempest-TestVolumeBootPattern-742629850-project] Determining version of request: GET /v2/images/8d05db6d-8674-450f-abce-6f99cda6de54 Accept: */* {{(pid=101782) process_request /opt/stack/glance/glance/api/middleware/version_negotiation.py:44}}
Aug 11 21:07:15.427798 dv-cinder-804296-1-iscsi devstack@g-api.service[101782]: DEBUG glance.api.middleware.version_negotiation [None req-19abf820-a19f-4313-bc8e-93f8ebd3320b tempest-TestVolumeBootPattern-742629850 tempest-TestVolumeBootPattern-742629850-project] Using url versioning {{(pid=101782) process_request /opt/stack/glance/glance/api/middleware/version_negotiation.py:57}}
Aug 11 21:07:15.428180 dv-cinder-804296-1-iscsi devstack@g-api.service[101782]: DEBUG glance.api.middleware.version_negotiation [None req-19abf820-a19f-4313-bc8e-93f8ebd3320b tempest-TestVolumeBootPattern-742629850 tempest-TestVolumeBootPattern-742629850-project] Matched version: v2 {{(pid=101782) process_request /opt/stack/glance/glance/api/middleware/version_negotiation.py:69}}
Aug 11 21:07:15.428464 dv-cinder-804296-1-iscsi devstack@g-api.service[101782]: DEBUG glance.api.middleware.version_negotiation [None req-19abf820-a19f-4313-bc8e-93f8ebd3320b tempest-TestVolumeBootPattern-742629850 tempest-TestVolumeBootPattern-742629850-project] new path /v2/images/8d05db6d-8674-450f-abce-6f99cda6de54 {{(pid=101782) process_request /opt/stack/glance/glance/api/middleware/version_negotiation.py:70}}
Aug 11 21:07:15.443625 dv-cinder-804296-1-iscsi devstack@g-api.service[101782]: [pid: 101782|app: 0|req: 118/214] 127.0.0.1 () {40 vars in 856 bytes} [Wed Aug 11 21:07:15 2021] GET /v2/images/8d05db6d-8674-450f-abce-6f99cda6de54 => generated 946 bytes in 17 msecs (HTTP/1.1 200) 4 headers in 157 bytes (1 switches on core 0)
Aug 11 21:07:15.452229 dv-cinder-804296-1-iscsi devstack@g-api.service[101782]: DEBUG glance.api.middleware.version_negotiation [None req-19abf820-a19f-4313-bc8e-93f8ebd3320b tempest-TestVolumeBootPattern-742629850 tempest-TestVolumeBootPattern-742629850-project] Determining version of request: GET /v2/images/8d05db6d-8674-450f-abce-6f99cda6de54/file Accept: */* {{(pid=101782) process_request /opt/stack/glance/glance/api/middleware/version_negotiation.py:44}}
Aug 11 21:07:15.452643 dv-cinder-804296-1-iscsi devstack@g-api.service[101782]: DEBUG glance.api.middleware.version_negotiation [None req-19abf820-a19f-4313-bc8e-93f8ebd3320b tempest-TestVolumeBootPattern-742629850 tempest-TestVolumeBootPattern-742629850-project] Using url versioning {{(pid=101782) process_request /opt/stack/glance/glance/api/middleware/version_negotiation.py:57}}
Aug 11 21:07:15.453035 dv-cinder-804296-1-iscsi devstack@g-api.service[101782]: DEBUG glance.api.middleware.version_negotiation [None req-19abf820-a19f-4313-bc8e-93f8ebd3320b tempest-TestVolumeBootPattern-742629850 tempest-TestVolumeBootPattern-742629850-project] Matched version: v2 {{(pid=101782) process_request /opt/stack/glance/glance/api/middleware/version_negotiation.py:69}}
Aug 11 21:07:15.453357 dv-cinder-804296-1-iscsi devstack@g-api.service[101782]: DEBUG glance.api.middleware.version_negotiation [None req-19abf820-a19f-4313-bc8e-93f8ebd3320b tempest-TestVolumeBootPattern-742629850 tempest-TestVolumeBootPattern-742629850-project] new path /v2/images/8d05db6d-8674-450f-abce-6f99cda6de54/file {{(pid=101782) process_request /opt/stack/glance/glance/api/middleware/version_negotiation.py:70}}
Aug 11 21:07:15.471345 dv-cinder-804296-1-iscsi devstack@g-api.service[101782]: DEBUG glance.api.middleware.cache [None req-19abf820-a19f-4313-bc8e-93f8ebd3320b tempest-TestVolumeBootPattern-742629850 tempest-TestVolumeBootPattern-742629850-project] Cache hit for image '8d05db6d-8674-450f-abce-6f99cda6de54' {{(pid=101782) process_request /opt/stack/glance/glance/api/middleware/cache.py:174}}
Aug 11 21:07:36.760244 dv-cinder-804296-1-iscsi devstack@g-api.service[101782]: [pid: 101782|app: 0|req: 119/215] 127.0.0.1 () {40 vars in 866 bytes} [Wed Aug 11 21:07:15 2021] GET /v2/images/8d05db6d-8674-450f-abce-6f99cda6de54/file => generated 645922816 bytes in 21308 msecs (HTTP/1.1 200) 5 headers in 218 bytes (10063 switches on core 0)
Aug 11 21:07:36.762416 dv-cinder-804296-1-iscsi devstack@g-api.service[101782]: DEBUG glance.api.middleware.version_negotiation [None req-19abf820-a19f-4313-bc8e-93f8ebd3320b tempest-TestVolumeBootPattern-742629850 tempest-TestVolumeBootPattern-742629850-project] Determining version of request: DELETE /v2/images/11559d12-7a10-4b48-bfdf-807854248bf3 Accept: */* {{(pid=101782) process_request /opt/stack/glance/glance/api/middleware/version_negotiation.py:44}}
Aug 11 21:07:36.762416 dv-cinder-804296-1-iscsi devstack@g-api.service[101782]: DEBUG glance.api.middleware.version_negotiation [None req-19abf820-a19f-4313-bc8e-93f8ebd3320b tempest-TestVolumeBootPattern-742629850 tempest-TestVolumeBootPattern-742629850-project] Using url versioning {{(pid=101782) process_request /opt/stack/glance/glance/api/middleware/version_negotiation.py:57}}
Aug 11 21:07:36.762416 dv-cinder-804296-1-iscsi devstack@g-api.service[101782]: DEBUG glance.api.middleware.version_negotiation [None req-19abf820-a19f-4313-bc8e-93f8ebd3320b tempest-TestVolumeBootPattern-742629850 tempest-TestVolumeBootPattern-742629850-project] Matched version: v2 {{(pid=101782) process_request /opt/stack/glance/glance/api/middleware/version_negotiation.py:69}}
Aug 11 21:07:36.762736 dv-cinder-804296-1-iscsi devstack@g-api.service[101782]: DEBUG glance.api.middleware.version_negotiation [None req-19abf820-a19f-4313-bc8e-93f8ebd3320b tempest-TestVolumeBootPattern-742629850 tempest-TestVolumeBootPattern-742629850-project] new path /v2/images/11559d12-7a10-4b48-bfdf-807854248bf3 {{(pid=101782) process_request /opt/stack/glance/glance/api/middleware/version_negotiation.py:70}}
Aug 11 21:07:36.779652 dv-cinder-804296-1-iscsi devstack@g-api.service[101782]: WARNING glance.api.v2.images [None req-71a011e9-8528-41c3-85e2-641ad66c7dc4 tempest-AttachVolumeShelveTestJSON-883658886 tempest-AttachVolumeShelveTestJSON-883658886-project] After upload to backend, deletion of staged image data has failed because it cannot be found at /tmp/staging//11559d12-7a10-4b48-bfdf-807854248bf3
Aug 11 21:07:36.780832 dv-cinder-804296-1-iscsi devstack@g-api.service[101782]: DEBUG glance_store.backend [None req-71a011e9-8528-41c3-85e2-641ad66c7dc4 tempest-AttachVolumeShelveTestJSON-883658886 tempest-AttachVolumeShelveTestJSON-883658886-project] Attempting to import store swift {{(pid=101782) _load_store /usr/local/lib/python3.8/dist-packages/glance_store/backend.py:217}}
Aug 11 21:07:36.784280 dv-cinder-804296-1-iscsi devstack@g-api.service[101782]: DEBUG glance_store.capabilities [None req-71a011e9-8528-41c3-85e2-641ad66c7dc4 tempest-AttachVolumeShelveTestJSON-883658886 tempest-AttachVolumeShelveTestJSON-883658886-project] Store glance_store._drivers.swift.store.SingleTenantStore doesn't support updating dynamic storage capabilities. Please overwrite 'update_capabilities' method of the store to implement updating logics if needed. {{(pid=101782) update_capabilities /usr/local/lib/python3.8/dist-packages/glance_store/capabilities.py:91}}
Aug 11 21:07:36.784540 dv-cinder-804296-1-iscsi devstack@g-api.service[101782]: DEBUG glance_store.driver [None req-71a011e9-8528-41c3-85e2-641ad66c7dc4 tempest-AttachVolumeShelveTestJSON-883658886 tempest-AttachVolumeShelveTestJSON-883658886-project] Late loading location class glance_store._drivers.swift.store.StoreLocation {{(pid=101782) get_store_location_class /usr/local/lib/python3.8/dist-packages/glance_store/driver.py:117}}
Aug 11 21:07:36.784805 dv-cinder-804296-1-iscsi devstack@g-api.service[101782]: DEBUG glance_store.location [None req-71a011e9-8528-41c3-85e2-641ad66c7dc4 tempest-AttachVolumeShelveTestJSON-883658886 tempest-AttachVolumeShelveTestJSON-883658886-project] Registering scheme swift+https with {'store': , 'location_class': , 'store_entry': 'swift'} {{(pid=101782) register_scheme_map /usr/local/lib/python3.8/dist-packages/glance_store/location.py:146}}
Aug 11 21:07:36.785054 dv-cinder-804296-1-iscsi devstack@g-api.service[101782]: DEBUG glance_store.location [None req-71a011e9-8528-41c3-85e2-641ad66c7dc4 tempest-AttachVolumeShelveTestJSON-883658886 tempest-AttachVolumeShelveTestJSON-883658886-project] Registering scheme swift+https with {'store': , 'location_class': , 'store_entry': 'swift'} {{(pid=101782) register_scheme_map /usr/local/lib/python3.8/dist-packages/glance_store/location.py:146}}
Aug 11 21:07:36.785449 dv-cinder-804296-1-iscsi devstack@g-api.service[101782]: DEBUG glance_store.location [None req-71a011e9-8528-41c3-85e2-641ad66c7dc4 tempest-AttachVolumeShelveTestJSON-883658886 tempest-AttachVolumeShelveTestJSON-883658886-project] Registering scheme swift with {'store': , 'location_class': , 'store_entry': 'swift'} {{(pid=101782) register_scheme_map /usr/local/lib/python3.8/dist-packages/glance_store/location.py:146}}
Aug 11 21:07:36.785695 dv-cinder-804296-1-iscsi devstack@g-api.service[101782]: DEBUG glance_store.location [None req-71a011e9-8528-41c3-85e2-641ad66c7dc4 tempest-AttachVolumeShelveTestJSON-883658886 tempest-AttachVolumeShelveTestJSON-883658886-project] Registering scheme swift+https with {'store': , 'location_class': , 'store_entry': 'swift'} {{(pid=101782) register_scheme_map /usr/local/lib/python3.8/dist-packages/glance_store/location.py:146}}
Aug 11 21:07:36.785932 dv-cinder-804296-1-iscsi devstack@g-api.service[101782]: DEBUG glance_store.location [None req-71a011e9-8528-41c3-85e2-641ad66c7dc4 tempest-AttachVolumeShelveTestJSON-883658886 tempest-AttachVolumeShelveTestJSON-883658886-project] Registering scheme swift with {'store': , 'location_class': , 'store_entry': 'swift'} {{(pid=101782) register_scheme_map /usr/local/lib/python3.8/dist-packages/glance_store/location.py:146}}
Aug 11 21:07:36.786167 dv-cinder-804296-1-iscsi devstack@g-api.service[101782]: DEBUG glance_store.location [None req-71a011e9-8528-41c3-85e2-641ad66c7dc4 tempest-AttachVolumeShelveTestJSON-883658886 tempest-AttachVolumeShelveTestJSON-883658886-project] Registering scheme swift+http with {'store': , 'location_class': , 'store_entry': 'swift'} {{(pid=101782) register_scheme_map /usr/local/lib/python3.8/dist-packages/glance_store/location.py:146}}
Aug 11 21:07:36.786406 dv-cinder-804296-1-iscsi devstack@g-api.service[101782]: DEBUG glance_store.location [None req-71a011e9-8528-41c3-85e2-641ad66c7dc4 tempest-AttachVolumeShelveTestJSON-883658886 tempest-AttachVolumeShelveTestJSON-883658886-project] Registering scheme swift+https with {'store': , 'location_class': , 'store_entry': 'swift'} {{(pid=101782) register_scheme_map /usr/local/lib/python3.8/dist-packages/glance_store/location.py:146}}
Aug 11 21:07:36.786634 dv-cinder-804296-1-iscsi devstack@g-api.service[101782]: DEBUG glance_store.location [None req-71a011e9-8528-41c3-85e2-641ad66c7dc4 tempest-AttachVolumeShelveTestJSON-883658886 tempest-AttachVolumeShelveTestJSON-883658886-project] Registering scheme swift with {'store': , 'location_class': , 'store_entry': 'swift'} {{(pid=101782) register_scheme_map /usr/local/lib/python3.8/dist-packages/glance_store/location.py:146}}
Aug 11 21:07:36.786863 dv-cinder-804296-1-iscsi devstack@g-api.service[101782]: DEBUG glance_store.location [None req-71a011e9-8528-41c3-85e2-641ad66c7dc4 tempest-AttachVolumeShelveTestJSON-883658886 tempest-AttachVolumeShelveTestJSON-883658886-project] Registering scheme swift+http with {'store': , 'location_class': , 'store_entry': 'swift'} {{(pid=101782) register_scheme_map /usr/local/lib/python3.8/dist-packages/glance_store/location.py:146}}
Aug 11 21:07:36.787095 dv-cinder-804296-1-iscsi devstack@g-api.service[101782]: DEBUG glance_store.location [None req-71a011e9-8528-41c3-85e2-641ad66c7dc4 tempest-AttachVolumeShelveTestJSON-883658886 tempest-AttachVolumeShelveTestJSON-883658886-project] Registering scheme swift+config with {'store': , 'location_class': , 'store_entry': 'swift'} {{(pid=101782) register_scheme_map /usr/local/lib/python3.8/dist-packages/glance_store/location.py:146}}
Aug 11 21:07:36.788035 dv-cinder-804296-1-iscsi devstack@g-api.service[101782]: DEBUG keystoneclient.auth.identity.v3.base [None req-71a011e9-8528-41c3-85e2-641ad66c7dc4 tempest-AttachVolumeShelveTestJSON-883658886 tempest-AttachVolumeShelveTestJSON-883658886-project] Making authentication request to http://10.222.0.30/identity/v3/auth/tokens {{(pid=101782) get_auth_ref /usr/local/lib/python3.8/dist-packages/keystoneclient/auth/identity/v3/base.py:187}}
Aug 11 21:07:36.880751 dv-cinder-804296-1-iscsi devstack@g-api.service[101782]: DEBUG keystoneclient.auth.identity.v3.base [None req-71a011e9-8528-41c3-85e2-641ad66c7dc4 tempest-AttachVolumeShelveTestJSON-883658886 tempest-AttachVolumeShelveTestJSON-883658886-project] {"token": {"methods": ["password"], "user": {"domain": {"id": "default", "name": "Default"}, "id": "9a01445ba2474d28b27e2f5ca60f92eb", "name": "glance-swift", "password_expires_at": null}, "audit_ids": ["j349mZcPRD2pPQ-ShXNHzA"], "expires_at": "2021-08-11T22:07:36.000000Z", "issued_at": "2021-08-11T21:07:36.000000Z", "project": {"domain": {"id": "default", "name": "Default"}, "id": "a650e41cc9e44a808947b47a54d38bc3", "name": "service"}, "is_domain": false, "roles": [{"id": "e7ca31aa50684abc80c20c630c79912c", "name": "ResellerAdmin"}, {"id": "fadc0b1afa34439c988c677bcb9b846c", "name": "service"}], "catalog": [{"endpoints": [{"id": "643dd4b5b5674d3ba61649321799c38d", "interface": "public", "region_id": "RegionOne", "url": "http://10.222.0.30/compute/v2/a650e41cc9e44a808947b47a54d38bc3", "region": "RegionOne"}], "id": "034ae7d79c01488dba31dfbce9352ae0", "type": "compute_legacy", "name": "nova_legacy"}, {"endpoints": [{"id": "76bf1ddaffd448caa5f48bcedb819fed", "interface": "public", "region_id": "RegionOne", "url": "http://10.222.0.30/volume/v3/a650e41cc9e44a808947b47a54d38bc3", "region": "RegionOne"}], "id": "337d1f6d1fe94b4b844ba0869233ebdc", "type": "volumev3", "name": "cinderv3"}, {"endpoints": [{"id": "e4dcfa2c1ed14e76bf51752c10730428", "interface": "public", "region_id": "RegionOne", "url": "http://10.222.0.30/placement", "region": "RegionOne"}], "id": "3eb5ebb316a7462c9009ffe1a2fc6aa8", "type": "placement", "name": "placement"}, {"endpoints": [{"id": "b847872442b6430ba4869f45fe92c867", "interface": "public", "region_id": "RegionOne", "url": "http://10.222.0.30/compute/v2.1", "region": "RegionOne"}], "id": "45fc51d8056143ab98481a2ff607a0cb", "type": "compute", "name": "nova"}, {"endpoints": [{"id": "58c3683bf09044e1ab2fdfcb3764ff35", "interface": "public", "region_id": "RegionOne", "url": "http://10.222.0.30/volume/v3/a650e41cc9e44a808947b47a54d38bc3", "region": "RegionOne"}], "id": "49b90f0957714417866e26e4a6a23b9f", "type": "block-storage", "name": "cinder"}, {"endpoints": [{"id": "55e409c1bb5a47efa0fc99d31e8bbefa", "interface": "admin", "region_id": "RegionOne", "url": "http://10.222.0.30:8080", "region": "RegionOne"}, {"id": "e0251fa75c714a8c99ebe4fcdb6528bf", "interface": "public", "region_id": "RegionOne", "url": "http://10.222.0.30:8080/v1/AUTH_a650e41cc9e44a808947b47a54d38bc3", "region": "RegionOne"}], "id": "8ed9df70470c4da2828f83cb0c7d2cb5", "type": "object-store", "name": "swift"}, {"endpoints": [{"id": "703756e236f2472b9e85f9bf971d1779", "interface": "public", "region_id": "RegionOne", "url": "http://10.222.0.30/image", "region": "RegionOne"}], "id": "aa9d6942ba5f4d95a7e26c7995de4574", "type": "image", "name": "glance"}, {"endpoints": [{"id": "02a7e1b846954969bdd6a40e2d3254fe", "interface": "admin", "region_id": "RegionOne", "url": "http://10.222.0.30/identity", "region": "RegionOne"}, {"id": "971bccd196aa4a97adfff5bda05319d4", "interface": "public", "region_id": "RegionOne", "url": "http://10.222.0.30/identity", "region": "RegionOne"}], "id": "bdc8024d4cf14cd4b4f0aff7aeb3d761", "type": "identity", "name": "keystone"}, {"endpoints": [{"id": "f3d40177a29f4c62b238b6c4bd470a6f", "interface": "public", "region_id": "RegionOne", "url": "http://10.222.0.30:9696/", "region": "RegionOne"}], "id": "cbf3b9ec94044d9ab89fcb22aecf8e0d", "type": "network", "name": "neutron"}]}} {{(pid=101782) get_auth_ref /usr/local/lib/python3.8/dist-packages/keystoneclient/auth/identity/v3/base.py:192}}
Aug 11 21:07:37.025018 dv-cinder-804296-1-iscsi devstack@g-api.service[101782]: DEBUG swiftclient [None req-71a011e9-8528-41c3-85e2-641ad66c7dc4 tempest-AttachVolumeShelveTestJSON-883658886 tempest-AttachVolumeShelveTestJSON-883658886-project] REQ: curl -i http://10.222.0.30:8080/v1/AUTH_a650e41cc9e44a808947b47a54d38bc3/glance/11559d12-7a10-4b48-bfdf-807854248bf3 -I -H "X-Auth-Token: gAAAAABhFDwYYEuu..." {{(pid=101782) http_log /usr/local/lib/python3.8/dist-packages/swiftclient/client.py:187}}
Aug 11 21:07:37.025311 dv-cinder-804296-1-iscsi devstack@g-api.service[101782]: DEBUG swiftclient [None req-71a011e9-8528-41c3-85e2-641ad66c7dc4 tempest-AttachVolumeShelveTestJSON-883658886 tempest-AttachVolumeShelveTestJSON-883658886-project] RESP STATUS: 200 OK {{(pid=101782) http_log /usr/local/lib/python3.8/dist-packages/swiftclient/client.py:188}}
Aug 11 21:07:37.025793 dv-cinder-804296-1-iscsi devstack@g-api.service[101782]: DEBUG swiftclient [None req-71a011e9-8528-41c3-85e2-641ad66c7dc4 tempest-AttachVolumeShelveTestJSON-883658886 tempest-AttachVolumeShelveTestJSON-883658886-project] RESP HEADERS: {'Content-Type': 'application/octet-stream', 'X-Object-Manifest': 'glance/11559d12-7a10-4b48-bfdf-807854248bf3-', 'Last-Modified': 'Wed, 11 Aug 2021 21:06:28 GMT', 'X-Timestamp': '1628715987.95408', 'Accept-Ranges': 'bytes', 'Content-Length': '662700032', 'Etag': '"b8b393ae2b3fbdcea415e422ab903419"', 'X-Trans-Id': 'tx77bedb5d63fc449983df4-0061143c18', 'X-Openstack-Request-Id': 'tx77bedb5d63fc449983df4-0061143c18', 'Date': 'Wed, 11 Aug 2021 21:07:37 GMT'} {{(pid=101782) http_log /usr/local/lib/python3.8/dist-packages/swiftclient/client.py:189}}
Aug 11 21:07:37.045958 dv-cinder-804296-1-iscsi devstack@g-api.service[101782]: DEBUG swiftclient [None req-71a011e9-8528-41c3-85e2-641ad66c7dc4 tempest-AttachVolumeShelveTestJSON-883658886 tempest-AttachVolumeShelveTestJSON-883658886-project] REQ: curl -i http://10.222.0.30:8080/v1/AUTH_a650e41cc9e44a808947b47a54d38bc3/glance?format=json&prefix=11559d12-7a10-4b48-bfdf-807854248bf3- -X GET -H "X-Auth-Token: gAAAAABhFDwYYEuu..." -H "Accept-Encoding: gzip" {{(pid=101782) http_log /usr/local/lib/python3.8/dist-packages/swiftclient/client.py:187}}
Aug 11 21:07:37.046210 dv-cinder-804296-1-iscsi devstack@g-api.service[101782]: DEBUG swiftclient [None req-71a011e9-8528-41c3-85e2-641ad66c7dc4 tempest-AttachVolumeShelveTestJSON-883658886 tempest-AttachVolumeShelveTestJSON-883658886-project] RESP STATUS: 200 OK {{(pid=101782) http_log /usr/local/lib/python3.8/dist-packages/swiftclient/client.py:188}}
Aug 11 21:07:37.046604 dv-cinder-804296-1-iscsi devstack@g-api.service[101782]: DEBUG swiftclient [None req-71a011e9-8528-41c3-85e2-641ad66c7dc4 tempest-AttachVolumeShelveTestJSON-883658886 tempest-AttachVolumeShelveTestJSON-883658886-project] RESP HEADERS: {'Content-Type': 'application/json; charset=utf-8', 'Content-Length': '843', 'X-Container-Object-Count': '12', 'X-Container-Bytes-Used': '1954546688', 'X-Timestamp': '1628715346.10127', 'Last-Modified': 'Wed, 11 Aug 2021 20:55:47 GMT', 'Accept-Ranges': 'bytes', 'X-Storage-Policy': 'Policy-0', 'X-Container-Sharding': 'False', 'X-Trans-Id': 'txbc440b315d81490fbe7ee-0061143c19', 'X-Openstack-Request-Id': 'txbc440b315d81490fbe7ee-0061143c19', 'Date': 'Wed, 11 Aug 2021 21:07:37 GMT'} {{(pid=101782) http_log /usr/local/lib/python3.8/dist-packages/swiftclient/client.py:189}}
Aug 11 21:07:37.047223 dv-cinder-804296-1-iscsi devstack@g-api.service[101782]: DEBUG swiftclient [None req-71a011e9-8528-41c3-85e2-641ad66c7dc4 tempest-AttachVolumeShelveTestJSON-883658886 tempest-AttachVolumeShelveTestJSON-883658886-project] RESP BODY: b'[{"bytes": 204800000, "hash": "42cbf81dbbdf5689f52fd69c22637d3f", "name": "11559d12-7a10-4b48-bfdf-807854248bf3-00001", "content_type": "application/octet-stream", "last_modified": "2021-08-11T21:06:18.289590"}, {"bytes": 204800000, "hash": "20f4981fadd397d1519551dea9456195", "name": "11559d12-7a10-4b48-bfdf-807854248bf3-00002", "content_type": "application/octet-stream", "last_modified": "2021-08-11T21:06:21.145980"}, {"bytes": 204800000, "hash": "0b6aa5acabb8645879d6ce4e2766f0cf", "name": "11559d12-7a10-4b48-bfdf-807854248bf3-00003", "content_type": "application/octet-stream", "last_modified": "2021-08-11T21:06:24.456680"}, {"bytes": 48300032, "hash": "a1070bd5517f21dda351dc00de8e1aee", "name": "11559d12-7a10-4b48-bfdf-807854248bf3-00004", "content_type": "application/octet-stream", "last_modified": "2021-08-11T21:06:27.268260"}]' {{(pid=101782) http_log /usr/local/lib/python3.8/dist-packages/swiftclient/client.py:193}}
Aug 11 21:07:37.070302 dv-cinder-804296-1-iscsi devstack@g-api.service[101782]: DEBUG swiftclient [None req-71a011e9-8528-41c3-85e2-641ad66c7dc4 tempest-AttachVolumeShelveTestJSON-883658886 tempest-AttachVolumeShelveTestJSON-883658886-project] REQ: curl -i http://10.222.0.30:8080/v1/AUTH_a650e41cc9e44a808947b47a54d38bc3/glance/11559d12-7a10-4b48-bfdf-807854248bf3-00001 DELETE -H "X-Auth-Token: gAAAAABhFDwYYEuu..." {{(pid=101782) http_log /usr/local/lib/python3.8/dist-packages/swiftclient/client.py:187}}
Aug 11 21:07:37.070554 dv-cinder-804296-1-iscsi devstack@g-api.service[101782]: DEBUG swiftclient [None req-71a011e9-8528-41c3-85e2-641ad66c7dc4 tempest-AttachVolumeShelveTestJSON-883658886 tempest-AttachVolumeShelveTestJSON-883658886-project] RESP STATUS: 204 No Content {{(pid=101782) http_log /usr/local/lib/python3.8/dist-packages/swiftclient/client.py:188}}
Aug 11 21:07:37.070885 dv-cinder-804296-1-iscsi devstack@g-api.service[101782]: DEBUG swiftclient [None req-71a011e9-8528-41c3-85e2-641ad66c7dc4 tempest-AttachVolumeShelveTestJSON-883658886 tempest-AttachVolumeShelveTestJSON-883658886-project] RESP HEADERS: {'Content-Type': 'text/html; charset=UTF-8', 'Content-Length': '0', 'X-Trans-Id': 'txee234e13ce4c4a82859e8-0061143c19', 'X-Openstack-Request-Id': 'txee234e13ce4c4a82859e8-0061143c19', 'Date': 'Wed, 11 Aug 2021 21:07:37 GMT'} {{(pid=101782) http_log /usr/local/lib/python3.8/dist-packages/swiftclient/client.py:189}}
Aug 11 21:07:37.092973 dv-cinder-804296-1-iscsi devstack@g-api.service[101782]: DEBUG swiftclient [None req-71a011e9-8528-41c3-85e2-641ad66c7dc4 tempest-AttachVolumeShelveTestJSON-883658886 tempest-AttachVolumeShelveTestJSON-883658886-project] REQ: curl -i http://10.222.0.30:8080/v1/AUTH_a650e41cc9e44a808947b47a54d38bc3/glance/11559d12-7a10-4b48-bfdf-807854248bf3-00002 DELETE -H "X-Auth-Token: gAAAAABhFDwYYEuu..." {{(pid=101782) http_log /usr/local/lib/python3.8/dist-packages/swiftclient/client.py:187}}
Aug 11 21:07:37.093268 dv-cinder-804296-1-iscsi devstack@g-api.service[101782]: DEBUG swiftclient [None req-71a011e9-8528-41c3-85e2-641ad66c7dc4 tempest-AttachVolumeShelveTestJSON-883658886 tempest-AttachVolumeShelveTestJSON-883658886-project] RESP STATUS: 204 No Content {{(pid=101782) http_log /usr/local/lib/python3.8/dist-packages/swiftclient/client.py:188}}
Aug 11 21:07:37.093598 dv-cinder-804296-1-iscsi devstack@g-api.service[101782]: DEBUG swiftclient [None req-71a011e9-8528-41c3-85e2-641ad66c7dc4 tempest-AttachVolumeShelveTestJSON-883658886 tempest-AttachVolumeShelveTestJSON-883658886-project] RESP HEADERS: {'Content-Type': 'text/html; charset=UTF-8', 'Content-Length': '0', 'X-Trans-Id': 'tx571009877e5f49b7b2817-0061143c19', 'X-Openstack-Request-Id': 'tx571009877e5f49b7b2817-0061143c19', 'Date': 'Wed, 11 Aug 2021 21:07:37 GMT'} {{(pid=101782) http_log /usr/local/lib/python3.8/dist-packages/swiftclient/client.py:189}}
Aug 11 21:07:37.118873 dv-cinder-804296-1-iscsi devstack@g-api.service[101782]: DEBUG swiftclient [None req-71a011e9-8528-41c3-85e2-641ad66c7dc4 tempest-AttachVolumeShelveTestJSON-883658886 tempest-AttachVolumeShelveTestJSON-883658886-project] REQ: curl -i http://10.222.0.30:8080/v1/AUTH_a650e41cc9e44a808947b47a54d38bc3/glance/11559d12-7a10-4b48-bfdf-807854248bf3-00003 DELETE -H "X-Auth-Token: gAAAAABhFDwYYEuu..." {{(pid=101782) http_log /usr/local/lib/python3.8/dist-packages/swiftclient/client.py:187}}
Aug 11 21:07:37.119145 dv-cinder-804296-1-iscsi devstack@g-api.service[101782]: DEBUG swiftclient [None req-71a011e9-8528-41c3-85e2-641ad66c7dc4 tempest-AttachVolumeShelveTestJSON-883658886 tempest-AttachVolumeShelveTestJSON-883658886-project] RESP STATUS: 204 No Content {{(pid=101782) http_log /usr/local/lib/python3.8/dist-packages/swiftclient/client.py:188}}
Aug 11 21:07:37.119496 dv-cinder-804296-1-iscsi devstack@g-api.service[101782]: DEBUG swiftclient [None req-71a011e9-8528-41c3-85e2-641ad66c7dc4 tempest-AttachVolumeShelveTestJSON-883658886 tempest-AttachVolumeShelveTestJSON-883658886-project] RESP HEADERS: {'Content-Type': 'text/html; charset=UTF-8', 'Content-Length': '0', 'X-Trans-Id': 'tx6da4112b46c845e293a43-0061143c19', 'X-Openstack-Request-Id': 'tx6da4112b46c845e293a43-0061143c19', 'Date': 'Wed, 11 Aug 2021 21:07:37 GMT'} {{(pid=101782) http_log /usr/local/lib/python3.8/dist-packages/swiftclient/client.py:189}}
Aug 11 21:07:37.144355 dv-cinder-804296-1-iscsi devstack@g-api.service[101782]: DEBUG swiftclient [None req-71a011e9-8528-41c3-85e2-641ad66c7dc4 tempest-AttachVolumeShelveTestJSON-883658886 tempest-AttachVolumeShelveTestJSON-883658886-project] REQ: curl -i http://10.222.0.30:8080/v1/AUTH_a650e41cc9e44a808947b47a54d38bc3/glance/11559d12-7a10-4b48-bfdf-807854248bf3-00004 DELETE -H "X-Auth-Token: gAAAAABhFDwYYEuu..." {{(pid=101782) http_log /usr/local/lib/python3.8/dist-packages/swiftclient/client.py:187}}
Aug 11 21:07:37.144604 dv-cinder-804296-1-iscsi devstack@g-api.service[101782]: DEBUG swiftclient [None req-71a011e9-8528-41c3-85e2-641ad66c7dc4 tempest-AttachVolumeShelveTestJSON-883658886 tempest-AttachVolumeShelveTestJSON-883658886-project] RESP STATUS: 204 No Content {{(pid=101782) http_log /usr/local/lib/python3.8/dist-packages/swiftclient/client.py:188}}
Aug 11 21:07:37.144932 dv-cinder-804296-1-iscsi devstack@g-api.service[101782]: DEBUG swiftclient [None req-71a011e9-8528-41c3-85e2-641ad66c7dc4 tempest-AttachVolumeShelveTestJSON-883658886 tempest-AttachVolumeShelveTestJSON-883658886-project] RESP HEADERS: {'Content-Type': 'text/html; charset=UTF-8', 'Content-Length': '0', 'X-Trans-Id': 'txdfe2335afb5640808419a-0061143c19', 'X-Openstack-Request-Id': 'txdfe2335afb5640808419a-0061143c19', 'Date': 'Wed, 11 Aug 2021 21:07:37 GMT'} {{(pid=101782) http_log /usr/local/lib/python3.8/dist-packages/swiftclient/client.py:189}}
Aug 11 21:07:37.168861 dv-cinder-804296-1-iscsi devstack@g-api.service[101782]: DEBUG swiftclient [None req-71a011e9-8528-41c3-85e2-641ad66c7dc4 tempest-AttachVolumeShelveTestJSON-883658886 tempest-AttachVolumeShelveTestJSON-883658886-project] REQ: curl -i http://10.222.0.30:8080/v1/AUTH_a650e41cc9e44a808947b47a54d38bc3/glance/11559d12-7a10-4b48-bfdf-807854248bf3 DELETE -H "X-Auth-Token: gAAAAABhFDwYYEuu..." {{(pid=101782) http_log /usr/local/lib/python3.8/dist-packages/swiftclient/client.py:187}}
Aug 11 21:07:37.169241 dv-cinder-804296-1-iscsi devstack@g-api.service[101782]: DEBUG swiftclient [None req-71a011e9-8528-41c3-85e2-641ad66c7dc4 tempest-AttachVolumeShelveTestJSON-883658886 tempest-AttachVolumeShelveTestJSON-883658886-project] RESP STATUS: 204 No Content {{(pid=101782) http_log /usr/local/lib/python3.8/dist-packages/swiftclient/client.py:188}}
Aug 11 21:07:37.169641 dv-cinder-804296-1-iscsi devstack@g-api.service[101782]: DEBUG swiftclient [None req-71a011e9-8528-41c3-85e2-641ad66c7dc4 tempest-AttachVolumeShelveTestJSON-883658886 tempest-AttachVolumeShelveTestJSON-883658886-project] RESP HEADERS: {'Content-Type': 'text/html; charset=UTF-8', 'Content-Length': '0', 'X-Trans-Id': 'tx483da9db7a9e48d287ace-0061143c19', 'X-Openstack-Request-Id': 'tx483da9db7a9e48d287ace-0061143c19', 'Date': 'Wed, 11 Aug 2021 21:07:37 GMT'} {{(pid=101782) http_log /usr/local/lib/python3.8/dist-packages/swiftclient/client.py:189}}
Aug 11 21:07:37.292112 dv-cinder-804296-1-iscsi devstack@g-api.service[101782]: DEBUG glance.api.middleware.cache [None req-71a011e9-8528-41c3-85e2-641ad66c7dc4 tempest-AttachVolumeShelveTestJSON-883658886 tempest-AttachVolumeShelveTestJSON-883658886-project] Removing image 11559d12-7a10-4b48-bfdf-807854248bf3 from cache {{(pid=101782) _process_DELETE_response /opt/stack/glance/glance/api/middleware/cache.py:279}}
Aug 11 21:07:37.293293 dv-cinder-804296-1-iscsi devstack@g-api.service[101782]: DEBUG glance.image_cache.drivers.sqlite [None req-71a011e9-8528-41c3-85e2-641ad66c7dc4 tempest-AttachVolumeShelveTestJSON-883658886 tempest-AttachVolumeShelveTestJSON-883658886-project] Deleting image cache file '/opt/stack/data/glance/cache/11559d12-7a10-4b48-bfdf-807854248bf3' {{(pid=101782) delete_cached_file /opt/stack/glance/glance/image_cache/drivers/sqlite.py:505}}
Aug 11 21:07:37.413977 dv-cinder-804296-1-iscsi devstack@g-api.service[101782]: [pid: 101782|app: 0|req: 120/216] 127.0.0.1 () {42 vars in 878 bytes} [Wed Aug 11 21:07:36 2021] DELETE /v2/images/11559d12-7a10-4b48-bfdf-807854248bf3 => generated 0 bytes in 653 msecs (HTTP/1.1 204) 4 headers in 171 bytes (1 switches on core 0)
Aug 11 21:07:37.429367 dv-cinder-804296-1-iscsi devstack@g-api.service[101783]: [pid: 101783|app: 0|req: 97/217] 127.0.0.1 () {40 vars in 866 bytes} [Wed Aug 11 21:07:15 2021] GET /v2/images/8d05db6d-8674-450f-abce-6f99cda6de54/file => generated 645922816 bytes in 22097 msecs (HTTP/1.1 200) 5 headers in 218 bytes (10160 switches on core 0)
Aug 11 21:07:42.479581 dv-cinder-804296-1-iscsi devstack@g-api.service[101782]: DEBUG glance.api.middleware.version_negotiation [None req-71a011e9-8528-41c3-85e2-641ad66c7dc4 tempest-AttachVolumeShelveTestJSON-883658886 tempest-AttachVolumeShelveTestJSON-883658886-project] Determining version of request: GET /v2/images/8d05db6d-8674-450f-abce-6f99cda6de54 Accept: */* {{(pid=101782) process_request /opt/stack/glance/glance/api/middleware/version_negotiation.py:44}}
Aug 11 21:07:42.480091 dv-cinder-804296-1-iscsi devstack@g-api.service[101782]: DEBUG glance.api.middleware.version_negotiation [None req-71a011e9-8528-41c3-85e2-641ad66c7dc4 tempest-AttachVolumeShelveTestJSON-883658886 tempest-AttachVolumeShelveTestJSON-883658886-project] Using url versioning {{(pid=101782) process_request /opt/stack/glance/glance/api/middleware/version_negotiation.py:57}}
Aug 11 21:07:42.480260 dv-cinder-804296-1-iscsi devstack@g-api.service[101782]: DEBUG glance.api.middleware.version_negotiation [None req-71a011e9-8528-41c3-85e2-641ad66c7dc4 tempest-AttachVolumeShelveTestJSON-883658886 tempest-AttachVolumeShelveTestJSON-883658886-project] Matched version: v2 {{(pid=101782) process_request /opt/stack/glance/glance/api/middleware/version_negotiation.py:69}}
Aug 11 21:07:42.480563 dv-cinder-804296-1-iscsi devstack@g-api.service[101782]: DEBUG glance.api.middleware.version_negotiation [None req-71a011e9-8528-41c3-85e2-641ad66c7dc4 tempest-AttachVolumeShelveTestJSON-883658886 tempest-AttachVolumeShelveTestJSON-883658886-project] new path /v2/images/8d05db6d-8674-450f-abce-6f99cda6de54 {{(pid=101782) process_request /opt/stack/glance/glance/api/middleware/version_negotiation.py:70}}
Aug 11 21:07:42.497119 dv-cinder-804296-1-iscsi devstack@g-api.service[101782]: [pid: 101782|app: 0|req: 121/218] 127.0.0.1 () {40 vars in 856 bytes} [Wed Aug 11 21:07:42 2021] GET /v2/images/8d05db6d-8674-450f-abce-6f99cda6de54 => generated 946 bytes in 18 msecs (HTTP/1.1 200) 4 headers in 157 bytes (1 switches on core 0)
Aug 11 21:07:43.786158 dv-cinder-804296-1-iscsi devstack@g-api.service[101783]: DEBUG glance.api.middleware.version_negotiation [None req-71397f46-8eda-4017-888f-029f3ade0914 tempest-VolumesSnapshotTestJSON-1285013497 tempest-VolumesSnapshotTestJSON-1285013497-project] Determining version of request: GET /v2/schemas/image Accept: */* {{(pid=101783) process_request /opt/stack/glance/glance/api/middleware/version_negotiation.py:44}}
Aug 11 21:07:43.786956 dv-cinder-804296-1-iscsi devstack@g-api.service[101783]: DEBUG glance.api.middleware.version_negotiation [None req-71397f46-8eda-4017-888f-029f3ade0914 tempest-VolumesSnapshotTestJSON-1285013497 tempest-VolumesSnapshotTestJSON-1285013497-project] Using url versioning {{(pid=101783) process_request /opt/stack/glance/glance/api/middleware/version_negotiation.py:57}}
Aug 11 21:07:43.786956 dv-cinder-804296-1-iscsi devstack@g-api.service[101783]: DEBUG glance.api.middleware.version_negotiation [None req-71397f46-8eda-4017-888f-029f3ade0914 tempest-VolumesSnapshotTestJSON-1285013497 tempest-VolumesSnapshotTestJSON-1285013497-project] Matched version: v2 {{(pid=101783) process_request /opt/stack/glance/glance/api/middleware/version_negotiation.py:69}}
Aug 11 21:07:43.787162 dv-cinder-804296-1-iscsi devstack@g-api.service[101783]: DEBUG glance.api.middleware.version_negotiation [None req-71397f46-8eda-4017-888f-029f3ade0914 tempest-VolumesSnapshotTestJSON-1285013497 tempest-VolumesSnapshotTestJSON-1285013497-project] new path /v2/schemas/image {{(pid=101783) process_request /opt/stack/glance/glance/api/middleware/version_negotiation.py:70}}
Aug 11 21:07:43.791382 dv-cinder-804296-1-iscsi devstack@g-api.service[101783]: [pid: 101783|app: 0|req: 98/219] 127.0.0.1 () {40 vars in 796 bytes} [Wed Aug 11 21:07:43 2021] GET /v2/schemas/image => generated 6083 bytes in 6 msecs (HTTP/1.1 200) 4 headers in 158 bytes (1 switches on core 0)
Aug 11 21:07:44.386366 dv-cinder-804296-1-iscsi devstack@g-api.service[101782]: DEBUG glance.api.middleware.version_negotiation [None req-19abf820-a19f-4313-bc8e-93f8ebd3320b tempest-TestVolumeBootPattern-742629850 tempest-TestVolumeBootPattern-742629850-project] Determining version of request: GET /v2/images/8d05db6d-8674-450f-abce-6f99cda6de54 Accept: */* {{(pid=101782) process_request /opt/stack/glance/glance/api/middleware/version_negotiation.py:44}}
Aug 11 21:07:44.386921 dv-cinder-804296-1-iscsi devstack@g-api.service[101782]: DEBUG glance.api.middleware.version_negotiation [None req-19abf820-a19f-4313-bc8e-93f8ebd3320b tempest-TestVolumeBootPattern-742629850 tempest-TestVolumeBootPattern-742629850-project] Using url versioning {{(pid=101782) process_request /opt/stack/glance/glance/api/middleware/version_negotiation.py:57}}
Aug 11 21:07:44.387029 dv-cinder-804296-1-iscsi devstack@g-api.service[101782]: DEBUG glance.api.middleware.version_negotiation [None req-19abf820-a19f-4313-bc8e-93f8ebd3320b tempest-TestVolumeBootPattern-742629850 tempest-TestVolumeBootPattern-742629850-project] Matched version: v2 {{(pid=101782) process_request /opt/stack/glance/glance/api/middleware/version_negotiation.py:69}}
Aug 11 21:07:44.387296 dv-cinder-804296-1-iscsi devstack@g-api.service[101782]: DEBUG glance.api.middleware.version_negotiation [None req-19abf820-a19f-4313-bc8e-93f8ebd3320b tempest-TestVolumeBootPattern-742629850 tempest-TestVolumeBootPattern-742629850-project] new path /v2/images/8d05db6d-8674-450f-abce-6f99cda6de54 {{(pid=101782) process_request /opt/stack/glance/glance/api/middleware/version_negotiation.py:70}}
Aug 11 21:07:44.402675 dv-cinder-804296-1-iscsi devstack@g-api.service[101782]: [pid: 101782|app: 0|req: 122/220] 127.0.0.1 () {40 vars in 856 bytes} [Wed Aug 11 21:07:44 2021] GET /v2/images/8d05db6d-8674-450f-abce-6f99cda6de54 => generated 946 bytes in 17 msecs (HTTP/1.1 200) 4 headers in 157 bytes (1 switches on core 0)
Aug 11 21:07:44.411486 dv-cinder-804296-1-iscsi devstack@g-api.service[101783]: DEBUG glance.api.middleware.version_negotiation [None req-19abf820-a19f-4313-bc8e-93f8ebd3320b tempest-TestVolumeBootPattern-742629850 tempest-TestVolumeBootPattern-742629850-project] Determining version of request: GET /v2/schemas/image Accept: */* {{(pid=101783) process_request /opt/stack/glance/glance/api/middleware/version_negotiation.py:44}}
Aug 11 21:07:44.411843 dv-cinder-804296-1-iscsi devstack@g-api.service[101783]: DEBUG glance.api.middleware.version_negotiation [None req-19abf820-a19f-4313-bc8e-93f8ebd3320b tempest-TestVolumeBootPattern-742629850 tempest-TestVolumeBootPattern-742629850-project] Using url versioning {{(pid=101783) process_request /opt/stack/glance/glance/api/middleware/version_negotiation.py:57}}
Aug 11 21:07:44.412164 dv-cinder-804296-1-iscsi devstack@g-api.service[101783]: DEBUG glance.api.middleware.version_negotiation [None req-19abf820-a19f-4313-bc8e-93f8ebd3320b tempest-TestVolumeBootPattern-742629850 tempest-TestVolumeBootPattern-742629850-project] Matched version: v2 {{(pid=101783) process_request /opt/stack/glance/glance/api/middleware/version_negotiation.py:69}}
