Sep 16 19:54:48.375928 dv-cinder-804294-2-smb neutron-server[111777]: DEBUG neutron.plugins.ml2.drivers.mech_agent [req-58d3d784-04a0-46eb-90df-f703da5dc438 req-8781e72b-5f0e-4d5c-ac7c-6f106f054179 service neutron] Attempting to bind port 9d65a95b-5bb9-41fc-85a4-713be3131419 on network 3a12492e-7fa4-4d18-ba31-b17934084a1a {{(pid=111777) bind_port /opt/stack/neutron/neutron/plugins/ml2/drivers/mech_agent.py:91}}
Sep 16 19:54:48.414576 dv-cinder-804294-2-smb neutron-server[111777]: DEBUG neutron.plugins.ml2.drivers.mech_agent [req-58d3d784-04a0-46eb-90df-f703da5dc438 req-8781e72b-5f0e-4d5c-ac7c-6f106f054179 service neutron] Checking agent: {'id': '46f60c90-a4fd-46ac-b32a-54eb6bc51640', 'agent_type': 'HyperV agent', 'binary': 'neutron-hyperv-agent', 'topic': 'N/A', 'host': 'hv-cinder-80429', 'admin_state_up': True, 'created_at': datetime.datetime(2021, 9, 16, 19, 52, 7), 'started_at': datetime.datetime(2021, 9, 16, 19, 52, 7), 'heartbeat_timestamp': datetime.datetime(2021, 9, 16, 19, 54, 37), 'description': None, 'resources_synced': None, 'availability_zone': None, 'alive': True, 'configurations': {'vswitch_mappings': {'physnet1$': 'br-data'}}, 'resource_versions': {}} {{(pid=111777) bind_port /opt/stack/neutron/neutron/plugins/ml2/drivers/mech_agent.py:110}}
Sep 16 19:54:48.414925 dv-cinder-804294-2-smb neutron-server[111777]: DEBUG neutron.plugins.ml2.drivers.mech_agent [req-58d3d784-04a0-46eb-90df-f703da5dc438 req-8781e72b-5f0e-4d5c-ac7c-6f106f054179 service neutron] Checking segment: {'id': 'fa70ee7c-544c-4f5a-bddf-a08734c48673', 'network_type': 'vlan', 'physical_network': 'physnet1', 'segmentation_id': 531, 'network_id': '3a12492e-7fa4-4d18-ba31-b17934084a1a'} for mappings: {'physnet1$': 'br-data'} with network types: ['local', 'flat', 'vlan'] {{(pid=111777) check_segment_for_agent /opt/stack/neutron/neutron/plugins/ml2/drivers/mech_agent.py:358}}
Sep 16 19:54:48.415360 dv-cinder-804294-2-smb neutron-server[111777]: DEBUG neutron.plugins.ml2.drivers.mech_agent [req-58d3d784-04a0-46eb-90df-f703da5dc438 req-8781e72b-5f0e-4d5c-ac7c-6f106f054179 service neutron] Bound using segment: {'id': 'fa70ee7c-544c-4f5a-bddf-a08734c48673', 'network_type': 'vlan', 'physical_network': 'physnet1', 'segmentation_id': 531, 'network_id': '3a12492e-7fa4-4d18-ba31-b17934084a1a'} {{(pid=111777) bind_port /opt/stack/neutron/neutron/plugins/ml2/drivers/mech_agent.py:120}}
Sep 16 19:54:48.415939 dv-cinder-804294-2-smb neutron-server[111777]: DEBUG neutron.plugins.ml2.managers [req-58d3d784-04a0-46eb-90df-f703da5dc438 req-8781e72b-5f0e-4d5c-ac7c-6f106f054179 service neutron] Bound port: 9d65a95b-5bb9-41fc-85a4-713be3131419, host: hv-cinder-80429, vif_type: hyperv, vif_details: {"connectivity": "legacy", "port_filter": false}, binding_levels: [{'bound_driver': 'hyperv', 'bound_segment': {'id': 'fa70ee7c-544c-4f5a-bddf-a08734c48673', 'network_type': 'vlan', 'physical_network': 'physnet1', 'segmentation_id': 531, 'network_id': '3a12492e-7fa4-4d18-ba31-b17934084a1a'}}] {{(pid=111777) _bind_port_level /opt/stack/neutron/neutron/plugins/ml2/managers.py:928}}
Sep 16 19:54:48.416332 dv-cinder-804294-2-smb neutron-server[111777]: DEBUG neutron_lib.callbacks.manager [req-58d3d784-04a0-46eb-90df-f703da5dc438 req-8781e72b-5f0e-4d5c-ac7c-6f106f054179 service neutron] Notify callbacks ['neutron.plugins.ml2.plugin.SecurityGroupDbMixin._ensure_default_security_group_handler-1457396'] for port, before_update {{(pid=111777) _notify_loop /usr/local/lib/python3.8/dist-packages/neutron_lib/callbacks/manager.py:192}}
Sep 16 19:54:48.534406 dv-cinder-804294-2-smb neutron-server[111777]: DEBUG neutron.plugins.ml2.db [req-58d3d784-04a0-46eb-90df-f703da5dc438 req-8781e72b-5f0e-4d5c-ac7c-6f106f054179 service neutron] For port 9d65a95b-5bb9-41fc-85a4-713be3131419, host hv-cinder-80429, cleared binding levels {{(pid=111777) clear_binding_levels /opt/stack/neutron/neutron/plugins/ml2/db.py:87}}
Sep 16 19:54:48.539103 dv-cinder-804294-2-smb neutron-server[111777]: DEBUG neutron.plugins.ml2.db [req-58d3d784-04a0-46eb-90df-f703da5dc438 req-8781e72b-5f0e-4d5c-ac7c-6f106f054179 service neutron] For port 9d65a95b-5bb9-41fc-85a4-713be3131419, host hv-cinder-80429, set binding levels [PortBindingLevel(driver='hyperv',host='hv-cinder-80429',level=0,port_id=9d65a95b-5bb9-41fc-85a4-713be3131419,segment=NetworkSegment(fa70ee7c-544c-4f5a-bddf-a08734c48673),segment_id=fa70ee7c-544c-4f5a-bddf-a08734c48673)] {{(pid=111777) set_binding_levels /opt/stack/neutron/neutron/plugins/ml2/db.py:59}}
Sep 16 19:54:48.548922 dv-cinder-804294-2-smb neutron-server[111777]: DEBUG neutron.pecan_wsgi.hooks.policy_enforcement [req-aab138d6-792f-451d-bdf6-5bf2ec51e2fb req-477e9a94-b323-46b3-92b0-42db2293e8aa tempest-ServerRescueNegativeTestJSON-117759128 tempest-ServerRescueNegativeTestJSON-117759128-project] Attributes excluded by policy engine: ['standard_attr_id', 'binding:profile', 'binding:host_id', 'binding:vif_type', 'binding:vif_details'] {{(pid=111777) _exclude_attributes_by_policy /opt/stack/neutron/neutron/pecan_wsgi/hooks/policy_enforcement.py:255}}
Sep 16 19:54:48.554839 dv-cinder-804294-2-smb neutron-server[111777]: INFO neutron.wsgi [req-aab138d6-792f-451d-bdf6-5bf2ec51e2fb req-477e9a94-b323-46b3-92b0-42db2293e8aa tempest-ServerRescueNegativeTestJSON-117759128 tempest-ServerRescueNegativeTestJSON-117759128-project] 10.222.0.15 "GET /v2.0/ports?device_id=742ed14e-9178-46a0-901e-efe7a58b1fa0 HTTP/1.1" status: 200 len: 946 time: 0.0864997
Sep 16 19:54:48.592832 dv-cinder-804294-2-smb neutron-server[111777]: INFO neutron.wsgi [req-aab138d6-792f-451d-bdf6-5bf2ec51e2fb req-3dc94a72-2d8f-4f3b-9108-22e16541cd6d tempest-ServerRescueNegativeTestJSON-117759128 tempest-ServerRescueNegativeTestJSON-117759128-project] 10.222.0.15 "GET /v2.0/security-groups?id=aca9216e-77a6-4c7d-ab5c-f2d6ed64f407&fields=id&fields=name HTTP/1.1" status: 200 len: 286 time: 0.0358496
Sep 16 19:54:48.625805 dv-cinder-804294-2-smb neutron-server[111777]: DEBUG neutron_lib.callbacks.manager [None req-8ed0dccb-963b-4a21-b687-6bed2ce56faa admin admin] Notify callbacks ['neutron.plugins.ml2.ovo_rpc._ObjectChangeHandler.handle_event-285651'] for security_group, after_delete {{(pid=111777) _notify_loop /usr/local/lib/python3.8/dist-packages/neutron_lib/callbacks/manager.py:192}}
Sep 16 19:54:48.632375 dv-cinder-804294-2-smb neutron-server[111777]: DEBUG neutron_lib.callbacks.manager [None req-8ed0dccb-963b-4a21-b687-6bed2ce56faa admin admin] Notify callbacks [] for security_group, before_response {{(pid=111777) _notify_loop /usr/local/lib/python3.8/dist-packages/neutron_lib/callbacks/manager.py:192}}
Sep 16 19:54:48.632375 dv-cinder-804294-2-smb neutron-server[111777]: INFO neutron.wsgi [None req-8ed0dccb-963b-4a21-b687-6bed2ce56faa admin admin] 10.222.0.15 "DELETE /v2.0/security-groups/a0a7b877-dbc2-44ab-adc8-a1503fbac706 HTTP/1.1" status: 204 len: 168 time: 0.5551982
Sep 16 19:54:48.638833 dv-cinder-804294-2-smb neutron-server[111777]: DEBUG neutron.api.rpc.handlers.resources_rpc [None req-8ed0dccb-963b-4a21-b687-6bed2ce56faa admin admin] Pushing event deleted for resources: {'SecurityGroup': ['ID=a0a7b877-dbc2-44ab-adc8-a1503fbac706,revision_number=None']} {{(pid=111777) push /opt/stack/neutron/neutron/api/rpc/handlers/resources_rpc.py:237}}
Sep 16 19:54:48.674375 dv-cinder-804294-2-smb neutron-server[111777]: DEBUG neutron_lib.callbacks.manager [req-58d3d784-04a0-46eb-90df-f703da5dc438 req-8781e72b-5f0e-4d5c-ac7c-6f106f054179 service neutron] Notify callbacks ['neutron.plugins.ml2.plugin.SecurityGroupServerNotifierRpcMixin._notify_sg_on_port_change-1457333', 'neutron.plugins.ml2.ovo_rpc._ObjectChangeHandler.handle_event-162943', 'neutron.api.rpc.agentnotifiers.dhcp_rpc_agent_api.DhcpAgentNotifyAPI._native_event_send_dhcp_notification-1660743', 'neutron.db.l3_db.L3RpcNotifierMixin._notify_gateway_port_ip_changed-8788724709133', 'neutron.db.l3_dvrscheduler_db._notify_l3_agent_port_update-8788724157898', 'neutron.db.l3_hascheduler_db._notify_l3_agent_ha_port_update-8788724157916', 'neutron.services.segments.plugin.NovaSegmentNotifier._notify_port_updated-6071410'] for port, after_update {{(pid=111777) _notify_loop /usr/local/lib/python3.8/dist-packages/neutron_lib/callbacks/manager.py:192}}
Sep 16 19:54:48.709402 dv-cinder-804294-2-smb neutron-server[111777]: DEBUG neutron.pecan_wsgi.hooks.policy_enforcement [req-58d3d784-04a0-46eb-90df-f703da5dc438 req-8781e72b-5f0e-4d5c-ac7c-6f106f054179 service neutron] Attributes excluded by policy engine: ['standard_attr_id'] {{(pid=111777) _exclude_attributes_by_policy /opt/stack/neutron/neutron/pecan_wsgi/hooks/policy_enforcement.py:255}}
Sep 16 19:54:48.710050 dv-cinder-804294-2-smb neutron-server[111777]: DEBUG neutron_lib.callbacks.manager [req-58d3d784-04a0-46eb-90df-f703da5dc438 req-8781e72b-5f0e-4d5c-ac7c-6f106f054179 service neutron] Notify callbacks ['neutron.notifiers.nova.Notifier._send_nova_notification-22292'] for port, before_response {{(pid=111777) _notify_loop /usr/local/lib/python3.8/dist-packages/neutron_lib/callbacks/manager.py:192}}
Sep 16 19:54:48.711466 dv-cinder-804294-2-smb neutron-server[111777]: INFO neutron.wsgi [req-58d3d784-04a0-46eb-90df-f703da5dc438 req-8781e72b-5f0e-4d5c-ac7c-6f106f054179 service neutron] 10.222.0.50 "PUT /v2.0/ports/9d65a95b-5bb9-41fc-85a4-713be3131419 HTTP/1.1" status: 200 len: 1093 time: 1.3858895
Sep 16 19:54:48.711907 dv-cinder-804294-2-smb neutron-server[111777]: DEBUG neutron.notifiers.nova [-] Sending events: [{'name': 'network-changed', 'server_uuid': '621d9871-ba2b-4b8e-aadf-8c10c1ee97d2', 'tag': '9d65a95b-5bb9-41fc-85a4-713be3131419'}] {{(pid=111777) send_events /opt/stack/neutron/neutron/notifiers/nova.py:262}}
Sep 16 19:54:48.714153 dv-cinder-804294-2-smb neutron-server[111777]: DEBUG novaclient.v2.client [-] REQ: curl -g -i --cacert "/opt/stack/data/ca-bundle.pem" -X POST http://10.222.0.15/compute/v2.1/os-server-external-events -H "Accept: application/json" -H "Content-Type: application/json" -H "User-Agent: python-novaclient" -H "X-Auth-Token: {SHA256}025040ddf83e9c6ca99c978d3f56b476a07154e7314d553684b86761752ecae7" -H "X-OpenStack-Nova-API-Version: 2.1" -H "X-OpenStack-Request-ID: req-d17ae6b2-2231-4c49-bc54-2c22bc8c08c3" -d '{"events": [{"name": "network-changed", "server_uuid": "621d9871-ba2b-4b8e-aadf-8c10c1ee97d2", "tag": "9d65a95b-5bb9-41fc-85a4-713be3131419"}]}' {{(pid=111777) _http_log_request /usr/local/lib/python3.8/dist-packages/keystoneauth1/session.py:519}}
Sep 16 19:54:48.766394 dv-cinder-804294-2-smb neutron-server[111777]: DEBUG neutron.api.rpc.handlers.resources_rpc [None req-8781e72b-5f0e-4d5c-ac7c-6f106f054179 service neutron] Pushing event updated for resources: {'Port': ['ID=9d65a95b-5bb9-41fc-85a4-713be3131419,revision_number=3']} {{(pid=111777) push /opt/stack/neutron/neutron/api/rpc/handlers/resources_rpc.py:237}}
Sep 16 19:54:48.770463 dv-cinder-804294-2-smb neutron-server[111777]: DEBUG novaclient.v2.client [-] RESP: [200] Connection: close Content-Length: 179 Content-Type: application/json Date: Thu, 16 Sep 2021 19:54:48 GMT OpenStack-API-Version: compute 2.1 Server: Apache/2.4.41 (Ubuntu) Vary: OpenStack-API-Version,X-OpenStack-Nova-API-Version X-OpenStack-Nova-API-Version: 2.1 x-compute-request-id: req-f5546ae0-dc72-4d23-93b8-9bf057fa4871 x-openstack-request-id: req-f5546ae0-dc72-4d23-93b8-9bf057fa4871 {{(pid=111777) _http_log_response /usr/local/lib/python3.8/dist-packages/keystoneauth1/session.py:550}}
Sep 16 19:54:48.770752 dv-cinder-804294-2-smb neutron-server[111777]: DEBUG novaclient.v2.client [-] RESP BODY: {"events": [{"name": "network-changed", "server_uuid": "621d9871-ba2b-4b8e-aadf-8c10c1ee97d2", "tag": "9d65a95b-5bb9-41fc-85a4-713be3131419", "status": "completed", "code": 200}]} {{(pid=111777) _http_log_response /usr/local/lib/python3.8/dist-packages/keystoneauth1/session.py:582}}
Sep 16 19:54:48.770999 dv-cinder-804294-2-smb neutron-server[111777]: DEBUG novaclient.v2.client [-] POST call to compute for http://10.222.0.15/compute/v2.1/os-server-external-events used request id req-f5546ae0-dc72-4d23-93b8-9bf057fa4871 {{(pid=111777) request /usr/local/lib/python3.8/dist-packages/keystoneauth1/session.py:954}}
Sep 16 19:54:48.771383 dv-cinder-804294-2-smb neutron-server[111777]: INFO neutron.notifiers.nova [-] Nova event response: {'name': 'network-changed', 'server_uuid': '621d9871-ba2b-4b8e-aadf-8c10c1ee97d2', 'tag': '9d65a95b-5bb9-41fc-85a4-713be3131419', 'status': 'completed', 'code': 200}
Sep 16 19:54:48.874725 dv-cinder-804294-2-smb neutron-server[111777]: DEBUG neutron.pecan_wsgi.hooks.policy_enforcement [req-d17ae6b2-2231-4c49-bc54-2c22bc8c08c3 req-b169afc5-4d93-4c2e-ba14-d3bc833ff27f service neutron] Attributes excluded by policy engine: ['standard_attr_id'] {{(pid=111777) _exclude_attributes_by_policy /opt/stack/neutron/neutron/pecan_wsgi/hooks/policy_enforcement.py:255}}
Sep 16 19:54:48.874725 dv-cinder-804294-2-smb neutron-server[111777]: INFO neutron.wsgi [req-d17ae6b2-2231-4c49-bc54-2c22bc8c08c3 req-b169afc5-4d93-4c2e-ba14-d3bc833ff27f service neutron] 10.222.0.50 "GET /v2.0/ports?tenant_id=97864ecffd7848d5941205a04c1f9358&device_id=621d9871-ba2b-4b8e-aadf-8c10c1ee97d2 HTTP/1.1" status: 200 len: 1096 time: 0.0572820
Sep 16 19:54:48.982843 dv-cinder-804294-2-smb neutron-server[111777]: DEBUG neutron.pecan_wsgi.hooks.policy_enforcement [req-d17ae6b2-2231-4c49-bc54-2c22bc8c08c3 req-e9e553ae-50a4-4a1f-bf1e-be3b8f22f113 service neutron] Attributes excluded by policy engine: ['standard_attr_id', 'vlan_transparent'] {{(pid=111777) _exclude_attributes_by_policy /opt/stack/neutron/neutron/pecan_wsgi/hooks/policy_enforcement.py:255}}
Sep 16 19:54:48.984411 dv-cinder-804294-2-smb neutron-server[111777]: INFO neutron.wsgi [req-d17ae6b2-2231-4c49-bc54-2c22bc8c08c3 req-e9e553ae-50a4-4a1f-bf1e-be3b8f22f113 service neutron] 10.222.0.50 "GET /v2.0/networks?tenant_id=97864ecffd7848d5941205a04c1f9358&shared=False HTTP/1.1" status: 200 len: 916 time: 0.0991192
Sep 16 19:54:49.101916 dv-cinder-804294-2-smb neutron-server[111777]: DEBUG neutron.pecan_wsgi.hooks.policy_enforcement [req-d17ae6b2-2231-4c49-bc54-2c22bc8c08c3 req-0ebd2615-1732-4c23-888c-535f6733c786 service neutron] Attributes excluded by policy engine: ['standard_attr_id', 'vlan_transparent'] {{(pid=111777) _exclude_attributes_by_policy /opt/stack/neutron/neutron/pecan_wsgi/hooks/policy_enforcement.py:255}}
Sep 16 19:54:49.103432 dv-cinder-804294-2-smb neutron-server[111777]: INFO neutron.wsgi [req-d17ae6b2-2231-4c49-bc54-2c22bc8c08c3 req-0ebd2615-1732-4c23-888c-535f6733c786 service neutron] 10.222.0.50 "GET /v2.0/networks?shared=True HTTP/1.1" status: 200 len: 870 time: 0.0997508
Sep 16 19:54:49.184907 dv-cinder-804294-2-smb neutron-server[111777]: DEBUG neutron.pecan_wsgi.hooks.policy_enforcement [req-58d3d784-04a0-46eb-90df-f703da5dc438 req-a19e2216-8649-4eab-90a4-7ac52e5cca89 service neutron] Attributes excluded by policy engine: ['standard_attr_id'] {{(pid=111777) _exclude_attributes_by_policy /opt/stack/neutron/neutron/pecan_wsgi/hooks/policy_enforcement.py:255}}
Sep 16 19:54:49.186686 dv-cinder-804294-2-smb neutron-server[111777]: INFO neutron.wsgi [req-58d3d784-04a0-46eb-90df-f703da5dc438 req-a19e2216-8649-4eab-90a4-7ac52e5cca89 service neutron] 10.222.0.50 "GET /v2.0/ports?tenant_id=97864ecffd7848d5941205a04c1f9358&device_id=621d9871-ba2b-4b8e-aadf-8c10c1ee97d2 HTTP/1.1" status: 200 len: 1096 time: 0.0427570
Sep 16 19:54:49.236835 dv-cinder-804294-2-smb neutron-server[111777]: INFO neutron.wsgi [req-58d3d784-04a0-46eb-90df-f703da5dc438 req-363d2f8f-09ed-448e-a880-21e6c856e882 service neutron] 10.222.0.50 "GET /v2.0/floatingips?fixed_ip_address=172.20.0.9&port_id=9d65a95b-5bb9-41fc-85a4-713be3131419 HTTP/1.1" status: 200 len: 217 time: 0.0407205
Sep 16 19:54:49.262733 dv-cinder-804294-2-smb neutron-server[111777]: DEBUG neutron.wsgi [-] (111777) accepted ('10.222.0.15', 57724) {{(pid=111777) server /usr/local/lib/python3.8/dist-packages/eventlet/wsgi.py:982}}
Sep 16 19:54:49.312838 dv-cinder-804294-2-smb neutron-server[111777]: DEBUG neutron_lib.callbacks.manager [None req-9db23039-61a0-4ff2-b872-9a7a05e989ce admin admin] Notify callbacks [] for security_group, before_create {{(pid=111777) _notify_loop /usr/local/lib/python3.8/dist-packages/neutron_lib/callbacks/manager.py:192}}
Sep 16 19:54:49.358408 dv-cinder-804294-2-smb neutron-server[111777]: DEBUG neutron.pecan_wsgi.hooks.policy_enforcement [req-58d3d784-04a0-46eb-90df-f703da5dc438 req-05b59c37-469f-4b31-95a7-f4de05b3db95 service neutron] Attributes excluded by policy engine: ['standard_attr_id', 'shared', 'segment_id'] {{(pid=111777) _exclude_attributes_by_policy /opt/stack/neutron/neutron/pecan_wsgi/hooks/policy_enforcement.py:255}}
Sep 16 19:54:49.359910 dv-cinder-804294-2-smb neutron-server[111777]: INFO neutron.wsgi [req-58d3d784-04a0-46eb-90df-f703da5dc438 req-05b59c37-469f-4b31-95a7-f4de05b3db95 service neutron] 10.222.0.50 "GET /v2.0/subnets?id=93832bc8-0de4-44f6-9f9a-79fedb2a4eb3 HTTP/1.1" status: 200 len: 855 time: 0.1061080
Sep 16 19:54:49.391983 dv-cinder-804294-2-smb neutron-server[111777]: DEBUG neutron.pecan_wsgi.hooks.policy_enforcement [req-f4311835-1437-4a57-9f5e-8ecf611c50e0 req-cbc8c9a0-ba3e-4679-a6b2-c6269d4e8928 tempest-AttachVolumeNegativeTest-1753351735 tempest-AttachVolumeNegativeTest-1753351735-project] Attributes excluded by policy engine: ['standard_attr_id', 'binding:profile', 'binding:host_id', 'binding:vif_type', 'binding:vif_details'] {{(pid=111777) _exclude_attributes_by_policy /opt/stack/neutron/neutron/pecan_wsgi/hooks/policy_enforcement.py:255}}
Sep 16 19:54:49.393497 dv-cinder-804294-2-smb neutron-server[111777]: INFO neutron.wsgi [req-f4311835-1437-4a57-9f5e-8ecf611c50e0 req-cbc8c9a0-ba3e-4679-a6b2-c6269d4e8928 tempest-AttachVolumeNegativeTest-1753351735 tempest-AttachVolumeNegativeTest-1753351735-project] 10.222.0.15 "GET /v2.0/ports?device_id=621d9871-ba2b-4b8e-aadf-8c10c1ee97d2 HTTP/1.1" status: 200 len: 943 time: 0.1176314
Sep 16 19:54:49.411133 dv-cinder-804294-2-smb neutron-server[111777]: INFO neutron.wsgi [req-58d3d784-04a0-46eb-90df-f703da5dc438 req-83c20ee3-1ddb-47d8-9627-28cf864842b6 service neutron] 10.222.0.50 "GET /v2.0/ports?network_id=3a12492e-7fa4-4d18-ba31-b17934084a1a&device_owner=network%3Adhcp HTTP/1.1" status: 200 len: 210 time: 0.0419486
Sep 16 19:54:49.529744 dv-cinder-804294-2-smb neutron-server[111777]: INFO neutron.wsgi [req-f4311835-1437-4a57-9f5e-8ecf611c50e0 req-daf8f64d-6b41-4577-a6f5-81a01654861f tempest-AttachVolumeNegativeTest-1753351735 tempest-AttachVolumeNegativeTest-1753351735-project] 10.222.0.15 "GET /v2.0/security-groups?id=6600481f-2ab2-4f9f-8d83-1f635f9fbd7f&fields=id&fields=name HTTP/1.1" status: 200 len: 286 time: 0.1210377
Sep 16 19:54:49.580834 dv-cinder-804294-2-smb neutron-server[111777]: INFO neutron.wsgi [req-58d3d784-04a0-46eb-90df-f703da5dc438 req-c4a84258-a0fc-443e-af79-ea54d4752778 service neutron] 10.222.0.50 "GET /v2.0/networks/3a12492e-7fa4-4d18-ba31-b17934084a1a?fields=segments HTTP/1.1" status: 200 len: 212 time: 0.1481493
Sep 16 19:54:49.618618 dv-cinder-804294-2-smb neutron-server[111777]: DEBUG neutron_lib.callbacks.manager [None req-9db23039-61a0-4ff2-b872-9a7a05e989ce admin admin] Notify callbacks [] for security_group, precommit_create {{(pid=111777) _notify_loop /usr/local/lib/python3.8/dist-packages/neutron_lib/callbacks/manager.py:192}}
Sep 16 19:54:49.688091 dv-cinder-804294-2-smb neutron-server[111777]: DEBUG neutron_lib.callbacks.manager [None req-9db23039-61a0-4ff2-b872-9a7a05e989ce admin admin] Notify callbacks ['neutron.plugins.ml2.ovo_rpc._ObjectChangeHandler.handle_event-285651'] for security_group, after_create {{(pid=111777) _notify_loop /usr/local/lib/python3.8/dist-packages/neutron_lib/callbacks/manager.py:192}}
Sep 16 19:54:49.717112 dv-cinder-804294-2-smb neutron-server[111777]: INFO neutron.wsgi [req-58d3d784-04a0-46eb-90df-f703da5dc438 req-a09b5813-8018-4ed0-9ad7-f17db3b7b4c7 service neutron] 10.222.0.50 "GET /v2.0/networks/3a12492e-7fa4-4d18-ba31-b17934084a1a?fields=provider%3Aphysical_network&fields=provider%3Anetwork_type HTTP/1.1" status: 200 len: 281 time: 0.1285849
Sep 16 19:54:49.719013 dv-cinder-804294-2-smb neutron-server[111776]: DEBUG neutron.pecan_wsgi.hooks.policy_enforcement [req-5b7d11b6-a1fc-4212-a3a4-274bb7ad0420 req-318f48df-e642-4fee-82fa-6d44ca0924d0 tempest-ServerRescueNegativeTestJSON-117759128 tempest-ServerRescueNegativeTestJSON-117759128-project] Attributes excluded by policy engine: ['standard_attr_id', 'binding:profile', 'binding:host_id', 'binding:vif_type', 'binding:vif_details'] {{(pid=111776) _exclude_attributes_by_policy /opt/stack/neutron/neutron/pecan_wsgi/hooks/policy_enforcement.py:255}}
Sep 16 19:54:49.720563 dv-cinder-804294-2-smb neutron-server[111776]: INFO neutron.wsgi [req-5b7d11b6-a1fc-4212-a3a4-274bb7ad0420 req-318f48df-e642-4fee-82fa-6d44ca0924d0 tempest-ServerRescueNegativeTestJSON-117759128 tempest-ServerRescueNegativeTestJSON-117759128-project] 10.222.0.15 "GET /v2.0/ports?device_id=742ed14e-9178-46a0-901e-efe7a58b1fa0 HTTP/1.1" status: 200 len: 946 time: 0.0550206
Sep 16 19:54:49.752869 dv-cinder-804294-2-smb neutron-server[111777]: INFO neutron.wsgi [None req-9db23039-61a0-4ff2-b872-9a7a05e989ce admin admin] 10.222.0.15 "GET /v2.0/security-groups?tenant_id=cbbbe43d68d34039a87a7a69055259c7&name=default HTTP/1.1" status: 200 len: 2979 time: 0.4879403
Sep 16 19:54:49.752869 dv-cinder-804294-2-smb neutron-server[111777]: DEBUG neutron.api.rpc.handlers.resources_rpc [None req-9db23039-61a0-4ff2-b872-9a7a05e989ce admin admin] Pushing event updated for resources: {'SecurityGroup': ['ID=e935402d-d1ae-4333-84ce-3c1b51ae8878,revision_number=1']} {{(pid=111777) push /opt/stack/neutron/neutron/api/rpc/handlers/resources_rpc.py:237}}
Sep 16 19:54:49.761731 dv-cinder-804294-2-smb neutron-server[111776]: DEBUG neutron.wsgi [-] (111776) accepted ('10.222.0.15', 57752) {{(pid=111776) server /usr/local/lib/python3.8/dist-packages/eventlet/wsgi.py:982}}
Sep 16 19:54:49.795753 dv-cinder-804294-2-smb neutron-server[111778]: DEBUG neutron.plugins.ml2.rpc [None req-dd0a0202-bc5e-4286-bd7b-349c6ca11d54 None None] Device b96a8abf-4ad7-48c7-8b0b-7d2e7c1f05bd no longer exists at agent hyperv_hv-cinder-80429 {{(pid=111778) update_device_down /opt/stack/neutron/neutron/plugins/ml2/rpc.py:259}}
Sep 16 19:54:49.821503 dv-cinder-804294-2-smb neutron-server[111778]: DEBUG neutron.plugins.ml2.plugin [None req-dd0a0202-bc5e-4286-bd7b-349c6ca11d54 None None] No Port match for: b96a8abf-4ad7-48c7-8b0b-7d2e7c1f05bd {{(pid=111778) port_bound_to_host /opt/stack/neutron/neutron/plugins/ml2/plugin.py:2267}}
Sep 16 19:54:49.826118 dv-cinder-804294-2-smb neutron-server[111778]: DEBUG neutron.plugins.ml2.rpc [None req-dd0a0202-bc5e-4286-bd7b-349c6ca11d54 None None] Device b96a8abf-4ad7-48c7-8b0b-7d2e7c1f05bd not bound to the agent host hv-cinder-80429 {{(pid=111778) update_device_down /opt/stack/neutron/neutron/plugins/ml2/rpc.py:269}}
Sep 16 19:54:49.831841 dv-cinder-804294-2-smb neutron-server[111776]: INFO neutron.wsgi [req-5b7d11b6-a1fc-4212-a3a4-274bb7ad0420 req-84767804-4974-4a88-8f73-cdfa94e962d5 tempest-ServerRescueNegativeTestJSON-117759128 tempest-ServerRescueNegativeTestJSON-117759128-project] 10.222.0.15 "GET /v2.0/security-groups?id=aca9216e-77a6-4c7d-ab5c-f2d6ed64f407&fields=id&fields=name HTTP/1.1" status: 200 len: 286 time: 0.0983021
Sep 16 19:54:49.855014 dv-cinder-804294-2-smb neutron-server[111776]: DEBUG neutron_lib.callbacks.manager [None req-64253d03-9139-49d8-80e0-e685690e6bc5 admin admin] Notify callbacks [] for security_group, before_delete {{(pid=111776) _notify_loop /usr/local/lib/python3.8/dist-packages/neutron_lib/callbacks/manager.py:192}}
Sep 16 19:54:49.877946 dv-cinder-804294-2-smb neutron-server[111776]: DEBUG neutron_lib.callbacks.manager [None req-64253d03-9139-49d8-80e0-e685690e6bc5 admin admin] Notify callbacks [] for security_group, precommit_delete {{(pid=111776) _notify_loop /usr/local/lib/python3.8/dist-packages/neutron_lib/callbacks/manager.py:192}}
Sep 16 19:54:49.963857 dv-cinder-804294-2-smb neutron-server[111777]: DEBUG neutron.wsgi [-] (111777) accepted ('10.222.0.15', 57780) {{(pid=111777) server /usr/local/lib/python3.8/dist-packages/eventlet/wsgi.py:982}}
Sep 16 19:54:49.983757 dv-cinder-804294-2-smb neutron-server[111779]: DEBUG neutron.db.agents_db [None req-fe8be033-3bcf-4b1a-a998-ae43b833aa7d None None] Agent healthcheck: found 6 active agents {{(pid=111779) agent_health_check /opt/stack/neutron/neutron/db/agents_db.py:317}}
Sep 16 19:54:50.016130 dv-cinder-804294-2-smb neutron-server[111776]: DEBUG neutron_lib.callbacks.manager [None req-64253d03-9139-49d8-80e0-e685690e6bc5 admin admin] Notify callbacks ['neutron.plugins.ml2.ovo_rpc._ObjectChangeHandler.handle_event-285651'] for security_group, after_delete {{(pid=111776) _notify_loop /usr/local/lib/python3.8/dist-packages/neutron_lib/callbacks/manager.py:192}}
Sep 16 19:54:50.017794 dv-cinder-804294-2-smb neutron-server[111777]: DEBUG neutron.db.db_base_plugin_v2 [None req-ed7c86ab-b0c0-48d9-ae35-2c873c85d9ac admin admin] Deleting subnet 7ca0fe50-3c01-40da-a2f1-6d87a2c35fe1 {{(pid=111777) delete_subnet /opt/stack/neutron/neutron/db/db_base_plugin_v2.py:1056}}
Sep 16 19:54:50.023168 dv-cinder-804294-2-smb neutron-server[111776]: DEBUG neutron_lib.callbacks.manager [None req-64253d03-9139-49d8-80e0-e685690e6bc5 admin admin] Notify callbacks [] for security_group, before_response {{(pid=111776) _notify_loop /usr/local/lib/python3.8/dist-packages/neutron_lib/callbacks/manager.py:192}}
Sep 16 19:54:50.023168 dv-cinder-804294-2-smb neutron-server[111776]: INFO neutron.wsgi [None req-64253d03-9139-49d8-80e0-e685690e6bc5 admin admin] 10.222.0.15 "DELETE /v2.0/security-groups/e935402d-d1ae-4333-84ce-3c1b51ae8878 HTTP/1.1" status: 204 len: 168 time: 0.2582579
Sep 16 19:54:50.023522 dv-cinder-804294-2-smb neutron-server[111777]: DEBUG neutron_lib.callbacks.manager [None req-ed7c86ab-b0c0-48d9-ae35-2c873c85d9ac admin admin] Notify callbacks [] for subnet, before_delete {{(pid=111777) _notify_loop /usr/local/lib/python3.8/dist-packages/neutron_lib/callbacks/manager.py:192}}
Sep 16 19:54:50.030810 dv-cinder-804294-2-smb neutron-server[111776]: DEBUG neutron.api.rpc.handlers.resources_rpc [None req-64253d03-9139-49d8-80e0-e685690e6bc5 admin admin] Pushing event deleted for resources: {'SecurityGroup': ['ID=e935402d-d1ae-4333-84ce-3c1b51ae8878,revision_number=None']} {{(pid=111776) push /opt/stack/neutron/neutron/api/rpc/handlers/resources_rpc.py:237}}
Sep 16 19:54:50.065674 dv-cinder-804294-2-smb neutron-server[111777]: DEBUG neutron_lib.callbacks.manager [None req-ed7c86ab-b0c0-48d9-ae35-2c873c85d9ac admin admin] Notify callbacks ['neutron.services.segments.plugin.Plugin._validate_auto_address_subnet_delete-6071390'] for subnet, precommit_delete_associations {{(pid=111777) _notify_loop /usr/local/lib/python3.8/dist-packages/neutron_lib/callbacks/manager.py:192}}
Sep 16 19:54:50.119505 dv-cinder-804294-2-smb neutron-server[111777]: DEBUG neutron_lib.callbacks.manager [None req-ed7c86ab-b0c0-48d9-ae35-2c873c85d9ac admin admin] Notify callbacks ['neutron.plugins.ml2.plugin.Ml2Plugin._subnet_delete_precommit_handler-1534532'] for subnet, precommit_delete {{(pid=111777) _notify_loop /usr/local/lib/python3.8/dist-packages/neutron_lib/callbacks/manager.py:192}}
Sep 16 19:54:50.226530 dv-cinder-804294-2-smb neutron-server[111777]: DEBUG neutron_lib.callbacks.manager [None req-ed7c86ab-b0c0-48d9-ae35-2c873c85d9ac admin admin] Notify callbacks ['neutron.plugins.ml2.plugin.Ml2Plugin._subnet_delete_after_delete_handler-1534547', 'neutron.plugins.ml2.ovo_rpc._ObjectChangeHandler.handle_event-369780', 'neutron.api.rpc.agentnotifiers.dhcp_rpc_agent_api.DhcpAgentNotifyAPI._native_event_send_dhcp_notification-1660743', 'neutron.services.segments.plugin.NovaSegmentNotifier._notify_subnet_deleted-6071364', 'neutron.services.segments.plugin.SegmentHostRoutes.host_routes_after_delete-6068567'] for subnet, after_delete {{(pid=111777) _notify_loop /usr/local/lib/python3.8/dist-packages/neutron_lib/callbacks/manager.py:192}}
Sep 16 19:54:50.258365 dv-cinder-804294-2-smb neutron-server[111777]: DEBUG neutron.api.rpc.handlers.resources_rpc [None req-ed7c86ab-b0c0-48d9-ae35-2c873c85d9ac admin admin] Pushing event deleted for resources: {'Subnet': ['ID=7ca0fe50-3c01-40da-a2f1-6d87a2c35fe1,revision_number=None']} {{(pid=111777) push /opt/stack/neutron/neutron/api/rpc/handlers/resources_rpc.py:237}}
Sep 16 19:54:50.260561 dv-cinder-804294-2-smb neutron-server[111777]: DEBUG neutron_lib.callbacks.manager [None req-ed7c86ab-b0c0-48d9-ae35-2c873c85d9ac admin admin] Notify callbacks [] for subnet, before_response {{(pid=111777) _notify_loop /usr/local/lib/python3.8/dist-packages/neutron_lib/callbacks/manager.py:192}}
Sep 16 19:54:50.265049 dv-cinder-804294-2-smb neutron-server[111777]: INFO neutron.wsgi [None req-ed7c86ab-b0c0-48d9-ae35-2c873c85d9ac admin admin] 10.222.0.15 "DELETE /v2.0/subnets/7ca0fe50-3c01-40da-a2f1-6d87a2c35fe1 HTTP/1.1" status: 204 len: 168 time: 0.2963736
Sep 16 19:54:50.265553 dv-cinder-804294-2-smb neutron-server[111777]: DEBUG neutron.wsgi [-] (111777) accepted ('10.222.0.15', 57804) {{(pid=111777) server /usr/local/lib/python3.8/dist-packages/eventlet/wsgi.py:982}}
Sep 16 19:54:50.334744 dv-cinder-804294-2-smb neutron-server[111777]: DEBUG neutron_lib.callbacks.manager [None req-b68a0e0d-6537-4dd7-8784-cfab3e2e2a8f admin admin] Notify callbacks ['neutron.plugins.ml2.plugin.External_net_db_mixin._before_network_delete_handler-1435573'] for network, before_delete {{(pid=111777) _notify_loop /usr/local/lib/python3.8/dist-packages/neutron_lib/callbacks/manager.py:192}}
Sep 16 19:54:50.429473 dv-cinder-804294-2-smb neutron-server[111777]: DEBUG neutron_lib.callbacks.manager [None req-b68a0e0d-6537-4dd7-8784-cfab3e2e2a8f admin admin] Notify callbacks ['neutron.plugins.ml2.plugin.Ml2Plugin._network_delete_precommit_handler-1535427', 'neutron.services.segments.db._delete_segments_for_network-8788724732829'] for network, precommit_delete {{(pid=111777) _notify_loop /usr/local/lib/python3.8/dist-packages/neutron_lib/callbacks/manager.py:192}}
Sep 16 19:54:50.455051 dv-cinder-804294-2-smb neutron-server[111777]: DEBUG neutron.services.segments.db [None req-b68a0e0d-6537-4dd7-8784-cfab3e2e2a8f admin admin] neutron.services.segments.plugin.Plugin method get_segments called with arguments (,) {'filters': {'network_id': ['d8968c70-f96b-4ac2-b134-64db33532c34']}} {{(pid=111777) wrapper /usr/local/lib/python3.8/dist-packages/oslo_log/helpers.py:65}}
Sep 16 19:54:50.465943 dv-cinder-804294-2-smb neutron-server[111777]: DEBUG neutron.services.segments.db [None req-b68a0e0d-6537-4dd7-8784-cfab3e2e2a8f admin admin] neutron.services.segments.plugin.Plugin method delete_segment called with arguments (, '5cb27d66-c5b9-4f7a-a330-afb466cacef2') {'for_net_delete': True} {{(pid=111777) wrapper /usr/local/lib/python3.8/dist-packages/oslo_log/helpers.py:65}}
Sep 16 19:54:50.466977 dv-cinder-804294-2-smb neutron-server[111777]: DEBUG neutron.services.segments.db [None req-b68a0e0d-6537-4dd7-8784-cfab3e2e2a8f admin admin] neutron.services.segments.plugin.Plugin method get_segment called with arguments (, '5cb27d66-c5b9-4f7a-a330-afb466cacef2') {} {{(pid=111777) wrapper /usr/local/lib/python3.8/dist-packages/oslo_log/helpers.py:65}}
Sep 16 19:54:50.481591 dv-cinder-804294-2-smb neutron-server[111777]: DEBUG neutron_lib.callbacks.manager [None req-b68a0e0d-6537-4dd7-8784-cfab3e2e2a8f admin admin] Notify callbacks ['neutron.plugins.ml2.db._prevent_segment_delete_with_port_bound-8788724733606', 'neutron.services.segments.plugin.Plugin._prevent_segment_delete_with_subnet_associated-6071381'] for segment, before_delete {{(pid=111777) _notify_loop /usr/local/lib/python3.8/dist-packages/neutron_lib/callbacks/manager.py:192}}
Sep 16 19:54:50.502202 dv-cinder-804294-2-smb neutron-server[111777]: DEBUG neutron_lib.callbacks.manager [None req-b68a0e0d-6537-4dd7-8784-cfab3e2e2a8f admin admin] Notify callbacks ['neutron.plugins.ml2.plugin.Ml2Plugin._handle_segment_change-1533649'] for segment, precommit_delete {{(pid=111777) _notify_loop /usr/local/lib/python3.8/dist-packages/neutron_lib/callbacks/manager.py:192}}
Sep 16 19:54:50.515217 dv-cinder-804294-2-smb neutron-server[111777]: DEBUG neutron.plugins.ml2.drivers.type_vlan [None req-b68a0e0d-6537-4dd7-8784-cfab3e2e2a8f admin admin] Releasing vlan 516 on physical network physnet1 to pool {{(pid=111777) release_segment /opt/stack/neutron/neutron/plugins/ml2/drivers/type_vlan.py:304}}
Sep 16 19:54:50.515666 dv-cinder-804294-2-smb neutron-server[111777]: DEBUG neutron_lib.callbacks.manager [None req-b68a0e0d-6537-4dd7-8784-cfab3e2e2a8f admin admin] Notify callbacks ['neutron.plugins.ml2.plugin.Ml2Plugin._handle_segment_change-1533649', 'neutron.services.segments.plugin.NovaSegmentNotifier._notify_segment_deleted-6072218'] for segment, after_delete {{(pid=111777) _notify_loop /usr/local/lib/python3.8/dist-packages/neutron_lib/callbacks/manager.py:192}}
Sep 16 19:54:50.518452 dv-cinder-804294-2-smb neutron-server[111777]: Traceback (most recent call last):
Sep 16 19:54:50.518452 dv-cinder-804294-2-smb neutron-server[111777]: File "/usr/local/lib/python3.8/dist-packages/eventlet/hubs/hub.py", line 476, in fire_timers
Sep 16 19:54:50.518452 dv-cinder-804294-2-smb neutron-server[111777]: timer()
Sep 16 19:54:50.518452 dv-cinder-804294-2-smb neutron-server[111777]: File "/usr/local/lib/python3.8/dist-packages/eventlet/hubs/timer.py", line 59, in __call__
Sep 16 19:54:50.518452 dv-cinder-804294-2-smb neutron-server[111777]: cb(*args, **kw)
Sep 16 19:54:50.518452 dv-cinder-804294-2-smb neutron-server[111777]: File "/opt/stack/neutron/neutron/common/utils.py", line 906, in wrapper
Sep 16 19:54:50.518452 dv-cinder-804294-2-smb neutron-server[111777]: return func(*args, **kwargs)
Sep 16 19:54:50.518452 dv-cinder-804294-2-smb neutron-server[111777]: File "/opt/stack/neutron/neutron/notifiers/batch_notifier.py", line 58, in synced_send
Sep 16 19:54:50.518452 dv-cinder-804294-2-smb neutron-server[111777]: self._notify()
Sep 16 19:54:50.518452 dv-cinder-804294-2-smb neutron-server[111777]: File "/opt/stack/neutron/neutron/notifiers/batch_notifier.py", line 69, in _notify
Sep 16 19:54:50.518452 dv-cinder-804294-2-smb neutron-server[111777]: self.callback(batched_events)
Sep 16 19:54:50.518452 dv-cinder-804294-2-smb neutron-server[111777]: File "/opt/stack/neutron/neutron/services/segments/plugin.py", line 211, in _send_notifications
Sep 16 19:54:50.518452 dv-cinder-804294-2-smb neutron-server[111777]: event.method(event)
Sep 16 19:54:50.518452 dv-cinder-804294-2-smb neutron-server[111777]: File "/opt/stack/neutron/neutron/services/segments/plugin.py", line 383, in _delete_nova_inventory
Sep 16 19:54:50.518452 dv-cinder-804294-2-smb neutron-server[111777]: aggregate_id = self._get_aggregate_id(event.segment_id)
Sep 16 19:54:50.518452 dv-cinder-804294-2-smb neutron-server[111777]: File "/opt/stack/neutron/neutron/services/segments/plugin.py", line 370, in _get_aggregate_id
Sep 16 19:54:50.518452 dv-cinder-804294-2-smb neutron-server[111777]: aggregate_uuid = self.p_client.list_aggregates(
Sep 16 19:54:50.518452 dv-cinder-804294-2-smb neutron-server[111777]: File "/usr/local/lib/python3.8/dist-packages/neutron_lib/placement/client.py", line 58, in wrapper
Sep 16 19:54:50.518452 dv-cinder-804294-2-smb neutron-server[111777]: return f(self, *a, **k)
Sep 16 19:54:50.518452 dv-cinder-804294-2-smb neutron-server[111777]: File "/usr/local/lib/python3.8/dist-packages/neutron_lib/placement/client.py", line 554, in list_aggregates
Sep 16 19:54:50.518452 dv-cinder-804294-2-smb neutron-server[111777]: return self._get(url).json()
Sep 16 19:54:50.518452 dv-cinder-804294-2-smb neutron-server[111777]: File "/usr/local/lib/python3.8/dist-packages/neutron_lib/placement/client.py", line 190, in _get
Sep 16 19:54:50.518452 dv-cinder-804294-2-smb neutron-server[111777]: return self._client.get(url, endpoint_filter=self._ks_filter,
Sep 16 19:54:50.518452 dv-cinder-804294-2-smb neutron-server[111777]: File "/usr/local/lib/python3.8/dist-packages/keystoneauth1/session.py", line 1141, in get
Sep 16 19:54:50.518452 dv-cinder-804294-2-smb neutron-server[111777]: return self.request(url, 'GET', **kwargs)
Sep 16 19:54:50.518452 dv-cinder-804294-2-smb neutron-server[111777]: File "/usr/local/lib/python3.8/dist-packages/keystoneauth1/session.py", line 811, in request
Sep 16 19:54:50.518452 dv-cinder-804294-2-smb neutron-server[111777]: base_url = self.get_endpoint(auth, allow=allow,
Sep 16 19:54:50.518452 dv-cinder-804294-2-smb neutron-server[111777]: File "/usr/local/lib/python3.8/dist-packages/keystoneauth1/session.py", line 1241, in get_endpoint
Sep 16 19:54:50.518452 dv-cinder-804294-2-smb neutron-server[111777]: auth = self._auth_required(auth, 'determine endpoint URL')
Sep 16 19:54:50.518452 dv-cinder-804294-2-smb neutron-server[111777]: File "/usr/local/lib/python3.8/dist-packages/keystoneauth1/session.py", line 1181, in _auth_required
Sep 16 19:54:50.518452 dv-cinder-804294-2-smb neutron-server[111777]: raise exceptions.MissingAuthPlugin(msg_fmt % msg)
Sep 16 19:54:50.518452 dv-cinder-804294-2-smb neutron-server[111777]: keystoneauth1.exceptions.auth_plugins.MissingAuthPlugin: An auth plugin is required to determine endpoint URL
Sep 16 19:54:50.661300 dv-cinder-804294-2-smb neutron-server[111777]: DEBUG neutron.wsgi [-] (111777) accepted ('10.222.0.15', 57824) {{(pid=111777) server /usr/local/lib/python3.8/dist-packages/eventlet/wsgi.py:982}}
Sep 16 19:54:50.672790 dv-cinder-804294-2-smb neutron-server[111777]: DEBUG neutron_lib.callbacks.manager [None req-b68a0e0d-6537-4dd7-8784-cfab3e2e2a8f admin admin] Notify callbacks ['neutron.plugins.ml2.plugin.Ml2Plugin._network_delete_after_delete_handler-1535450', 'neutron.plugins.ml2.ovo_rpc._ObjectChangeHandler.handle_event-369664', 'neutron.api.rpc.agentnotifiers.dhcp_rpc_agent_api.DhcpAgentNotifyAPI._native_event_send_dhcp_notification-1660743', 'neutron.services.l3_router.l3_router_plugin.DVRResourceOperationHandler.delete_fip_namespaces_for_ext_net-1586196'] for network, after_delete {{(pid=111777) _notify_loop /usr/local/lib/python3.8/dist-packages/neutron_lib/callbacks/manager.py:192}}
Sep 16 19:54:50.685349 dv-cinder-804294-2-smb neutron-server[111777]: DEBUG neutron_lib.callbacks.manager [None req-b68a0e0d-6537-4dd7-8784-cfab3e2e2a8f admin admin] Notify callbacks ['neutron.api.rpc.agentnotifiers.dhcp_rpc_agent_api.DhcpAgentNotifyAPI._send_dhcp_notification-1660757'] for network, before_response {{(pid=111777) _notify_loop /usr/local/lib/python3.8/dist-packages/neutron_lib/callbacks/manager.py:192}}
Sep 16 19:54:50.690189 dv-cinder-804294-2-smb neutron-server[111777]: INFO neutron.wsgi [None req-b68a0e0d-6537-4dd7-8784-cfab3e2e2a8f admin admin] 10.222.0.15 "DELETE /v2.0/networks/d8968c70-f96b-4ac2-b134-64db33532c34 HTTP/1.1" status: 204 len: 168 time: 0.4209142
Sep 16 19:54:50.713004 dv-cinder-804294-2-smb neutron-server[111776]: DEBUG neutron.pecan_wsgi.hooks.policy_enforcement [req-11e901eb-104c-4b9b-bdee-9d5a11de8d3f req-66f4f7e2-c763-44e6-9a71-54c75f6157f9 tempest-AttachVolumeNegativeTest-1753351735 tempest-AttachVolumeNegativeTest-1753351735-project] Attributes excluded by policy engine: ['standard_attr_id', 'binding:profile', 'binding:host_id', 'binding:vif_type', 'binding:vif_details'] {{(pid=111776) _exclude_attributes_by_policy /opt/stack/neutron/neutron/pecan_wsgi/hooks/policy_enforcement.py:255}}
Sep 16 19:54:50.714287 dv-cinder-804294-2-smb neutron-server[111777]: DEBUG neutron.api.rpc.handlers.resources_rpc [None req-b68a0e0d-6537-4dd7-8784-cfab3e2e2a8f admin admin] Pushing event deleted for resources: {'Network': ['ID=d8968c70-f96b-4ac2-b134-64db33532c34,revision_number=None']} {{(pid=111777) push /opt/stack/neutron/neutron/api/rpc/handlers/resources_rpc.py:237}}
Sep 16 19:54:50.722767 dv-cinder-804294-2-smb neutron-server[111776]: INFO neutron.wsgi [req-11e901eb-104c-4b9b-bdee-9d5a11de8d3f req-66f4f7e2-c763-44e6-9a71-54c75f6157f9 tempest-AttachVolumeNegativeTest-1753351735 tempest-AttachVolumeNegativeTest-1753351735-project] 10.222.0.15 "GET /v2.0/ports?device_id=621d9871-ba2b-4b8e-aadf-8c10c1ee97d2 HTTP/1.1" status: 200 len: 943 time: 0.0824194
Sep 16 19:54:50.760316 dv-cinder-804294-2-smb neutron-server[111776]: INFO neutron.wsgi [req-11e901eb-104c-4b9b-bdee-9d5a11de8d3f req-4f154d6e-d19b-4bab-9f90-9208873a0700 tempest-AttachVolumeNegativeTest-1753351735 tempest-AttachVolumeNegativeTest-1753351735-project] 10.222.0.15 "GET /v2.0/security-groups?id=6600481f-2ab2-4f9f-8d83-1f635f9fbd7f&fields=id&fields=name HTTP/1.1" status: 200 len: 286 time: 0.0364187
Sep 16 19:54:50.955219 dv-cinder-804294-2-smb neutron-server[111777]: DEBUG neutron.pecan_wsgi.hooks.policy_enforcement [req-f52e7f4f-2eab-418f-8e63-871d74cabd74 req-fbc9cc57-47ec-4a44-bcde-d248a8a52c10 tempest-ServerRescueNegativeTestJSON-117759128 tempest-ServerRescueNegativeTestJSON-117759128-project] Attributes excluded by policy engine: ['standard_attr_id', 'binding:profile', 'binding:host_id', 'binding:vif_type', 'binding:vif_details'] {{(pid=111777) _exclude_attributes_by_policy /opt/stack/neutron/neutron/pecan_wsgi/hooks/policy_enforcement.py:255}}
Sep 16 19:54:50.956691 dv-cinder-804294-2-smb neutron-server[111777]: INFO neutron.wsgi [req-f52e7f4f-2eab-418f-8e63-871d74cabd74 req-fbc9cc57-47ec-4a44-bcde-d248a8a52c10 tempest-ServerRescueNegativeTestJSON-117759128 tempest-ServerRescueNegativeTestJSON-117759128-project] 10.222.0.15 "GET /v2.0/ports?device_id=742ed14e-9178-46a0-901e-efe7a58b1fa0 HTTP/1.1" status: 200 len: 946 time: 0.0491197
Sep 16 19:54:50.986170 dv-cinder-804294-2-smb neutron-server[111776]: DEBUG neutron.wsgi [-] (111776) accepted ('10.222.0.15', 57832) {{(pid=111776) server /usr/local/lib/python3.8/dist-packages/eventlet/wsgi.py:982}}
Sep 16 19:54:51.006550 dv-cinder-804294-2-smb neutron-server[111777]: INFO neutron.wsgi [req-f52e7f4f-2eab-418f-8e63-871d74cabd74 req-d06352fa-86aa-4097-af44-f21de7d15e99 tempest-ServerRescueNegativeTestJSON-117759128 tempest-ServerRescueNegativeTestJSON-117759128-project] 10.222.0.15 "GET /v2.0/security-groups?id=aca9216e-77a6-4c7d-ab5c-f2d6ed64f407&fields=id&fields=name HTTP/1.1" status: 200 len: 286 time: 0.0438569
Sep 16 19:54:51.007939 dv-cinder-804294-2-smb neutron-server[111776]: DEBUG neutron_lib.callbacks.manager [None req-0ea72b62-1bec-49d0-934d-e46de6b1127d admin admin] Notify callbacks [] for security_group, before_create {{(pid=111776) _notify_loop /usr/local/lib/python3.8/dist-packages/neutron_lib/callbacks/manager.py:192}}
Sep 16 19:54:51.120702 dv-cinder-804294-2-smb neutron-server[111776]: DEBUG neutron_lib.callbacks.manager [None req-0ea72b62-1bec-49d0-934d-e46de6b1127d admin admin] Notify callbacks [] for security_group, precommit_create {{(pid=111776) _notify_loop /usr/local/lib/python3.8/dist-packages/neutron_lib/callbacks/manager.py:192}}
Sep 16 19:54:51.179659 dv-cinder-804294-2-smb neutron-server[111777]: DEBUG neutron_lib.callbacks.manager [None req-b24f1334-d5d8-417c-92e1-599f97bd41df admin admin] Notify callbacks [] for security_group, before_create {{(pid=111777) _notify_loop /usr/local/lib/python3.8/dist-packages/neutron_lib/callbacks/manager.py:192}}
Sep 16 19:54:51.192396 dv-cinder-804294-2-smb neutron-server[111777]: DEBUG neutron.wsgi [-] (111777) accepted ('10.222.0.15', 57838) {{(pid=111777) server /usr/local/lib/python3.8/dist-packages/eventlet/wsgi.py:982}}
Sep 16 19:54:51.199967 dv-cinder-804294-2-smb neutron-server[111776]: DEBUG neutron_lib.callbacks.manager [None req-0ea72b62-1bec-49d0-934d-e46de6b1127d admin admin] Notify callbacks ['neutron.plugins.ml2.ovo_rpc._ObjectChangeHandler.handle_event-285651'] for security_group, after_create {{(pid=111776) _notify_loop /usr/local/lib/python3.8/dist-packages/neutron_lib/callbacks/manager.py:192}}
Sep 16 19:54:51.250461 dv-cinder-804294-2-smb neutron-server[111776]: INFO neutron.wsgi [None req-0ea72b62-1bec-49d0-934d-e46de6b1127d admin admin] 10.222.0.15 "GET /v2.0/security-groups?tenant_id=05f71408ddd34534a58fdcec556d1d35&name=default HTTP/1.1" status: 200 len: 2979 time: 0.2629910
Sep 16 19:54:51.251275 dv-cinder-804294-2-smb neutron-server[111776]: DEBUG neutron.api.rpc.handlers.resources_rpc [None req-0ea72b62-1bec-49d0-934d-e46de6b1127d admin admin] Pushing event updated for resources: {'SecurityGroup': ['ID=62f13f3a-c66b-4d71-a087-195cca6ddc22,revision_number=1']} {{(pid=111776) push /opt/stack/neutron/neutron/api/rpc/handlers/resources_rpc.py:237}}
Sep 16 19:54:51.253671 dv-cinder-804294-2-smb neutron-server[111776]: DEBUG neutron.wsgi [-] (111776) accepted ('10.222.0.15', 57842) {{(pid=111776) server /usr/local/lib/python3.8/dist-packages/eventlet/wsgi.py:982}}
Sep 16 19:54:51.279848 dv-cinder-804294-2-smb neutron-server[111777]: DEBUG neutron_lib.callbacks.manager [None req-b6044f8e-ad3e-4b3a-995c-031aaf8d6de9 admin admin] Notify callbacks [] for security_group, before_create {{(pid=111777) _notify_loop /usr/local/lib/python3.8/dist-packages/neutron_lib/callbacks/manager.py:192}}
Sep 16 19:54:51.303760 dv-cinder-804294-2-smb neutron-server[111776]: DEBUG neutron_lib.callbacks.manager [None req-8c5a7cc4-a8c7-4715-b123-7d090f486c1f admin admin] Notify callbacks [] for security_group, before_delete {{(pid=111776) _notify_loop /usr/local/lib/python3.8/dist-packages/neutron_lib/callbacks/manager.py:192}}
Sep 16 19:54:51.313780 dv-cinder-804294-2-smb neutron-server[111777]: DEBUG neutron_lib.callbacks.manager [None req-b24f1334-d5d8-417c-92e1-599f97bd41df admin admin] Notify callbacks [] for security_group, precommit_create {{(pid=111777) _notify_loop /usr/local/lib/python3.8/dist-packages/neutron_lib/callbacks/manager.py:192}}
Sep 16 19:54:51.327038 dv-cinder-804294-2-smb neutron-server[111776]: DEBUG neutron_lib.callbacks.manager [None req-8c5a7cc4-a8c7-4715-b123-7d090f486c1f admin admin] Notify callbacks [] for security_group, precommit_delete {{(pid=111776) _notify_loop /usr/local/lib/python3.8/dist-packages/neutron_lib/callbacks/manager.py:192}}
Sep 16 19:54:51.402735 dv-cinder-804294-2-smb neutron-server[111777]: DEBUG neutron_lib.callbacks.manager [None req-b24f1334-d5d8-417c-92e1-599f97bd41df admin admin] Notify callbacks ['neutron.plugins.ml2.ovo_rpc._ObjectChangeHandler.handle_event-285651'] for security_group, after_create {{(pid=111777) _notify_loop /usr/local/lib/python3.8/dist-packages/neutron_lib/callbacks/manager.py:192}}
Sep 16 19:54:51.451759 dv-cinder-804294-2-smb neutron-server[111776]: DEBUG neutron.wsgi [-] (111776) accepted ('10.222.0.15', 57846) {{(pid=111776) server /usr/local/lib/python3.8/dist-packages/eventlet/wsgi.py:982}}
Sep 16 19:54:51.466943 dv-cinder-804294-2-smb neutron-server[111777]: INFO neutron.wsgi [None req-b24f1334-d5d8-417c-92e1-599f97bd41df admin admin] 10.222.0.15 "GET /v2.0/security-groups?tenant_id=83baa8acc8ee4cd893ea39cfcd7c9b6a&name=default HTTP/1.1" status: 200 len: 2979 time: 0.8014860
Sep 16 19:54:51.467288 dv-cinder-804294-2-smb neutron-server[111776]: DEBUG neutron.wsgi [-] (111776) accepted ('10.222.0.15', 57848) {{(pid=111776) server /usr/local/lib/python3.8/dist-packages/eventlet/wsgi.py:982}}
Sep 16 19:54:51.469449 dv-cinder-804294-2-smb neutron-server[111777]: DEBUG neutron.api.rpc.handlers.resources_rpc [None req-b24f1334-d5d8-417c-92e1-599f97bd41df admin admin] Pushing event updated for resources: {'SecurityGroup': ['ID=017ac2de-dbb9-412e-82a3-35fc55515f2d,revision_number=1']} {{(pid=111777) push /opt/stack/neutron/neutron/api/rpc/handlers/resources_rpc.py:237}}
Sep 16 19:54:51.490862 dv-cinder-804294-2-smb neutron-server[111776]: DEBUG neutron_lib.callbacks.manager [None req-8c5a7cc4-a8c7-4715-b123-7d090f486c1f admin admin] Notify callbacks ['neutron.plugins.ml2.ovo_rpc._ObjectChangeHandler.handle_event-285651'] for security_group, after_delete {{(pid=111776) _notify_loop /usr/local/lib/python3.8/dist-packages/neutron_lib/callbacks/manager.py:192}}
Sep 16 19:54:51.493331 dv-cinder-804294-2-smb neutron-server[111776]: DEBUG neutron_lib.callbacks.manager [None req-8c5a7cc4-a8c7-4715-b123-7d090f486c1f admin admin] Notify callbacks [] for security_group, before_response {{(pid=111776) _notify_loop /usr/local/lib/python3.8/dist-packages/neutron_lib/callbacks/manager.py:192}}
Sep 16 19:54:51.494494 dv-cinder-804294-2-smb neutron-server[111776]: INFO neutron.wsgi [None req-8c5a7cc4-a8c7-4715-b123-7d090f486c1f admin admin] 10.222.0.15 "DELETE /v2.0/security-groups/62f13f3a-c66b-4d71-a087-195cca6ddc22 HTTP/1.1" status: 204 len: 168 time: 0.2398310
Sep 16 19:54:51.527000 dv-cinder-804294-2-smb neutron-server[111776]: DEBUG neutron.api.rpc.handlers.resources_rpc [None req-8c5a7cc4-a8c7-4715-b123-7d090f486c1f admin admin] Pushing event deleted for resources: {'SecurityGroup': ['ID=62f13f3a-c66b-4d71-a087-195cca6ddc22,revision_number=None']} {{(pid=111776) push /opt/stack/neutron/neutron/api/rpc/handlers/resources_rpc.py:237}}
Sep 16 19:54:51.534732 dv-cinder-804294-2-smb neutron-server[111777]: DEBUG neutron_lib.callbacks.manager [None req-b6044f8e-ad3e-4b3a-995c-031aaf8d6de9 admin admin] Notify callbacks [] for security_group, precommit_create {{(pid=111777) _notify_loop /usr/local/lib/python3.8/dist-packages/neutron_lib/callbacks/manager.py:192}}
Sep 16 19:54:51.541277 dv-cinder-804294-2-smb neutron-server[111776]: INFO neutron.wsgi [None req-1bb0ab5f-213e-4333-a7c2-6e56bef879b5 admin admin] 10.222.0.15 "GET /v2.0/security-groups?tenant_id=342830009b194b2ea08d8fa4b2eda946&name=default HTTP/1.1" status: 200 len: 2975 time: 0.0883956
Sep 16 19:54:51.543961 dv-cinder-804294-2-smb neutron-server[111777]: DEBUG neutron.wsgi [-] (111777) accepted ('10.222.0.15', 57852) {{(pid=111777) server /usr/local/lib/python3.8/dist-packages/eventlet/wsgi.py:982}}
