Aug 11 13:25:37.431027 dv-cinder-804118-1-smb devstack@n-api.service[107947]: INFO nova.api.openstack.requestlog [None req-261cefd1-8ad0-4db7-912f-cf9205ce8965 tempest-VolumesSnapshotTestJSON-593358064 tempest-VolumesSnapshotTestJSON-593358064-project] 10.222.0.61 "GET /compute/v2.1/servers/1acb1737-3625-4f12-a47e-6dc284c2811b" status: 200 len: 1318 microversion: 2.1 time: 0.221677
Aug 11 13:25:37.431717 dv-cinder-804118-1-smb devstack@n-api.service[107947]: [pid: 107947|app: 0|req: 126/268] 10.222.0.61 () {58 vars in 1236 bytes} [Wed Aug 11 13:25:37 2021] GET /compute/v2.1/servers/1acb1737-3625-4f12-a47e-6dc284c2811b => generated 1318 bytes in 223 msecs (HTTP/1.1 200) 9 headers in 358 bytes (1 switches on core 0)
Aug 11 13:25:37.675988 dv-cinder-804118-1-smb devstack@n-api.service[107948]: DEBUG nova.api.openstack.wsgi [None req-fd85c429-46f5-4ad7-a7b5-52f59d00473b tempest-AttachVolumeTestJSON-739112174 tempest-AttachVolumeTestJSON-739112174-project] Action: 'action', calling method: >, body: {"os-getConsoleOutput": {}} {{(pid=107948) _process_stack /opt/stack/nova/nova/api/openstack/wsgi.py:511}}
Aug 11 13:25:37.676960 dv-cinder-804118-1-smb devstack@n-api.service[107948]: DEBUG nova.compute.api [None req-fd85c429-46f5-4ad7-a7b5-52f59d00473b tempest-AttachVolumeTestJSON-739112174 tempest-AttachVolumeTestJSON-739112174-project] [instance: d7042019-868f-4bdc-b7a0-26ee042b16c3] Fetching instance by UUID {{(pid=107948) get /opt/stack/nova/nova/compute/api.py:2791}}
Aug 11 13:25:37.682680 dv-cinder-804118-1-smb devstack@n-api.service[107948]: DEBUG oslo_concurrency.lockutils [None req-fd85c429-46f5-4ad7-a7b5-52f59d00473b tempest-AttachVolumeTestJSON-739112174 tempest-AttachVolumeTestJSON-739112174-project] Lock "88eb6d5c-c3c4-48da-8252-730aa281bfec" acquired by "nova.context.set_target_cell..get_or_set_cached_cell_and_set_connections" :: waited 0.000s {{(pid=107948) inner /usr/local/lib/python3.8/dist-packages/oslo_concurrency/lockutils.py:355}}
Aug 11 13:25:37.683133 dv-cinder-804118-1-smb devstack@n-api.service[107948]: DEBUG oslo_concurrency.lockutils [None req-fd85c429-46f5-4ad7-a7b5-52f59d00473b tempest-AttachVolumeTestJSON-739112174 tempest-AttachVolumeTestJSON-739112174-project] Lock "88eb6d5c-c3c4-48da-8252-730aa281bfec" released by "nova.context.set_target_cell..get_or_set_cached_cell_and_set_connections" :: held 0.000s {{(pid=107948) inner /usr/local/lib/python3.8/dist-packages/oslo_concurrency/lockutils.py:367}}
Aug 11 13:25:37.683919 dv-cinder-804118-1-smb devstack@n-api.service[107948]: DEBUG oslo_concurrency.lockutils [None req-fd85c429-46f5-4ad7-a7b5-52f59d00473b tempest-AttachVolumeTestJSON-739112174 tempest-AttachVolumeTestJSON-739112174-project] Lock "88eb6d5c-c3c4-48da-8252-730aa281bfec" acquired by "nova.context.set_target_cell..get_or_set_cached_cell_and_set_connections" :: waited 0.000s {{(pid=107948) inner /usr/local/lib/python3.8/dist-packages/oslo_concurrency/lockutils.py:355}}
Aug 11 13:25:37.684358 dv-cinder-804118-1-smb devstack@n-api.service[107948]: DEBUG oslo_concurrency.lockutils [None req-fd85c429-46f5-4ad7-a7b5-52f59d00473b tempest-AttachVolumeTestJSON-739112174 tempest-AttachVolumeTestJSON-739112174-project] Lock "88eb6d5c-c3c4-48da-8252-730aa281bfec" released by "nova.context.set_target_cell..get_or_set_cached_cell_and_set_connections" :: held 0.000s {{(pid=107948) inner /usr/local/lib/python3.8/dist-packages/oslo_concurrency/lockutils.py:367}}
Aug 11 13:25:37.790842 dv-cinder-804118-1-smb devstack@n-api.service[107948]: INFO nova.api.openstack.requestlog [None req-fd85c429-46f5-4ad7-a7b5-52f59d00473b tempest-AttachVolumeTestJSON-739112174 tempest-AttachVolumeTestJSON-739112174-project] 10.222.0.61 "POST /compute/v2.1/servers/d7042019-868f-4bdc-b7a0-26ee042b16c3/action" status: 200 len: 28148 microversion: 2.1 time: 0.118489
Aug 11 13:25:37.791878 dv-cinder-804118-1-smb devstack@n-api.service[107948]: [pid: 107948|app: 0|req: 143/269] 10.222.0.61 () {60 vars in 1278 bytes} [Wed Aug 11 13:25:37 2021] POST /compute/v2.1/servers/d7042019-868f-4bdc-b7a0-26ee042b16c3/action => generated 28148 bytes in 120 msecs (HTTP/1.1 200) 9 headers in 359 bytes (1 switches on core 0)
Aug 11 13:25:38.015883 dv-cinder-804118-1-smb devstack@n-api.service[107947]: DEBUG nova.api.openstack.wsgi [None req-068d5bfa-1dda-4056-87e5-445e1aa3e203 tempest-ServerRescueNegativeTestJSON-699218172 tempest-ServerRescueNegativeTestJSON-699218172-project] Calling method '>' {{(pid=107947) _process_stack /opt/stack/nova/nova/api/openstack/wsgi.py:513}}
Aug 11 13:25:38.016481 dv-cinder-804118-1-smb devstack@n-api.service[107947]: DEBUG nova.compute.api [None req-068d5bfa-1dda-4056-87e5-445e1aa3e203 tempest-ServerRescueNegativeTestJSON-699218172 tempest-ServerRescueNegativeTestJSON-699218172-project] [instance: 5b3a4a92-97c7-421f-bf66-7fcd9fc48d95] Fetching instance by UUID {{(pid=107947) get /opt/stack/nova/nova/compute/api.py:2791}}
Aug 11 13:25:38.022678 dv-cinder-804118-1-smb devstack@n-api.service[107947]: DEBUG oslo_concurrency.lockutils [None req-068d5bfa-1dda-4056-87e5-445e1aa3e203 tempest-ServerRescueNegativeTestJSON-699218172 tempest-ServerRescueNegativeTestJSON-699218172-project] Lock "88eb6d5c-c3c4-48da-8252-730aa281bfec" acquired by "nova.context.set_target_cell..get_or_set_cached_cell_and_set_connections" :: waited 0.000s {{(pid=107947) inner /usr/local/lib/python3.8/dist-packages/oslo_concurrency/lockutils.py:355}}
Aug 11 13:25:38.023124 dv-cinder-804118-1-smb devstack@n-api.service[107947]: DEBUG oslo_concurrency.lockutils [None req-068d5bfa-1dda-4056-87e5-445e1aa3e203 tempest-ServerRescueNegativeTestJSON-699218172 tempest-ServerRescueNegativeTestJSON-699218172-project] Lock "88eb6d5c-c3c4-48da-8252-730aa281bfec" released by "nova.context.set_target_cell..get_or_set_cached_cell_and_set_connections" :: held 0.001s {{(pid=107947) inner /usr/local/lib/python3.8/dist-packages/oslo_concurrency/lockutils.py:367}}
Aug 11 13:25:38.023883 dv-cinder-804118-1-smb devstack@n-api.service[107947]: DEBUG oslo_concurrency.lockutils [None req-068d5bfa-1dda-4056-87e5-445e1aa3e203 tempest-ServerRescueNegativeTestJSON-699218172 tempest-ServerRescueNegativeTestJSON-699218172-project] Lock "88eb6d5c-c3c4-48da-8252-730aa281bfec" acquired by "nova.context.set_target_cell..get_or_set_cached_cell_and_set_connections" :: waited 0.000s {{(pid=107947) inner /usr/local/lib/python3.8/dist-packages/oslo_concurrency/lockutils.py:355}}
Aug 11 13:25:38.024303 dv-cinder-804118-1-smb devstack@n-api.service[107947]: DEBUG oslo_concurrency.lockutils [None req-068d5bfa-1dda-4056-87e5-445e1aa3e203 tempest-ServerRescueNegativeTestJSON-699218172 tempest-ServerRescueNegativeTestJSON-699218172-project] Lock "88eb6d5c-c3c4-48da-8252-730aa281bfec" released by "nova.context.set_target_cell..get_or_set_cached_cell_and_set_connections" :: held 0.000s {{(pid=107947) inner /usr/local/lib/python3.8/dist-packages/oslo_concurrency/lockutils.py:367}}
Aug 11 13:25:38.129385 dv-cinder-804118-1-smb devstack@n-api.service[107948]: DEBUG nova.api.openstack.wsgi [None req-bce6ff94-1be8-4d42-a4b1-96afcdac8763 tempest-AttachVolumeShelveTestJSON-1068673423 tempest-AttachVolumeShelveTestJSON-1068673423-project] Calling method '>' {{(pid=107948) _process_stack /opt/stack/nova/nova/api/openstack/wsgi.py:513}}
Aug 11 13:25:38.131370 dv-cinder-804118-1-smb devstack@n-api.service[107948]: DEBUG nova.compute.api [None req-bce6ff94-1be8-4d42-a4b1-96afcdac8763 tempest-AttachVolumeShelveTestJSON-1068673423 tempest-AttachVolumeShelveTestJSON-1068673423-project] [instance: 39b09469-0fa3-469e-98f2-cee79850b7df] Fetching instance by UUID {{(pid=107948) get /opt/stack/nova/nova/compute/api.py:2791}}
Aug 11 13:25:38.140639 dv-cinder-804118-1-smb devstack@n-api.service[107948]: DEBUG oslo_concurrency.lockutils [None req-bce6ff94-1be8-4d42-a4b1-96afcdac8763 tempest-AttachVolumeShelveTestJSON-1068673423 tempest-AttachVolumeShelveTestJSON-1068673423-project] Lock "88eb6d5c-c3c4-48da-8252-730aa281bfec" acquired by "nova.context.set_target_cell..get_or_set_cached_cell_and_set_connections" :: waited 0.000s {{(pid=107948) inner /usr/local/lib/python3.8/dist-packages/oslo_concurrency/lockutils.py:355}}
Aug 11 13:25:38.141178 dv-cinder-804118-1-smb devstack@n-api.service[107948]: DEBUG oslo_concurrency.lockutils [None req-bce6ff94-1be8-4d42-a4b1-96afcdac8763 tempest-AttachVolumeShelveTestJSON-1068673423 tempest-AttachVolumeShelveTestJSON-1068673423-project] Lock "88eb6d5c-c3c4-48da-8252-730aa281bfec" released by "nova.context.set_target_cell..get_or_set_cached_cell_and_set_connections" :: held 0.001s {{(pid=107948) inner /usr/local/lib/python3.8/dist-packages/oslo_concurrency/lockutils.py:367}}
Aug 11 13:25:38.142111 dv-cinder-804118-1-smb devstack@n-api.service[107948]: DEBUG oslo_concurrency.lockutils [None req-bce6ff94-1be8-4d42-a4b1-96afcdac8763 tempest-AttachVolumeShelveTestJSON-1068673423 tempest-AttachVolumeShelveTestJSON-1068673423-project] Lock "88eb6d5c-c3c4-48da-8252-730aa281bfec" acquired by "nova.context.set_target_cell..get_or_set_cached_cell_and_set_connections" :: waited 0.000s {{(pid=107948) inner /usr/local/lib/python3.8/dist-packages/oslo_concurrency/lockutils.py:355}}
Aug 11 13:25:38.142636 dv-cinder-804118-1-smb devstack@n-api.service[107948]: DEBUG oslo_concurrency.lockutils [None req-bce6ff94-1be8-4d42-a4b1-96afcdac8763 tempest-AttachVolumeShelveTestJSON-1068673423 tempest-AttachVolumeShelveTestJSON-1068673423-project] Lock "88eb6d5c-c3c4-48da-8252-730aa281bfec" released by "nova.context.set_target_cell..get_or_set_cached_cell_and_set_connections" :: held 0.000s {{(pid=107948) inner /usr/local/lib/python3.8/dist-packages/oslo_concurrency/lockutils.py:367}}
Aug 11 13:25:38.172451 dv-cinder-804118-1-smb devstack@n-api.service[107947]: DEBUG nova.policy [None req-068d5bfa-1dda-4056-87e5-445e1aa3e203 tempest-ServerRescueNegativeTestJSON-699218172 tempest-ServerRescueNegativeTestJSON-699218172-project] Policy check for os_compute_api:os-extended-server-attributes failed with credentials {'is_admin': False, 'user_id': '26b29c8ec00b452db5616d5527e0639b', 'user_domain_id': 'default', 'system_scope': None, 'domain_id': None, 'project_id': 'b05398a9cb9d48a7951f6db19254150b', 'project_domain_id': 'default', 'roles': ['reader', 'member'], 'is_admin_project': True, 'service_user_id': None, 'service_user_domain_id': None, 'service_project_id': None, 'service_project_domain_id': None, 'service_roles': []} {{(pid=107947) authorize /opt/stack/nova/nova/policy.py:199}}
Aug 11 13:25:38.180932 dv-cinder-804118-1-smb devstack@n-api.service[107947]: INFO nova.api.openstack.requestlog [None req-068d5bfa-1dda-4056-87e5-445e1aa3e203 tempest-ServerRescueNegativeTestJSON-699218172 tempest-ServerRescueNegativeTestJSON-699218172-project] 10.222.0.61 "GET /compute/v2.1/servers/5b3a4a92-97c7-421f-bf66-7fcd9fc48d95" status: 200 len: 1521 microversion: 2.1 time: 0.168610
Aug 11 13:25:38.181544 dv-cinder-804118-1-smb devstack@n-api.service[107947]: [pid: 107947|app: 0|req: 127/270] 10.222.0.61 () {58 vars in 1236 bytes} [Wed Aug 11 13:25:38 2021] GET /compute/v2.1/servers/5b3a4a92-97c7-421f-bf66-7fcd9fc48d95 => generated 1521 bytes in 170 msecs (HTTP/1.1 200) 9 headers in 358 bytes (1 switches on core 0)
Aug 11 13:25:38.271320 dv-cinder-804118-1-smb devstack@n-api.service[107948]: DEBUG nova.policy [None req-bce6ff94-1be8-4d42-a4b1-96afcdac8763 tempest-AttachVolumeShelveTestJSON-1068673423 tempest-AttachVolumeShelveTestJSON-1068673423-project] Policy check for os_compute_api:os-extended-server-attributes failed with credentials {'is_admin': False, 'user_id': '02630f482bf7446690a539ee02aea5c3', 'user_domain_id': 'default', 'system_scope': None, 'domain_id': None, 'project_id': '18fd54e36dce47f4bcfd0216a31fb94e', 'project_domain_id': 'default', 'roles': ['reader', 'member'], 'is_admin_project': True, 'service_user_id': None, 'service_user_domain_id': None, 'service_project_id': None, 'service_project_domain_id': None, 'service_roles': []} {{(pid=107948) authorize /opt/stack/nova/nova/policy.py:199}}
Aug 11 13:25:38.279803 dv-cinder-804118-1-smb devstack@n-api.service[107948]: DEBUG nova.policy [None req-bce6ff94-1be8-4d42-a4b1-96afcdac8763 tempest-AttachVolumeShelveTestJSON-1068673423 tempest-AttachVolumeShelveTestJSON-1068673423-project] Policy check for os_compute_api:servers:show:host_status failed with credentials {'is_admin': False, 'user_id': '02630f482bf7446690a539ee02aea5c3', 'user_domain_id': 'default', 'system_scope': None, 'domain_id': None, 'project_id': '18fd54e36dce47f4bcfd0216a31fb94e', 'project_domain_id': 'default', 'roles': ['reader', 'member'], 'is_admin_project': True, 'service_user_id': None, 'service_user_domain_id': None, 'service_project_id': None, 'service_project_domain_id': None, 'service_roles': []} {{(pid=107948) authorize /opt/stack/nova/nova/policy.py:199}}
Aug 11 13:25:38.281379 dv-cinder-804118-1-smb devstack@n-api.service[107948]: DEBUG nova.policy [None req-bce6ff94-1be8-4d42-a4b1-96afcdac8763 tempest-AttachVolumeShelveTestJSON-1068673423 tempest-AttachVolumeShelveTestJSON-1068673423-project] Policy check for os_compute_api:servers:show:host_status:unknown-only failed with credentials {'is_admin': False, 'user_id': '02630f482bf7446690a539ee02aea5c3', 'user_domain_id': 'default', 'system_scope': None, 'domain_id': None, 'project_id': '18fd54e36dce47f4bcfd0216a31fb94e', 'project_domain_id': 'default', 'roles': ['reader', 'member'], 'is_admin_project': True, 'service_user_id': None, 'service_user_domain_id': None, 'service_project_id': None, 'service_project_domain_id': None, 'service_roles': []} {{(pid=107948) authorize /opt/stack/nova/nova/policy.py:199}}
Aug 11 13:25:38.282549 dv-cinder-804118-1-smb devstack@n-api.service[107948]: INFO nova.api.openstack.requestlog [None req-bce6ff94-1be8-4d42-a4b1-96afcdac8763 tempest-AttachVolumeShelveTestJSON-1068673423 tempest-AttachVolumeShelveTestJSON-1068673423-project] 10.222.0.61 "GET /compute/v2.1/servers/39b09469-0fa3-469e-98f2-cee79850b7df" status: 200 len: 1408 microversion: 2.20 time: 0.158245
Aug 11 13:25:38.283655 dv-cinder-804118-1-smb devstack@n-api.service[107948]: [pid: 107948|app: 0|req: 144/271] 10.222.0.61 () {60 vars in 1277 bytes} [Wed Aug 11 13:25:38 2021] GET /compute/v2.1/servers/39b09469-0fa3-469e-98f2-cee79850b7df => generated 1408 bytes in 160 msecs (HTTP/1.1 200) 9 headers in 360 bytes (2 switches on core 0)
Aug 11 13:25:38.422672 dv-cinder-804118-1-smb devstack@n-api.service[107947]: DEBUG nova.api.openstack.wsgi [None req-524b6d89-3a31-4553-a01d-11c278386290 tempest-AttachVolumeNegativeTest-1241920209 tempest-AttachVolumeNegativeTest-1241920209-project] Calling method '>' {{(pid=107947) _process_stack /opt/stack/nova/nova/api/openstack/wsgi.py:513}}
Aug 11 13:25:38.423229 dv-cinder-804118-1-smb devstack@n-api.service[107947]: DEBUG nova.compute.api [None req-524b6d89-3a31-4553-a01d-11c278386290 tempest-AttachVolumeNegativeTest-1241920209 tempest-AttachVolumeNegativeTest-1241920209-project] [instance: 63815564-ffa5-4dc1-b6ee-710f63161841] Fetching instance by UUID {{(pid=107947) get /opt/stack/nova/nova/compute/api.py:2791}}
Aug 11 13:25:38.429338 dv-cinder-804118-1-smb devstack@n-api.service[107947]: DEBUG oslo_concurrency.lockutils [None req-524b6d89-3a31-4553-a01d-11c278386290 tempest-AttachVolumeNegativeTest-1241920209 tempest-AttachVolumeNegativeTest-1241920209-project] Lock "88eb6d5c-c3c4-48da-8252-730aa281bfec" acquired by "nova.context.set_target_cell..get_or_set_cached_cell_and_set_connections" :: waited 0.000s {{(pid=107947) inner /usr/local/lib/python3.8/dist-packages/oslo_concurrency/lockutils.py:355}}
Aug 11 13:25:38.430217 dv-cinder-804118-1-smb devstack@n-api.service[107947]: DEBUG oslo_concurrency.lockutils [None req-524b6d89-3a31-4553-a01d-11c278386290 tempest-AttachVolumeNegativeTest-1241920209 tempest-AttachVolumeNegativeTest-1241920209-project] Lock "88eb6d5c-c3c4-48da-8252-730aa281bfec" released by "nova.context.set_target_cell..get_or_set_cached_cell_and_set_connections" :: held 0.001s {{(pid=107947) inner /usr/local/lib/python3.8/dist-packages/oslo_concurrency/lockutils.py:367}}
Aug 11 13:25:38.431160 dv-cinder-804118-1-smb devstack@n-api.service[107947]: DEBUG oslo_concurrency.lockutils [None req-524b6d89-3a31-4553-a01d-11c278386290 tempest-AttachVolumeNegativeTest-1241920209 tempest-AttachVolumeNegativeTest-1241920209-project] Lock "88eb6d5c-c3c4-48da-8252-730aa281bfec" acquired by "nova.context.set_target_cell..get_or_set_cached_cell_and_set_connections" :: waited 0.000s {{(pid=107947) inner /usr/local/lib/python3.8/dist-packages/oslo_concurrency/lockutils.py:355}}
Aug 11 13:25:38.431593 dv-cinder-804118-1-smb devstack@n-api.service[107947]: DEBUG oslo_concurrency.lockutils [None req-524b6d89-3a31-4553-a01d-11c278386290 tempest-AttachVolumeNegativeTest-1241920209 tempest-AttachVolumeNegativeTest-1241920209-project] Lock "88eb6d5c-c3c4-48da-8252-730aa281bfec" released by "nova.context.set_target_cell..get_or_set_cached_cell_and_set_connections" :: held 0.000s {{(pid=107947) inner /usr/local/lib/python3.8/dist-packages/oslo_concurrency/lockutils.py:367}}
Aug 11 13:25:38.448508 dv-cinder-804118-1-smb devstack@n-api.service[107948]: DEBUG nova.api.openstack.wsgi [None req-72244fbd-129f-4eb5-96d5-901de5de744e tempest-VolumesSnapshotTestJSON-593358064 tempest-VolumesSnapshotTestJSON-593358064-project] Calling method '>' {{(pid=107948) _process_stack /opt/stack/nova/nova/api/openstack/wsgi.py:513}}
Aug 11 13:25:38.451659 dv-cinder-804118-1-smb devstack@n-api.service[107948]: DEBUG nova.compute.api [None req-72244fbd-129f-4eb5-96d5-901de5de744e tempest-VolumesSnapshotTestJSON-593358064 tempest-VolumesSnapshotTestJSON-593358064-project] [instance: 1acb1737-3625-4f12-a47e-6dc284c2811b] Fetching instance by UUID {{(pid=107948) get /opt/stack/nova/nova/compute/api.py:2791}}
Aug 11 13:25:38.461746 dv-cinder-804118-1-smb devstack@n-api.service[107948]: DEBUG oslo_concurrency.lockutils [None req-72244fbd-129f-4eb5-96d5-901de5de744e tempest-VolumesSnapshotTestJSON-593358064 tempest-VolumesSnapshotTestJSON-593358064-project] Lock "88eb6d5c-c3c4-48da-8252-730aa281bfec" acquired by "nova.context.set_target_cell..get_or_set_cached_cell_and_set_connections" :: waited 0.000s {{(pid=107948) inner /usr/local/lib/python3.8/dist-packages/oslo_concurrency/lockutils.py:355}}
Aug 11 13:25:38.462205 dv-cinder-804118-1-smb devstack@n-api.service[107948]: DEBUG oslo_concurrency.lockutils [None req-72244fbd-129f-4eb5-96d5-901de5de744e tempest-VolumesSnapshotTestJSON-593358064 tempest-VolumesSnapshotTestJSON-593358064-project] Lock "88eb6d5c-c3c4-48da-8252-730aa281bfec" released by "nova.context.set_target_cell..get_or_set_cached_cell_and_set_connections" :: held 0.001s {{(pid=107948) inner /usr/local/lib/python3.8/dist-packages/oslo_concurrency/lockutils.py:367}}
Aug 11 13:25:38.463280 dv-cinder-804118-1-smb devstack@n-api.service[107948]: DEBUG oslo_concurrency.lockutils [None req-72244fbd-129f-4eb5-96d5-901de5de744e tempest-VolumesSnapshotTestJSON-593358064 tempest-VolumesSnapshotTestJSON-593358064-project] Lock "88eb6d5c-c3c4-48da-8252-730aa281bfec" acquired by "nova.context.set_target_cell..get_or_set_cached_cell_and_set_connections" :: waited 0.000s {{(pid=107948) inner /usr/local/lib/python3.8/dist-packages/oslo_concurrency/lockutils.py:355}}
Aug 11 13:25:38.463724 dv-cinder-804118-1-smb devstack@n-api.service[107948]: DEBUG oslo_concurrency.lockutils [None req-72244fbd-129f-4eb5-96d5-901de5de744e tempest-VolumesSnapshotTestJSON-593358064 tempest-VolumesSnapshotTestJSON-593358064-project] Lock "88eb6d5c-c3c4-48da-8252-730aa281bfec" released by "nova.context.set_target_cell..get_or_set_cached_cell_and_set_connections" :: held 0.001s {{(pid=107948) inner /usr/local/lib/python3.8/dist-packages/oslo_concurrency/lockutils.py:367}}
Aug 11 13:25:38.631721 dv-cinder-804118-1-smb devstack@n-api.service[107947]: DEBUG nova.policy [None req-524b6d89-3a31-4553-a01d-11c278386290 tempest-AttachVolumeNegativeTest-1241920209 tempest-AttachVolumeNegativeTest-1241920209-project] Policy check for os_compute_api:os-extended-server-attributes failed with credentials {'is_admin': False, 'user_id': '997897a1c3184791924bb1cfb96ae775', 'user_domain_id': 'default', 'system_scope': None, 'domain_id': None, 'project_id': '32070a1f6938416f884350345d67b756', 'project_domain_id': 'default', 'roles': ['reader', 'member'], 'is_admin_project': True, 'service_user_id': None, 'service_user_domain_id': None, 'service_project_id': None, 'service_project_domain_id': None, 'service_roles': []} {{(pid=107947) authorize /opt/stack/nova/nova/policy.py:199}}
Aug 11 13:25:38.639534 dv-cinder-804118-1-smb devstack@n-api.service[107947]: INFO nova.api.openstack.requestlog [None req-524b6d89-3a31-4553-a01d-11c278386290 tempest-AttachVolumeNegativeTest-1241920209 tempest-AttachVolumeNegativeTest-1241920209-project] 10.222.0.61 "GET /compute/v2.1/servers/63815564-ffa5-4dc1-b6ee-710f63161841" status: 200 len: 1317 microversion: 2.1 time: 0.220942
Aug 11 13:25:38.640098 dv-cinder-804118-1-smb devstack@n-api.service[107947]: [pid: 107947|app: 0|req: 128/272] 10.222.0.61 () {58 vars in 1236 bytes} [Wed Aug 11 13:25:38 2021] GET /compute/v2.1/servers/63815564-ffa5-4dc1-b6ee-710f63161841 => generated 1317 bytes in 222 msecs (HTTP/1.1 200) 9 headers in 358 bytes (1 switches on core 0)
Aug 11 13:25:38.644049 dv-cinder-804118-1-smb devstack@n-api.service[107948]: DEBUG nova.policy [None req-72244fbd-129f-4eb5-96d5-901de5de744e tempest-VolumesSnapshotTestJSON-593358064 tempest-VolumesSnapshotTestJSON-593358064-project] Policy check for os_compute_api:os-extended-server-attributes failed with credentials {'is_admin': False, 'user_id': 'd8edf95a38f647feb894db9626ab5c71', 'user_domain_id': 'default', 'system_scope': None, 'domain_id': None, 'project_id': '59895a74d25248a19fb720ad3b2bb41d', 'project_domain_id': 'default', 'roles': ['reader', 'member'], 'is_admin_project': True, 'service_user_id': None, 'service_user_domain_id': None, 'service_project_id': None, 'service_project_domain_id': None, 'service_roles': []} {{(pid=107948) authorize /opt/stack/nova/nova/policy.py:199}}
Aug 11 13:25:38.644664 dv-cinder-804118-1-smb devstack@n-api.service[107947]: DEBUG nova.api.openstack.wsgi [None req-c06226f1-5c11-4e68-9dff-f2c4e945213f tempest-VolumesActionsTest-758153535 tempest-VolumesActionsTest-758153535-project] Action: 'create', calling method: >, body: {"server": {"name": "tempest-VolumesActionsTest-instance-1314233624", "imageRef": "f65a4c60-8867-4391-bafb-1a0c36ae007c", "flavorRef": "452", "networks": [{"uuid": "ba387895-bc20-4516-9d91-fdc8bfdeb870"}]}} {{(pid=107947) _process_stack /opt/stack/nova/nova/api/openstack/wsgi.py:511}}
Aug 11 13:25:38.651539 dv-cinder-804118-1-smb devstack@n-api.service[107948]: INFO nova.api.openstack.requestlog [None req-72244fbd-129f-4eb5-96d5-901de5de744e tempest-VolumesSnapshotTestJSON-593358064 tempest-VolumesSnapshotTestJSON-593358064-project] 10.222.0.61 "GET /compute/v2.1/servers/1acb1737-3625-4f12-a47e-6dc284c2811b" status: 200 len: 1318 microversion: 2.1 time: 0.207033
Aug 11 13:25:38.652106 dv-cinder-804118-1-smb devstack@n-api.service[107948]: [pid: 107948|app: 0|req: 145/273] 10.222.0.61 () {58 vars in 1236 bytes} [Wed Aug 11 13:25:38 2021] GET /compute/v2.1/servers/1acb1737-3625-4f12-a47e-6dc284c2811b => generated 1318 bytes in 209 msecs (HTTP/1.1 200) 9 headers in 358 bytes (2 switches on core 0)
Aug 11 13:25:38.695187 dv-cinder-804118-1-smb devstack@n-api.service[107947]: DEBUG nova.network.neutron [None req-c06226f1-5c11-4e68-9dff-f2c4e945213f tempest-VolumesActionsTest-758153535 tempest-VolumesActionsTest-758153535-project] validate_networks() for [('ba387895-bc20-4516-9d91-fdc8bfdeb870', None, None, None)] {{(pid=107947) validate_networks /opt/stack/nova/nova/network/neutron.py:2255}}
Aug 11 13:25:38.803103 dv-cinder-804118-1-smb devstack@n-api.service[107948]: DEBUG nova.api.openstack.wsgi [None req-da883012-4468-4ae4-80fc-85167b97361e tempest-AttachVolumeTestJSON-739112174 tempest-AttachVolumeTestJSON-739112174-project] Action: 'action', calling method: >, body: {"os-getConsoleOutput": {}} {{(pid=107948) _process_stack /opt/stack/nova/nova/api/openstack/wsgi.py:511}}
Aug 11 13:25:38.804076 dv-cinder-804118-1-smb devstack@n-api.service[107948]: DEBUG nova.compute.api [None req-da883012-4468-4ae4-80fc-85167b97361e tempest-AttachVolumeTestJSON-739112174 tempest-AttachVolumeTestJSON-739112174-project] [instance: d7042019-868f-4bdc-b7a0-26ee042b16c3] Fetching instance by UUID {{(pid=107948) get /opt/stack/nova/nova/compute/api.py:2791}}
Aug 11 13:25:38.810344 dv-cinder-804118-1-smb devstack@n-api.service[107948]: DEBUG oslo_concurrency.lockutils [None req-da883012-4468-4ae4-80fc-85167b97361e tempest-AttachVolumeTestJSON-739112174 tempest-AttachVolumeTestJSON-739112174-project] Lock "88eb6d5c-c3c4-48da-8252-730aa281bfec" acquired by "nova.context.set_target_cell..get_or_set_cached_cell_and_set_connections" :: waited 0.000s {{(pid=107948) inner /usr/local/lib/python3.8/dist-packages/oslo_concurrency/lockutils.py:355}}
Aug 11 13:25:38.810719 dv-cinder-804118-1-smb devstack@n-api.service[107948]: DEBUG oslo_concurrency.lockutils [None req-da883012-4468-4ae4-80fc-85167b97361e tempest-AttachVolumeTestJSON-739112174 tempest-AttachVolumeTestJSON-739112174-project] Lock "88eb6d5c-c3c4-48da-8252-730aa281bfec" released by "nova.context.set_target_cell..get_or_set_cached_cell_and_set_connections" :: held 0.001s {{(pid=107948) inner /usr/local/lib/python3.8/dist-packages/oslo_concurrency/lockutils.py:367}}
Aug 11 13:25:38.811490 dv-cinder-804118-1-smb devstack@n-api.service[107948]: DEBUG oslo_concurrency.lockutils [None req-da883012-4468-4ae4-80fc-85167b97361e tempest-AttachVolumeTestJSON-739112174 tempest-AttachVolumeTestJSON-739112174-project] Lock "88eb6d5c-c3c4-48da-8252-730aa281bfec" acquired by "nova.context.set_target_cell..get_or_set_cached_cell_and_set_connections" :: waited 0.000s {{(pid=107948) inner /usr/local/lib/python3.8/dist-packages/oslo_concurrency/lockutils.py:355}}
Aug 11 13:25:38.812104 dv-cinder-804118-1-smb devstack@n-api.service[107948]: DEBUG oslo_concurrency.lockutils [None req-da883012-4468-4ae4-80fc-85167b97361e tempest-AttachVolumeTestJSON-739112174 tempest-AttachVolumeTestJSON-739112174-project] Lock "88eb6d5c-c3c4-48da-8252-730aa281bfec" released by "nova.context.set_target_cell..get_or_set_cached_cell_and_set_connections" :: held 0.001s {{(pid=107948) inner /usr/local/lib/python3.8/dist-packages/oslo_concurrency/lockutils.py:367}}
Aug 11 13:25:39.038400 dv-cinder-804118-1-smb devstack@n-api.service[107947]: DEBUG nova.virt.hardware [None req-c06226f1-5c11-4e68-9dff-f2c4e945213f tempest-VolumesActionsTest-758153535 tempest-VolumesActionsTest-758153535-project] Flavor limits 0:0:0 {{(pid=107947) get_cpu_topology_constraints /opt/stack/nova/nova/virt/hardware.py:343}}
Aug 11 13:25:39.038886 dv-cinder-804118-1-smb devstack@n-api.service[107947]: DEBUG nova.virt.hardware [None req-c06226f1-5c11-4e68-9dff-f2c4e945213f tempest-VolumesActionsTest-758153535 tempest-VolumesActionsTest-758153535-project] Image limits 0:0:0 {{(pid=107947) get_cpu_topology_constraints /opt/stack/nova/nova/virt/hardware.py:347}}
Aug 11 13:25:39.039425 dv-cinder-804118-1-smb devstack@n-api.service[107947]: DEBUG nova.virt.hardware [None req-c06226f1-5c11-4e68-9dff-f2c4e945213f tempest-VolumesActionsTest-758153535 tempest-VolumesActionsTest-758153535-project] Flavor pref 0:0:0 {{(pid=107947) get_cpu_topology_constraints /opt/stack/nova/nova/virt/hardware.py:383}}
Aug 11 13:25:39.040075 dv-cinder-804118-1-smb devstack@n-api.service[107947]: DEBUG nova.virt.hardware [None req-c06226f1-5c11-4e68-9dff-f2c4e945213f tempest-VolumesActionsTest-758153535 tempest-VolumesActionsTest-758153535-project] Image pref 0:0:0 {{(pid=107947) get_cpu_topology_constraints /opt/stack/nova/nova/virt/hardware.py:387}}
Aug 11 13:25:39.040539 dv-cinder-804118-1-smb devstack@n-api.service[107947]: DEBUG nova.virt.hardware [None req-c06226f1-5c11-4e68-9dff-f2c4e945213f tempest-VolumesActionsTest-758153535 tempest-VolumesActionsTest-758153535-project] Chose sockets=0, cores=0, threads=0; limits were sockets=65536, cores=65536, threads=65536 {{(pid=107947) get_cpu_topology_constraints /opt/stack/nova/nova/virt/hardware.py:425}}
Aug 11 13:25:39.050081 dv-cinder-804118-1-smb devstack@n-api.service[107947]: DEBUG oslo_concurrency.lockutils [None req-c06226f1-5c11-4e68-9dff-f2c4e945213f tempest-VolumesActionsTest-758153535 tempest-VolumesActionsTest-758153535-project] Lock "00000000-0000-0000-0000-000000000000" acquired by "nova.context.set_target_cell..get_or_set_cached_cell_and_set_connections" :: waited 0.000s {{(pid=107947) inner /usr/local/lib/python3.8/dist-packages/oslo_concurrency/lockutils.py:355}}
Aug 11 13:25:39.050522 dv-cinder-804118-1-smb devstack@n-api.service[107947]: DEBUG oslo_concurrency.lockutils [None req-c06226f1-5c11-4e68-9dff-f2c4e945213f tempest-VolumesActionsTest-758153535 tempest-VolumesActionsTest-758153535-project] Lock "00000000-0000-0000-0000-000000000000" released by "nova.context.set_target_cell..get_or_set_cached_cell_and_set_connections" :: held 0.001s {{(pid=107947) inner /usr/local/lib/python3.8/dist-packages/oslo_concurrency/lockutils.py:367}}
Aug 11 13:25:39.051301 dv-cinder-804118-1-smb devstack@n-api.service[107947]: DEBUG oslo_concurrency.lockutils [None req-c06226f1-5c11-4e68-9dff-f2c4e945213f tempest-VolumesActionsTest-758153535 tempest-VolumesActionsTest-758153535-project] Lock "88eb6d5c-c3c4-48da-8252-730aa281bfec" acquired by "nova.context.set_target_cell..get_or_set_cached_cell_and_set_connections" :: waited 0.000s {{(pid=107947) inner /usr/local/lib/python3.8/dist-packages/oslo_concurrency/lockutils.py:355}}
Aug 11 13:25:39.051721 dv-cinder-804118-1-smb devstack@n-api.service[107947]: DEBUG oslo_concurrency.lockutils [None req-c06226f1-5c11-4e68-9dff-f2c4e945213f tempest-VolumesActionsTest-758153535 tempest-VolumesActionsTest-758153535-project] Lock "88eb6d5c-c3c4-48da-8252-730aa281bfec" released by "nova.context.set_target_cell..get_or_set_cached_cell_and_set_connections" :: held 0.000s {{(pid=107947) inner /usr/local/lib/python3.8/dist-packages/oslo_concurrency/lockutils.py:367}}
Aug 11 13:25:39.068330 dv-cinder-804118-1-smb devstack@n-api.service[107947]: DEBUG nova.quota [None req-c06226f1-5c11-4e68-9dff-f2c4e945213f tempest-VolumesActionsTest-758153535 tempest-VolumesActionsTest-758153535-project] Getting quotas for project 111838c89d054d7dae1b9ab7f3cbc0cc. Resources: {'cores', 'ram', 'instances'} {{(pid=107947) _get_quotas /opt/stack/nova/nova/quota.py:384}}
Aug 11 13:25:39.072378 dv-cinder-804118-1-smb devstack@n-api.service[107947]: DEBUG nova.quota [None req-c06226f1-5c11-4e68-9dff-f2c4e945213f tempest-VolumesActionsTest-758153535 tempest-VolumesActionsTest-758153535-project] Getting quotas for user d11aef1c9fef489cbcf381bf4225d9d3 and project 111838c89d054d7dae1b9ab7f3cbc0cc. Resources: {'cores', 'ram', 'instances'} {{(pid=107947) _get_quotas /opt/stack/nova/nova/quota.py:374}}
Aug 11 13:25:39.083485 dv-cinder-804118-1-smb devstack@n-api.service[107947]: DEBUG nova.compute.api [None req-c06226f1-5c11-4e68-9dff-f2c4e945213f tempest-VolumesActionsTest-758153535 tempest-VolumesActionsTest-758153535-project] Going to run 1 instances... {{(pid=107947) _provision_instances /opt/stack/nova/nova/compute/api.py:1280}}
Aug 11 13:25:39.085790 dv-cinder-804118-1-smb devstack@n-api.service[107948]: INFO nova.api.openstack.requestlog [None req-da883012-4468-4ae4-80fc-85167b97361e tempest-AttachVolumeTestJSON-739112174 tempest-AttachVolumeTestJSON-739112174-project] 10.222.0.61 "POST /compute/v2.1/servers/d7042019-868f-4bdc-b7a0-26ee042b16c3/action" status: 200 len: 28148 microversion: 2.1 time: 0.286160
Aug 11 13:25:39.085909 dv-cinder-804118-1-smb devstack@n-api.service[107947]: DEBUG nova.compute.api [None req-c06226f1-5c11-4e68-9dff-f2c4e945213f tempest-VolumesActionsTest-758153535 tempest-VolumesActionsTest-758153535-project] [instance: 3bab497d-a737-40cd-b7c2-bd05dbef9fca] block_device_mapping [BlockDeviceMapping(attachment_id=,boot_index=0,connection_info=None,created_at=,delete_on_termination=True,deleted=,deleted_at=,destination_type='local',device_name=None,device_type='disk',disk_bus=None,guest_format=None,id=,image_id='f65a4c60-8867-4391-bafb-1a0c36ae007c',instance=,instance_uuid=,no_device=False,snapshot_id=None,source_type='image',tag=None,updated_at=,uuid=,volume_id=None,volume_size=None,volume_type=None)] {{(pid=107947) _bdm_validate_set_size_and_instance /opt/stack/nova/nova/compute/api.py:1685}}
Aug 11 13:25:39.086576 dv-cinder-804118-1-smb devstack@n-api.service[107948]: [pid: 107948|app: 0|req: 146/274] 10.222.0.61 () {60 vars in 1278 bytes} [Wed Aug 11 13:25:38 2021] POST /compute/v2.1/servers/d7042019-868f-4bdc-b7a0-26ee042b16c3/action => generated 28148 bytes in 289 msecs (HTTP/1.1 200) 9 headers in 359 bytes (2 switches on core 0)
Aug 11 13:25:39.092057 dv-cinder-804118-1-smb devstack@n-api.service[107948]: DEBUG nova.api.openstack.wsgi [req-c80ed2da-c394-48b6-8794-04c81cabd485 req-1a730ea6-95ba-4ef3-8636-3aa004c67d6c service nova] Action: 'create', calling method: >, body: {"events": [{"server_uuid": "39b09469-0fa3-469e-98f2-cee79850b7df", "name": "network-vif-plugged", "status": "completed", "tag": "676f1e45-70f2-4228-ab87-7b5bee7fd87a"}]} {{(pid=107948) _process_stack /opt/stack/nova/nova/api/openstack/wsgi.py:511}}
Aug 11 13:25:39.093566 dv-cinder-804118-1-smb devstack@n-api.service[107948]: /usr/local/lib/python3.8/dist-packages/oslo_policy/policy.py:1064: UserWarning: Policy os_compute_api:os-server-external-events:create failed scope check. The token used to make the request was project scoped but the policy requires ['system'] scope. This behavior may change in the future where using the intended scope is required
Aug 11 13:25:39.093566 dv-cinder-804118-1-smb devstack@n-api.service[107948]: warnings.warn(msg)
Aug 11 13:25:39.101731 dv-cinder-804118-1-smb devstack@n-api.service[107948]: DEBUG oslo_concurrency.lockutils [req-c80ed2da-c394-48b6-8794-04c81cabd485 req-1a730ea6-95ba-4ef3-8636-3aa004c67d6c service nova] Lock "88eb6d5c-c3c4-48da-8252-730aa281bfec" acquired by "nova.context.set_target_cell..get_or_set_cached_cell_and_set_connections" :: waited 0.000s {{(pid=107948) inner /usr/local/lib/python3.8/dist-packages/oslo_concurrency/lockutils.py:355}}
Aug 11 13:25:39.102177 dv-cinder-804118-1-smb devstack@n-api.service[107948]: DEBUG oslo_concurrency.lockutils [req-c80ed2da-c394-48b6-8794-04c81cabd485 req-1a730ea6-95ba-4ef3-8636-3aa004c67d6c service nova] Lock "88eb6d5c-c3c4-48da-8252-730aa281bfec" released by "nova.context.set_target_cell..get_or_set_cached_cell_and_set_connections" :: held 0.001s {{(pid=107948) inner /usr/local/lib/python3.8/dist-packages/oslo_concurrency/lockutils.py:367}}
Aug 11 13:25:39.113580 dv-cinder-804118-1-smb devstack@n-api.service[107948]: INFO nova.api.openstack.compute.server_external_events [req-c80ed2da-c394-48b6-8794-04c81cabd485 req-1a730ea6-95ba-4ef3-8636-3aa004c67d6c service nova] Creating event network-vif-plugged:676f1e45-70f2-4228-ab87-7b5bee7fd87a for instance 39b09469-0fa3-469e-98f2-cee79850b7df on hv-cinder-80411
Aug 11 13:25:39.118962 dv-cinder-804118-1-smb devstack@n-api.service[107948]: INFO nova.api.openstack.requestlog [req-c80ed2da-c394-48b6-8794-04c81cabd485 req-1a730ea6-95ba-4ef3-8636-3aa004c67d6c service nova] 10.222.0.61 "POST /compute/v2.1/os-server-external-events" status: 200 len: 183 microversion: 2.1 time: 0.030672
Aug 11 13:25:39.119634 dv-cinder-804118-1-smb devstack@n-api.service[107948]: [pid: 107948|app: 0|req: 147/275] 10.222.0.61 () {64 vars in 1318 bytes} [Wed Aug 11 13:25:39 2021] POST /compute/v2.1/os-server-external-events => generated 183 bytes in 32 msecs (HTTP/1.1 200) 9 headers in 357 bytes (1 switches on core 0)
Aug 11 13:25:39.131773 dv-cinder-804118-1-smb devstack@n-api.service[107947]: INFO nova.api.openstack.requestlog [None req-c06226f1-5c11-4e68-9dff-f2c4e945213f tempest-VolumesActionsTest-758153535 tempest-VolumesActionsTest-758153535-project] 10.222.0.61 "POST /compute/v2.1/servers" status: 202 len: 380 microversion: 2.1 time: 0.490666
Aug 11 13:25:39.132446 dv-cinder-804118-1-smb devstack@n-api.service[107947]: [pid: 107947|app: 0|req: 129/276] 10.222.0.61 () {60 vars in 1147 bytes} [Wed Aug 11 13:25:38 2021] POST /compute/v2.1/servers => generated 380 bytes in 492 msecs (HTTP/1.1 202) 10 headers in 451 bytes (1 switches on core 0)
Aug 11 13:25:39.142907 dv-cinder-804118-1-smb devstack@n-api.service[107948]: DEBUG nova.api.openstack.wsgi [None req-f8324353-ad21-44b7-bd33-62db9e9cf43b tempest-VolumesActionsTest-758153535 tempest-VolumesActionsTest-758153535-project] Calling method '>' {{(pid=107948) _process_stack /opt/stack/nova/nova/api/openstack/wsgi.py:513}}
Aug 11 13:25:39.143598 dv-cinder-804118-1-smb devstack@n-api.service[107948]: DEBUG nova.compute.api [None req-f8324353-ad21-44b7-bd33-62db9e9cf43b tempest-VolumesActionsTest-758153535 tempest-VolumesActionsTest-758153535-project] [instance: 3bab497d-a737-40cd-b7c2-bd05dbef9fca] Fetching instance by UUID {{(pid=107948) get /opt/stack/nova/nova/compute/api.py:2791}}
Aug 11 13:25:39.198864 dv-cinder-804118-1-smb devstack@n-api.service[107947]: DEBUG nova.api.openstack.wsgi [None req-716f8cad-c7eb-4c2b-b9ac-1f473f4048b1 tempest-ServerRescueNegativeTestJSON-699218172 tempest-ServerRescueNegativeTestJSON-699218172-project] Calling method '>' {{(pid=107947) _process_stack /opt/stack/nova/nova/api/openstack/wsgi.py:513}}
Aug 11 13:25:39.199645 dv-cinder-804118-1-smb devstack@n-api.service[107947]: DEBUG nova.compute.api [None req-716f8cad-c7eb-4c2b-b9ac-1f473f4048b1 tempest-ServerRescueNegativeTestJSON-699218172 tempest-ServerRescueNegativeTestJSON-699218172-project] [instance: 5b3a4a92-97c7-421f-bf66-7fcd9fc48d95] Fetching instance by UUID {{(pid=107947) get /opt/stack/nova/nova/compute/api.py:2791}}
Aug 11 13:25:39.206437 dv-cinder-804118-1-smb devstack@n-api.service[107947]: DEBUG oslo_concurrency.lockutils [None req-716f8cad-c7eb-4c2b-b9ac-1f473f4048b1 tempest-ServerRescueNegativeTestJSON-699218172 tempest-ServerRescueNegativeTestJSON-699218172-project] Lock "88eb6d5c-c3c4-48da-8252-730aa281bfec" acquired by "nova.context.set_target_cell..get_or_set_cached_cell_and_set_connections" :: waited 0.000s {{(pid=107947) inner /usr/local/lib/python3.8/dist-packages/oslo_concurrency/lockutils.py:355}}
Aug 11 13:25:39.206890 dv-cinder-804118-1-smb devstack@n-api.service[107947]: DEBUG oslo_concurrency.lockutils [None req-716f8cad-c7eb-4c2b-b9ac-1f473f4048b1 tempest-ServerRescueNegativeTestJSON-699218172 tempest-ServerRescueNegativeTestJSON-699218172-project] Lock "88eb6d5c-c3c4-48da-8252-730aa281bfec" released by "nova.context.set_target_cell..get_or_set_cached_cell_and_set_connections" :: held 0.001s {{(pid=107947) inner /usr/local/lib/python3.8/dist-packages/oslo_concurrency/lockutils.py:367}}
Aug 11 13:25:39.208539 dv-cinder-804118-1-smb devstack@n-api.service[107947]: DEBUG oslo_concurrency.lockutils [None req-716f8cad-c7eb-4c2b-b9ac-1f473f4048b1 tempest-ServerRescueNegativeTestJSON-699218172 tempest-ServerRescueNegativeTestJSON-699218172-project] Lock "88eb6d5c-c3c4-48da-8252-730aa281bfec" acquired by "nova.context.set_target_cell..get_or_set_cached_cell_and_set_connections" :: waited 0.000s {{(pid=107947) inner /usr/local/lib/python3.8/dist-packages/oslo_concurrency/lockutils.py:355}}
Aug 11 13:25:39.208539 dv-cinder-804118-1-smb devstack@n-api.service[107947]: DEBUG oslo_concurrency.lockutils [None req-716f8cad-c7eb-4c2b-b9ac-1f473f4048b1 tempest-ServerRescueNegativeTestJSON-699218172 tempest-ServerRescueNegativeTestJSON-699218172-project] Lock "88eb6d5c-c3c4-48da-8252-730aa281bfec" released by "nova.context.set_target_cell..get_or_set_cached_cell_and_set_connections" :: held 0.000s {{(pid=107947) inner /usr/local/lib/python3.8/dist-packages/oslo_concurrency/lockutils.py:367}}
Aug 11 13:25:39.417491 dv-cinder-804118-1-smb devstack@n-api.service[107948]: DEBUG nova.policy [None req-f8324353-ad21-44b7-bd33-62db9e9cf43b tempest-VolumesActionsTest-758153535 tempest-VolumesActionsTest-758153535-project] Policy check for os_compute_api:os-extended-server-attributes failed with credentials {'is_admin': False, 'user_id': 'd11aef1c9fef489cbcf381bf4225d9d3', 'user_domain_id': 'default', 'system_scope': None, 'domain_id': None, 'project_id': '111838c89d054d7dae1b9ab7f3cbc0cc', 'project_domain_id': 'default', 'roles': ['reader', 'member'], 'is_admin_project': True, 'service_user_id': None, 'service_user_domain_id': None, 'service_project_id': None, 'service_project_domain_id': None, 'service_roles': []} {{(pid=107948) authorize /opt/stack/nova/nova/policy.py:199}}
Aug 11 13:25:39.424473 dv-cinder-804118-1-smb devstack@n-api.service[107948]: INFO nova.api.openstack.requestlog [None req-f8324353-ad21-44b7-bd33-62db9e9cf43b tempest-VolumesActionsTest-758153535 tempest-VolumesActionsTest-758153535-project] 10.222.0.61 "GET /compute/v2.1/servers/3bab497d-a737-40cd-b7c2-bd05dbef9fca" status: 200 len: 1214 microversion: 2.1 time: 0.285489
Aug 11 13:25:39.425428 dv-cinder-804118-1-smb devstack@n-api.service[107948]: [pid: 107948|app: 0|req: 148/277] 10.222.0.61 () {58 vars in 1236 bytes} [Wed Aug 11 13:25:39 2021] GET /compute/v2.1/servers/3bab497d-a737-40cd-b7c2-bd05dbef9fca => generated 1214 bytes in 287 msecs (HTTP/1.1 200) 9 headers in 358 bytes (1 switches on core 0)
Aug 11 13:25:39.430311 dv-cinder-804118-1-smb devstack@n-api.service[107948]: DEBUG nova.api.openstack.wsgi [None req-cb0e60d0-a702-47b2-8cea-493a3fec135e tempest-AttachVolumeShelveTestJSON-1068673423 tempest-AttachVolumeShelveTestJSON-1068673423-project] Calling method '>' {{(pid=107948) _process_stack /opt/stack/nova/nova/api/openstack/wsgi.py:513}}
Aug 11 13:25:39.431189 dv-cinder-804118-1-smb devstack@n-api.service[107948]: DEBUG nova.compute.api [None req-cb0e60d0-a702-47b2-8cea-493a3fec135e tempest-AttachVolumeShelveTestJSON-1068673423 tempest-AttachVolumeShelveTestJSON-1068673423-project] [instance: 39b09469-0fa3-469e-98f2-cee79850b7df] Fetching instance by UUID {{(pid=107948) get /opt/stack/nova/nova/compute/api.py:2791}}
Aug 11 13:25:39.437613 dv-cinder-804118-1-smb devstack@n-api.service[107948]: DEBUG oslo_concurrency.lockutils [None req-cb0e60d0-a702-47b2-8cea-493a3fec135e tempest-AttachVolumeShelveTestJSON-1068673423 tempest-AttachVolumeShelveTestJSON-1068673423-project] Lock "88eb6d5c-c3c4-48da-8252-730aa281bfec" acquired by "nova.context.set_target_cell..get_or_set_cached_cell_and_set_connections" :: waited 0.000s {{(pid=107948) inner /usr/local/lib/python3.8/dist-packages/oslo_concurrency/lockutils.py:355}}
Aug 11 13:25:39.438145 dv-cinder-804118-1-smb devstack@n-api.service[107948]: DEBUG oslo_concurrency.lockutils [None req-cb0e60d0-a702-47b2-8cea-493a3fec135e tempest-AttachVolumeShelveTestJSON-1068673423 tempest-AttachVolumeShelveTestJSON-1068673423-project] Lock "88eb6d5c-c3c4-48da-8252-730aa281bfec" released by "nova.context.set_target_cell..get_or_set_cached_cell_and_set_connections" :: held 0.001s {{(pid=107948) inner /usr/local/lib/python3.8/dist-packages/oslo_concurrency/lockutils.py:367}}
Aug 11 13:25:39.440154 dv-cinder-804118-1-smb devstack@n-api.service[107948]: DEBUG oslo_concurrency.lockutils [None req-cb0e60d0-a702-47b2-8cea-493a3fec135e tempest-AttachVolumeShelveTestJSON-1068673423 tempest-AttachVolumeShelveTestJSON-1068673423-project] Lock "88eb6d5c-c3c4-48da-8252-730aa281bfec" acquired by "nova.context.set_target_cell..get_or_set_cached_cell_and_set_connections" :: waited 0.000s {{(pid=107948) inner /usr/local/lib/python3.8/dist-packages/oslo_concurrency/lockutils.py:355}}
Aug 11 13:25:39.440602 dv-cinder-804118-1-smb devstack@n-api.service[107948]: DEBUG oslo_concurrency.lockutils [None req-cb0e60d0-a702-47b2-8cea-493a3fec135e tempest-AttachVolumeShelveTestJSON-1068673423 tempest-AttachVolumeShelveTestJSON-1068673423-project] Lock "88eb6d5c-c3c4-48da-8252-730aa281bfec" released by "nova.context.set_target_cell..get_or_set_cached_cell_and_set_connections" :: held 0.001s {{(pid=107948) inner /usr/local/lib/python3.8/dist-packages/oslo_concurrency/lockutils.py:367}}
Aug 11 13:25:39.588455 dv-cinder-804118-1-smb devstack@n-api.service[107947]: DEBUG nova.policy [None req-716f8cad-c7eb-4c2b-b9ac-1f473f4048b1 tempest-ServerRescueNegativeTestJSON-699218172 tempest-ServerRescueNegativeTestJSON-699218172-project] Policy check for os_compute_api:os-extended-server-attributes failed with credentials {'is_admin': False, 'user_id': '26b29c8ec00b452db5616d5527e0639b', 'user_domain_id': 'default', 'system_scope': None, 'domain_id': None, 'project_id': 'b05398a9cb9d48a7951f6db19254150b', 'project_domain_id': 'default', 'roles': ['reader', 'member'], 'is_admin_project': True, 'service_user_id': None, 'service_user_domain_id': None, 'service_project_id': None, 'service_project_domain_id': None, 'service_roles': []} {{(pid=107947) authorize /opt/stack/nova/nova/policy.py:199}}
Aug 11 13:25:39.597173 dv-cinder-804118-1-smb devstack@n-api.service[107947]: INFO nova.api.openstack.requestlog [None req-716f8cad-c7eb-4c2b-b9ac-1f473f4048b1 tempest-ServerRescueNegativeTestJSON-699218172 tempest-ServerRescueNegativeTestJSON-699218172-project] 10.222.0.61 "GET /compute/v2.1/servers/5b3a4a92-97c7-421f-bf66-7fcd9fc48d95" status: 200 len: 1521 microversion: 2.1 time: 0.402362
Aug 11 13:25:39.597998 dv-cinder-804118-1-smb devstack@n-api.service[107947]: [pid: 107947|app: 0|req: 130/278] 10.222.0.61 () {58 vars in 1236 bytes} [Wed Aug 11 13:25:39 2021] GET /compute/v2.1/servers/5b3a4a92-97c7-421f-bf66-7fcd9fc48d95 => generated 1521 bytes in 404 msecs (HTTP/1.1 200) 9 headers in 358 bytes (2 switches on core 0)
Aug 11 13:25:39.637152 dv-cinder-804118-1-smb devstack@n-api.service[107948]: DEBUG nova.policy [None req-cb0e60d0-a702-47b2-8cea-493a3fec135e tempest-AttachVolumeShelveTestJSON-1068673423 tempest-AttachVolumeShelveTestJSON-1068673423-project] Policy check for os_compute_api:os-extended-server-attributes failed with credentials {'is_admin': False, 'user_id': '02630f482bf7446690a539ee02aea5c3', 'user_domain_id': 'default', 'system_scope': None, 'domain_id': None, 'project_id': '18fd54e36dce47f4bcfd0216a31fb94e', 'project_domain_id': 'default', 'roles': ['reader', 'member'], 'is_admin_project': True, 'service_user_id': None, 'service_user_domain_id': None, 'service_project_id': None, 'service_project_domain_id': None, 'service_roles': []} {{(pid=107948) authorize /opt/stack/nova/nova/policy.py:199}}
Aug 11 13:25:39.646422 dv-cinder-804118-1-smb devstack@n-api.service[107948]: DEBUG nova.policy [None req-cb0e60d0-a702-47b2-8cea-493a3fec135e tempest-AttachVolumeShelveTestJSON-1068673423 tempest-AttachVolumeShelveTestJSON-1068673423-project] Policy check for os_compute_api:servers:show:host_status failed with credentials {'is_admin': False, 'user_id': '02630f482bf7446690a539ee02aea5c3', 'user_domain_id': 'default', 'system_scope': None, 'domain_id': None, 'project_id': '18fd54e36dce47f4bcfd0216a31fb94e', 'project_domain_id': 'default', 'roles': ['reader', 'member'], 'is_admin_project': True, 'service_user_id': None, 'service_user_domain_id': None, 'service_project_id': None, 'service_project_domain_id': None, 'service_roles': []} {{(pid=107948) authorize /opt/stack/nova/nova/policy.py:199}}
Aug 11 13:25:39.647920 dv-cinder-804118-1-smb devstack@n-api.service[107948]: DEBUG nova.policy [None req-cb0e60d0-a702-47b2-8cea-493a3fec135e tempest-AttachVolumeShelveTestJSON-1068673423 tempest-AttachVolumeShelveTestJSON-1068673423-project] Policy check for os_compute_api:servers:show:host_status:unknown-only failed with credentials {'is_admin': False, 'user_id': '02630f482bf7446690a539ee02aea5c3', 'user_domain_id': 'default', 'system_scope': None, 'domain_id': None, 'project_id': '18fd54e36dce47f4bcfd0216a31fb94e', 'project_domain_id': 'default', 'roles': ['reader', 'member'], 'is_admin_project': True, 'service_user_id': None, 'service_user_domain_id': None, 'service_project_id': None, 'service_project_domain_id': None, 'service_roles': []} {{(pid=107948) authorize /opt/stack/nova/nova/policy.py:199}}
Aug 11 13:25:39.648999 dv-cinder-804118-1-smb devstack@n-api.service[107948]: INFO nova.api.openstack.requestlog [None req-cb0e60d0-a702-47b2-8cea-493a3fec135e tempest-AttachVolumeShelveTestJSON-1068673423 tempest-AttachVolumeShelveTestJSON-1068673423-project] 10.222.0.61 "GET /compute/v2.1/servers/39b09469-0fa3-469e-98f2-cee79850b7df" status: 200 len: 1408 microversion: 2.20 time: 0.222295
Aug 11 13:25:39.649576 dv-cinder-804118-1-smb devstack@n-api.service[107948]: [pid: 107948|app: 0|req: 149/279] 10.222.0.61 () {60 vars in 1277 bytes} [Wed Aug 11 13:25:39 2021] GET /compute/v2.1/servers/39b09469-0fa3-469e-98f2-cee79850b7df => generated 1408 bytes in 223 msecs (HTTP/1.1 200) 9 headers in 360 bytes (1 switches on core 0)
Aug 11 13:25:39.655709 dv-cinder-804118-1-smb devstack@n-api.service[107947]: DEBUG nova.api.openstack.wsgi [None req-9fb26943-7faf-4088-909d-72bd1a8b073d tempest-AttachVolumeNegativeTest-1241920209 tempest-AttachVolumeNegativeTest-1241920209-project] Calling method '>' {{(pid=107947) _process_stack /opt/stack/nova/nova/api/openstack/wsgi.py:513}}
Aug 11 13:25:39.656311 dv-cinder-804118-1-smb devstack@n-api.service[107947]: DEBUG nova.compute.api [None req-9fb26943-7faf-4088-909d-72bd1a8b073d tempest-AttachVolumeNegativeTest-1241920209 tempest-AttachVolumeNegativeTest-1241920209-project] [instance: 63815564-ffa5-4dc1-b6ee-710f63161841] Fetching instance by UUID {{(pid=107947) get /opt/stack/nova/nova/compute/api.py:2791}}
