Sep 03 18:22:57.896046 dv-cinder-804093-5-smb devstack@n-api.service[108155]: INFO nova.api.openstack.requestlog [None req-098e24b2-f6f9-4dd2-a8c9-5a4910180599 tempest-AttachVolumeShelveTestJSON-1542053226 tempest-AttachVolumeShelveTestJSON-1542053226-project] 10.222.0.42 "GET /compute/v2.1/servers/1614b509-2391-4916-890d-19b7373c834a" status: 200 len: 1407 microversion: 2.20 time: 0.388658
Sep 03 18:22:57.901013 dv-cinder-804093-5-smb devstack@n-api.service[108155]: [pid: 108155|app: 0|req: 46/75] 10.222.0.42 () {60 vars in 1277 bytes} [Fri Sep 3 18:22:57 2021] GET /compute/v2.1/servers/1614b509-2391-4916-890d-19b7373c834a => generated 1407 bytes in 392 msecs (HTTP/1.1 200) 9 headers in 360 bytes (2 switches on core 0)
Sep 03 18:22:57.907984 dv-cinder-804093-5-smb devstack@n-api.service[108156]: DEBUG nova.policy [None req-70dbb131-4486-4795-97de-fbd870d03cad tempest-DeleteServersTestJSON-1505667954 tempest-DeleteServersTestJSON-1505667954-project] Policy check for os_compute_api:os-extended-server-attributes failed with credentials {'is_admin': False, 'user_id': 'd1cd74a4e35d4401b7a718396407ddbb', 'user_domain_id': 'default', 'system_scope': None, 'domain_id': None, 'project_id': '83702cc72c1c49acaf9d1536da24f877', 'project_domain_id': 'default', 'roles': ['reader', 'member'], 'is_admin_project': True, 'service_user_id': None, 'service_user_domain_id': None, 'service_project_id': None, 'service_project_domain_id': None, 'service_roles': []} {{(pid=108156) authorize /opt/stack/nova/nova/policy.py:199}}
Sep 03 18:22:57.922250 dv-cinder-804093-5-smb devstack@n-api.service[108156]: INFO nova.api.openstack.requestlog [None req-70dbb131-4486-4795-97de-fbd870d03cad tempest-DeleteServersTestJSON-1505667954 tempest-DeleteServersTestJSON-1505667954-project] 10.222.0.42 "GET /compute/v2.1/servers/2e9934bd-218a-44cb-90c4-490d769a853b" status: 200 len: 1315 microversion: 2.1 time: 0.461840
Sep 03 18:22:57.937385 dv-cinder-804093-5-smb devstack@n-api.service[108156]: [pid: 108156|app: 0|req: 30/76] 10.222.0.42 () {58 vars in 1236 bytes} [Fri Sep 3 18:22:57 2021] GET /compute/v2.1/servers/2e9934bd-218a-44cb-90c4-490d769a853b => generated 1315 bytes in 474 msecs (HTTP/1.1 200) 9 headers in 358 bytes (1 switches on core 0)
Sep 03 18:22:58.162851 dv-cinder-804093-5-smb devstack@n-api.service[108155]: DEBUG nova.api.openstack.wsgi [req-4f6d2a3c-0481-41b8-a7a3-bffdb06b39a8 req-e8271533-5137-4555-b8a8-6249c4a9e388 service nova] Action: 'create', calling method: >, body: {"events": [{"server_uuid": "2e9934bd-218a-44cb-90c4-490d769a853b", "name": "network-vif-plugged", "status": "completed", "tag": "9b329fd5-0bd0-48d5-a979-7a46401ac2dd"}]} {{(pid=108155) _process_stack /opt/stack/nova/nova/api/openstack/wsgi.py:511}}
Sep 03 18:22:58.165226 dv-cinder-804093-5-smb devstack@n-api.service[108155]: /usr/local/lib/python3.8/dist-packages/oslo_policy/policy.py:1064: UserWarning: Policy os_compute_api:os-server-external-events:create failed scope check. The token used to make the request was project scoped but the policy requires ['system'] scope. This behavior may change in the future where using the intended scope is required
Sep 03 18:22:58.165226 dv-cinder-804093-5-smb devstack@n-api.service[108155]: warnings.warn(msg)
Sep 03 18:22:58.173205 dv-cinder-804093-5-smb devstack@n-api.service[108155]: DEBUG oslo_concurrency.lockutils [req-4f6d2a3c-0481-41b8-a7a3-bffdb06b39a8 req-e8271533-5137-4555-b8a8-6249c4a9e388 service nova] Lock "fa40ef97-4bc6-40b4-a962-786b0d77e6ae" acquired by "nova.context.set_target_cell..get_or_set_cached_cell_and_set_connections" :: waited 0.000s {{(pid=108155) inner /usr/local/lib/python3.8/dist-packages/oslo_concurrency/lockutils.py:355}}
Sep 03 18:22:58.173852 dv-cinder-804093-5-smb devstack@n-api.service[108155]: DEBUG oslo_concurrency.lockutils [req-4f6d2a3c-0481-41b8-a7a3-bffdb06b39a8 req-e8271533-5137-4555-b8a8-6249c4a9e388 service nova] Lock "fa40ef97-4bc6-40b4-a962-786b0d77e6ae" released by "nova.context.set_target_cell..get_or_set_cached_cell_and_set_connections" :: held 0.001s {{(pid=108155) inner /usr/local/lib/python3.8/dist-packages/oslo_concurrency/lockutils.py:367}}
Sep 03 18:22:58.192656 dv-cinder-804093-5-smb devstack@n-api.service[108155]: INFO nova.api.openstack.compute.server_external_events [req-4f6d2a3c-0481-41b8-a7a3-bffdb06b39a8 req-e8271533-5137-4555-b8a8-6249c4a9e388 service nova] Creating event network-vif-plugged:9b329fd5-0bd0-48d5-a979-7a46401ac2dd for instance 2e9934bd-218a-44cb-90c4-490d769a853b on hv-cinder-80409
Sep 03 18:22:58.199841 dv-cinder-804093-5-smb devstack@n-api.service[108155]: INFO nova.api.openstack.requestlog [req-4f6d2a3c-0481-41b8-a7a3-bffdb06b39a8 req-e8271533-5137-4555-b8a8-6249c4a9e388 service nova] 10.222.0.42 "POST /compute/v2.1/os-server-external-events" status: 200 len: 183 microversion: 2.1 time: 0.297067
Sep 03 18:22:58.201074 dv-cinder-804093-5-smb devstack@n-api.service[108155]: [pid: 108155|app: 0|req: 47/77] 10.222.0.42 () {64 vars in 1318 bytes} [Fri Sep 3 18:22:57 2021] POST /compute/v2.1/os-server-external-events => generated 183 bytes in 299 msecs (HTTP/1.1 200) 9 headers in 357 bytes (1 switches on core 0)
Sep 03 18:22:58.405318 dv-cinder-804093-5-smb devstack@n-api.service[108156]: DEBUG nova.api.openstack.wsgi [None req-a0b93693-273a-4f85-b02f-75649769c2c1 tempest-VolumesActionsTest-943890173 tempest-VolumesActionsTest-943890173-project] Action: 'create', calling method: >, body: {"server": {"name": "tempest-VolumesActionsTest-instance-193940766", "imageRef": "53c67f1e-2d19-44a1-a728-2c16f1565632", "flavorRef": "452", "networks": [{"uuid": "f19fa340-5dd3-4883-aa8f-051171818351"}]}} {{(pid=108156) _process_stack /opt/stack/nova/nova/api/openstack/wsgi.py:511}}
Sep 03 18:22:58.462331 dv-cinder-804093-5-smb devstack@n-api.service[108156]: DEBUG nova.network.neutron [None req-a0b93693-273a-4f85-b02f-75649769c2c1 tempest-VolumesActionsTest-943890173 tempest-VolumesActionsTest-943890173-project] validate_networks() for [('f19fa340-5dd3-4883-aa8f-051171818351', None, None, None, None, None)] {{(pid=108156) validate_networks /opt/stack/nova/nova/network/neutron.py:2475}}
Sep 03 18:22:58.930585 dv-cinder-804093-5-smb devstack@n-api.service[108155]: DEBUG nova.api.openstack.wsgi [None req-bd116b5e-2e1d-40a8-bb3f-11e42e6b2d9e tempest-AttachVolumeShelveTestJSON-1542053226 tempest-AttachVolumeShelveTestJSON-1542053226-project] Calling method '>' {{(pid=108155) _process_stack /opt/stack/nova/nova/api/openstack/wsgi.py:513}}
Sep 03 18:22:58.932060 dv-cinder-804093-5-smb devstack@n-api.service[108155]: DEBUG nova.compute.api [None req-bd116b5e-2e1d-40a8-bb3f-11e42e6b2d9e tempest-AttachVolumeShelveTestJSON-1542053226 tempest-AttachVolumeShelveTestJSON-1542053226-project] [instance: 1614b509-2391-4916-890d-19b7373c834a] Fetching instance by UUID {{(pid=108155) get /opt/stack/nova/nova/compute/api.py:2863}}
Sep 03 18:22:58.945611 dv-cinder-804093-5-smb devstack@n-api.service[108155]: DEBUG oslo_concurrency.lockutils [None req-bd116b5e-2e1d-40a8-bb3f-11e42e6b2d9e tempest-AttachVolumeShelveTestJSON-1542053226 tempest-AttachVolumeShelveTestJSON-1542053226-project] Lock "fa40ef97-4bc6-40b4-a962-786b0d77e6ae" acquired by "nova.context.set_target_cell..get_or_set_cached_cell_and_set_connections" :: waited 0.000s {{(pid=108155) inner /usr/local/lib/python3.8/dist-packages/oslo_concurrency/lockutils.py:355}}
Sep 03 18:22:58.949302 dv-cinder-804093-5-smb devstack@n-api.service[108155]: DEBUG oslo_concurrency.lockutils [None req-bd116b5e-2e1d-40a8-bb3f-11e42e6b2d9e tempest-AttachVolumeShelveTestJSON-1542053226 tempest-AttachVolumeShelveTestJSON-1542053226-project] Lock "fa40ef97-4bc6-40b4-a962-786b0d77e6ae" released by "nova.context.set_target_cell..get_or_set_cached_cell_and_set_connections" :: held 0.004s {{(pid=108155) inner /usr/local/lib/python3.8/dist-packages/oslo_concurrency/lockutils.py:367}}
Sep 03 18:22:58.952391 dv-cinder-804093-5-smb devstack@n-api.service[108155]: DEBUG oslo_concurrency.lockutils [None req-bd116b5e-2e1d-40a8-bb3f-11e42e6b2d9e tempest-AttachVolumeShelveTestJSON-1542053226 tempest-AttachVolumeShelveTestJSON-1542053226-project] Lock "fa40ef97-4bc6-40b4-a962-786b0d77e6ae" acquired by "nova.context.set_target_cell..get_or_set_cached_cell_and_set_connections" :: waited 0.000s {{(pid=108155) inner /usr/local/lib/python3.8/dist-packages/oslo_concurrency/lockutils.py:355}}
Sep 03 18:22:58.953089 dv-cinder-804093-5-smb devstack@n-api.service[108155]: DEBUG oslo_concurrency.lockutils [None req-bd116b5e-2e1d-40a8-bb3f-11e42e6b2d9e tempest-AttachVolumeShelveTestJSON-1542053226 tempest-AttachVolumeShelveTestJSON-1542053226-project] Lock "fa40ef97-4bc6-40b4-a962-786b0d77e6ae" released by "nova.context.set_target_cell..get_or_set_cached_cell_and_set_connections" :: held 0.001s {{(pid=108155) inner /usr/local/lib/python3.8/dist-packages/oslo_concurrency/lockutils.py:367}}
Sep 03 18:22:59.203301 dv-cinder-804093-5-smb devstack@n-api.service[108156]: DEBUG nova.virt.hardware [None req-a0b93693-273a-4f85-b02f-75649769c2c1 tempest-VolumesActionsTest-943890173 tempest-VolumesActionsTest-943890173-project] Flavor limits 0:0:0 {{(pid=108156) get_cpu_topology_constraints /opt/stack/nova/nova/virt/hardware.py:343}}
Sep 03 18:22:59.203814 dv-cinder-804093-5-smb devstack@n-api.service[108156]: DEBUG nova.virt.hardware [None req-a0b93693-273a-4f85-b02f-75649769c2c1 tempest-VolumesActionsTest-943890173 tempest-VolumesActionsTest-943890173-project] Image limits 0:0:0 {{(pid=108156) get_cpu_topology_constraints /opt/stack/nova/nova/virt/hardware.py:347}}
Sep 03 18:22:59.204269 dv-cinder-804093-5-smb devstack@n-api.service[108156]: DEBUG nova.virt.hardware [None req-a0b93693-273a-4f85-b02f-75649769c2c1 tempest-VolumesActionsTest-943890173 tempest-VolumesActionsTest-943890173-project] Flavor pref 0:0:0 {{(pid=108156) get_cpu_topology_constraints /opt/stack/nova/nova/virt/hardware.py:383}}
Sep 03 18:22:59.204774 dv-cinder-804093-5-smb devstack@n-api.service[108156]: DEBUG nova.virt.hardware [None req-a0b93693-273a-4f85-b02f-75649769c2c1 tempest-VolumesActionsTest-943890173 tempest-VolumesActionsTest-943890173-project] Image pref 0:0:0 {{(pid=108156) get_cpu_topology_constraints /opt/stack/nova/nova/virt/hardware.py:387}}
Sep 03 18:22:59.205186 dv-cinder-804093-5-smb devstack@n-api.service[108156]: DEBUG nova.virt.hardware [None req-a0b93693-273a-4f85-b02f-75649769c2c1 tempest-VolumesActionsTest-943890173 tempest-VolumesActionsTest-943890173-project] Chose sockets=0, cores=0, threads=0; limits were sockets=65536, cores=65536, threads=65536 {{(pid=108156) get_cpu_topology_constraints /opt/stack/nova/nova/virt/hardware.py:425}}
Sep 03 18:22:59.219248 dv-cinder-804093-5-smb devstack@n-api.service[108156]: DEBUG oslo_concurrency.lockutils [None req-a0b93693-273a-4f85-b02f-75649769c2c1 tempest-VolumesActionsTest-943890173 tempest-VolumesActionsTest-943890173-project] Lock "00000000-0000-0000-0000-000000000000" acquired by "nova.context.set_target_cell..get_or_set_cached_cell_and_set_connections" :: waited 0.000s {{(pid=108156) inner /usr/local/lib/python3.8/dist-packages/oslo_concurrency/lockutils.py:355}}
Sep 03 18:22:59.219710 dv-cinder-804093-5-smb devstack@n-api.service[108156]: DEBUG oslo_concurrency.lockutils [None req-a0b93693-273a-4f85-b02f-75649769c2c1 tempest-VolumesActionsTest-943890173 tempest-VolumesActionsTest-943890173-project] Lock "00000000-0000-0000-0000-000000000000" released by "nova.context.set_target_cell..get_or_set_cached_cell_and_set_connections" :: held 0.001s {{(pid=108156) inner /usr/local/lib/python3.8/dist-packages/oslo_concurrency/lockutils.py:367}}
Sep 03 18:22:59.220783 dv-cinder-804093-5-smb devstack@n-api.service[108156]: DEBUG oslo_concurrency.lockutils [None req-a0b93693-273a-4f85-b02f-75649769c2c1 tempest-VolumesActionsTest-943890173 tempest-VolumesActionsTest-943890173-project] Lock "fa40ef97-4bc6-40b4-a962-786b0d77e6ae" acquired by "nova.context.set_target_cell..get_or_set_cached_cell_and_set_connections" :: waited 0.000s {{(pid=108156) inner /usr/local/lib/python3.8/dist-packages/oslo_concurrency/lockutils.py:355}}
Sep 03 18:22:59.222292 dv-cinder-804093-5-smb devstack@n-api.service[108156]: DEBUG oslo_concurrency.lockutils [None req-a0b93693-273a-4f85-b02f-75649769c2c1 tempest-VolumesActionsTest-943890173 tempest-VolumesActionsTest-943890173-project] Lock "fa40ef97-4bc6-40b4-a962-786b0d77e6ae" released by "nova.context.set_target_cell..get_or_set_cached_cell_and_set_connections" :: held 0.002s {{(pid=108156) inner /usr/local/lib/python3.8/dist-packages/oslo_concurrency/lockutils.py:367}}
Sep 03 18:22:59.255285 dv-cinder-804093-5-smb devstack@n-api.service[108156]: DEBUG nova.quota [None req-a0b93693-273a-4f85-b02f-75649769c2c1 tempest-VolumesActionsTest-943890173 tempest-VolumesActionsTest-943890173-project] Getting quotas for project f94eedb0537f446ba839180d3641ce2b. Resources: {'ram', 'instances', 'cores'} {{(pid=108156) _get_quotas /opt/stack/nova/nova/quota.py:387}}
Sep 03 18:22:59.258740 dv-cinder-804093-5-smb devstack@n-api.service[108155]: DEBUG nova.policy [None req-bd116b5e-2e1d-40a8-bb3f-11e42e6b2d9e tempest-AttachVolumeShelveTestJSON-1542053226 tempest-AttachVolumeShelveTestJSON-1542053226-project] Policy check for os_compute_api:os-extended-server-attributes failed with credentials {'is_admin': False, 'user_id': 'bf788f88bf2543ef92150bf15fd4f08c', 'user_domain_id': 'default', 'system_scope': None, 'domain_id': None, 'project_id': 'feff67c9bd434cb8b18abaa39210f42f', 'project_domain_id': 'default', 'roles': ['reader', 'member'], 'is_admin_project': True, 'service_user_id': None, 'service_user_domain_id': None, 'service_project_id': None, 'service_project_domain_id': None, 'service_roles': []} {{(pid=108155) authorize /opt/stack/nova/nova/policy.py:199}}
Sep 03 18:22:59.259752 dv-cinder-804093-5-smb devstack@n-api.service[108156]: DEBUG nova.quota [None req-a0b93693-273a-4f85-b02f-75649769c2c1 tempest-VolumesActionsTest-943890173 tempest-VolumesActionsTest-943890173-project] Getting quotas for user e696e3f9527c4f4bb0dab0d577ca221a and project f94eedb0537f446ba839180d3641ce2b. Resources: {'ram', 'instances', 'cores'} {{(pid=108156) _get_quotas /opt/stack/nova/nova/quota.py:377}}
Sep 03 18:22:59.269643 dv-cinder-804093-5-smb devstack@n-api.service[108155]: DEBUG nova.policy [None req-bd116b5e-2e1d-40a8-bb3f-11e42e6b2d9e tempest-AttachVolumeShelveTestJSON-1542053226 tempest-AttachVolumeShelveTestJSON-1542053226-project] Policy check for os_compute_api:servers:show:host_status failed with credentials {'is_admin': False, 'user_id': 'bf788f88bf2543ef92150bf15fd4f08c', 'user_domain_id': 'default', 'system_scope': None, 'domain_id': None, 'project_id': 'feff67c9bd434cb8b18abaa39210f42f', 'project_domain_id': 'default', 'roles': ['reader', 'member'], 'is_admin_project': True, 'service_user_id': None, 'service_user_domain_id': None, 'service_project_id': None, 'service_project_domain_id': None, 'service_roles': []} {{(pid=108155) authorize /opt/stack/nova/nova/policy.py:199}}
Sep 03 18:22:59.271884 dv-cinder-804093-5-smb devstack@n-api.service[108155]: DEBUG nova.policy [None req-bd116b5e-2e1d-40a8-bb3f-11e42e6b2d9e tempest-AttachVolumeShelveTestJSON-1542053226 tempest-AttachVolumeShelveTestJSON-1542053226-project] Policy check for os_compute_api:servers:show:host_status:unknown-only failed with credentials {'is_admin': False, 'user_id': 'bf788f88bf2543ef92150bf15fd4f08c', 'user_domain_id': 'default', 'system_scope': None, 'domain_id': None, 'project_id': 'feff67c9bd434cb8b18abaa39210f42f', 'project_domain_id': 'default', 'roles': ['reader', 'member'], 'is_admin_project': True, 'service_user_id': None, 'service_user_domain_id': None, 'service_project_id': None, 'service_project_domain_id': None, 'service_roles': []} {{(pid=108155) authorize /opt/stack/nova/nova/policy.py:199}}
Sep 03 18:22:59.273138 dv-cinder-804093-5-smb devstack@n-api.service[108156]: DEBUG nova.compute.api [None req-a0b93693-273a-4f85-b02f-75649769c2c1 tempest-VolumesActionsTest-943890173 tempest-VolumesActionsTest-943890173-project] Going to run 1 instances... {{(pid=108156) _provision_instances /opt/stack/nova/nova/compute/api.py:1350}}
Sep 03 18:22:59.273626 dv-cinder-804093-5-smb devstack@n-api.service[108155]: INFO nova.api.openstack.requestlog [None req-bd116b5e-2e1d-40a8-bb3f-11e42e6b2d9e tempest-AttachVolumeShelveTestJSON-1542053226 tempest-AttachVolumeShelveTestJSON-1542053226-project] 10.222.0.42 "GET /compute/v2.1/servers/1614b509-2391-4916-890d-19b7373c834a" status: 200 len: 1407 microversion: 2.20 time: 0.360640
Sep 03 18:22:59.274636 dv-cinder-804093-5-smb devstack@n-api.service[108155]: [pid: 108155|app: 0|req: 48/78] 10.222.0.42 () {60 vars in 1277 bytes} [Fri Sep 3 18:22:58 2021] GET /compute/v2.1/servers/1614b509-2391-4916-890d-19b7373c834a => generated 1407 bytes in 364 msecs (HTTP/1.1 200) 9 headers in 360 bytes (2 switches on core 0)
Sep 03 18:22:59.277395 dv-cinder-804093-5-smb devstack@n-api.service[108156]: DEBUG nova.compute.api [None req-a0b93693-273a-4f85-b02f-75649769c2c1 tempest-VolumesActionsTest-943890173 tempest-VolumesActionsTest-943890173-project] [instance: 3987fe1e-2067-4653-926c-fe88c2bef81b] block_device_mapping [BlockDeviceMapping(attachment_id=,boot_index=0,connection_info=None,created_at=,delete_on_termination=True,deleted=,deleted_at=,destination_type='local',device_name=None,device_type='disk',disk_bus=None,guest_format=None,id=,image_id='53c67f1e-2d19-44a1-a728-2c16f1565632',instance=,instance_uuid=,no_device=False,snapshot_id=None,source_type='image',tag=None,updated_at=,uuid=,volume_id=None,volume_size=None,volume_type=None)] {{(pid=108156) _bdm_validate_set_size_and_instance /opt/stack/nova/nova/compute/api.py:1757}}
Sep 03 18:22:59.292728 dv-cinder-804093-5-smb devstack@n-api.service[108155]: DEBUG nova.api.openstack.wsgi [None req-4773c26c-2587-4342-8fad-3b61fd25b5a6 tempest-DeleteServersTestJSON-1505667954 tempest-DeleteServersTestJSON-1505667954-project] Calling method '>' {{(pid=108155) _process_stack /opt/stack/nova/nova/api/openstack/wsgi.py:513}}
Sep 03 18:22:59.293354 dv-cinder-804093-5-smb devstack@n-api.service[108155]: DEBUG nova.compute.api [None req-4773c26c-2587-4342-8fad-3b61fd25b5a6 tempest-DeleteServersTestJSON-1505667954 tempest-DeleteServersTestJSON-1505667954-project] [instance: 2e9934bd-218a-44cb-90c4-490d769a853b] Fetching instance by UUID {{(pid=108155) get /opt/stack/nova/nova/compute/api.py:2863}}
Sep 03 18:22:59.301028 dv-cinder-804093-5-smb devstack@n-api.service[108155]: DEBUG oslo_concurrency.lockutils [None req-4773c26c-2587-4342-8fad-3b61fd25b5a6 tempest-DeleteServersTestJSON-1505667954 tempest-DeleteServersTestJSON-1505667954-project] Lock "fa40ef97-4bc6-40b4-a962-786b0d77e6ae" acquired by "nova.context.set_target_cell..get_or_set_cached_cell_and_set_connections" :: waited 0.000s {{(pid=108155) inner /usr/local/lib/python3.8/dist-packages/oslo_concurrency/lockutils.py:355}}
Sep 03 18:22:59.301468 dv-cinder-804093-5-smb devstack@n-api.service[108155]: DEBUG oslo_concurrency.lockutils [None req-4773c26c-2587-4342-8fad-3b61fd25b5a6 tempest-DeleteServersTestJSON-1505667954 tempest-DeleteServersTestJSON-1505667954-project] Lock "fa40ef97-4bc6-40b4-a962-786b0d77e6ae" released by "nova.context.set_target_cell..get_or_set_cached_cell_and_set_connections" :: held 0.001s {{(pid=108155) inner /usr/local/lib/python3.8/dist-packages/oslo_concurrency/lockutils.py:367}}
Sep 03 18:22:59.302234 dv-cinder-804093-5-smb devstack@n-api.service[108155]: DEBUG oslo_concurrency.lockutils [None req-4773c26c-2587-4342-8fad-3b61fd25b5a6 tempest-DeleteServersTestJSON-1505667954 tempest-DeleteServersTestJSON-1505667954-project] Lock "fa40ef97-4bc6-40b4-a962-786b0d77e6ae" acquired by "nova.context.set_target_cell..get_or_set_cached_cell_and_set_connections" :: waited 0.000s {{(pid=108155) inner /usr/local/lib/python3.8/dist-packages/oslo_concurrency/lockutils.py:355}}
Sep 03 18:22:59.302657 dv-cinder-804093-5-smb devstack@n-api.service[108155]: DEBUG oslo_concurrency.lockutils [None req-4773c26c-2587-4342-8fad-3b61fd25b5a6 tempest-DeleteServersTestJSON-1505667954 tempest-DeleteServersTestJSON-1505667954-project] Lock "fa40ef97-4bc6-40b4-a962-786b0d77e6ae" released by "nova.context.set_target_cell..get_or_set_cached_cell_and_set_connections" :: held 0.000s {{(pid=108155) inner /usr/local/lib/python3.8/dist-packages/oslo_concurrency/lockutils.py:367}}
Sep 03 18:22:59.352141 dv-cinder-804093-5-smb devstack@n-api.service[108156]: INFO nova.api.openstack.requestlog [None req-a0b93693-273a-4f85-b02f-75649769c2c1 tempest-VolumesActionsTest-943890173 tempest-VolumesActionsTest-943890173-project] 10.222.0.42 "POST /compute/v2.1/servers" status: 202 len: 380 microversion: 2.1 time: 0.950016
Sep 03 18:22:59.355985 dv-cinder-804093-5-smb devstack@n-api.service[108156]: [pid: 108156|app: 0|req: 31/79] 10.222.0.42 () {60 vars in 1147 bytes} [Fri Sep 3 18:22:58 2021] POST /compute/v2.1/servers => generated 380 bytes in 954 msecs (HTTP/1.1 202) 10 headers in 451 bytes (1 switches on core 0)
Sep 03 18:22:59.369068 dv-cinder-804093-5-smb devstack@n-api.service[108156]: DEBUG nova.api.openstack.wsgi [None req-b37ad555-7af2-4455-9885-5e8a9eac3a5c tempest-VolumesActionsTest-943890173 tempest-VolumesActionsTest-943890173-project] Calling method '>' {{(pid=108156) _process_stack /opt/stack/nova/nova/api/openstack/wsgi.py:513}}
Sep 03 18:22:59.369693 dv-cinder-804093-5-smb devstack@n-api.service[108156]: DEBUG nova.compute.api [None req-b37ad555-7af2-4455-9885-5e8a9eac3a5c tempest-VolumesActionsTest-943890173 tempest-VolumesActionsTest-943890173-project] [instance: 3987fe1e-2067-4653-926c-fe88c2bef81b] Fetching instance by UUID {{(pid=108156) get /opt/stack/nova/nova/compute/api.py:2863}}
Sep 03 18:22:59.461462 dv-cinder-804093-5-smb devstack@n-api.service[108156]: DEBUG nova.policy [None req-b37ad555-7af2-4455-9885-5e8a9eac3a5c tempest-VolumesActionsTest-943890173 tempest-VolumesActionsTest-943890173-project] Policy check for os_compute_api:os-extended-server-attributes failed with credentials {'is_admin': False, 'user_id': 'e696e3f9527c4f4bb0dab0d577ca221a', 'user_domain_id': 'default', 'system_scope': None, 'domain_id': None, 'project_id': 'f94eedb0537f446ba839180d3641ce2b', 'project_domain_id': 'default', 'roles': ['reader', 'member'], 'is_admin_project': True, 'service_user_id': None, 'service_user_domain_id': None, 'service_project_id': None, 'service_project_domain_id': None, 'service_roles': []} {{(pid=108156) authorize /opt/stack/nova/nova/policy.py:199}}
Sep 03 18:22:59.471129 dv-cinder-804093-5-smb devstack@n-api.service[108156]: INFO nova.api.openstack.requestlog [None req-b37ad555-7af2-4455-9885-5e8a9eac3a5c tempest-VolumesActionsTest-943890173 tempest-VolumesActionsTest-943890173-project] 10.222.0.42 "GET /compute/v2.1/servers/3987fe1e-2067-4653-926c-fe88c2bef81b" status: 200 len: 1213 microversion: 2.1 time: 0.110036
Sep 03 18:22:59.472309 dv-cinder-804093-5-smb devstack@n-api.service[108156]: [pid: 108156|app: 0|req: 32/80] 10.222.0.42 () {58 vars in 1236 bytes} [Fri Sep 3 18:22:59 2021] GET /compute/v2.1/servers/3987fe1e-2067-4653-926c-fe88c2bef81b => generated 1213 bytes in 112 msecs (HTTP/1.1 200) 9 headers in 358 bytes (1 switches on core 0)
Sep 03 18:22:59.504056 dv-cinder-804093-5-smb devstack@n-api.service[108155]: DEBUG nova.policy [None req-4773c26c-2587-4342-8fad-3b61fd25b5a6 tempest-DeleteServersTestJSON-1505667954 tempest-DeleteServersTestJSON-1505667954-project] Policy check for os_compute_api:os-extended-server-attributes failed with credentials {'is_admin': False, 'user_id': 'd1cd74a4e35d4401b7a718396407ddbb', 'user_domain_id': 'default', 'system_scope': None, 'domain_id': None, 'project_id': '83702cc72c1c49acaf9d1536da24f877', 'project_domain_id': 'default', 'roles': ['reader', 'member'], 'is_admin_project': True, 'service_user_id': None, 'service_user_domain_id': None, 'service_project_id': None, 'service_project_domain_id': None, 'service_roles': []} {{(pid=108155) authorize /opt/stack/nova/nova/policy.py:199}}
Sep 03 18:22:59.524814 dv-cinder-804093-5-smb devstack@n-api.service[108155]: INFO nova.api.openstack.requestlog [None req-4773c26c-2587-4342-8fad-3b61fd25b5a6 tempest-DeleteServersTestJSON-1505667954 tempest-DeleteServersTestJSON-1505667954-project] 10.222.0.42 "GET /compute/v2.1/servers/2e9934bd-218a-44cb-90c4-490d769a853b" status: 200 len: 1315 microversion: 2.1 time: 0.245592
Sep 03 18:22:59.526888 dv-cinder-804093-5-smb devstack@n-api.service[108155]: [pid: 108155|app: 0|req: 49/81] 10.222.0.42 () {58 vars in 1236 bytes} [Fri Sep 3 18:22:59 2021] GET /compute/v2.1/servers/2e9934bd-218a-44cb-90c4-490d769a853b => generated 1315 bytes in 249 msecs (HTTP/1.1 200) 9 headers in 358 bytes (1 switches on core 0)
Sep 03 18:23:00.217476 dv-cinder-804093-5-smb devstack@n-api.service[108156]: DEBUG nova.api.openstack.wsgi [req-93ba32fb-1bed-4908-bee8-cf16252f0b87 req-869944b3-4cb9-4b20-b8dd-6db69cccf611 service nova] Action: 'create', calling method: >, body: {"events": [{"server_uuid": "1614b509-2391-4916-890d-19b7373c834a", "name": "network-vif-plugged", "status": "completed", "tag": "55375c5a-75d2-47f2-91d8-43a38b0e74d0"}]} {{(pid=108156) _process_stack /opt/stack/nova/nova/api/openstack/wsgi.py:511}}
Sep 03 18:23:00.219839 dv-cinder-804093-5-smb devstack@n-api.service[108156]: /usr/local/lib/python3.8/dist-packages/oslo_policy/policy.py:1064: UserWarning: Policy os_compute_api:os-server-external-events:create failed scope check. The token used to make the request was project scoped but the policy requires ['system'] scope. This behavior may change in the future where using the intended scope is required
Sep 03 18:23:00.219839 dv-cinder-804093-5-smb devstack@n-api.service[108156]: warnings.warn(msg)
Sep 03 18:23:00.238921 dv-cinder-804093-5-smb devstack@n-api.service[108156]: DEBUG oslo_concurrency.lockutils [req-93ba32fb-1bed-4908-bee8-cf16252f0b87 req-869944b3-4cb9-4b20-b8dd-6db69cccf611 service nova] Lock "fa40ef97-4bc6-40b4-a962-786b0d77e6ae" acquired by "nova.context.set_target_cell..get_or_set_cached_cell_and_set_connections" :: waited 0.000s {{(pid=108156) inner /usr/local/lib/python3.8/dist-packages/oslo_concurrency/lockutils.py:355}}
Sep 03 18:23:00.239721 dv-cinder-804093-5-smb devstack@n-api.service[108156]: DEBUG oslo_concurrency.lockutils [req-93ba32fb-1bed-4908-bee8-cf16252f0b87 req-869944b3-4cb9-4b20-b8dd-6db69cccf611 service nova] Lock "fa40ef97-4bc6-40b4-a962-786b0d77e6ae" released by "nova.context.set_target_cell..get_or_set_cached_cell_and_set_connections" :: held 0.001s {{(pid=108156) inner /usr/local/lib/python3.8/dist-packages/oslo_concurrency/lockutils.py:367}}
Sep 03 18:23:00.264832 dv-cinder-804093-5-smb devstack@n-api.service[108156]: INFO nova.api.openstack.compute.server_external_events [req-93ba32fb-1bed-4908-bee8-cf16252f0b87 req-869944b3-4cb9-4b20-b8dd-6db69cccf611 service nova] Creating event network-vif-plugged:55375c5a-75d2-47f2-91d8-43a38b0e74d0 for instance 1614b509-2391-4916-890d-19b7373c834a on hv-cinder-80409
Sep 03 18:23:00.266725 dv-cinder-804093-5-smb devstack@n-api.service[108156]: DEBUG oslo_concurrency.lockutils [req-93ba32fb-1bed-4908-bee8-cf16252f0b87 req-869944b3-4cb9-4b20-b8dd-6db69cccf611 service nova] Acquired lock "compute-rpcapi-router" {{(pid=108156) lock /usr/local/lib/python3.8/dist-packages/oslo_concurrency/lockutils.py:266}}
Sep 03 18:23:00.268367 dv-cinder-804093-5-smb devstack@n-api.service[108156]: DEBUG oslo_concurrency.lockutils [None req-08089239-d770-4808-ae19-85064a05c909 None None] Lock "00000000-0000-0000-0000-000000000000" acquired by "nova.context.set_target_cell..get_or_set_cached_cell_and_set_connections" :: waited 0.000s {{(pid=108156) inner /usr/local/lib/python3.8/dist-packages/oslo_concurrency/lockutils.py:355}}
Sep 03 18:23:00.269234 dv-cinder-804093-5-smb devstack@n-api.service[108156]: DEBUG oslo_concurrency.lockutils [None req-08089239-d770-4808-ae19-85064a05c909 None None] Lock "00000000-0000-0000-0000-000000000000" released by "nova.context.set_target_cell..get_or_set_cached_cell_and_set_connections" :: held 0.001s {{(pid=108156) inner /usr/local/lib/python3.8/dist-packages/oslo_concurrency/lockutils.py:367}}
Sep 03 18:23:00.270352 dv-cinder-804093-5-smb devstack@n-api.service[108156]: DEBUG oslo_concurrency.lockutils [None req-08089239-d770-4808-ae19-85064a05c909 None None] Lock "fa40ef97-4bc6-40b4-a962-786b0d77e6ae" acquired by "nova.context.set_target_cell..get_or_set_cached_cell_and_set_connections" :: waited 0.000s {{(pid=108156) inner /usr/local/lib/python3.8/dist-packages/oslo_concurrency/lockutils.py:355}}
Sep 03 18:23:00.271369 dv-cinder-804093-5-smb devstack@n-api.service[108156]: DEBUG oslo_concurrency.lockutils [None req-08089239-d770-4808-ae19-85064a05c909 None None] Lock "fa40ef97-4bc6-40b4-a962-786b0d77e6ae" released by "nova.context.set_target_cell..get_or_set_cached_cell_and_set_connections" :: held 0.001s {{(pid=108156) inner /usr/local/lib/python3.8/dist-packages/oslo_concurrency/lockutils.py:367}}
Sep 03 18:23:00.281085 dv-cinder-804093-5-smb devstack@n-api.service[108156]: INFO nova.compute.rpcapi [None req-08089239-d770-4808-ae19-85064a05c909 None None] Automatically selected compute RPC version 6.0 from minimum service version 60
Sep 03 18:23:00.281984 dv-cinder-804093-5-smb devstack@n-api.service[108156]: DEBUG oslo_concurrency.lockutils [None req-08089239-d770-4808-ae19-85064a05c909 None None] Releasing lock "compute-rpcapi-router" {{(pid=108156) lock /usr/local/lib/python3.8/dist-packages/oslo_concurrency/lockutils.py:282}}
Sep 03 18:23:00.295580 dv-cinder-804093-5-smb devstack@n-api.service[108155]: DEBUG nova.api.openstack.wsgi [None req-a2118124-8096-4d4f-b879-f095dad2174a tempest-AttachVolumeShelveTestJSON-1542053226 tempest-AttachVolumeShelveTestJSON-1542053226-project] Calling method '>' {{(pid=108155) _process_stack /opt/stack/nova/nova/api/openstack/wsgi.py:513}}
Sep 03 18:23:00.298435 dv-cinder-804093-5-smb devstack@n-api.service[108155]: DEBUG nova.compute.api [None req-a2118124-8096-4d4f-b879-f095dad2174a tempest-AttachVolumeShelveTestJSON-1542053226 tempest-AttachVolumeShelveTestJSON-1542053226-project] [instance: 1614b509-2391-4916-890d-19b7373c834a] Fetching instance by UUID {{(pid=108155) get /opt/stack/nova/nova/compute/api.py:2863}}
Sep 03 18:23:00.307369 dv-cinder-804093-5-smb devstack@n-api.service[108155]: DEBUG oslo_concurrency.lockutils [None req-a2118124-8096-4d4f-b879-f095dad2174a tempest-AttachVolumeShelveTestJSON-1542053226 tempest-AttachVolumeShelveTestJSON-1542053226-project] Lock "fa40ef97-4bc6-40b4-a962-786b0d77e6ae" acquired by "nova.context.set_target_cell..get_or_set_cached_cell_and_set_connections" :: waited 0.000s {{(pid=108155) inner /usr/local/lib/python3.8/dist-packages/oslo_concurrency/lockutils.py:355}}
Sep 03 18:23:00.308031 dv-cinder-804093-5-smb devstack@n-api.service[108155]: DEBUG oslo_concurrency.lockutils [None req-a2118124-8096-4d4f-b879-f095dad2174a tempest-AttachVolumeShelveTestJSON-1542053226 tempest-AttachVolumeShelveTestJSON-1542053226-project] Lock "fa40ef97-4bc6-40b4-a962-786b0d77e6ae" released by "nova.context.set_target_cell..get_or_set_cached_cell_and_set_connections" :: held 0.001s {{(pid=108155) inner /usr/local/lib/python3.8/dist-packages/oslo_concurrency/lockutils.py:367}}
Sep 03 18:23:00.308954 dv-cinder-804093-5-smb devstack@n-api.service[108155]: DEBUG oslo_concurrency.lockutils [None req-a2118124-8096-4d4f-b879-f095dad2174a tempest-AttachVolumeShelveTestJSON-1542053226 tempest-AttachVolumeShelveTestJSON-1542053226-project] Lock "fa40ef97-4bc6-40b4-a962-786b0d77e6ae" acquired by "nova.context.set_target_cell..get_or_set_cached_cell_and_set_connections" :: waited 0.000s {{(pid=108155) inner /usr/local/lib/python3.8/dist-packages/oslo_concurrency/lockutils.py:355}}
Sep 03 18:23:00.309587 dv-cinder-804093-5-smb devstack@n-api.service[108155]: DEBUG oslo_concurrency.lockutils [None req-a2118124-8096-4d4f-b879-f095dad2174a tempest-AttachVolumeShelveTestJSON-1542053226 tempest-AttachVolumeShelveTestJSON-1542053226-project] Lock "fa40ef97-4bc6-40b4-a962-786b0d77e6ae" released by "nova.context.set_target_cell..get_or_set_cached_cell_and_set_connections" :: held 0.001s {{(pid=108155) inner /usr/local/lib/python3.8/dist-packages/oslo_concurrency/lockutils.py:367}}
Sep 03 18:23:00.310862 dv-cinder-804093-5-smb devstack@n-api.service[108156]: INFO nova.api.openstack.requestlog [None req-08089239-d770-4808-ae19-85064a05c909 None None] 10.222.0.42 "POST /compute/v2.1/os-server-external-events" status: 200 len: 183 microversion: 2.1 time: 0.097752
Sep 03 18:23:00.311710 dv-cinder-804093-5-smb devstack@n-api.service[108156]: [pid: 108156|app: 0|req: 33/82] 10.222.0.42 () {64 vars in 1318 bytes} [Fri Sep 3 18:23:00 2021] POST /compute/v2.1/os-server-external-events => generated 183 bytes in 99 msecs (HTTP/1.1 200) 9 headers in 357 bytes (1 switches on core 0)
Sep 03 18:23:00.491824 dv-cinder-804093-5-smb devstack@n-api.service[108156]: DEBUG nova.api.openstack.wsgi [None req-3f2261ff-0b9d-4803-ac07-e7ba79c1ecd9 tempest-VolumesActionsTest-943890173 tempest-VolumesActionsTest-943890173-project] Calling method '>' {{(pid=108156) _process_stack /opt/stack/nova/nova/api/openstack/wsgi.py:513}}
Sep 03 18:23:00.493804 dv-cinder-804093-5-smb devstack@n-api.service[108156]: DEBUG nova.compute.api [None req-3f2261ff-0b9d-4803-ac07-e7ba79c1ecd9 tempest-VolumesActionsTest-943890173 tempest-VolumesActionsTest-943890173-project] [instance: 3987fe1e-2067-4653-926c-fe88c2bef81b] Fetching instance by UUID {{(pid=108156) get /opt/stack/nova/nova/compute/api.py:2863}}
Sep 03 18:23:00.500693 dv-cinder-804093-5-smb devstack@n-api.service[108156]: DEBUG oslo_concurrency.lockutils [None req-3f2261ff-0b9d-4803-ac07-e7ba79c1ecd9 tempest-VolumesActionsTest-943890173 tempest-VolumesActionsTest-943890173-project] Lock "fa40ef97-4bc6-40b4-a962-786b0d77e6ae" acquired by "nova.context.set_target_cell..get_or_set_cached_cell_and_set_connections" :: waited 0.000s {{(pid=108156) inner /usr/local/lib/python3.8/dist-packages/oslo_concurrency/lockutils.py:355}}
Sep 03 18:23:00.501910 dv-cinder-804093-5-smb devstack@n-api.service[108156]: DEBUG oslo_concurrency.lockutils [None req-3f2261ff-0b9d-4803-ac07-e7ba79c1ecd9 tempest-VolumesActionsTest-943890173 tempest-VolumesActionsTest-943890173-project] Lock "fa40ef97-4bc6-40b4-a962-786b0d77e6ae" released by "nova.context.set_target_cell..get_or_set_cached_cell_and_set_connections" :: held 0.001s {{(pid=108156) inner /usr/local/lib/python3.8/dist-packages/oslo_concurrency/lockutils.py:367}}
Sep 03 18:23:00.502853 dv-cinder-804093-5-smb devstack@n-api.service[108156]: DEBUG oslo_concurrency.lockutils [None req-3f2261ff-0b9d-4803-ac07-e7ba79c1ecd9 tempest-VolumesActionsTest-943890173 tempest-VolumesActionsTest-943890173-project] Lock "fa40ef97-4bc6-40b4-a962-786b0d77e6ae" acquired by "nova.context.set_target_cell..get_or_set_cached_cell_and_set_connections" :: waited 0.000s {{(pid=108156) inner /usr/local/lib/python3.8/dist-packages/oslo_concurrency/lockutils.py:355}}
Sep 03 18:23:00.503442 dv-cinder-804093-5-smb devstack@n-api.service[108156]: DEBUG oslo_concurrency.lockutils [None req-3f2261ff-0b9d-4803-ac07-e7ba79c1ecd9 tempest-VolumesActionsTest-943890173 tempest-VolumesActionsTest-943890173-project] Lock "fa40ef97-4bc6-40b4-a962-786b0d77e6ae" released by "nova.context.set_target_cell..get_or_set_cached_cell_and_set_connections" :: held 0.001s {{(pid=108156) inner /usr/local/lib/python3.8/dist-packages/oslo_concurrency/lockutils.py:367}}
Sep 03 18:23:00.519942 dv-cinder-804093-5-smb devstack@n-api.service[108155]: DEBUG nova.policy [None req-a2118124-8096-4d4f-b879-f095dad2174a tempest-AttachVolumeShelveTestJSON-1542053226 tempest-AttachVolumeShelveTestJSON-1542053226-project] Policy check for os_compute_api:os-extended-server-attributes failed with credentials {'is_admin': False, 'user_id': 'bf788f88bf2543ef92150bf15fd4f08c', 'user_domain_id': 'default', 'system_scope': None, 'domain_id': None, 'project_id': 'feff67c9bd434cb8b18abaa39210f42f', 'project_domain_id': 'default', 'roles': ['reader', 'member'], 'is_admin_project': True, 'service_user_id': None, 'service_user_domain_id': None, 'service_project_id': None, 'service_project_domain_id': None, 'service_roles': []} {{(pid=108155) authorize /opt/stack/nova/nova/policy.py:199}}
Sep 03 18:23:00.530973 dv-cinder-804093-5-smb devstack@n-api.service[108155]: DEBUG nova.policy [None req-a2118124-8096-4d4f-b879-f095dad2174a tempest-AttachVolumeShelveTestJSON-1542053226 tempest-AttachVolumeShelveTestJSON-1542053226-project] Policy check for os_compute_api:servers:show:host_status failed with credentials {'is_admin': False, 'user_id': 'bf788f88bf2543ef92150bf15fd4f08c', 'user_domain_id': 'default', 'system_scope': None, 'domain_id': None, 'project_id': 'feff67c9bd434cb8b18abaa39210f42f', 'project_domain_id': 'default', 'roles': ['reader', 'member'], 'is_admin_project': True, 'service_user_id': None, 'service_user_domain_id': None, 'service_project_id': None, 'service_project_domain_id': None, 'service_roles': []} {{(pid=108155) authorize /opt/stack/nova/nova/policy.py:199}}
Sep 03 18:23:00.534506 dv-cinder-804093-5-smb devstack@n-api.service[108155]: DEBUG nova.policy [None req-a2118124-8096-4d4f-b879-f095dad2174a tempest-AttachVolumeShelveTestJSON-1542053226 tempest-AttachVolumeShelveTestJSON-1542053226-project] Policy check for os_compute_api:servers:show:host_status:unknown-only failed with credentials {'is_admin': False, 'user_id': 'bf788f88bf2543ef92150bf15fd4f08c', 'user_domain_id': 'default', 'system_scope': None, 'domain_id': None, 'project_id': 'feff67c9bd434cb8b18abaa39210f42f', 'project_domain_id': 'default', 'roles': ['reader', 'member'], 'is_admin_project': True, 'service_user_id': None, 'service_user_domain_id': None, 'service_project_id': None, 'service_project_domain_id': None, 'service_roles': []} {{(pid=108155) authorize /opt/stack/nova/nova/policy.py:199}}
Sep 03 18:23:00.537081 dv-cinder-804093-5-smb devstack@n-api.service[108155]: INFO nova.api.openstack.requestlog [None req-a2118124-8096-4d4f-b879-f095dad2174a tempest-AttachVolumeShelveTestJSON-1542053226 tempest-AttachVolumeShelveTestJSON-1542053226-project] 10.222.0.42 "GET /compute/v2.1/servers/1614b509-2391-4916-890d-19b7373c834a" status: 200 len: 1407 microversion: 2.20 time: 0.248985
Sep 03 18:23:00.541270 dv-cinder-804093-5-smb devstack@n-api.service[108155]: [pid: 108155|app: 0|req: 50/83] 10.222.0.42 () {60 vars in 1277 bytes} [Fri Sep 3 18:23:00 2021] GET /compute/v2.1/servers/1614b509-2391-4916-890d-19b7373c834a => generated 1407 bytes in 254 msecs (HTTP/1.1 200) 9 headers in 360 bytes (2 switches on core 0)
Sep 03 18:23:00.545893 dv-cinder-804093-5-smb devstack@n-api.service[108155]: DEBUG nova.api.openstack.wsgi [None req-09d3fd16-33e1-42c6-ab76-464e514e06c2 tempest-DeleteServersTestJSON-1505667954 tempest-DeleteServersTestJSON-1505667954-project] Calling method '>' {{(pid=108155) _process_stack /opt/stack/nova/nova/api/openstack/wsgi.py:513}}
Sep 03 18:23:00.556458 dv-cinder-804093-5-smb devstack@n-api.service[108155]: DEBUG nova.compute.api [None req-09d3fd16-33e1-42c6-ab76-464e514e06c2 tempest-DeleteServersTestJSON-1505667954 tempest-DeleteServersTestJSON-1505667954-project] [instance: 2e9934bd-218a-44cb-90c4-490d769a853b] Fetching instance by UUID {{(pid=108155) get /opt/stack/nova/nova/compute/api.py:2863}}
Sep 03 18:23:00.565365 dv-cinder-804093-5-smb devstack@n-api.service[108155]: DEBUG oslo_concurrency.lockutils [None req-09d3fd16-33e1-42c6-ab76-464e514e06c2 tempest-DeleteServersTestJSON-1505667954 tempest-DeleteServersTestJSON-1505667954-project] Lock "fa40ef97-4bc6-40b4-a962-786b0d77e6ae" acquired by "nova.context.set_target_cell..get_or_set_cached_cell_and_set_connections" :: waited 0.000s {{(pid=108155) inner /usr/local/lib/python3.8/dist-packages/oslo_concurrency/lockutils.py:355}}
Sep 03 18:23:00.565872 dv-cinder-804093-5-smb devstack@n-api.service[108155]: DEBUG oslo_concurrency.lockutils [None req-09d3fd16-33e1-42c6-ab76-464e514e06c2 tempest-DeleteServersTestJSON-1505667954 tempest-DeleteServersTestJSON-1505667954-project] Lock "fa40ef97-4bc6-40b4-a962-786b0d77e6ae" released by "nova.context.set_target_cell..get_or_set_cached_cell_and_set_connections" :: held 0.001s {{(pid=108155) inner /usr/local/lib/python3.8/dist-packages/oslo_concurrency/lockutils.py:367}}
Sep 03 18:23:00.566819 dv-cinder-804093-5-smb devstack@n-api.service[108155]: DEBUG oslo_concurrency.lockutils [None req-09d3fd16-33e1-42c6-ab76-464e514e06c2 tempest-DeleteServersTestJSON-1505667954 tempest-DeleteServersTestJSON-1505667954-project] Lock "fa40ef97-4bc6-40b4-a962-786b0d77e6ae" acquired by "nova.context.set_target_cell..get_or_set_cached_cell_and_set_connections" :: waited 0.000s {{(pid=108155) inner /usr/local/lib/python3.8/dist-packages/oslo_concurrency/lockutils.py:355}}
Sep 03 18:23:00.567278 dv-cinder-804093-5-smb devstack@n-api.service[108155]: DEBUG oslo_concurrency.lockutils [None req-09d3fd16-33e1-42c6-ab76-464e514e06c2 tempest-DeleteServersTestJSON-1505667954 tempest-DeleteServersTestJSON-1505667954-project] Lock "fa40ef97-4bc6-40b4-a962-786b0d77e6ae" released by "nova.context.set_target_cell..get_or_set_cached_cell_and_set_connections" :: held 0.001s {{(pid=108155) inner /usr/local/lib/python3.8/dist-packages/oslo_concurrency/lockutils.py:367}}
Sep 03 18:23:00.655854 dv-cinder-804093-5-smb devstack@n-api.service[108156]: DEBUG nova.policy [None req-3f2261ff-0b9d-4803-ac07-e7ba79c1ecd9 tempest-VolumesActionsTest-943890173 tempest-VolumesActionsTest-943890173-project] Policy check for os_compute_api:os-extended-server-attributes failed with credentials {'is_admin': False, 'user_id': 'e696e3f9527c4f4bb0dab0d577ca221a', 'user_domain_id': 'default', 'system_scope': None, 'domain_id': None, 'project_id': 'f94eedb0537f446ba839180d3641ce2b', 'project_domain_id': 'default', 'roles': ['reader', 'member'], 'is_admin_project': True, 'service_user_id': None, 'service_user_domain_id': None, 'service_project_id': None, 'service_project_domain_id': None, 'service_roles': []} {{(pid=108156) authorize /opt/stack/nova/nova/policy.py:199}}
Sep 03 18:23:00.667596 dv-cinder-804093-5-smb devstack@n-api.service[108156]: INFO nova.api.openstack.requestlog [None req-3f2261ff-0b9d-4803-ac07-e7ba79c1ecd9 tempest-VolumesActionsTest-943890173 tempest-VolumesActionsTest-943890173-project] 10.222.0.42 "GET /compute/v2.1/servers/3987fe1e-2067-4653-926c-fe88c2bef81b" status: 200 len: 1265 microversion: 2.1 time: 0.181974
Sep 03 18:23:00.668468 dv-cinder-804093-5-smb devstack@n-api.service[108156]: [pid: 108156|app: 0|req: 34/84] 10.222.0.42 () {58 vars in 1236 bytes} [Fri Sep 3 18:23:00 2021] GET /compute/v2.1/servers/3987fe1e-2067-4653-926c-fe88c2bef81b => generated 1265 bytes in 184 msecs (HTTP/1.1 200) 9 headers in 358 bytes (1 switches on core 0)
Sep 03 18:23:00.990638 dv-cinder-804093-5-smb devstack@n-api.service[108155]: DEBUG nova.policy [None req-09d3fd16-33e1-42c6-ab76-464e514e06c2 tempest-DeleteServersTestJSON-1505667954 tempest-DeleteServersTestJSON-1505667954-project] Policy check for os_compute_api:os-extended-server-attributes failed with credentials {'is_admin': False, 'user_id': 'd1cd74a4e35d4401b7a718396407ddbb', 'user_domain_id': 'default', 'system_scope': None, 'domain_id': None, 'project_id': '83702cc72c1c49acaf9d1536da24f877', 'project_domain_id': 'default', 'roles': ['reader', 'member'], 'is_admin_project': True, 'service_user_id': None, 'service_user_domain_id': None, 'service_project_id': None, 'service_project_domain_id': None, 'service_roles': []} {{(pid=108155) authorize /opt/stack/nova/nova/policy.py:199}}
Sep 03 18:23:00.999075 dv-cinder-804093-5-smb devstack@n-api.service[108155]: INFO nova.api.openstack.requestlog [None req-09d3fd16-33e1-42c6-ab76-464e514e06c2 tempest-DeleteServersTestJSON-1505667954 tempest-DeleteServersTestJSON-1505667954-project] 10.222.0.42 "GET /compute/v2.1/servers/2e9934bd-218a-44cb-90c4-490d769a853b" status: 200 len: 1315 microversion: 2.1 time: 0.456573
Sep 03 18:23:00.999933 dv-cinder-804093-5-smb devstack@n-api.service[108155]: [pid: 108155|app: 0|req: 51/85] 10.222.0.42 () {58 vars in 1236 bytes} [Fri Sep 3 18:23:00 2021] GET /compute/v2.1/servers/2e9934bd-218a-44cb-90c4-490d769a853b => generated 1315 bytes in 458 msecs (HTTP/1.1 200) 9 headers in 358 bytes (1 switches on core 0)
Sep 03 18:23:01.558794 dv-cinder-804093-5-smb devstack@n-api.service[108156]: DEBUG nova.api.openstack.wsgi [None req-b18fad6a-ee8e-4033-b3ef-2352a6cc1203 tempest-AttachVolumeShelveTestJSON-1542053226 tempest-AttachVolumeShelveTestJSON-1542053226-project] Calling method '>' {{(pid=108156) _process_stack /opt/stack/nova/nova/api/openstack/wsgi.py:513}}
Sep 03 18:23:01.560021 dv-cinder-804093-5-smb devstack@n-api.service[108156]: DEBUG nova.compute.api [None req-b18fad6a-ee8e-4033-b3ef-2352a6cc1203 tempest-AttachVolumeShelveTestJSON-1542053226 tempest-AttachVolumeShelveTestJSON-1542053226-project] [instance: 1614b509-2391-4916-890d-19b7373c834a] Fetching instance by UUID {{(pid=108156) get /opt/stack/nova/nova/compute/api.py:2863}}
Sep 03 18:23:01.566108 dv-cinder-804093-5-smb devstack@n-api.service[108156]: DEBUG oslo_concurrency.lockutils [None req-b18fad6a-ee8e-4033-b3ef-2352a6cc1203 tempest-AttachVolumeShelveTestJSON-1542053226 tempest-AttachVolumeShelveTestJSON-1542053226-project] Lock "fa40ef97-4bc6-40b4-a962-786b0d77e6ae" acquired by "nova.context.set_target_cell..get_or_set_cached_cell_and_set_connections" :: waited 0.000s {{(pid=108156) inner /usr/local/lib/python3.8/dist-packages/oslo_concurrency/lockutils.py:355}}
Sep 03 18:23:01.570707 dv-cinder-804093-5-smb devstack@n-api.service[108156]: DEBUG oslo_concurrency.lockutils [None req-b18fad6a-ee8e-4033-b3ef-2352a6cc1203 tempest-AttachVolumeShelveTestJSON-1542053226 tempest-AttachVolumeShelveTestJSON-1542053226-project] Lock "fa40ef97-4bc6-40b4-a962-786b0d77e6ae" released by "nova.context.set_target_cell..get_or_set_cached_cell_and_set_connections" :: held 0.005s {{(pid=108156) inner /usr/local/lib/python3.8/dist-packages/oslo_concurrency/lockutils.py:367}}
Sep 03 18:23:01.571759 dv-cinder-804093-5-smb devstack@n-api.service[108156]: DEBUG oslo_concurrency.lockutils [None req-b18fad6a-ee8e-4033-b3ef-2352a6cc1203 tempest-AttachVolumeShelveTestJSON-1542053226 tempest-AttachVolumeShelveTestJSON-1542053226-project] Lock "fa40ef97-4bc6-40b4-a962-786b0d77e6ae" acquired by "nova.context.set_target_cell..get_or_set_cached_cell_and_set_connections" :: waited 0.000s {{(pid=108156) inner /usr/local/lib/python3.8/dist-packages/oslo_concurrency/lockutils.py:355}}
Sep 03 18:23:01.573586 dv-cinder-804093-5-smb devstack@n-api.service[108156]: DEBUG oslo_concurrency.lockutils [None req-b18fad6a-ee8e-4033-b3ef-2352a6cc1203 tempest-AttachVolumeShelveTestJSON-1542053226 tempest-AttachVolumeShelveTestJSON-1542053226-project] Lock "fa40ef97-4bc6-40b4-a962-786b0d77e6ae" released by "nova.context.set_target_cell..get_or_set_cached_cell_and_set_connections" :: held 0.002s {{(pid=108156) inner /usr/local/lib/python3.8/dist-packages/oslo_concurrency/lockutils.py:367}}
Sep 03 18:23:01.685284 dv-cinder-804093-5-smb devstack@n-api.service[108155]: DEBUG nova.api.openstack.wsgi [None req-64003fa9-0df7-46a7-b4ca-2c94ec0fbd27 tempest-VolumesActionsTest-943890173 tempest-VolumesActionsTest-943890173-project] Calling method '>' {{(pid=108155) _process_stack /opt/stack/nova/nova/api/openstack/wsgi.py:513}}
Sep 03 18:23:01.685887 dv-cinder-804093-5-smb devstack@n-api.service[108155]: DEBUG nova.compute.api [None req-64003fa9-0df7-46a7-b4ca-2c94ec0fbd27 tempest-VolumesActionsTest-943890173 tempest-VolumesActionsTest-943890173-project] [instance: 3987fe1e-2067-4653-926c-fe88c2bef81b] Fetching instance by UUID {{(pid=108155) get /opt/stack/nova/nova/compute/api.py:2863}}
Sep 03 18:23:01.697103 dv-cinder-804093-5-smb devstack@n-api.service[108155]: DEBUG oslo_concurrency.lockutils [None req-64003fa9-0df7-46a7-b4ca-2c94ec0fbd27 tempest-VolumesActionsTest-943890173 tempest-VolumesActionsTest-943890173-project] Lock "fa40ef97-4bc6-40b4-a962-786b0d77e6ae" acquired by "nova.context.set_target_cell..get_or_set_cached_cell_and_set_connections" :: waited 0.000s {{(pid=108155) inner /usr/local/lib/python3.8/dist-packages/oslo_concurrency/lockutils.py:355}}
Sep 03 18:23:01.698049 dv-cinder-804093-5-smb devstack@n-api.service[108155]: DEBUG oslo_concurrency.lockutils [None req-64003fa9-0df7-46a7-b4ca-2c94ec0fbd27 tempest-VolumesActionsTest-943890173 tempest-VolumesActionsTest-943890173-project] Lock "fa40ef97-4bc6-40b4-a962-786b0d77e6ae" released by "nova.context.set_target_cell..get_or_set_cached_cell_and_set_connections" :: held 0.004s {{(pid=108155) inner /usr/local/lib/python3.8/dist-packages/oslo_concurrency/lockutils.py:367}}
Sep 03 18:23:01.699113 dv-cinder-804093-5-smb devstack@n-api.service[108155]: DEBUG oslo_concurrency.lockutils [None req-64003fa9-0df7-46a7-b4ca-2c94ec0fbd27 tempest-VolumesActionsTest-943890173 tempest-VolumesActionsTest-943890173-project] Lock "fa40ef97-4bc6-40b4-a962-786b0d77e6ae" acquired by "nova.context.set_target_cell..get_or_set_cached_cell_and_set_connections" :: waited 0.000s {{(pid=108155) inner /usr/local/lib/python3.8/dist-packages/oslo_concurrency/lockutils.py:355}}
Sep 03 18:23:01.699886 dv-cinder-804093-5-smb devstack@n-api.service[108155]: DEBUG oslo_concurrency.lockutils [None req-64003fa9-0df7-46a7-b4ca-2c94ec0fbd27 tempest-VolumesActionsTest-943890173 tempest-VolumesActionsTest-943890173-project] Lock "fa40ef97-4bc6-40b4-a962-786b0d77e6ae" released by "nova.context.set_target_cell..get_or_set_cached_cell_and_set_connections" :: held 0.001s {{(pid=108155) inner /usr/local/lib/python3.8/dist-packages/oslo_concurrency/lockutils.py:367}}
