Sep 01 15:11:48.168173 dv-cinder-804093-4-smb devstack@c-api.service[100871]: DEBUG cinder.api.openstack.wsgi [None req-19ef3a46-fb4b-4797-889a-f36da912f4b5 tempest-VolumesDeleteCascade-1423935117 tempest-VolumesDeleteCascade-1423935117-project] Calling method 'index' {{(pid=100871) _process_stack /opt/stack/cinder/cinder/api/openstack/wsgi.py:856}}
Sep 01 15:11:48.168984 dv-cinder-804093-4-smb devstack@c-api.service[100871]: DEBUG cinder.api.api_utils [None req-19ef3a46-fb4b-4797-889a-f36da912f4b5 tempest-VolumesDeleteCascade-1423935117 tempest-VolumesDeleteCascade-1423935117-project] Removing options '' from query. {{(pid=100871) remove_invalid_filter_options /opt/stack/cinder/cinder/api/api_utils.py:73}}
Sep 01 15:11:48.171418 dv-cinder-804093-4-smb devstack@c-api.service[100871]: DEBUG cinder.db.sqlalchemy.api [None req-19ef3a46-fb4b-4797-889a-f36da912f4b5 tempest-VolumesDeleteCascade-1423935117 tempest-VolumesDeleteCascade-1423935117-project] Building query based on filter {{(pid=100871) _process_snaps_filters /opt/stack/cinder/cinder/db/sqlalchemy/api.py:3141}}
Sep 01 15:11:48.197674 dv-cinder-804093-4-smb devstack@c-api.service[100871]: INFO cinder.volume.api [None req-19ef3a46-fb4b-4797-889a-f36da912f4b5 tempest-VolumesDeleteCascade-1423935117 tempest-VolumesDeleteCascade-1423935117-project] Get all snapshots completed successfully.
Sep 01 15:11:48.198292 dv-cinder-804093-4-smb devstack@c-api.service[100871]: INFO cinder.api.openstack.wsgi [None req-19ef3a46-fb4b-4797-889a-f36da912f4b5 tempest-VolumesDeleteCascade-1423935117 tempest-VolumesDeleteCascade-1423935117-project] http://10.222.0.63/volume/v3/c7880ed862164340a7fd2ccc23110a84/snapshots returned with HTTP 200
Sep 01 15:11:48.206511 dv-cinder-804093-4-smb devstack@c-api.service[100871]: [pid: 100871|app: 0|req: 147/302] 10.222.0.63 () {58 vars in 1220 bytes} [Wed Sep 1 15:11:48 2021] GET /volume/v3/c7880ed862164340a7fd2ccc23110a84/snapshots => generated 17 bytes in 44 msecs (HTTP/1.1 200) 7 headers in 284 bytes (1 switches on core 0)
Sep 01 15:11:48.211204 dv-cinder-804093-4-smb devstack@c-api.service[100871]: INFO cinder.api.openstack.wsgi [None req-7155fe28-ffdd-4901-8241-d70fdf7c18a7 tempest-VolumesDeleteCascade-1423935117 tempest-VolumesDeleteCascade-1423935117-project] POST http://10.222.0.63/volume/v3/c7880ed862164340a7fd2ccc23110a84/volumes
Sep 01 15:11:48.212044 dv-cinder-804093-4-smb devstack@c-api.service[100871]: DEBUG cinder.api.openstack.wsgi [None req-7155fe28-ffdd-4901-8241-d70fdf7c18a7 tempest-VolumesDeleteCascade-1423935117 tempest-VolumesDeleteCascade-1423935117-project] Action: 'create', calling method: create, body: {"volume": {"size": 1, "name": "tempest-VolumesDeleteCascade-Volume-1349860536"}} {{(pid=100871) _process_stack /opt/stack/cinder/cinder/api/openstack/wsgi.py:854}}
Sep 01 15:11:48.213536 dv-cinder-804093-4-smb devstack@c-api.service[100871]: DEBUG cinder.api.v3.volumes [None req-7155fe28-ffdd-4901-8241-d70fdf7c18a7 tempest-VolumesDeleteCascade-1423935117 tempest-VolumesDeleteCascade-1423935117-project] Create volume request body: {'volume': {'size': 1, 'name': 'tempest-VolumesDeleteCascade-Volume-1349860536'}} {{(pid=100871) create /opt/stack/cinder/cinder/api/v3/volumes.py:298}}
Sep 01 15:11:48.213967 dv-cinder-804093-4-smb devstack@c-api.service[100871]: INFO cinder.api.v3.volumes [None req-7155fe28-ffdd-4901-8241-d70fdf7c18a7 tempest-VolumesDeleteCascade-1423935117 tempest-VolumesDeleteCascade-1423935117-project] Create volume of 1 GB
Sep 01 15:11:48.224539 dv-cinder-804093-4-smb devstack@c-api.service[100871]: INFO cinder.volume.api [None req-7155fe28-ffdd-4901-8241-d70fdf7c18a7 tempest-VolumesDeleteCascade-1423935117 tempest-VolumesDeleteCascade-1423935117-project] Availability Zones retrieved successfully.
Sep 01 15:11:48.245450 dv-cinder-804093-4-smb devstack@c-api.service[100871]: DEBUG cinder.volume.api [None req-7155fe28-ffdd-4901-8241-d70fdf7c18a7 tempest-VolumesDeleteCascade-1423935117 tempest-VolumesDeleteCascade-1423935117-project] Flow 'volume_create_api' (0be16142-ce5c-4356-aa21-b1a1e749dccb) transitioned into state 'RUNNING' from state 'PENDING' {{(pid=100871) _flow_receiver /usr/local/lib/python3.8/dist-packages/taskflow/listeners/logging.py:141}}
Sep 01 15:11:48.248145 dv-cinder-804093-4-smb devstack@c-api.service[100871]: DEBUG cinder.volume.api [None req-7155fe28-ffdd-4901-8241-d70fdf7c18a7 tempest-VolumesDeleteCascade-1423935117 tempest-VolumesDeleteCascade-1423935117-project] Task 'cinder.volume.flows.api.create_volume.ExtractVolumeRequestTask;volume:create' (8fa80af2-653d-455b-95be-8b5d8c8b2a07) transitioned into state 'RUNNING' from state 'PENDING' {{(pid=100871) _task_receiver /usr/local/lib/python3.8/dist-packages/taskflow/listeners/logging.py:190}}
Sep 01 15:11:48.250433 dv-cinder-804093-4-smb devstack@c-api.service[100871]: DEBUG cinder.volume.flows.api.create_volume [None req-7155fe28-ffdd-4901-8241-d70fdf7c18a7 tempest-VolumesDeleteCascade-1423935117 tempest-VolumesDeleteCascade-1423935117-project] Validating volume size '1' using validate_int {{(pid=100871) _extract_size /opt/stack/cinder/cinder/volume/flows/api/create_volume.py:225}}
Sep 01 15:11:48.295881 dv-cinder-804093-4-smb devstack@c-api.service[100871]: DEBUG cinder.volume.api [None req-7155fe28-ffdd-4901-8241-d70fdf7c18a7 tempest-VolumesDeleteCascade-1423935117 tempest-VolumesDeleteCascade-1423935117-project] Task 'cinder.volume.flows.api.create_volume.ExtractVolumeRequestTask;volume:create' (8fa80af2-653d-455b-95be-8b5d8c8b2a07) transitioned into state 'SUCCESS' from state 'RUNNING' with result '{'size': 1, 'snapshot_id': None, 'source_volid': None, 'volume_type': VolumeType(created_at=2021-09-01T15:00:44Z,deleted=False,deleted_at=None,description='Default Volume Type',extra_specs={},id=5503aeb5-701d-4a93-9081-8bda72bc13ba,is_public=True,name='__DEFAULT__',projects=[],qos_specs=,qos_specs_id=None,updated_at=2021-09-01T15:00:44Z), 'volume_type_id': '5503aeb5-701d-4a93-9081-8bda72bc13ba', 'encryption_key_id': None, 'qos_specs': None, 'consistencygroup_id': None, 'cgsnapshot_id': None, 'group_id': None, 'replication_status': 'disabled', 'refresh_az': False, 'backup_id': None, 'multiattach': False, 'availability_zones': ['nova']}' {{(pid=100871) _task_receiver /usr/local/lib/python3.8/dist-packages/taskflow/listeners/logging.py:178}}
Sep 01 15:11:48.298578 dv-cinder-804093-4-smb devstack@c-api.service[100871]: DEBUG cinder.volume.api [None req-7155fe28-ffdd-4901-8241-d70fdf7c18a7 tempest-VolumesDeleteCascade-1423935117 tempest-VolumesDeleteCascade-1423935117-project] Task 'cinder.volume.flows.api.create_volume.QuotaReserveTask;volume:create' (d915c255-6db0-4d30-9650-d7d91557077a) transitioned into state 'RUNNING' from state 'PENDING' {{(pid=100871) _task_receiver /usr/local/lib/python3.8/dist-packages/taskflow/listeners/logging.py:190}}
Sep 01 15:11:48.336981 dv-cinder-804093-4-smb devstack@c-api.service[100870]: INFO cinder.api.openstack.wsgi [None req-f50e0ccb-b321-42bd-9685-104d5d7f346d tempest-VolumeQuotasAdminTestJSON-1467204039 tempest-VolumeQuotasAdminTestJSON-1467204039-project-admin] GET http://10.222.0.63/volume/v3/06b9e7f59f5547b18bbc0a624ce24f74/os-quota-sets/640ae65d42d74e7e9b1bfd6d0446a2f8
Sep 01 15:11:48.337978 dv-cinder-804093-4-smb devstack@c-api.service[100870]: DEBUG cinder.api.openstack.wsgi [None req-f50e0ccb-b321-42bd-9685-104d5d7f346d tempest-VolumeQuotasAdminTestJSON-1467204039 tempest-VolumeQuotasAdminTestJSON-1467204039-project-admin] Empty body provided in request {{(pid=100870) get_body /opt/stack/cinder/cinder/api/openstack/wsgi.py:703}}
Sep 01 15:11:48.338629 dv-cinder-804093-4-smb devstack@c-api.service[100870]: DEBUG cinder.api.openstack.wsgi [None req-f50e0ccb-b321-42bd-9685-104d5d7f346d tempest-VolumeQuotasAdminTestJSON-1467204039 tempest-VolumeQuotasAdminTestJSON-1467204039-project-admin] Calling method 'show' {{(pid=100870) _process_stack /opt/stack/cinder/cinder/api/openstack/wsgi.py:856}}
Sep 01 15:11:48.367112 dv-cinder-804093-4-smb devstack@c-api.service[100870]: INFO cinder.api.openstack.wsgi [None req-f50e0ccb-b321-42bd-9685-104d5d7f346d tempest-VolumeQuotasAdminTestJSON-1467204039 tempest-VolumeQuotasAdminTestJSON-1467204039-project-admin] http://10.222.0.63/volume/v3/06b9e7f59f5547b18bbc0a624ce24f74/os-quota-sets/640ae65d42d74e7e9b1bfd6d0446a2f8 returned with HTTP 200
Sep 01 15:11:48.367984 dv-cinder-804093-4-smb devstack@c-api.service[100870]: [pid: 100870|app: 0|req: 156/303] 10.222.0.63 () {58 vars in 1331 bytes} [Wed Sep 1 15:11:48 2021] GET /volume/v3/06b9e7f59f5547b18bbc0a624ce24f74/os-quota-sets/640ae65d42d74e7e9b1bfd6d0446a2f8 => generated 361 bytes in 177 msecs (HTTP/1.1 200) 7 headers in 285 bytes (1 switches on core 0)
Sep 01 15:11:48.376158 dv-cinder-804093-4-smb devstack@c-api.service[100870]: INFO cinder.api.openstack.wsgi [None req-5ba03cc1-b3de-4c92-b69c-37b1acd88ab9 tempest-VolumesExtendTest-1535911633 tempest-VolumesExtendTest-1535911633-project] GET http://10.222.0.63/volume/v3/d4762f13a1504f42aa49fcf51b44c5d0/volumes/88cf17d6-1a6d-4c99-878a-64df2caa828a
Sep 01 15:11:48.377426 dv-cinder-804093-4-smb devstack@c-api.service[100870]: DEBUG cinder.api.openstack.wsgi [None req-5ba03cc1-b3de-4c92-b69c-37b1acd88ab9 tempest-VolumesExtendTest-1535911633 tempest-VolumesExtendTest-1535911633-project] Empty body provided in request {{(pid=100870) get_body /opt/stack/cinder/cinder/api/openstack/wsgi.py:703}}
Sep 01 15:11:48.377959 dv-cinder-804093-4-smb devstack@c-api.service[100870]: DEBUG cinder.api.openstack.wsgi [None req-5ba03cc1-b3de-4c92-b69c-37b1acd88ab9 tempest-VolumesExtendTest-1535911633 tempest-VolumesExtendTest-1535911633-project] Calling method 'show' {{(pid=100870) _process_stack /opt/stack/cinder/cinder/api/openstack/wsgi.py:856}}
Sep 01 15:11:48.381395 dv-cinder-804093-4-smb devstack@c-api.service[100871]: DEBUG cinder.quota [None req-7155fe28-ffdd-4901-8241-d70fdf7c18a7 tempest-VolumesDeleteCascade-1423935117 tempest-VolumesDeleteCascade-1423935117-project] Created reservations ['1b72233d-a486-4c63-b832-6508715189e4', 'f3abdda2-a7b7-42c3-a909-ca4691f1c506', 'd432cd78-cf68-415d-8e18-5ede74042f7a', '73b2a490-bd44-440c-9829-24bf802243d1'] {{(pid=100871) reserve /opt/stack/cinder/cinder/quota.py:755}}
Sep 01 15:11:48.383254 dv-cinder-804093-4-smb devstack@c-api.service[100871]: DEBUG cinder.volume.api [None req-7155fe28-ffdd-4901-8241-d70fdf7c18a7 tempest-VolumesDeleteCascade-1423935117 tempest-VolumesDeleteCascade-1423935117-project] Task 'cinder.volume.flows.api.create_volume.QuotaReserveTask;volume:create' (d915c255-6db0-4d30-9650-d7d91557077a) transitioned into state 'SUCCESS' from state 'RUNNING' with result '{'reservations': ['1b72233d-a486-4c63-b832-6508715189e4', 'f3abdda2-a7b7-42c3-a909-ca4691f1c506', 'd432cd78-cf68-415d-8e18-5ede74042f7a', '73b2a490-bd44-440c-9829-24bf802243d1']}' {{(pid=100871) _task_receiver /usr/local/lib/python3.8/dist-packages/taskflow/listeners/logging.py:178}}
Sep 01 15:11:48.385413 dv-cinder-804093-4-smb devstack@c-api.service[100871]: DEBUG cinder.volume.api [None req-7155fe28-ffdd-4901-8241-d70fdf7c18a7 tempest-VolumesDeleteCascade-1423935117 tempest-VolumesDeleteCascade-1423935117-project] Task 'cinder.volume.flows.api.create_volume.EntryCreateTask;volume:create' (91a0ec9a-b0bd-4d6a-9330-439da5a02c75) transitioned into state 'RUNNING' from state 'PENDING' {{(pid=100871) _task_receiver /usr/local/lib/python3.8/dist-packages/taskflow/listeners/logging.py:190}}
Sep 01 15:11:48.393110 dv-cinder-804093-4-smb devstack@c-api.service[100870]: /usr/local/lib/python3.8/dist-packages/oslo_context/context.py:105: DeprecationWarning: Policy enforcement is depending on the value of is_admin. This key is deprecated. Please update your policy file to use the standard policy values.
Sep 01 15:11:48.393110 dv-cinder-804093-4-smb devstack@c-api.service[100870]: warnings.warn('Policy enforcement is depending on the value of '
Sep 01 15:11:48.400615 dv-cinder-804093-4-smb devstack@c-api.service[100870]: INFO cinder.volume.api [None req-5ba03cc1-b3de-4c92-b69c-37b1acd88ab9 tempest-VolumesExtendTest-1535911633 tempest-VolumesExtendTest-1535911633-project] Volume info retrieved successfully.
Sep 01 15:11:48.413499 dv-cinder-804093-4-smb devstack@c-api.service[100871]: DEBUG cinder.volume.api [None req-7155fe28-ffdd-4901-8241-d70fdf7c18a7 tempest-VolumesDeleteCascade-1423935117 tempest-VolumesDeleteCascade-1423935117-project] Task 'cinder.volume.flows.api.create_volume.EntryCreateTask;volume:create' (91a0ec9a-b0bd-4d6a-9330-439da5a02c75) transitioned into state 'SUCCESS' from state 'RUNNING' with result '{'volume_id': 'b867151f-b4f7-4e2b-aac2-b4d682fe8ad0', 'volume_properties': VolumeProperties(attach_status='detached',availability_zone='nova',cgsnapshot_id=None,consistencygroup_id=None,display_description=None,display_name='tempest-VolumesDeleteCascade-Volume-1349860536',encryption_key_id=None,group_id=None,group_type_id=,metadata={},multiattach=False,project_id='c7880ed862164340a7fd2ccc23110a84',qos_specs=None,replication_status=,reservations=['1b72233d-a486-4c63-b832-6508715189e4','f3abdda2-a7b7-42c3-a909-ca4691f1c506','d432cd78-cf68-415d-8e18-5ede74042f7a','73b2a490-bd44-440c-9829-24bf802243d1'],size=1,snapshot_id=None,source_replicaid=,source_volid=None,status='creating',user_id='d75d8ac492504a6ea95b988313becf70',volume_type_id=5503aeb5-701d-4a93-9081-8bda72bc13ba), 'volume': Volume(_name_id=None,admin_metadata=,attach_status='detached',availability_zone='nova',bootable=False,cluster=,cluster_name=None,consistencygroup=,consistencygroup_id=None,created_at=2021-09-01T15:11:48Z,deleted=False,deleted_at=None,display_description=None,display_name='tempest-VolumesDeleteCascade-Volume-1349860536',ec2_id=None,encryption_key_id=None,glance_metadata=,group=,group_id=None,host=None,id=b867151f-b4f7-4e2b-aac2-b4d682fe8ad0,launched_at=None,metadata={},migration_status=None,multiattach=False,previous_status=None,project_id='c7880ed862164340a7fd2ccc23110a84',provider_auth=None,provider_geometry=None,provider_id=None,provider_location=None,replication_driver_data=None,replication_extended_status=None,replication_status=None,scheduled_at=None,service_uuid=None,shared_targets=True,size=1,snapshot_id=None,snapshots=,source_volid=None,status='creating',terminated_at=None,updated_at=None,use_quota=True,user_id='d75d8ac492504a6ea95b988313becf70',volume_attachment=,volume_type=VolumeType(5503aeb5-701d-4a93-9081-8bda72bc13ba),volume_type_id=5503aeb5-701d-4a93-9081-8bda72bc13ba)}' {{(pid=100871) _task_receiver /usr/local/lib/python3.8/dist-packages/taskflow/listeners/logging.py:178}}
Sep 01 15:11:48.416701 dv-cinder-804093-4-smb devstack@c-api.service[100871]: DEBUG cinder.volume.api [None req-7155fe28-ffdd-4901-8241-d70fdf7c18a7 tempest-VolumesDeleteCascade-1423935117 tempest-VolumesDeleteCascade-1423935117-project] Task 'cinder.volume.flows.api.create_volume.QuotaCommitTask;volume:create' (d08b18e1-1234-4552-abec-7a03575d495c) transitioned into state 'RUNNING' from state 'PENDING' {{(pid=100871) _task_receiver /usr/local/lib/python3.8/dist-packages/taskflow/listeners/logging.py:190}}
Sep 01 15:11:48.425995 dv-cinder-804093-4-smb devstack@c-api.service[100870]: INFO cinder.api.openstack.wsgi [None req-5ba03cc1-b3de-4c92-b69c-37b1acd88ab9 tempest-VolumesExtendTest-1535911633 tempest-VolumesExtendTest-1535911633-project] http://10.222.0.63/volume/v3/d4762f13a1504f42aa49fcf51b44c5d0/volumes/88cf17d6-1a6d-4c99-878a-64df2caa828a returned with HTTP 200
Sep 01 15:11:48.426768 dv-cinder-804093-4-smb devstack@c-api.service[100870]: [pid: 100870|app: 0|req: 157/304] 10.222.0.63 () {58 vars in 1325 bytes} [Wed Sep 1 15:11:48 2021] GET /volume/v3/d4762f13a1504f42aa49fcf51b44c5d0/volumes/88cf17d6-1a6d-4c99-878a-64df2caa828a => generated 908 bytes in 58 msecs (HTTP/1.1 200) 7 headers in 285 bytes (1 switches on core 0)
Sep 01 15:11:48.432016 dv-cinder-804093-4-smb devstack@c-api.service[100870]: INFO cinder.api.openstack.wsgi [None req-13243430-7cc4-4932-85e8-b5698cf9e4ae tempest-VolumeQuotasAdminTestJSON-1467204039 tempest-VolumeQuotasAdminTestJSON-1467204039-project-admin] GET http://10.222.0.63/volume/v3/06b9e7f59f5547b18bbc0a624ce24f74/os-quota-sets/640ae65d42d74e7e9b1bfd6d0446a2f8/defaults
Sep 01 15:11:48.432724 dv-cinder-804093-4-smb devstack@c-api.service[100870]: DEBUG cinder.api.openstack.wsgi [None req-13243430-7cc4-4932-85e8-b5698cf9e4ae tempest-VolumeQuotasAdminTestJSON-1467204039 tempest-VolumeQuotasAdminTestJSON-1467204039-project-admin] Empty body provided in request {{(pid=100870) get_body /opt/stack/cinder/cinder/api/openstack/wsgi.py:703}}
Sep 01 15:11:48.433039 dv-cinder-804093-4-smb devstack@c-api.service[100870]: /usr/local/lib/python3.8/dist-packages/webob/acceptparse.py:1047: DeprecationWarning: The behavior of AcceptValidHeader.best_match is currently being maintained for backward compatibility, but it will be deprecated in the future, as it does not conform to the RFC.
Sep 01 15:11:48.433039 dv-cinder-804093-4-smb devstack@c-api.service[100870]: warnings.warn(
Sep 01 15:11:48.433662 dv-cinder-804093-4-smb devstack@c-api.service[100870]: DEBUG cinder.api.openstack.wsgi [None req-13243430-7cc4-4932-85e8-b5698cf9e4ae tempest-VolumeQuotasAdminTestJSON-1467204039 tempest-VolumeQuotasAdminTestJSON-1467204039-project-admin] Calling method 'defaults' {{(pid=100870) _process_stack /opt/stack/cinder/cinder/api/openstack/wsgi.py:856}}
Sep 01 15:11:48.448991 dv-cinder-804093-4-smb devstack@c-api.service[100871]: DEBUG cinder.volume.api [None req-7155fe28-ffdd-4901-8241-d70fdf7c18a7 tempest-VolumesDeleteCascade-1423935117 tempest-VolumesDeleteCascade-1423935117-project] Task 'cinder.volume.flows.api.create_volume.QuotaCommitTask;volume:create' (d08b18e1-1234-4552-abec-7a03575d495c) transitioned into state 'SUCCESS' from state 'RUNNING' with result '{'volume_properties': VolumeProperties(attach_status='detached',availability_zone='nova',cgsnapshot_id=None,consistencygroup_id=None,display_description=None,display_name='tempest-VolumesDeleteCascade-Volume-1349860536',encryption_key_id=None,group_id=None,group_type_id=,metadata={},multiattach=False,project_id='c7880ed862164340a7fd2ccc23110a84',qos_specs=None,replication_status=,reservations=['1b72233d-a486-4c63-b832-6508715189e4','f3abdda2-a7b7-42c3-a909-ca4691f1c506','d432cd78-cf68-415d-8e18-5ede74042f7a','73b2a490-bd44-440c-9829-24bf802243d1'],size=1,snapshot_id=None,source_replicaid=,source_volid=None,status='creating',user_id='d75d8ac492504a6ea95b988313becf70',volume_type_id=5503aeb5-701d-4a93-9081-8bda72bc13ba)}' {{(pid=100871) _task_receiver /usr/local/lib/python3.8/dist-packages/taskflow/listeners/logging.py:178}}
Sep 01 15:11:48.450805 dv-cinder-804093-4-smb devstack@c-api.service[100871]: DEBUG cinder.volume.api [None req-7155fe28-ffdd-4901-8241-d70fdf7c18a7 tempest-VolumesDeleteCascade-1423935117 tempest-VolumesDeleteCascade-1423935117-project] Task 'cinder.volume.flows.api.create_volume.VolumeCastTask;volume:create' (d47a2a3d-64f4-49f4-9844-4f840233de80) transitioned into state 'RUNNING' from state 'PENDING' {{(pid=100871) _task_receiver /usr/local/lib/python3.8/dist-packages/taskflow/listeners/logging.py:190}}
Sep 01 15:11:48.454287 dv-cinder-804093-4-smb devstack@c-api.service[100870]: INFO cinder.api.openstack.wsgi [None req-13243430-7cc4-4932-85e8-b5698cf9e4ae tempest-VolumeQuotasAdminTestJSON-1467204039 tempest-VolumeQuotasAdminTestJSON-1467204039-project-admin] http://10.222.0.63/volume/v3/06b9e7f59f5547b18bbc0a624ce24f74/os-quota-sets/640ae65d42d74e7e9b1bfd6d0446a2f8/defaults returned with HTTP 200
Sep 01 15:11:48.455239 dv-cinder-804093-4-smb devstack@c-api.service[100870]: [pid: 100870|app: 0|req: 158/305] 10.222.0.63 () {58 vars in 1358 bytes} [Wed Sep 1 15:11:48 2021] GET /volume/v3/06b9e7f59f5547b18bbc0a624ce24f74/os-quota-sets/640ae65d42d74e7e9b1bfd6d0446a2f8/defaults => generated 361 bytes in 28 msecs (HTTP/1.1 200) 7 headers in 285 bytes (1 switches on core 0)
Sep 01 15:11:48.467485 dv-cinder-804093-4-smb devstack@c-api.service[100870]: INFO cinder.api.openstack.wsgi [None req-98992c75-aa8f-4a73-8dfb-2dbd4ca17fb3 tempest-VolumeQuotasAdminTestJSON-1467204039 tempest-VolumeQuotasAdminTestJSON-1467204039-project-admin] PUT http://10.222.0.63/volume/v3/06b9e7f59f5547b18bbc0a624ce24f74/os-quota-sets/640ae65d42d74e7e9b1bfd6d0446a2f8
Sep 01 15:11:48.468410 dv-cinder-804093-4-smb devstack@c-api.service[100870]: DEBUG cinder.api.openstack.wsgi [None req-98992c75-aa8f-4a73-8dfb-2dbd4ca17fb3 tempest-VolumeQuotasAdminTestJSON-1467204039 tempest-VolumeQuotasAdminTestJSON-1467204039-project-admin] Action: 'update', calling method: update, body: {"quota_set": {"volumes": 15}} {{(pid=100870) _process_stack /opt/stack/cinder/cinder/api/openstack/wsgi.py:854}}
Sep 01 15:11:48.484937 dv-cinder-804093-4-smb devstack@c-api.service[100871]: DEBUG cinder.volume.api [None req-7155fe28-ffdd-4901-8241-d70fdf7c18a7 tempest-VolumesDeleteCascade-1423935117 tempest-VolumesDeleteCascade-1423935117-project] Task 'cinder.volume.flows.api.create_volume.VolumeCastTask;volume:create' (d47a2a3d-64f4-49f4-9844-4f840233de80) transitioned into state 'SUCCESS' from state 'RUNNING' with result 'None' {{(pid=100871) _task_receiver /usr/local/lib/python3.8/dist-packages/taskflow/listeners/logging.py:178}}
Sep 01 15:11:48.487773 dv-cinder-804093-4-smb devstack@c-api.service[100871]: DEBUG cinder.volume.api [None req-7155fe28-ffdd-4901-8241-d70fdf7c18a7 tempest-VolumesDeleteCascade-1423935117 tempest-VolumesDeleteCascade-1423935117-project] Flow 'volume_create_api' (0be16142-ce5c-4356-aa21-b1a1e749dccb) transitioned into state 'SUCCESS' from state 'RUNNING' {{(pid=100871) _flow_receiver /usr/local/lib/python3.8/dist-packages/taskflow/listeners/logging.py:141}}
Sep 01 15:11:48.488685 dv-cinder-804093-4-smb devstack@c-api.service[100871]: INFO cinder.volume.api [None req-7155fe28-ffdd-4901-8241-d70fdf7c18a7 tempest-VolumesDeleteCascade-1423935117 tempest-VolumesDeleteCascade-1423935117-project] Create volume request issued successfully.
Sep 01 15:11:48.496326 dv-cinder-804093-4-smb devstack@c-api.service[100871]: INFO cinder.api.openstack.wsgi [None req-7155fe28-ffdd-4901-8241-d70fdf7c18a7 tempest-VolumesDeleteCascade-1423935117 tempest-VolumesDeleteCascade-1423935117-project] http://10.222.0.63/volume/v3/c7880ed862164340a7fd2ccc23110a84/volumes returned with HTTP 202
Sep 01 15:11:48.497168 dv-cinder-804093-4-smb devstack@c-api.service[100871]: [pid: 100871|app: 0|req: 148/306] 10.222.0.63 () {60 vars in 1235 bytes} [Wed Sep 1 15:11:48 2021] POST /volume/v3/c7880ed862164340a7fd2ccc23110a84/volumes => generated 820 bytes in 290 msecs (HTTP/1.1 202) 7 headers in 291 bytes (1 switches on core 0)
Sep 01 15:11:48.521662 dv-cinder-804093-4-smb devstack@c-api.service[100871]: INFO cinder.api.openstack.wsgi [None req-ac2ca2d8-8cbf-4544-940d-c542fa1dfb7d tempest-VolumesDeleteCascade-1423935117 tempest-VolumesDeleteCascade-1423935117-project] GET http://10.222.0.63/volume/v3/c7880ed862164340a7fd2ccc23110a84/volumes/b867151f-b4f7-4e2b-aac2-b4d682fe8ad0
Sep 01 15:11:48.522384 dv-cinder-804093-4-smb devstack@c-api.service[100871]: DEBUG cinder.api.openstack.wsgi [None req-ac2ca2d8-8cbf-4544-940d-c542fa1dfb7d tempest-VolumesDeleteCascade-1423935117 tempest-VolumesDeleteCascade-1423935117-project] Empty body provided in request {{(pid=100871) get_body /opt/stack/cinder/cinder/api/openstack/wsgi.py:703}}
Sep 01 15:11:48.523026 dv-cinder-804093-4-smb devstack@c-api.service[100871]: /usr/local/lib/python3.8/dist-packages/webob/acceptparse.py:1047: DeprecationWarning: The behavior of AcceptValidHeader.best_match is currently being maintained for backward compatibility, but it will be deprecated in the future, as it does not conform to the RFC.
Sep 01 15:11:48.523026 dv-cinder-804093-4-smb devstack@c-api.service[100871]: warnings.warn(
Sep 01 15:11:48.523807 dv-cinder-804093-4-smb devstack@c-api.service[100871]: DEBUG cinder.api.openstack.wsgi [None req-ac2ca2d8-8cbf-4544-940d-c542fa1dfb7d tempest-VolumesDeleteCascade-1423935117 tempest-VolumesDeleteCascade-1423935117-project] Calling method 'show' {{(pid=100871) _process_stack /opt/stack/cinder/cinder/api/openstack/wsgi.py:856}}
Sep 01 15:11:48.540778 dv-cinder-804093-4-smb devstack@c-api.service[100871]: /usr/local/lib/python3.8/dist-packages/oslo_context/context.py:105: DeprecationWarning: Policy enforcement is depending on the value of is_admin. This key is deprecated. Please update your policy file to use the standard policy values.
Sep 01 15:11:48.540778 dv-cinder-804093-4-smb devstack@c-api.service[100871]: warnings.warn('Policy enforcement is depending on the value of '
Sep 01 15:11:48.548166 dv-cinder-804093-4-smb devstack@c-api.service[100871]: INFO cinder.volume.api [None req-ac2ca2d8-8cbf-4544-940d-c542fa1dfb7d tempest-VolumesDeleteCascade-1423935117 tempest-VolumesDeleteCascade-1423935117-project] Volume info retrieved successfully.
Sep 01 15:11:48.567429 dv-cinder-804093-4-smb devstack@c-api.service[100870]: INFO cinder.api.openstack.wsgi [None req-98992c75-aa8f-4a73-8dfb-2dbd4ca17fb3 tempest-VolumeQuotasAdminTestJSON-1467204039 tempest-VolumeQuotasAdminTestJSON-1467204039-project-admin] http://10.222.0.63/volume/v3/06b9e7f59f5547b18bbc0a624ce24f74/os-quota-sets/640ae65d42d74e7e9b1bfd6d0446a2f8 returned with HTTP 200
Sep 01 15:11:48.568223 dv-cinder-804093-4-smb devstack@c-api.service[100870]: [pid: 100870|app: 0|req: 159/307] 10.222.0.63 () {60 vars in 1351 bytes} [Wed Sep 1 15:11:48 2021] PUT /volume/v3/06b9e7f59f5547b18bbc0a624ce24f74/os-quota-sets/640ae65d42d74e7e9b1bfd6d0446a2f8 => generated 319 bytes in 107 msecs (HTTP/1.1 200) 7 headers in 285 bytes (2 switches on core 0)
Sep 01 15:11:48.569190 dv-cinder-804093-4-smb devstack@c-api.service[100871]: INFO cinder.api.openstack.wsgi [None req-ac2ca2d8-8cbf-4544-940d-c542fa1dfb7d tempest-VolumesDeleteCascade-1423935117 tempest-VolumesDeleteCascade-1423935117-project] http://10.222.0.63/volume/v3/c7880ed862164340a7fd2ccc23110a84/volumes/b867151f-b4f7-4e2b-aac2-b4d682fe8ad0 returned with HTTP 200
Sep 01 15:11:48.576551 dv-cinder-804093-4-smb devstack@c-api.service[100871]: [pid: 100871|app: 0|req: 149/308] 10.222.0.63 () {58 vars in 1325 bytes} [Wed Sep 1 15:11:48 2021] GET /volume/v3/c7880ed862164340a7fd2ccc23110a84/volumes/b867151f-b4f7-4e2b-aac2-b4d682fe8ad0 => generated 888 bytes in 55 msecs (HTTP/1.1 200) 7 headers in 285 bytes (2 switches on core 0)
Sep 01 15:11:48.585876 dv-cinder-804093-4-smb devstack@c-api.service[100870]: INFO cinder.api.openstack.wsgi [None req-dff7577b-b5b9-4417-9542-0b426b6a6a0f tempest-VolumeQuotasAdminTestJSON-1467204039 tempest-VolumeQuotasAdminTestJSON-1467204039-project-admin] DELETE http://10.222.0.63/volume/v3/06b9e7f59f5547b18bbc0a624ce24f74/os-quota-sets/640ae65d42d74e7e9b1bfd6d0446a2f8
Sep 01 15:11:48.585876 dv-cinder-804093-4-smb devstack@c-api.service[100870]: DEBUG cinder.api.openstack.wsgi [None req-dff7577b-b5b9-4417-9542-0b426b6a6a0f tempest-VolumeQuotasAdminTestJSON-1467204039 tempest-VolumeQuotasAdminTestJSON-1467204039-project-admin] Empty body provided in request {{(pid=100870) get_body /opt/stack/cinder/cinder/api/openstack/wsgi.py:703}}
Sep 01 15:11:48.585876 dv-cinder-804093-4-smb devstack@c-api.service[100870]: DEBUG cinder.api.openstack.wsgi [None req-dff7577b-b5b9-4417-9542-0b426b6a6a0f tempest-VolumeQuotasAdminTestJSON-1467204039 tempest-VolumeQuotasAdminTestJSON-1467204039-project-admin] Calling method 'delete' {{(pid=100870) _process_stack /opt/stack/cinder/cinder/api/openstack/wsgi.py:856}}
Sep 01 15:11:48.598969 dv-cinder-804093-4-smb devstack@c-api.service[100870]: INFO cinder.api.openstack.wsgi [None req-dff7577b-b5b9-4417-9542-0b426b6a6a0f tempest-VolumeQuotasAdminTestJSON-1467204039 tempest-VolumeQuotasAdminTestJSON-1467204039-project-admin] http://10.222.0.63/volume/v3/06b9e7f59f5547b18bbc0a624ce24f74/os-quota-sets/640ae65d42d74e7e9b1bfd6d0446a2f8 returned with HTTP 200
Sep 01 15:11:48.603397 dv-cinder-804093-4-smb devstack@c-api.service[100870]: [pid: 100870|app: 0|req: 160/309] 10.222.0.63 () {58 vars in 1334 bytes} [Wed Sep 1 15:11:48 2021] DELETE /volume/v3/06b9e7f59f5547b18bbc0a624ce24f74/os-quota-sets/640ae65d42d74e7e9b1bfd6d0446a2f8 => generated 0 bytes in 30 msecs (HTTP/1.1 200) 7 headers in 283 bytes (1 switches on core 0)
Sep 01 15:11:48.613493 dv-cinder-804093-4-smb devstack@c-api.service[100871]: INFO cinder.api.openstack.wsgi [None req-d232df6a-558a-4c26-84b9-cc0de9f57efa tempest-VolumeQuotasAdminTestJSON-1467204039 tempest-VolumeQuotasAdminTestJSON-1467204039-project-admin] GET http://10.222.0.63/volume/v3/06b9e7f59f5547b18bbc0a624ce24f74/os-quota-sets/640ae65d42d74e7e9b1bfd6d0446a2f8
Sep 01 15:11:48.614271 dv-cinder-804093-4-smb devstack@c-api.service[100871]: DEBUG cinder.api.openstack.wsgi [None req-d232df6a-558a-4c26-84b9-cc0de9f57efa tempest-VolumeQuotasAdminTestJSON-1467204039 tempest-VolumeQuotasAdminTestJSON-1467204039-project-admin] Empty body provided in request {{(pid=100871) get_body /opt/stack/cinder/cinder/api/openstack/wsgi.py:703}}
Sep 01 15:11:48.614592 dv-cinder-804093-4-smb devstack@c-api.service[100871]: /usr/local/lib/python3.8/dist-packages/webob/acceptparse.py:1047: DeprecationWarning: The behavior of AcceptValidHeader.best_match is currently being maintained for backward compatibility, but it will be deprecated in the future, as it does not conform to the RFC.
Sep 01 15:11:48.614592 dv-cinder-804093-4-smb devstack@c-api.service[100871]: warnings.warn(
Sep 01 15:11:48.615469 dv-cinder-804093-4-smb devstack@c-api.service[100871]: DEBUG cinder.api.openstack.wsgi [None req-d232df6a-558a-4c26-84b9-cc0de9f57efa tempest-VolumeQuotasAdminTestJSON-1467204039 tempest-VolumeQuotasAdminTestJSON-1467204039-project-admin] Calling method 'show' {{(pid=100871) _process_stack /opt/stack/cinder/cinder/api/openstack/wsgi.py:856}}
Sep 01 15:11:48.657844 dv-cinder-804093-4-smb devstack@c-api.service[100871]: INFO cinder.api.openstack.wsgi [None req-d232df6a-558a-4c26-84b9-cc0de9f57efa tempest-VolumeQuotasAdminTestJSON-1467204039 tempest-VolumeQuotasAdminTestJSON-1467204039-project-admin] http://10.222.0.63/volume/v3/06b9e7f59f5547b18bbc0a624ce24f74/os-quota-sets/640ae65d42d74e7e9b1bfd6d0446a2f8 returned with HTTP 200
Sep 01 15:11:48.658820 dv-cinder-804093-4-smb devstack@c-api.service[100871]: [pid: 100871|app: 0|req: 150/310] 10.222.0.63 () {58 vars in 1331 bytes} [Wed Sep 1 15:11:48 2021] GET /volume/v3/06b9e7f59f5547b18bbc0a624ce24f74/os-quota-sets/640ae65d42d74e7e9b1bfd6d0446a2f8 => generated 361 bytes in 52 msecs (HTTP/1.1 200) 7 headers in 285 bytes (2 switches on core 0)
Sep 01 15:11:48.672234 dv-cinder-804093-4-smb devstack@c-api.service[100870]: INFO cinder.api.openstack.wsgi [None req-9ac69d6c-a6d4-4e81-8098-0a2c96244af4 tempest-VolumeQuotasAdminTestJSON-1467204039 tempest-VolumeQuotasAdminTestJSON-1467204039-project-admin] PUT http://10.222.0.63/volume/v3/06b9e7f59f5547b18bbc0a624ce24f74/os-quota-sets/640ae65d42d74e7e9b1bfd6d0446a2f8
Sep 01 15:11:48.672635 dv-cinder-804093-4-smb devstack@c-api.service[100870]: DEBUG cinder.api.openstack.wsgi [None req-9ac69d6c-a6d4-4e81-8098-0a2c96244af4 tempest-VolumeQuotasAdminTestJSON-1467204039 tempest-VolumeQuotasAdminTestJSON-1467204039-project-admin] Action: 'update', calling method: update, body: {"quota_set": {"volumes": 10, "per_volume_gigabytes": -1, "snapshots": 10, "gigabytes": 1000, "backups": 10, "backup_gigabytes": 1000}} {{(pid=100870) _process_stack /opt/stack/cinder/cinder/api/openstack/wsgi.py:854}}
Sep 01 15:11:48.873168 dv-cinder-804093-4-smb devstack@c-api.service[100870]: INFO cinder.api.openstack.wsgi [None req-9ac69d6c-a6d4-4e81-8098-0a2c96244af4 tempest-VolumeQuotasAdminTestJSON-1467204039 tempest-VolumeQuotasAdminTestJSON-1467204039-project-admin] http://10.222.0.63/volume/v3/06b9e7f59f5547b18bbc0a624ce24f74/os-quota-sets/640ae65d42d74e7e9b1bfd6d0446a2f8 returned with HTTP 200
Sep 01 15:11:48.874251 dv-cinder-804093-4-smb devstack@c-api.service[100870]: [pid: 100870|app: 0|req: 161/311] 10.222.0.63 () {60 vars in 1352 bytes} [Wed Sep 1 15:11:48 2021] PUT /volume/v3/06b9e7f59f5547b18bbc0a624ce24f74/os-quota-sets/640ae65d42d74e7e9b1bfd6d0446a2f8 => generated 319 bytes in 209 msecs (HTTP/1.1 200) 7 headers in 285 bytes (1 switches on core 0)
Sep 01 15:11:48.888001 dv-cinder-804093-4-smb devstack@c-api.service[100871]: INFO cinder.api.openstack.wsgi [None req-12789142-e78d-4ebb-adcd-d1bcc857481e tempest-VolumeQuotasAdminTestJSON-1467204039 tempest-VolumeQuotasAdminTestJSON-1467204039-project-admin] GET http://10.222.0.63/volume/v3/06b9e7f59f5547b18bbc0a624ce24f74/os-quota-sets/640ae65d42d74e7e9b1bfd6d0446a2f8/defaults
Sep 01 15:11:48.888314 dv-cinder-804093-4-smb devstack@c-api.service[100871]: DEBUG cinder.api.openstack.wsgi [None req-12789142-e78d-4ebb-adcd-d1bcc857481e tempest-VolumeQuotasAdminTestJSON-1467204039 tempest-VolumeQuotasAdminTestJSON-1467204039-project-admin] Empty body provided in request {{(pid=100871) get_body /opt/stack/cinder/cinder/api/openstack/wsgi.py:703}}
Sep 01 15:11:48.888751 dv-cinder-804093-4-smb devstack@c-api.service[100871]: DEBUG cinder.api.openstack.wsgi [None req-12789142-e78d-4ebb-adcd-d1bcc857481e tempest-VolumeQuotasAdminTestJSON-1467204039 tempest-VolumeQuotasAdminTestJSON-1467204039-project-admin] Calling method 'defaults' {{(pid=100871) _process_stack /opt/stack/cinder/cinder/api/openstack/wsgi.py:856}}
Sep 01 15:11:48.912477 dv-cinder-804093-4-smb devstack@c-api.service[100871]: INFO cinder.api.openstack.wsgi [None req-12789142-e78d-4ebb-adcd-d1bcc857481e tempest-VolumeQuotasAdminTestJSON-1467204039 tempest-VolumeQuotasAdminTestJSON-1467204039-project-admin] http://10.222.0.63/volume/v3/06b9e7f59f5547b18bbc0a624ce24f74/os-quota-sets/640ae65d42d74e7e9b1bfd6d0446a2f8/defaults returned with HTTP 200
Sep 01 15:11:48.913698 dv-cinder-804093-4-smb devstack@c-api.service[100871]: [pid: 100871|app: 0|req: 151/312] 10.222.0.63 () {58 vars in 1358 bytes} [Wed Sep 1 15:11:48 2021] GET /volume/v3/06b9e7f59f5547b18bbc0a624ce24f74/os-quota-sets/640ae65d42d74e7e9b1bfd6d0446a2f8/defaults => generated 361 bytes in 31 msecs (HTTP/1.1 200) 7 headers in 285 bytes (1 switches on core 0)
Sep 01 15:11:48.926965 dv-cinder-804093-4-smb devstack@c-api.service[100870]: INFO cinder.api.openstack.wsgi [None req-94343a57-ab3e-45f8-830e-99854ca722dd tempest-VolumeQuotasAdminTestJSON-1467204039 tempest-VolumeQuotasAdminTestJSON-1467204039-project-admin] GET http://10.222.0.63/volume/v3/06b9e7f59f5547b18bbc0a624ce24f74/os-quota-sets/640ae65d42d74e7e9b1bfd6d0446a2f8
Sep 01 15:11:48.927560 dv-cinder-804093-4-smb devstack@c-api.service[100870]: DEBUG cinder.api.openstack.wsgi [None req-94343a57-ab3e-45f8-830e-99854ca722dd tempest-VolumeQuotasAdminTestJSON-1467204039 tempest-VolumeQuotasAdminTestJSON-1467204039-project-admin] Empty body provided in request {{(pid=100870) get_body /opt/stack/cinder/cinder/api/openstack/wsgi.py:703}}
Sep 01 15:11:48.927974 dv-cinder-804093-4-smb devstack@c-api.service[100870]: DEBUG cinder.api.openstack.wsgi [None req-94343a57-ab3e-45f8-830e-99854ca722dd tempest-VolumeQuotasAdminTestJSON-1467204039 tempest-VolumeQuotasAdminTestJSON-1467204039-project-admin] Calling method 'show' {{(pid=100870) _process_stack /opt/stack/cinder/cinder/api/openstack/wsgi.py:856}}
Sep 01 15:11:48.956909 dv-cinder-804093-4-smb devstack@c-api.service[100870]: INFO cinder.api.openstack.wsgi [None req-94343a57-ab3e-45f8-830e-99854ca722dd tempest-VolumeQuotasAdminTestJSON-1467204039 tempest-VolumeQuotasAdminTestJSON-1467204039-project-admin] http://10.222.0.63/volume/v3/06b9e7f59f5547b18bbc0a624ce24f74/os-quota-sets/640ae65d42d74e7e9b1bfd6d0446a2f8 returned with HTTP 200
Sep 01 15:11:48.957821 dv-cinder-804093-4-smb devstack@c-api.service[100870]: [pid: 100870|app: 0|req: 162/313] 10.222.0.63 () {58 vars in 1331 bytes} [Wed Sep 1 15:11:48 2021] GET /volume/v3/06b9e7f59f5547b18bbc0a624ce24f74/os-quota-sets/640ae65d42d74e7e9b1bfd6d0446a2f8 => generated 361 bytes in 37 msecs (HTTP/1.1 200) 7 headers in 285 bytes (2 switches on core 0)
Sep 01 15:11:48.971089 dv-cinder-804093-4-smb devstack@c-api.service[100871]: INFO cinder.api.openstack.wsgi [None req-d2051484-6be7-40ee-a8be-75f246a64479 tempest-VolumeQuotasAdminTestJSON-1467204039 tempest-VolumeQuotasAdminTestJSON-1467204039-project-admin] GET http://10.222.0.63/volume/v3/06b9e7f59f5547b18bbc0a624ce24f74/os-quota-sets/640ae65d42d74e7e9b1bfd6d0446a2f8?usage=True
Sep 01 15:11:48.971723 dv-cinder-804093-4-smb devstack@c-api.service[100871]: DEBUG cinder.api.openstack.wsgi [None req-d2051484-6be7-40ee-a8be-75f246a64479 tempest-VolumeQuotasAdminTestJSON-1467204039 tempest-VolumeQuotasAdminTestJSON-1467204039-project-admin] Empty body provided in request {{(pid=100871) get_body /opt/stack/cinder/cinder/api/openstack/wsgi.py:703}}
Sep 01 15:11:48.972214 dv-cinder-804093-4-smb devstack@c-api.service[100871]: DEBUG cinder.api.openstack.wsgi [None req-d2051484-6be7-40ee-a8be-75f246a64479 tempest-VolumeQuotasAdminTestJSON-1467204039 tempest-VolumeQuotasAdminTestJSON-1467204039-project-admin] Calling method 'show' {{(pid=100871) _process_stack /opt/stack/cinder/cinder/api/openstack/wsgi.py:856}}
Sep 01 15:11:49.005348 dv-cinder-804093-4-smb devstack@c-api.service[100871]: INFO cinder.api.openstack.wsgi [None req-d2051484-6be7-40ee-a8be-75f246a64479 tempest-VolumeQuotasAdminTestJSON-1467204039 tempest-VolumeQuotasAdminTestJSON-1467204039-project-admin] http://10.222.0.63/volume/v3/06b9e7f59f5547b18bbc0a624ce24f74/os-quota-sets/640ae65d42d74e7e9b1bfd6d0446a2f8?usage=True returned with HTTP 200
Sep 01 15:11:49.006433 dv-cinder-804093-4-smb devstack@c-api.service[100871]: [pid: 100871|app: 0|req: 152/314] 10.222.0.63 () {58 vars in 1352 bytes} [Wed Sep 1 15:11:48 2021] GET /volume/v3/06b9e7f59f5547b18bbc0a624ce24f74/os-quota-sets/640ae65d42d74e7e9b1bfd6d0446a2f8?usage=True => generated 868 bytes in 41 msecs (HTTP/1.1 200) 7 headers in 285 bytes (1 switches on core 0)
Sep 01 15:11:49.201449 dv-cinder-804093-4-smb devstack@c-api.service[100870]: INFO cinder.api.openstack.wsgi [None req-a4ebbf5f-298a-45ed-b09c-f5c9bc8f4770 tempest-VolumeQuotasAdminTestJSON-1092145191 tempest-VolumeQuotasAdminTestJSON-1092145191-project] POST http://10.222.0.63/volume/v3/640ae65d42d74e7e9b1bfd6d0446a2f8/volumes
Sep 01 15:11:49.202212 dv-cinder-804093-4-smb devstack@c-api.service[100870]: DEBUG cinder.api.openstack.wsgi [None req-a4ebbf5f-298a-45ed-b09c-f5c9bc8f4770 tempest-VolumeQuotasAdminTestJSON-1092145191 tempest-VolumeQuotasAdminTestJSON-1092145191-project] Action: 'create', calling method: create, body: {"volume": {"size": 1, "name": "tempest-VolumeQuotasAdminTestJSON-Volume-688281289"}} {{(pid=100870) _process_stack /opt/stack/cinder/cinder/api/openstack/wsgi.py:854}}
Sep 01 15:11:49.204469 dv-cinder-804093-4-smb devstack@c-api.service[100870]: DEBUG cinder.api.v3.volumes [None req-a4ebbf5f-298a-45ed-b09c-f5c9bc8f4770 tempest-VolumeQuotasAdminTestJSON-1092145191 tempest-VolumeQuotasAdminTestJSON-1092145191-project] Create volume request body: {'volume': {'size': 1, 'name': 'tempest-VolumeQuotasAdminTestJSON-Volume-688281289'}} {{(pid=100870) create /opt/stack/cinder/cinder/api/v3/volumes.py:298}}
Sep 01 15:11:49.205129 dv-cinder-804093-4-smb devstack@c-api.service[100870]: INFO cinder.api.v3.volumes [None req-a4ebbf5f-298a-45ed-b09c-f5c9bc8f4770 tempest-VolumeQuotasAdminTestJSON-1092145191 tempest-VolumeQuotasAdminTestJSON-1092145191-project] Create volume of 1 GB
Sep 01 15:11:49.213232 dv-cinder-804093-4-smb devstack@c-api.service[100870]: INFO cinder.volume.api [None req-a4ebbf5f-298a-45ed-b09c-f5c9bc8f4770 tempest-VolumeQuotasAdminTestJSON-1092145191 tempest-VolumeQuotasAdminTestJSON-1092145191-project] Availability Zones retrieved successfully.
Sep 01 15:11:49.233680 dv-cinder-804093-4-smb devstack@c-api.service[100870]: DEBUG cinder.volume.api [None req-a4ebbf5f-298a-45ed-b09c-f5c9bc8f4770 tempest-VolumeQuotasAdminTestJSON-1092145191 tempest-VolumeQuotasAdminTestJSON-1092145191-project] Flow 'volume_create_api' (5c83aef0-596d-44d4-9b6a-ac0b58ba3af4) transitioned into state 'RUNNING' from state 'PENDING' {{(pid=100870) _flow_receiver /usr/local/lib/python3.8/dist-packages/taskflow/listeners/logging.py:141}}
Sep 01 15:11:49.236293 dv-cinder-804093-4-smb devstack@c-api.service[100870]: DEBUG cinder.volume.api [None req-a4ebbf5f-298a-45ed-b09c-f5c9bc8f4770 tempest-VolumeQuotasAdminTestJSON-1092145191 tempest-VolumeQuotasAdminTestJSON-1092145191-project] Task 'cinder.volume.flows.api.create_volume.ExtractVolumeRequestTask;volume:create' (dbd12647-fb64-43d7-ac84-9a8a23ae7c5b) transitioned into state 'RUNNING' from state 'PENDING' {{(pid=100870) _task_receiver /usr/local/lib/python3.8/dist-packages/taskflow/listeners/logging.py:190}}
Sep 01 15:11:49.238282 dv-cinder-804093-4-smb devstack@c-api.service[100870]: DEBUG cinder.volume.flows.api.create_volume [None req-a4ebbf5f-298a-45ed-b09c-f5c9bc8f4770 tempest-VolumeQuotasAdminTestJSON-1092145191 tempest-VolumeQuotasAdminTestJSON-1092145191-project] Validating volume size '1' using validate_int {{(pid=100870) _extract_size /opt/stack/cinder/cinder/volume/flows/api/create_volume.py:225}}
Sep 01 15:11:49.287400 dv-cinder-804093-4-smb devstack@c-api.service[100870]: DEBUG cinder.volume.api [None req-a4ebbf5f-298a-45ed-b09c-f5c9bc8f4770 tempest-VolumeQuotasAdminTestJSON-1092145191 tempest-VolumeQuotasAdminTestJSON-1092145191-project] Task 'cinder.volume.flows.api.create_volume.ExtractVolumeRequestTask;volume:create' (dbd12647-fb64-43d7-ac84-9a8a23ae7c5b) transitioned into state 'SUCCESS' from state 'RUNNING' with result '{'size': 1, 'snapshot_id': None, 'source_volid': None, 'volume_type': VolumeType(created_at=2021-09-01T15:00:44Z,deleted=False,deleted_at=None,description='Default Volume Type',extra_specs={},id=5503aeb5-701d-4a93-9081-8bda72bc13ba,is_public=True,name='__DEFAULT__',projects=[],qos_specs=,qos_specs_id=None,updated_at=2021-09-01T15:00:44Z), 'volume_type_id': '5503aeb5-701d-4a93-9081-8bda72bc13ba', 'encryption_key_id': None, 'qos_specs': None, 'consistencygroup_id': None, 'cgsnapshot_id': None, 'group_id': None, 'replication_status': 'disabled', 'refresh_az': False, 'backup_id': None, 'multiattach': False, 'availability_zones': ['nova']}' {{(pid=100870) _task_receiver /usr/local/lib/python3.8/dist-packages/taskflow/listeners/logging.py:178}}
Sep 01 15:11:49.290521 dv-cinder-804093-4-smb devstack@c-api.service[100870]: DEBUG cinder.volume.api [None req-a4ebbf5f-298a-45ed-b09c-f5c9bc8f4770 tempest-VolumeQuotasAdminTestJSON-1092145191 tempest-VolumeQuotasAdminTestJSON-1092145191-project] Task 'cinder.volume.flows.api.create_volume.QuotaReserveTask;volume:create' (0b72a781-e094-4b01-a488-f6420738a6ac) transitioned into state 'RUNNING' from state 'PENDING' {{(pid=100870) _task_receiver /usr/local/lib/python3.8/dist-packages/taskflow/listeners/logging.py:190}}
Sep 01 15:11:49.410754 dv-cinder-804093-4-smb devstack@c-api.service[100870]: DEBUG cinder.quota [None req-a4ebbf5f-298a-45ed-b09c-f5c9bc8f4770 tempest-VolumeQuotasAdminTestJSON-1092145191 tempest-VolumeQuotasAdminTestJSON-1092145191-project] Created reservations ['8197e626-686d-4520-9019-c72be3b595af', 'd9b73439-b0e1-4a5d-95de-6eac1396dd14', '045237a3-f09f-40f6-a694-805a154f78d4', '84b70f71-87be-4da3-b8f7-85be07594338'] {{(pid=100870) reserve /opt/stack/cinder/cinder/quota.py:755}}
Sep 01 15:11:49.415100 dv-cinder-804093-4-smb devstack@c-api.service[100870]: DEBUG cinder.volume.api [None req-a4ebbf5f-298a-45ed-b09c-f5c9bc8f4770 tempest-VolumeQuotasAdminTestJSON-1092145191 tempest-VolumeQuotasAdminTestJSON-1092145191-project] Task 'cinder.volume.flows.api.create_volume.QuotaReserveTask;volume:create' (0b72a781-e094-4b01-a488-f6420738a6ac) transitioned into state 'SUCCESS' from state 'RUNNING' with result '{'reservations': ['8197e626-686d-4520-9019-c72be3b595af', 'd9b73439-b0e1-4a5d-95de-6eac1396dd14', '045237a3-f09f-40f6-a694-805a154f78d4', '84b70f71-87be-4da3-b8f7-85be07594338']}' {{(pid=100870) _task_receiver /usr/local/lib/python3.8/dist-packages/taskflow/listeners/logging.py:178}}
Sep 01 15:11:49.420424 dv-cinder-804093-4-smb devstack@c-api.service[100870]: DEBUG cinder.volume.api [None req-a4ebbf5f-298a-45ed-b09c-f5c9bc8f4770 tempest-VolumeQuotasAdminTestJSON-1092145191 tempest-VolumeQuotasAdminTestJSON-1092145191-project] Task 'cinder.volume.flows.api.create_volume.EntryCreateTask;volume:create' (8411fc05-af02-4b42-8e3c-4167f47afedc) transitioned into state 'RUNNING' from state 'PENDING' {{(pid=100870) _task_receiver /usr/local/lib/python3.8/dist-packages/taskflow/listeners/logging.py:190}}
Sep 01 15:11:49.443411 dv-cinder-804093-4-smb devstack@c-api.service[100871]: INFO cinder.api.openstack.wsgi [None req-c6244aa5-1c82-474f-963d-ca926add83a5 tempest-VolumesExtendTest-1535911633 tempest-VolumesExtendTest-1535911633-project] GET http://10.222.0.63/volume/v3/d4762f13a1504f42aa49fcf51b44c5d0/volumes/88cf17d6-1a6d-4c99-878a-64df2caa828a
Sep 01 15:11:49.444889 dv-cinder-804093-4-smb devstack@c-api.service[100871]: DEBUG cinder.api.openstack.wsgi [None req-c6244aa5-1c82-474f-963d-ca926add83a5 tempest-VolumesExtendTest-1535911633 tempest-VolumesExtendTest-1535911633-project] Empty body provided in request {{(pid=100871) get_body /opt/stack/cinder/cinder/api/openstack/wsgi.py:703}}
Sep 01 15:11:49.445535 dv-cinder-804093-4-smb devstack@c-api.service[100871]: DEBUG cinder.api.openstack.wsgi [None req-c6244aa5-1c82-474f-963d-ca926add83a5 tempest-VolumesExtendTest-1535911633 tempest-VolumesExtendTest-1535911633-project] Calling method 'show' {{(pid=100871) _process_stack /opt/stack/cinder/cinder/api/openstack/wsgi.py:856}}
Sep 01 15:11:49.471083 dv-cinder-804093-4-smb devstack@c-api.service[100871]: /usr/local/lib/python3.8/dist-packages/oslo_context/context.py:105: DeprecationWarning: Policy enforcement is depending on the value of is_admin. This key is deprecated. Please update your policy file to use the standard policy values.
Sep 01 15:11:49.471083 dv-cinder-804093-4-smb devstack@c-api.service[100871]: warnings.warn('Policy enforcement is depending on the value of '
Sep 01 15:11:49.492183 dv-cinder-804093-4-smb devstack@c-api.service[100870]: DEBUG cinder.volume.api [None req-a4ebbf5f-298a-45ed-b09c-f5c9bc8f4770 tempest-VolumeQuotasAdminTestJSON-1092145191 tempest-VolumeQuotasAdminTestJSON-1092145191-project] Task 'cinder.volume.flows.api.create_volume.EntryCreateTask;volume:create' (8411fc05-af02-4b42-8e3c-4167f47afedc) transitioned into state 'SUCCESS' from state 'RUNNING' with result '{'volume_id': '2f507816-ba65-4ab8-b680-19f84f740bf8', 'volume_properties': VolumeProperties(attach_status='detached',availability_zone='nova',cgsnapshot_id=None,consistencygroup_id=None,display_description=None,display_name='tempest-VolumeQuotasAdminTestJSON-Volume-688281289',encryption_key_id=None,group_id=None,group_type_id=,metadata={},multiattach=False,project_id='640ae65d42d74e7e9b1bfd6d0446a2f8',qos_specs=None,replication_status=,reservations=['8197e626-686d-4520-9019-c72be3b595af','d9b73439-b0e1-4a5d-95de-6eac1396dd14','045237a3-f09f-40f6-a694-805a154f78d4','84b70f71-87be-4da3-b8f7-85be07594338'],size=1,snapshot_id=None,source_replicaid=,source_volid=None,status='creating',user_id='f002ec43dd784f98b20d88a9572d3c1c',volume_type_id=5503aeb5-701d-4a93-9081-8bda72bc13ba), 'volume': Volume(_name_id=None,admin_metadata=,attach_status='detached',availability_zone='nova',bootable=False,cluster=,cluster_name=None,consistencygroup=,consistencygroup_id=None,created_at=2021-09-01T15:11:49Z,deleted=False,deleted_at=None,display_description=None,display_name='tempest-VolumeQuotasAdminTestJSON-Volume-688281289',ec2_id=None,encryption_key_id=None,glance_metadata=,group=,group_id=None,host=None,id=2f507816-ba65-4ab8-b680-19f84f740bf8,launched_at=None,metadata={},migration_status=None,multiattach=False,previous_status=None,project_id='640ae65d42d74e7e9b1bfd6d0446a2f8',provider_auth=None,provider_geometry=None,provider_id=None,provider_location=None,replication_driver_data=None,replication_extended_status=None,replication_status=None,scheduled_at=None,service_uuid=None,shared_targets=True,size=1,snapshot_id=None,snapshots=,source_volid=None,status='creating',terminated_at=None,updated_at=None,use_quota=True,user_id='f002ec43dd784f98b20d88a9572d3c1c',volume_attachment=,volume_type=VolumeType(5503aeb5-701d-4a93-9081-8bda72bc13ba),volume_type_id=5503aeb5-701d-4a93-9081-8bda72bc13ba)}' {{(pid=100870) _task_receiver /usr/local/lib/python3.8/dist-packages/taskflow/listeners/logging.py:178}}
Sep 01 15:11:49.494536 dv-cinder-804093-4-smb devstack@c-api.service[100870]: DEBUG cinder.volume.api [None req-a4ebbf5f-298a-45ed-b09c-f5c9bc8f4770 tempest-VolumeQuotasAdminTestJSON-1092145191 tempest-VolumeQuotasAdminTestJSON-1092145191-project] Task 'cinder.volume.flows.api.create_volume.QuotaCommitTask;volume:create' (61a55110-8089-4382-91eb-010ab227b3f7) transitioned into state 'RUNNING' from state 'PENDING' {{(pid=100870) _task_receiver /usr/local/lib/python3.8/dist-packages/taskflow/listeners/logging.py:190}}
Sep 01 15:11:49.496926 dv-cinder-804093-4-smb devstack@c-api.service[100871]: INFO cinder.volume.api [None req-c6244aa5-1c82-474f-963d-ca926add83a5 tempest-VolumesExtendTest-1535911633 tempest-VolumesExtendTest-1535911633-project] Volume info retrieved successfully.
