Sep 01 15:12:56.212574 dv-cinder-804093-4-iscsi devstack@c-api.service[100946]: DEBUG cinder.api.openstack.wsgi [None req-4cbc4d2a-88f1-4916-8ab9-31aaf20899ec tempest-GroupSnapshotsTest-1446512315 tempest-GroupSnapshotsTest-1446512315-project] Empty body provided in request {{(pid=100946) get_body /opt/stack/cinder/cinder/api/openstack/wsgi.py:703}}
Sep 01 15:12:56.213047 dv-cinder-804093-4-iscsi devstack@c-api.service[100946]: DEBUG cinder.api.openstack.wsgi [None req-4cbc4d2a-88f1-4916-8ab9-31aaf20899ec tempest-GroupSnapshotsTest-1446512315 tempest-GroupSnapshotsTest-1446512315-project] Calling method 'delete' {{(pid=100946) _process_stack /opt/stack/cinder/cinder/api/openstack/wsgi.py:856}}
Sep 01 15:12:56.213532 dv-cinder-804093-4-iscsi devstack@c-api.service[100946]: INFO cinder.api.v3.volumes [None req-4cbc4d2a-88f1-4916-8ab9-31aaf20899ec tempest-GroupSnapshotsTest-1446512315 tempest-GroupSnapshotsTest-1446512315-project] Delete volume with id: a660c216-d141-44e2-bb2c-0b3cfdfcfe5c
Sep 01 15:12:56.226609 dv-cinder-804093-4-iscsi devstack@c-api.service[100946]: INFO cinder.api.openstack.wsgi [None req-4cbc4d2a-88f1-4916-8ab9-31aaf20899ec tempest-GroupSnapshotsTest-1446512315 tempest-GroupSnapshotsTest-1446512315-project] http://10.222.0.20/volume/v3/84b7c75ddbbe4067a567217c1b7ec310/volumes/a660c216-d141-44e2-bb2c-0b3cfdfcfe5c returned with HTTP 404
Sep 01 15:12:56.227762 dv-cinder-804093-4-iscsi devstack@c-api.service[100946]: [pid: 100946|app: 0|req: 190/391] 10.222.0.20 () {58 vars in 1328 bytes} [Wed Sep 1 15:12:56 2021] DELETE /volume/v3/84b7c75ddbbe4067a567217c1b7ec310/volumes/a660c216-d141-44e2-bb2c-0b3cfdfcfe5c => generated 109 bytes in 20 msecs (HTTP/1.1 404) 7 headers in 292 bytes (2 switches on core 0)
Sep 01 15:12:56.235964 dv-cinder-804093-4-iscsi devstack@c-api.service[100947]: INFO cinder.api.openstack.wsgi [None req-530692c8-9914-46f4-8b6c-b535c25607cc tempest-GroupSnapshotsTest-996765672 tempest-GroupSnapshotsTest-996765672-project-admin] DELETE http://10.222.0.20/volume/v3/a485a30cd7174fcb9d8e691a488a3c85/types/ca9fa85d-a6b1-494a-95f8-014ccb7a65ea
Sep 01 15:12:56.236424 dv-cinder-804093-4-iscsi devstack@c-api.service[100947]: DEBUG cinder.api.openstack.wsgi [None req-530692c8-9914-46f4-8b6c-b535c25607cc tempest-GroupSnapshotsTest-996765672 tempest-GroupSnapshotsTest-996765672-project-admin] Empty body provided in request {{(pid=100947) get_body /opt/stack/cinder/cinder/api/openstack/wsgi.py:703}}
Sep 01 15:12:56.236849 dv-cinder-804093-4-iscsi devstack@c-api.service[100947]: DEBUG cinder.api.openstack.wsgi [None req-530692c8-9914-46f4-8b6c-b535c25607cc tempest-GroupSnapshotsTest-996765672 tempest-GroupSnapshotsTest-996765672-project-admin] Calling method '_delete' {{(pid=100947) _process_stack /opt/stack/cinder/cinder/api/openstack/wsgi.py:856}}
Sep 01 15:12:56.283501 dv-cinder-804093-4-iscsi devstack@c-api.service[100947]: INFO cinder.api.openstack.wsgi [None req-530692c8-9914-46f4-8b6c-b535c25607cc tempest-GroupSnapshotsTest-996765672 tempest-GroupSnapshotsTest-996765672-project-admin] http://10.222.0.20/volume/v3/a485a30cd7174fcb9d8e691a488a3c85/types/ca9fa85d-a6b1-494a-95f8-014ccb7a65ea returned with HTTP 202
Sep 01 15:12:56.284765 dv-cinder-804093-4-iscsi devstack@c-api.service[100947]: [pid: 100947|app: 0|req: 202/392] 10.222.0.20 () {58 vars in 1322 bytes} [Wed Sep 1 15:12:56 2021] DELETE /volume/v3/a485a30cd7174fcb9d8e691a488a3c85/types/ca9fa85d-a6b1-494a-95f8-014ccb7a65ea => generated 0 bytes in 53 msecs (HTTP/1.1 202) 6 headers in 233 bytes (1 switches on core 0)
Sep 01 15:12:56.292757 dv-cinder-804093-4-iscsi devstack@c-api.service[100946]: INFO cinder.api.openstack.wsgi [None req-dad7ade9-3d4a-4ea7-8bda-08941d94ea24 tempest-GroupSnapshotsTest-996765672 tempest-GroupSnapshotsTest-996765672-project-admin] GET http://10.222.0.20/volume/v3/a485a30cd7174fcb9d8e691a488a3c85/types/ca9fa85d-a6b1-494a-95f8-014ccb7a65ea
Sep 01 15:12:56.293243 dv-cinder-804093-4-iscsi devstack@c-api.service[100946]: DEBUG cinder.api.openstack.wsgi [None req-dad7ade9-3d4a-4ea7-8bda-08941d94ea24 tempest-GroupSnapshotsTest-996765672 tempest-GroupSnapshotsTest-996765672-project-admin] Empty body provided in request {{(pid=100946) get_body /opt/stack/cinder/cinder/api/openstack/wsgi.py:703}}
Sep 01 15:12:56.293722 dv-cinder-804093-4-iscsi devstack@c-api.service[100946]: DEBUG cinder.api.openstack.wsgi [None req-dad7ade9-3d4a-4ea7-8bda-08941d94ea24 tempest-GroupSnapshotsTest-996765672 tempest-GroupSnapshotsTest-996765672-project-admin] Calling method 'show' {{(pid=100946) _process_stack /opt/stack/cinder/cinder/api/openstack/wsgi.py:856}}
Sep 01 15:12:56.298982 dv-cinder-804093-4-iscsi devstack@c-api.service[100946]: INFO cinder.api.openstack.wsgi [None req-dad7ade9-3d4a-4ea7-8bda-08941d94ea24 tempest-GroupSnapshotsTest-996765672 tempest-GroupSnapshotsTest-996765672-project-admin] http://10.222.0.20/volume/v3/a485a30cd7174fcb9d8e691a488a3c85/types/ca9fa85d-a6b1-494a-95f8-014ccb7a65ea returned with HTTP 404
Sep 01 15:12:56.299963 dv-cinder-804093-4-iscsi devstack@c-api.service[100946]: [pid: 100946|app: 0|req: 191/393] 10.222.0.20 () {58 vars in 1319 bytes} [Wed Sep 1 15:12:56 2021] GET /volume/v3/a485a30cd7174fcb9d8e691a488a3c85/types/ca9fa85d-a6b1-494a-95f8-014ccb7a65ea => generated 114 bytes in 11 msecs (HTTP/1.1 404) 7 headers in 292 bytes (1 switches on core 0)
Sep 01 15:12:56.307669 dv-cinder-804093-4-iscsi devstack@c-api.service[100947]: INFO cinder.api.openstack.wsgi [None req-e99f2540-39dc-4d97-b7e9-a19298d9cae3 tempest-GroupSnapshotsTest-1446512315 tempest-GroupSnapshotsTest-1446512315-project] DELETE http://10.222.0.20/volume/v3/84b7c75ddbbe4067a567217c1b7ec310/volumes/e32b48e0-0a80-4228-b2e4-0461567b1be8
Sep 01 15:12:56.308110 dv-cinder-804093-4-iscsi devstack@c-api.service[100947]: DEBUG cinder.api.openstack.wsgi [None req-e99f2540-39dc-4d97-b7e9-a19298d9cae3 tempest-GroupSnapshotsTest-1446512315 tempest-GroupSnapshotsTest-1446512315-project] Empty body provided in request {{(pid=100947) get_body /opt/stack/cinder/cinder/api/openstack/wsgi.py:703}}
Sep 01 15:12:56.308551 dv-cinder-804093-4-iscsi devstack@c-api.service[100947]: DEBUG cinder.api.openstack.wsgi [None req-e99f2540-39dc-4d97-b7e9-a19298d9cae3 tempest-GroupSnapshotsTest-1446512315 tempest-GroupSnapshotsTest-1446512315-project] Calling method 'delete' {{(pid=100947) _process_stack /opt/stack/cinder/cinder/api/openstack/wsgi.py:856}}
Sep 01 15:12:56.308992 dv-cinder-804093-4-iscsi devstack@c-api.service[100947]: INFO cinder.api.v3.volumes [None req-e99f2540-39dc-4d97-b7e9-a19298d9cae3 tempest-GroupSnapshotsTest-1446512315 tempest-GroupSnapshotsTest-1446512315-project] Delete volume with id: e32b48e0-0a80-4228-b2e4-0461567b1be8
Sep 01 15:12:56.320224 dv-cinder-804093-4-iscsi devstack@c-api.service[100947]: INFO cinder.api.openstack.wsgi [None req-e99f2540-39dc-4d97-b7e9-a19298d9cae3 tempest-GroupSnapshotsTest-1446512315 tempest-GroupSnapshotsTest-1446512315-project] http://10.222.0.20/volume/v3/84b7c75ddbbe4067a567217c1b7ec310/volumes/e32b48e0-0a80-4228-b2e4-0461567b1be8 returned with HTTP 404
Sep 01 15:12:56.321525 dv-cinder-804093-4-iscsi devstack@c-api.service[100947]: [pid: 100947|app: 0|req: 203/394] 10.222.0.20 () {58 vars in 1328 bytes} [Wed Sep 1 15:12:56 2021] DELETE /volume/v3/84b7c75ddbbe4067a567217c1b7ec310/volumes/e32b48e0-0a80-4228-b2e4-0461567b1be8 => generated 109 bytes in 17 msecs (HTTP/1.1 404) 7 headers in 292 bytes (1 switches on core 0)
Sep 01 15:12:56.328999 dv-cinder-804093-4-iscsi devstack@c-api.service[100946]: INFO cinder.api.openstack.wsgi [None req-97a62bd0-ed4d-454d-ba65-62b3fe1709ba tempest-GroupSnapshotsTest-996765672 tempest-GroupSnapshotsTest-996765672-project-admin] DELETE http://10.222.0.20/volume/v3/a485a30cd7174fcb9d8e691a488a3c85/types/aed491a3-fb88-4c89-9082-32d17dfb6bef
Sep 01 15:12:56.334155 dv-cinder-804093-4-iscsi devstack@c-api.service[100946]: DEBUG cinder.api.openstack.wsgi [None req-97a62bd0-ed4d-454d-ba65-62b3fe1709ba tempest-GroupSnapshotsTest-996765672 tempest-GroupSnapshotsTest-996765672-project-admin] Empty body provided in request {{(pid=100946) get_body /opt/stack/cinder/cinder/api/openstack/wsgi.py:703}}
Sep 01 15:12:56.335586 dv-cinder-804093-4-iscsi devstack@c-api.service[100946]: DEBUG cinder.api.openstack.wsgi [None req-97a62bd0-ed4d-454d-ba65-62b3fe1709ba tempest-GroupSnapshotsTest-996765672 tempest-GroupSnapshotsTest-996765672-project-admin] Calling method '_delete' {{(pid=100946) _process_stack /opt/stack/cinder/cinder/api/openstack/wsgi.py:856}}
Sep 01 15:12:56.392321 dv-cinder-804093-4-iscsi devstack@c-api.service[100946]: INFO cinder.api.openstack.wsgi [None req-97a62bd0-ed4d-454d-ba65-62b3fe1709ba tempest-GroupSnapshotsTest-996765672 tempest-GroupSnapshotsTest-996765672-project-admin] http://10.222.0.20/volume/v3/a485a30cd7174fcb9d8e691a488a3c85/types/aed491a3-fb88-4c89-9082-32d17dfb6bef returned with HTTP 202
Sep 01 15:12:56.393597 dv-cinder-804093-4-iscsi devstack@c-api.service[100946]: [pid: 100946|app: 0|req: 192/395] 10.222.0.20 () {58 vars in 1322 bytes} [Wed Sep 1 15:12:56 2021] DELETE /volume/v3/a485a30cd7174fcb9d8e691a488a3c85/types/aed491a3-fb88-4c89-9082-32d17dfb6bef => generated 0 bytes in 68 msecs (HTTP/1.1 202) 6 headers in 233 bytes (1 switches on core 0)
Sep 01 15:12:56.401190 dv-cinder-804093-4-iscsi devstack@c-api.service[100947]: INFO cinder.api.openstack.wsgi [None req-c71ede6d-4be9-4d9a-8b81-050b5135979a tempest-GroupSnapshotsTest-996765672 tempest-GroupSnapshotsTest-996765672-project-admin] GET http://10.222.0.20/volume/v3/a485a30cd7174fcb9d8e691a488a3c85/types/aed491a3-fb88-4c89-9082-32d17dfb6bef
Sep 01 15:12:56.401691 dv-cinder-804093-4-iscsi devstack@c-api.service[100947]: DEBUG cinder.api.openstack.wsgi [None req-c71ede6d-4be9-4d9a-8b81-050b5135979a tempest-GroupSnapshotsTest-996765672 tempest-GroupSnapshotsTest-996765672-project-admin] Empty body provided in request {{(pid=100947) get_body /opt/stack/cinder/cinder/api/openstack/wsgi.py:703}}
Sep 01 15:12:56.402158 dv-cinder-804093-4-iscsi devstack@c-api.service[100947]: DEBUG cinder.api.openstack.wsgi [None req-c71ede6d-4be9-4d9a-8b81-050b5135979a tempest-GroupSnapshotsTest-996765672 tempest-GroupSnapshotsTest-996765672-project-admin] Calling method 'show' {{(pid=100947) _process_stack /opt/stack/cinder/cinder/api/openstack/wsgi.py:856}}
Sep 01 15:12:56.411794 dv-cinder-804093-4-iscsi devstack@c-api.service[100947]: INFO cinder.api.openstack.wsgi [None req-c71ede6d-4be9-4d9a-8b81-050b5135979a tempest-GroupSnapshotsTest-996765672 tempest-GroupSnapshotsTest-996765672-project-admin] http://10.222.0.20/volume/v3/a485a30cd7174fcb9d8e691a488a3c85/types/aed491a3-fb88-4c89-9082-32d17dfb6bef returned with HTTP 404
Sep 01 15:12:56.413154 dv-cinder-804093-4-iscsi devstack@c-api.service[100947]: [pid: 100947|app: 0|req: 204/396] 10.222.0.20 () {58 vars in 1319 bytes} [Wed Sep 1 15:12:56 2021] GET /volume/v3/a485a30cd7174fcb9d8e691a488a3c85/types/aed491a3-fb88-4c89-9082-32d17dfb6bef => generated 114 bytes in 15 msecs (HTTP/1.1 404) 7 headers in 292 bytes (2 switches on core 0)
Sep 01 15:12:56.686649 dv-cinder-804093-4-iscsi devstack@c-api.service[100946]: INFO cinder.api.openstack.wsgi [None req-f34aedb2-b35d-459e-9514-91267faec4b9 tempest-VolumesImageMetadata-1186483696 tempest-VolumesImageMetadata-1186483696-project] GET http://10.222.0.20/volume/v3/fa9c515523844c56aab1178c9ae51931/volumes/abcbd92b-d695-40c8-90d2-6f4e06e8a4cd
Sep 01 15:12:56.687218 dv-cinder-804093-4-iscsi devstack@c-api.service[100946]: DEBUG cinder.api.openstack.wsgi [None req-f34aedb2-b35d-459e-9514-91267faec4b9 tempest-VolumesImageMetadata-1186483696 tempest-VolumesImageMetadata-1186483696-project] Empty body provided in request {{(pid=100946) get_body /opt/stack/cinder/cinder/api/openstack/wsgi.py:703}}
Sep 01 15:12:56.687488 dv-cinder-804093-4-iscsi devstack@c-api.service[100946]: DEBUG cinder.api.openstack.wsgi [None req-f34aedb2-b35d-459e-9514-91267faec4b9 tempest-VolumesImageMetadata-1186483696 tempest-VolumesImageMetadata-1186483696-project] Calling method 'show' {{(pid=100946) _process_stack /opt/stack/cinder/cinder/api/openstack/wsgi.py:856}}
Sep 01 15:12:56.710719 dv-cinder-804093-4-iscsi devstack@c-api.service[100946]: /usr/local/lib/python3.8/dist-packages/oslo_context/context.py:105: DeprecationWarning: Policy enforcement is depending on the value of is_admin. This key is deprecated. Please update your policy file to use the standard policy values.
Sep 01 15:12:56.710719 dv-cinder-804093-4-iscsi devstack@c-api.service[100946]: warnings.warn('Policy enforcement is depending on the value of '
Sep 01 15:12:56.725415 dv-cinder-804093-4-iscsi devstack@c-api.service[100946]: INFO cinder.volume.api [None req-f34aedb2-b35d-459e-9514-91267faec4b9 tempest-VolumesImageMetadata-1186483696 tempest-VolumesImageMetadata-1186483696-project] Volume info retrieved successfully.
Sep 01 15:12:56.741882 dv-cinder-804093-4-iscsi devstack@c-api.service[100946]: INFO cinder.api.openstack.wsgi [None req-f34aedb2-b35d-459e-9514-91267faec4b9 tempest-VolumesImageMetadata-1186483696 tempest-VolumesImageMetadata-1186483696-project] http://10.222.0.20/volume/v3/fa9c515523844c56aab1178c9ae51931/volumes/abcbd92b-d695-40c8-90d2-6f4e06e8a4cd returned with HTTP 200
Sep 01 15:12:56.743370 dv-cinder-804093-4-iscsi devstack@c-api.service[100946]: [pid: 100946|app: 0|req: 193/397] 10.222.0.20 () {58 vars in 1325 bytes} [Wed Sep 1 15:12:56 2021] GET /volume/v3/fa9c515523844c56aab1178c9ae51931/volumes/abcbd92b-d695-40c8-90d2-6f4e06e8a4cd => generated 912 bytes in 60 msecs (HTTP/1.1 200) 7 headers in 285 bytes (1 switches on core 0)
Sep 01 15:12:56.862471 dv-cinder-804093-4-iscsi devstack@c-api.service[100947]: INFO cinder.api.openstack.wsgi [None req-486534d2-9f1c-413d-b1bd-3cba48c5ef9d tempest-VolumeTypesTest-1993835688 tempest-VolumeTypesTest-1993835688-project] GET http://10.222.0.20/volume/v3/91cc65eff2f54e76825cf6e4ae9bce3d/volumes/b013fa4e-508a-4757-bc12-7fab998f27ca
Sep 01 15:12:56.863187 dv-cinder-804093-4-iscsi devstack@c-api.service[100947]: DEBUG cinder.api.openstack.wsgi [None req-486534d2-9f1c-413d-b1bd-3cba48c5ef9d tempest-VolumeTypesTest-1993835688 tempest-VolumeTypesTest-1993835688-project] Empty body provided in request {{(pid=100947) get_body /opt/stack/cinder/cinder/api/openstack/wsgi.py:703}}
Sep 01 15:12:56.863766 dv-cinder-804093-4-iscsi devstack@c-api.service[100947]: DEBUG cinder.api.openstack.wsgi [None req-486534d2-9f1c-413d-b1bd-3cba48c5ef9d tempest-VolumeTypesTest-1993835688 tempest-VolumeTypesTest-1993835688-project] Calling method 'show' {{(pid=100947) _process_stack /opt/stack/cinder/cinder/api/openstack/wsgi.py:856}}
Sep 01 15:12:56.875122 dv-cinder-804093-4-iscsi devstack@c-api.service[100947]: INFO cinder.api.openstack.wsgi [None req-486534d2-9f1c-413d-b1bd-3cba48c5ef9d tempest-VolumeTypesTest-1993835688 tempest-VolumeTypesTest-1993835688-project] http://10.222.0.20/volume/v3/91cc65eff2f54e76825cf6e4ae9bce3d/volumes/b013fa4e-508a-4757-bc12-7fab998f27ca returned with HTTP 404
Sep 01 15:12:56.880017 dv-cinder-804093-4-iscsi devstack@c-api.service[100947]: [pid: 100947|app: 0|req: 205/398] 10.222.0.20 () {58 vars in 1325 bytes} [Wed Sep 1 15:12:56 2021] GET /volume/v3/91cc65eff2f54e76825cf6e4ae9bce3d/volumes/b013fa4e-508a-4757-bc12-7fab998f27ca => generated 109 bytes in 23 msecs (HTTP/1.1 404) 7 headers in 292 bytes (1 switches on core 0)
Sep 01 15:12:56.888673 dv-cinder-804093-4-iscsi devstack@c-api.service[100946]: INFO cinder.api.openstack.wsgi [None req-f699c2a7-f0e1-477b-9dde-4d37093d9193 tempest-DeleteServersTestJSON-100229516 tempest-DeleteServersTestJSON-100229516-project] POST http://10.222.0.20/volume/v3/4e6e3f0b6a8548ffa7e4abd917d3bbea/volumes
Sep 01 15:12:56.889408 dv-cinder-804093-4-iscsi devstack@c-api.service[100946]: /usr/local/lib/python3.8/dist-packages/webob/acceptparse.py:1047: DeprecationWarning: The behavior of AcceptValidHeader.best_match is currently being maintained for backward compatibility, but it will be deprecated in the future, as it does not conform to the RFC.
Sep 01 15:12:56.889408 dv-cinder-804093-4-iscsi devstack@c-api.service[100946]: warnings.warn(
Sep 01 15:12:56.889968 dv-cinder-804093-4-iscsi devstack@c-api.service[100946]: DEBUG cinder.api.openstack.wsgi [None req-f699c2a7-f0e1-477b-9dde-4d37093d9193 tempest-DeleteServersTestJSON-100229516 tempest-DeleteServersTestJSON-100229516-project] Action: 'create', calling method: create, body: {"volume": {"size": 1, "display_name": "tempest-DeleteServersTestJSON-volume-46378714"}} {{(pid=100946) _process_stack /opt/stack/cinder/cinder/api/openstack/wsgi.py:854}}
Sep 01 15:12:56.891116 dv-cinder-804093-4-iscsi devstack@c-api.service[100947]: INFO cinder.api.openstack.wsgi [None req-7637a955-7cb0-41a5-a567-381fd4ac05d5 tempest-VolumeTypesTest-1152367158 tempest-VolumeTypesTest-1152367158-project-admin] DELETE http://10.222.0.20/volume/v3/e0837917e0fc4f0fa0e7916d6f7e3d2c/types/67fae596-f5a6-4c5c-b37b-1dceb0bf528b
Sep 01 15:12:56.891267 dv-cinder-804093-4-iscsi devstack@c-api.service[100946]: DEBUG cinder.api.v3.volumes [None req-f699c2a7-f0e1-477b-9dde-4d37093d9193 tempest-DeleteServersTestJSON-100229516 tempest-DeleteServersTestJSON-100229516-project] Create volume request body: {'volume': {'size': 1, 'display_name': 'tempest-DeleteServersTestJSON-volume-46378714'}} {{(pid=100946) create /opt/stack/cinder/cinder/api/v3/volumes.py:298}}
Sep 01 15:12:56.891562 dv-cinder-804093-4-iscsi devstack@c-api.service[100947]: DEBUG cinder.api.openstack.wsgi [None req-7637a955-7cb0-41a5-a567-381fd4ac05d5 tempest-VolumeTypesTest-1152367158 tempest-VolumeTypesTest-1152367158-project-admin] Empty body provided in request {{(pid=100947) get_body /opt/stack/cinder/cinder/api/openstack/wsgi.py:703}}
Sep 01 15:12:56.891838 dv-cinder-804093-4-iscsi devstack@c-api.service[100946]: INFO cinder.api.v3.volumes [None req-f699c2a7-f0e1-477b-9dde-4d37093d9193 tempest-DeleteServersTestJSON-100229516 tempest-DeleteServersTestJSON-100229516-project] Create volume of 1 GB
Sep 01 15:12:56.891993 dv-cinder-804093-4-iscsi devstack@c-api.service[100947]: DEBUG cinder.api.openstack.wsgi [None req-7637a955-7cb0-41a5-a567-381fd4ac05d5 tempest-VolumeTypesTest-1152367158 tempest-VolumeTypesTest-1152367158-project-admin] Calling method '_delete' {{(pid=100947) _process_stack /opt/stack/cinder/cinder/api/openstack/wsgi.py:856}}
Sep 01 15:12:56.902117 dv-cinder-804093-4-iscsi devstack@c-api.service[100946]: INFO cinder.volume.api [None req-f699c2a7-f0e1-477b-9dde-4d37093d9193 tempest-DeleteServersTestJSON-100229516 tempest-DeleteServersTestJSON-100229516-project] Availability Zones retrieved successfully.
Sep 01 15:12:56.932276 dv-cinder-804093-4-iscsi devstack@c-api.service[100946]: DEBUG cinder.volume.api [None req-f699c2a7-f0e1-477b-9dde-4d37093d9193 tempest-DeleteServersTestJSON-100229516 tempest-DeleteServersTestJSON-100229516-project] Flow 'volume_create_api' (e617a212-a3b7-4059-b1a9-8fec784e774c) transitioned into state 'RUNNING' from state 'PENDING' {{(pid=100946) _flow_receiver /usr/local/lib/python3.8/dist-packages/taskflow/listeners/logging.py:141}}
Sep 01 15:12:56.938124 dv-cinder-804093-4-iscsi devstack@c-api.service[100946]: DEBUG cinder.volume.api [None req-f699c2a7-f0e1-477b-9dde-4d37093d9193 tempest-DeleteServersTestJSON-100229516 tempest-DeleteServersTestJSON-100229516-project] Task 'cinder.volume.flows.api.create_volume.ExtractVolumeRequestTask;volume:create' (c2421e6e-975e-462d-beb9-7b6452e08f5e) transitioned into state 'RUNNING' from state 'PENDING' {{(pid=100946) _task_receiver /usr/local/lib/python3.8/dist-packages/taskflow/listeners/logging.py:190}}
Sep 01 15:12:56.939556 dv-cinder-804093-4-iscsi devstack@c-api.service[100946]: DEBUG cinder.volume.flows.api.create_volume [None req-f699c2a7-f0e1-477b-9dde-4d37093d9193 tempest-DeleteServersTestJSON-100229516 tempest-DeleteServersTestJSON-100229516-project] Validating volume size '1' using validate_int {{(pid=100946) _extract_size /opt/stack/cinder/cinder/volume/flows/api/create_volume.py:225}}
Sep 01 15:12:56.942857 dv-cinder-804093-4-iscsi devstack@c-api.service[100947]: INFO cinder.api.openstack.wsgi [None req-7637a955-7cb0-41a5-a567-381fd4ac05d5 tempest-VolumeTypesTest-1152367158 tempest-VolumeTypesTest-1152367158-project-admin] http://10.222.0.20/volume/v3/e0837917e0fc4f0fa0e7916d6f7e3d2c/types/67fae596-f5a6-4c5c-b37b-1dceb0bf528b returned with HTTP 202
Sep 01 15:12:56.944624 dv-cinder-804093-4-iscsi devstack@c-api.service[100947]: [pid: 100947|app: 0|req: 206/399] 10.222.0.20 () {58 vars in 1322 bytes} [Wed Sep 1 15:12:56 2021] DELETE /volume/v3/e0837917e0fc4f0fa0e7916d6f7e3d2c/types/67fae596-f5a6-4c5c-b37b-1dceb0bf528b => generated 0 bytes in 64 msecs (HTTP/1.1 202) 6 headers in 233 bytes (1 switches on core 0)
Sep 01 15:12:56.953792 dv-cinder-804093-4-iscsi devstack@c-api.service[100947]: INFO cinder.api.openstack.wsgi [None req-6b7ae6c4-f67c-4e23-95fa-483ba0313dff tempest-VolumeTypesTest-1152367158 tempest-VolumeTypesTest-1152367158-project-admin] GET http://10.222.0.20/volume/v3/e0837917e0fc4f0fa0e7916d6f7e3d2c/types/67fae596-f5a6-4c5c-b37b-1dceb0bf528b
Sep 01 15:12:56.954842 dv-cinder-804093-4-iscsi devstack@c-api.service[100947]: DEBUG cinder.api.openstack.wsgi [None req-6b7ae6c4-f67c-4e23-95fa-483ba0313dff tempest-VolumeTypesTest-1152367158 tempest-VolumeTypesTest-1152367158-project-admin] Empty body provided in request {{(pid=100947) get_body /opt/stack/cinder/cinder/api/openstack/wsgi.py:703}}
Sep 01 15:12:56.955658 dv-cinder-804093-4-iscsi devstack@c-api.service[100947]: DEBUG cinder.api.openstack.wsgi [None req-6b7ae6c4-f67c-4e23-95fa-483ba0313dff tempest-VolumeTypesTest-1152367158 tempest-VolumeTypesTest-1152367158-project-admin] Calling method 'show' {{(pid=100947) _process_stack /opt/stack/cinder/cinder/api/openstack/wsgi.py:856}}
Sep 01 15:12:56.962828 dv-cinder-804093-4-iscsi devstack@c-api.service[100947]: INFO cinder.api.openstack.wsgi [None req-6b7ae6c4-f67c-4e23-95fa-483ba0313dff tempest-VolumeTypesTest-1152367158 tempest-VolumeTypesTest-1152367158-project-admin] http://10.222.0.20/volume/v3/e0837917e0fc4f0fa0e7916d6f7e3d2c/types/67fae596-f5a6-4c5c-b37b-1dceb0bf528b returned with HTTP 404
Sep 01 15:12:56.964161 dv-cinder-804093-4-iscsi devstack@c-api.service[100947]: [pid: 100947|app: 0|req: 207/400] 10.222.0.20 () {58 vars in 1319 bytes} [Wed Sep 1 15:12:56 2021] GET /volume/v3/e0837917e0fc4f0fa0e7916d6f7e3d2c/types/67fae596-f5a6-4c5c-b37b-1dceb0bf528b => generated 114 bytes in 16 msecs (HTTP/1.1 404) 7 headers in 292 bytes (1 switches on core 0)
Sep 01 15:12:56.973603 dv-cinder-804093-4-iscsi devstack@c-api.service[100947]: INFO cinder.api.openstack.wsgi [None req-4c52b748-8526-478a-9459-301e3e84e587 tempest-VolumeTypesTest-1152367158 tempest-VolumeTypesTest-1152367158-project-admin] DELETE http://10.222.0.20/volume/v3/e0837917e0fc4f0fa0e7916d6f7e3d2c/types/5ab16d26-d106-4a94-9015-07646f0c91e4
Sep 01 15:12:56.974088 dv-cinder-804093-4-iscsi devstack@c-api.service[100947]: DEBUG cinder.api.openstack.wsgi [None req-4c52b748-8526-478a-9459-301e3e84e587 tempest-VolumeTypesTest-1152367158 tempest-VolumeTypesTest-1152367158-project-admin] Empty body provided in request {{(pid=100947) get_body /opt/stack/cinder/cinder/api/openstack/wsgi.py:703}}
Sep 01 15:12:56.975162 dv-cinder-804093-4-iscsi devstack@c-api.service[100947]: DEBUG cinder.api.openstack.wsgi [None req-4c52b748-8526-478a-9459-301e3e84e587 tempest-VolumeTypesTest-1152367158 tempest-VolumeTypesTest-1152367158-project-admin] Calling method '_delete' {{(pid=100947) _process_stack /opt/stack/cinder/cinder/api/openstack/wsgi.py:856}}
Sep 01 15:12:57.003074 dv-cinder-804093-4-iscsi devstack@c-api.service[100946]: DEBUG cinder.volume.api [None req-f699c2a7-f0e1-477b-9dde-4d37093d9193 tempest-DeleteServersTestJSON-100229516 tempest-DeleteServersTestJSON-100229516-project] Task 'cinder.volume.flows.api.create_volume.ExtractVolumeRequestTask;volume:create' (c2421e6e-975e-462d-beb9-7b6452e08f5e) transitioned into state 'SUCCESS' from state 'RUNNING' with result '{'size': 1, 'snapshot_id': None, 'source_volid': None, 'volume_type': VolumeType(created_at=2021-09-01T15:01:51Z,deleted=False,deleted_at=None,description='Default Volume Type',extra_specs={},id=4d2a606d-4da4-4397-af4b-d723faaa93f8,is_public=True,name='__DEFAULT__',projects=[],qos_specs=,qos_specs_id=None,updated_at=2021-09-01T15:01:51Z), 'volume_type_id': '4d2a606d-4da4-4397-af4b-d723faaa93f8', 'encryption_key_id': None, 'qos_specs': None, 'consistencygroup_id': None, 'cgsnapshot_id': None, 'group_id': None, 'replication_status': 'disabled', 'refresh_az': False, 'backup_id': None, 'multiattach': False, 'availability_zones': ['nova']}' {{(pid=100946) _task_receiver /usr/local/lib/python3.8/dist-packages/taskflow/listeners/logging.py:178}}
Sep 01 15:12:57.006919 dv-cinder-804093-4-iscsi devstack@c-api.service[100946]: DEBUG cinder.volume.api [None req-f699c2a7-f0e1-477b-9dde-4d37093d9193 tempest-DeleteServersTestJSON-100229516 tempest-DeleteServersTestJSON-100229516-project] Task 'cinder.volume.flows.api.create_volume.QuotaReserveTask;volume:create' (8b71ca26-40f3-41bc-b4b9-a0918d2a551f) transitioned into state 'RUNNING' from state 'PENDING' {{(pid=100946) _task_receiver /usr/local/lib/python3.8/dist-packages/taskflow/listeners/logging.py:190}}
Sep 01 15:12:57.035117 dv-cinder-804093-4-iscsi devstack@c-api.service[100947]: INFO cinder.api.openstack.wsgi [None req-4c52b748-8526-478a-9459-301e3e84e587 tempest-VolumeTypesTest-1152367158 tempest-VolumeTypesTest-1152367158-project-admin] http://10.222.0.20/volume/v3/e0837917e0fc4f0fa0e7916d6f7e3d2c/types/5ab16d26-d106-4a94-9015-07646f0c91e4 returned with HTTP 202
Sep 01 15:12:57.039764 dv-cinder-804093-4-iscsi devstack@c-api.service[100947]: [pid: 100947|app: 0|req: 208/401] 10.222.0.20 () {58 vars in 1322 bytes} [Wed Sep 1 15:12:56 2021] DELETE /volume/v3/e0837917e0fc4f0fa0e7916d6f7e3d2c/types/5ab16d26-d106-4a94-9015-07646f0c91e4 => generated 0 bytes in 71 msecs (HTTP/1.1 202) 6 headers in 233 bytes (1 switches on core 0)
Sep 01 15:12:57.055766 dv-cinder-804093-4-iscsi devstack@c-api.service[100947]: INFO cinder.api.openstack.wsgi [None req-c21b80ab-2af9-40cf-802d-7a0ad8a96a57 tempest-VolumeTypesTest-1152367158 tempest-VolumeTypesTest-1152367158-project-admin] GET http://10.222.0.20/volume/v3/e0837917e0fc4f0fa0e7916d6f7e3d2c/types/5ab16d26-d106-4a94-9015-07646f0c91e4
Sep 01 15:12:57.056308 dv-cinder-804093-4-iscsi devstack@c-api.service[100947]: DEBUG cinder.api.openstack.wsgi [None req-c21b80ab-2af9-40cf-802d-7a0ad8a96a57 tempest-VolumeTypesTest-1152367158 tempest-VolumeTypesTest-1152367158-project-admin] Empty body provided in request {{(pid=100947) get_body /opt/stack/cinder/cinder/api/openstack/wsgi.py:703}}
Sep 01 15:12:57.057780 dv-cinder-804093-4-iscsi devstack@c-api.service[100947]: DEBUG cinder.api.openstack.wsgi [None req-c21b80ab-2af9-40cf-802d-7a0ad8a96a57 tempest-VolumeTypesTest-1152367158 tempest-VolumeTypesTest-1152367158-project-admin] Calling method 'show' {{(pid=100947) _process_stack /opt/stack/cinder/cinder/api/openstack/wsgi.py:856}}
Sep 01 15:12:57.067136 dv-cinder-804093-4-iscsi devstack@c-api.service[100947]: INFO cinder.api.openstack.wsgi [None req-c21b80ab-2af9-40cf-802d-7a0ad8a96a57 tempest-VolumeTypesTest-1152367158 tempest-VolumeTypesTest-1152367158-project-admin] http://10.222.0.20/volume/v3/e0837917e0fc4f0fa0e7916d6f7e3d2c/types/5ab16d26-d106-4a94-9015-07646f0c91e4 returned with HTTP 404
Sep 01 15:12:57.068352 dv-cinder-804093-4-iscsi devstack@c-api.service[100947]: [pid: 100947|app: 0|req: 209/402] 10.222.0.20 () {58 vars in 1319 bytes} [Wed Sep 1 15:12:57 2021] GET /volume/v3/e0837917e0fc4f0fa0e7916d6f7e3d2c/types/5ab16d26-d106-4a94-9015-07646f0c91e4 => generated 114 bytes in 25 msecs (HTTP/1.1 404) 7 headers in 292 bytes (1 switches on core 0)
Sep 01 15:12:57.196545 dv-cinder-804093-4-iscsi devstack@c-api.service[100946]: DEBUG cinder.quota [None req-f699c2a7-f0e1-477b-9dde-4d37093d9193 tempest-DeleteServersTestJSON-100229516 tempest-DeleteServersTestJSON-100229516-project] Created reservations ['451b3094-a4ea-447e-998e-f65fff97688e', 'cf052180-2978-4a5f-bb72-b6b2090515f3', 'c80a686c-460f-443e-a4ef-2e561135aff6', '0ebbdf40-02d7-49ed-84ea-b833c5558053'] {{(pid=100946) reserve /opt/stack/cinder/cinder/quota.py:755}}
Sep 01 15:12:57.198327 dv-cinder-804093-4-iscsi devstack@c-api.service[100946]: DEBUG cinder.volume.api [None req-f699c2a7-f0e1-477b-9dde-4d37093d9193 tempest-DeleteServersTestJSON-100229516 tempest-DeleteServersTestJSON-100229516-project] Task 'cinder.volume.flows.api.create_volume.QuotaReserveTask;volume:create' (8b71ca26-40f3-41bc-b4b9-a0918d2a551f) transitioned into state 'SUCCESS' from state 'RUNNING' with result '{'reservations': ['451b3094-a4ea-447e-998e-f65fff97688e', 'cf052180-2978-4a5f-bb72-b6b2090515f3', 'c80a686c-460f-443e-a4ef-2e561135aff6', '0ebbdf40-02d7-49ed-84ea-b833c5558053']}' {{(pid=100946) _task_receiver /usr/local/lib/python3.8/dist-packages/taskflow/listeners/logging.py:178}}
Sep 01 15:12:57.200478 dv-cinder-804093-4-iscsi devstack@c-api.service[100946]: DEBUG cinder.volume.api [None req-f699c2a7-f0e1-477b-9dde-4d37093d9193 tempest-DeleteServersTestJSON-100229516 tempest-DeleteServersTestJSON-100229516-project] Task 'cinder.volume.flows.api.create_volume.EntryCreateTask;volume:create' (1f943656-7c66-4147-9b6d-4ae5244700ff) transitioned into state 'RUNNING' from state 'PENDING' {{(pid=100946) _task_receiver /usr/local/lib/python3.8/dist-packages/taskflow/listeners/logging.py:190}}
Sep 01 15:12:57.255382 dv-cinder-804093-4-iscsi devstack@c-api.service[100946]: DEBUG cinder.volume.api [None req-f699c2a7-f0e1-477b-9dde-4d37093d9193 tempest-DeleteServersTestJSON-100229516 tempest-DeleteServersTestJSON-100229516-project] Task 'cinder.volume.flows.api.create_volume.EntryCreateTask;volume:create' (1f943656-7c66-4147-9b6d-4ae5244700ff) transitioned into state 'SUCCESS' from state 'RUNNING' with result '{'volume_id': '4a5ea1bc-89af-4e58-9152-6dd7f6ed9ec1', 'volume_properties': VolumeProperties(attach_status='detached',availability_zone='nova',cgsnapshot_id=None,consistencygroup_id=None,display_description=None,display_name='tempest-DeleteServersTestJSON-volume-46378714',encryption_key_id=None,group_id=None,group_type_id=,metadata={},multiattach=False,project_id='4e6e3f0b6a8548ffa7e4abd917d3bbea',qos_specs=None,replication_status=,reservations=['451b3094-a4ea-447e-998e-f65fff97688e','cf052180-2978-4a5f-bb72-b6b2090515f3','c80a686c-460f-443e-a4ef-2e561135aff6','0ebbdf40-02d7-49ed-84ea-b833c5558053'],size=1,snapshot_id=None,source_replicaid=,source_volid=None,status='creating',user_id='45f3979962f547ac964bb61c5337140d',volume_type_id=4d2a606d-4da4-4397-af4b-d723faaa93f8), 'volume': Volume(_name_id=None,admin_metadata=,attach_status='detached',availability_zone='nova',bootable=False,cluster=,cluster_name=None,consistencygroup=,consistencygroup_id=None,created_at=2021-09-01T15:12:57Z,deleted=False,deleted_at=None,display_description=None,display_name='tempest-DeleteServersTestJSON-volume-46378714',ec2_id=None,encryption_key_id=None,glance_metadata=,group=,group_id=None,host=None,id=4a5ea1bc-89af-4e58-9152-6dd7f6ed9ec1,launched_at=None,metadata={},migration_status=None,multiattach=False,previous_status=None,project_id='4e6e3f0b6a8548ffa7e4abd917d3bbea',provider_auth=None,provider_geometry=None,provider_id=None,provider_location=None,replication_driver_data=None,replication_extended_status=None,replication_status=None,scheduled_at=None,service_uuid=None,shared_targets=True,size=1,snapshot_id=None,snapshots=,source_volid=None,status='creating',terminated_at=None,updated_at=None,use_quota=True,user_id='45f3979962f547ac964bb61c5337140d',volume_attachment=,volume_type=VolumeType(4d2a606d-4da4-4397-af4b-d723faaa93f8),volume_type_id=4d2a606d-4da4-4397-af4b-d723faaa93f8)}' {{(pid=100946) _task_receiver /usr/local/lib/python3.8/dist-packages/taskflow/listeners/logging.py:178}}
Sep 01 15:12:57.262261 dv-cinder-804093-4-iscsi devstack@c-api.service[100946]: DEBUG cinder.volume.api [None req-f699c2a7-f0e1-477b-9dde-4d37093d9193 tempest-DeleteServersTestJSON-100229516 tempest-DeleteServersTestJSON-100229516-project] Task 'cinder.volume.flows.api.create_volume.QuotaCommitTask;volume:create' (87f31ccc-dbac-45b9-a52d-09039c105c65) transitioned into state 'RUNNING' from state 'PENDING' {{(pid=100946) _task_receiver /usr/local/lib/python3.8/dist-packages/taskflow/listeners/logging.py:190}}
Sep 01 15:12:57.328693 dv-cinder-804093-4-iscsi devstack@c-api.service[100946]: DEBUG cinder.volume.api [None req-f699c2a7-f0e1-477b-9dde-4d37093d9193 tempest-DeleteServersTestJSON-100229516 tempest-DeleteServersTestJSON-100229516-project] Task 'cinder.volume.flows.api.create_volume.QuotaCommitTask;volume:create' (87f31ccc-dbac-45b9-a52d-09039c105c65) transitioned into state 'SUCCESS' from state 'RUNNING' with result '{'volume_properties': VolumeProperties(attach_status='detached',availability_zone='nova',cgsnapshot_id=None,consistencygroup_id=None,display_description=None,display_name='tempest-DeleteServersTestJSON-volume-46378714',encryption_key_id=None,group_id=None,group_type_id=,metadata={},multiattach=False,project_id='4e6e3f0b6a8548ffa7e4abd917d3bbea',qos_specs=None,replication_status=,reservations=['451b3094-a4ea-447e-998e-f65fff97688e','cf052180-2978-4a5f-bb72-b6b2090515f3','c80a686c-460f-443e-a4ef-2e561135aff6','0ebbdf40-02d7-49ed-84ea-b833c5558053'],size=1,snapshot_id=None,source_replicaid=,source_volid=None,status='creating',user_id='45f3979962f547ac964bb61c5337140d',volume_type_id=4d2a606d-4da4-4397-af4b-d723faaa93f8)}' {{(pid=100946) _task_receiver /usr/local/lib/python3.8/dist-packages/taskflow/listeners/logging.py:178}}
Sep 01 15:12:57.331369 dv-cinder-804093-4-iscsi devstack@c-api.service[100946]: DEBUG cinder.volume.api [None req-f699c2a7-f0e1-477b-9dde-4d37093d9193 tempest-DeleteServersTestJSON-100229516 tempest-DeleteServersTestJSON-100229516-project] Task 'cinder.volume.flows.api.create_volume.VolumeCastTask;volume:create' (82dc8139-bf96-4824-88b2-e6c453a4f080) transitioned into state 'RUNNING' from state 'PENDING' {{(pid=100946) _task_receiver /usr/local/lib/python3.8/dist-packages/taskflow/listeners/logging.py:190}}
Sep 01 15:12:57.377845 dv-cinder-804093-4-iscsi devstack@c-api.service[100946]: DEBUG cinder.volume.api [None req-f699c2a7-f0e1-477b-9dde-4d37093d9193 tempest-DeleteServersTestJSON-100229516 tempest-DeleteServersTestJSON-100229516-project] Task 'cinder.volume.flows.api.create_volume.VolumeCastTask;volume:create' (82dc8139-bf96-4824-88b2-e6c453a4f080) transitioned into state 'SUCCESS' from state 'RUNNING' with result 'None' {{(pid=100946) _task_receiver /usr/local/lib/python3.8/dist-packages/taskflow/listeners/logging.py:178}}
Sep 01 15:12:57.383937 dv-cinder-804093-4-iscsi devstack@c-api.service[100946]: DEBUG cinder.volume.api [None req-f699c2a7-f0e1-477b-9dde-4d37093d9193 tempest-DeleteServersTestJSON-100229516 tempest-DeleteServersTestJSON-100229516-project] Flow 'volume_create_api' (e617a212-a3b7-4059-b1a9-8fec784e774c) transitioned into state 'SUCCESS' from state 'RUNNING' {{(pid=100946) _flow_receiver /usr/local/lib/python3.8/dist-packages/taskflow/listeners/logging.py:141}}
Sep 01 15:12:57.384855 dv-cinder-804093-4-iscsi devstack@c-api.service[100946]: INFO cinder.volume.api [None req-f699c2a7-f0e1-477b-9dde-4d37093d9193 tempest-DeleteServersTestJSON-100229516 tempest-DeleteServersTestJSON-100229516-project] Create volume request issued successfully.
Sep 01 15:12:57.403109 dv-cinder-804093-4-iscsi devstack@c-api.service[100946]: INFO cinder.api.openstack.wsgi [None req-f699c2a7-f0e1-477b-9dde-4d37093d9193 tempest-DeleteServersTestJSON-100229516 tempest-DeleteServersTestJSON-100229516-project] http://10.222.0.20/volume/v3/4e6e3f0b6a8548ffa7e4abd917d3bbea/volumes returned with HTTP 202
Sep 01 15:12:57.405492 dv-cinder-804093-4-iscsi devstack@c-api.service[100946]: [pid: 100946|app: 0|req: 194/403] 10.222.0.20 () {60 vars in 1235 bytes} [Wed Sep 1 15:12:56 2021] POST /volume/v3/4e6e3f0b6a8548ffa7e4abd917d3bbea/volumes => generated 819 bytes in 527 msecs (HTTP/1.1 202) 7 headers in 291 bytes (1 switches on core 0)
Sep 01 15:12:57.438420 dv-cinder-804093-4-iscsi devstack@c-api.service[100947]: INFO cinder.api.openstack.wsgi [None req-2c830ab9-fe44-4a01-a161-424eee770b24 tempest-DeleteServersTestJSON-100229516 tempest-DeleteServersTestJSON-100229516-project] GET http://10.222.0.20/volume/v3/4e6e3f0b6a8548ffa7e4abd917d3bbea/volumes/4a5ea1bc-89af-4e58-9152-6dd7f6ed9ec1
Sep 01 15:12:57.439008 dv-cinder-804093-4-iscsi devstack@c-api.service[100947]: DEBUG cinder.api.openstack.wsgi [None req-2c830ab9-fe44-4a01-a161-424eee770b24 tempest-DeleteServersTestJSON-100229516 tempest-DeleteServersTestJSON-100229516-project] Empty body provided in request {{(pid=100947) get_body /opt/stack/cinder/cinder/api/openstack/wsgi.py:703}}
Sep 01 15:12:57.439498 dv-cinder-804093-4-iscsi devstack@c-api.service[100947]: DEBUG cinder.api.openstack.wsgi [None req-2c830ab9-fe44-4a01-a161-424eee770b24 tempest-DeleteServersTestJSON-100229516 tempest-DeleteServersTestJSON-100229516-project] Calling method 'show' {{(pid=100947) _process_stack /opt/stack/cinder/cinder/api/openstack/wsgi.py:856}}
Sep 01 15:12:57.462268 dv-cinder-804093-4-iscsi devstack@c-api.service[100947]: /usr/local/lib/python3.8/dist-packages/oslo_context/context.py:105: DeprecationWarning: Policy enforcement is depending on the value of is_admin. This key is deprecated. Please update your policy file to use the standard policy values.
Sep 01 15:12:57.462268 dv-cinder-804093-4-iscsi devstack@c-api.service[100947]: warnings.warn('Policy enforcement is depending on the value of '
Sep 01 15:12:57.483223 dv-cinder-804093-4-iscsi devstack@c-api.service[100947]: INFO cinder.volume.api [None req-2c830ab9-fe44-4a01-a161-424eee770b24 tempest-DeleteServersTestJSON-100229516 tempest-DeleteServersTestJSON-100229516-project] Volume info retrieved successfully.
Sep 01 15:12:57.531965 dv-cinder-804093-4-iscsi devstack@c-api.service[100947]: INFO cinder.api.openstack.wsgi [None req-2c830ab9-fe44-4a01-a161-424eee770b24 tempest-DeleteServersTestJSON-100229516 tempest-DeleteServersTestJSON-100229516-project] http://10.222.0.20/volume/v3/4e6e3f0b6a8548ffa7e4abd917d3bbea/volumes/4a5ea1bc-89af-4e58-9152-6dd7f6ed9ec1 returned with HTTP 200
Sep 01 15:12:57.541463 dv-cinder-804093-4-iscsi devstack@c-api.service[100947]: [pid: 100947|app: 0|req: 210/404] 10.222.0.20 () {58 vars in 1325 bytes} [Wed Sep 1 15:12:57 2021] GET /volume/v3/4e6e3f0b6a8548ffa7e4abd917d3bbea/volumes/4a5ea1bc-89af-4e58-9152-6dd7f6ed9ec1 => generated 887 bytes in 104 msecs (HTTP/1.1 200) 7 headers in 285 bytes (1 switches on core 0)
Sep 01 15:12:57.761985 dv-cinder-804093-4-iscsi devstack@c-api.service[100946]: INFO cinder.api.openstack.wsgi [None req-b3456358-0dea-40b1-a7dd-07dd9a54b98d tempest-VolumesImageMetadata-1186483696 tempest-VolumesImageMetadata-1186483696-project] GET http://10.222.0.20/volume/v3/fa9c515523844c56aab1178c9ae51931/volumes/abcbd92b-d695-40c8-90d2-6f4e06e8a4cd
Sep 01 15:12:57.763087 dv-cinder-804093-4-iscsi devstack@c-api.service[100946]: DEBUG cinder.api.openstack.wsgi [None req-b3456358-0dea-40b1-a7dd-07dd9a54b98d tempest-VolumesImageMetadata-1186483696 tempest-VolumesImageMetadata-1186483696-project] Empty body provided in request {{(pid=100946) get_body /opt/stack/cinder/cinder/api/openstack/wsgi.py:703}}
Sep 01 15:12:57.763087 dv-cinder-804093-4-iscsi devstack@c-api.service[100946]: /usr/local/lib/python3.8/dist-packages/webob/acceptparse.py:1047: DeprecationWarning: The behavior of AcceptValidHeader.best_match is currently being maintained for backward compatibility, but it will be deprecated in the future, as it does not conform to the RFC.
Sep 01 15:12:57.763087 dv-cinder-804093-4-iscsi devstack@c-api.service[100946]: warnings.warn(
Sep 01 15:12:57.763087 dv-cinder-804093-4-iscsi devstack@c-api.service[100946]: DEBUG cinder.api.openstack.wsgi [None req-b3456358-0dea-40b1-a7dd-07dd9a54b98d tempest-VolumesImageMetadata-1186483696 tempest-VolumesImageMetadata-1186483696-project] Calling method 'show' {{(pid=100946) _process_stack /opt/stack/cinder/cinder/api/openstack/wsgi.py:856}}
Sep 01 15:12:57.783006 dv-cinder-804093-4-iscsi devstack@c-api.service[100946]: /usr/local/lib/python3.8/dist-packages/oslo_context/context.py:105: DeprecationWarning: Policy enforcement is depending on the value of is_admin. This key is deprecated. Please update your policy file to use the standard policy values.
Sep 01 15:12:57.783006 dv-cinder-804093-4-iscsi devstack@c-api.service[100946]: warnings.warn('Policy enforcement is depending on the value of '
Sep 01 15:12:57.802701 dv-cinder-804093-4-iscsi devstack@c-api.service[100946]: INFO cinder.volume.api [None req-b3456358-0dea-40b1-a7dd-07dd9a54b98d tempest-VolumesImageMetadata-1186483696 tempest-VolumesImageMetadata-1186483696-project] Volume info retrieved successfully.
Sep 01 15:12:57.832519 dv-cinder-804093-4-iscsi devstack@c-api.service[100946]: INFO cinder.api.openstack.wsgi [None req-b3456358-0dea-40b1-a7dd-07dd9a54b98d tempest-VolumesImageMetadata-1186483696 tempest-VolumesImageMetadata-1186483696-project] http://10.222.0.20/volume/v3/fa9c515523844c56aab1178c9ae51931/volumes/abcbd92b-d695-40c8-90d2-6f4e06e8a4cd returned with HTTP 200
Sep 01 15:12:57.834890 dv-cinder-804093-4-iscsi devstack@c-api.service[100946]: [pid: 100946|app: 0|req: 195/405] 10.222.0.20 () {58 vars in 1325 bytes} [Wed Sep 1 15:12:57 2021] GET /volume/v3/fa9c515523844c56aab1178c9ae51931/volumes/abcbd92b-d695-40c8-90d2-6f4e06e8a4cd => generated 912 bytes in 79 msecs (HTTP/1.1 200) 7 headers in 285 bytes (1 switches on core 0)
Sep 01 15:12:58.548877 dv-cinder-804093-4-iscsi devstack@c-api.service[100947]: INFO cinder.api.openstack.wsgi [None req-3a9a29ca-a048-4f0c-a581-c2d9667e0116 tempest-DeleteServersTestJSON-100229516 tempest-DeleteServersTestJSON-100229516-project] GET http://10.222.0.20/volume/v3/4e6e3f0b6a8548ffa7e4abd917d3bbea/volumes/4a5ea1bc-89af-4e58-9152-6dd7f6ed9ec1
Sep 01 15:12:58.549541 dv-cinder-804093-4-iscsi devstack@c-api.service[100947]: DEBUG cinder.api.openstack.wsgi [None req-3a9a29ca-a048-4f0c-a581-c2d9667e0116 tempest-DeleteServersTestJSON-100229516 tempest-DeleteServersTestJSON-100229516-project] Empty body provided in request {{(pid=100947) get_body /opt/stack/cinder/cinder/api/openstack/wsgi.py:703}}
Sep 01 15:12:58.549754 dv-cinder-804093-4-iscsi devstack@c-api.service[100947]: /usr/local/lib/python3.8/dist-packages/webob/acceptparse.py:1047: DeprecationWarning: The behavior of AcceptValidHeader.best_match is currently being maintained for backward compatibility, but it will be deprecated in the future, as it does not conform to the RFC.
Sep 01 15:12:58.549754 dv-cinder-804093-4-iscsi devstack@c-api.service[100947]: warnings.warn(
Sep 01 15:12:58.550525 dv-cinder-804093-4-iscsi devstack@c-api.service[100947]: DEBUG cinder.api.openstack.wsgi [None req-3a9a29ca-a048-4f0c-a581-c2d9667e0116 tempest-DeleteServersTestJSON-100229516 tempest-DeleteServersTestJSON-100229516-project] Calling method 'show' {{(pid=100947) _process_stack /opt/stack/cinder/cinder/api/openstack/wsgi.py:856}}
Sep 01 15:12:58.579246 dv-cinder-804093-4-iscsi devstack@c-api.service[100947]: /usr/local/lib/python3.8/dist-packages/oslo_context/context.py:105: DeprecationWarning: Policy enforcement is depending on the value of is_admin. This key is deprecated. Please update your policy file to use the standard policy values.
Sep 01 15:12:58.579246 dv-cinder-804093-4-iscsi devstack@c-api.service[100947]: warnings.warn('Policy enforcement is depending on the value of '
Sep 01 15:12:58.622528 dv-cinder-804093-4-iscsi devstack@c-api.service[100947]: INFO cinder.volume.api [None req-3a9a29ca-a048-4f0c-a581-c2d9667e0116 tempest-DeleteServersTestJSON-100229516 tempest-DeleteServersTestJSON-100229516-project] Volume info retrieved successfully.
Sep 01 15:12:58.665909 dv-cinder-804093-4-iscsi devstack@c-api.service[100947]: INFO cinder.api.openstack.wsgi [None req-3a9a29ca-a048-4f0c-a581-c2d9667e0116 tempest-DeleteServersTestJSON-100229516 tempest-DeleteServersTestJSON-100229516-project] http://10.222.0.20/volume/v3/4e6e3f0b6a8548ffa7e4abd917d3bbea/volumes/4a5ea1bc-89af-4e58-9152-6dd7f6ed9ec1 returned with HTTP 200
Sep 01 15:12:58.669536 dv-cinder-804093-4-iscsi devstack@c-api.service[100947]: [pid: 100947|app: 0|req: 211/406] 10.222.0.20 () {58 vars in 1325 bytes} [Wed Sep 1 15:12:58 2021] GET /volume/v3/4e6e3f0b6a8548ffa7e4abd917d3bbea/volumes/4a5ea1bc-89af-4e58-9152-6dd7f6ed9ec1 => generated 912 bytes in 125 msecs (HTTP/1.1 200) 7 headers in 285 bytes (1 switches on core 0)
Sep 01 15:12:58.850504 dv-cinder-804093-4-iscsi devstack@c-api.service[100946]: INFO cinder.api.openstack.wsgi [None req-b8202564-135d-4e21-baf0-bd6af0fbbe16 tempest-VolumesImageMetadata-1186483696 tempest-VolumesImageMetadata-1186483696-project] GET http://10.222.0.20/volume/v3/fa9c515523844c56aab1178c9ae51931/volumes/abcbd92b-d695-40c8-90d2-6f4e06e8a4cd
Sep 01 15:12:58.852194 dv-cinder-804093-4-iscsi devstack@c-api.service[100946]: DEBUG cinder.api.openstack.wsgi [None req-b8202564-135d-4e21-baf0-bd6af0fbbe16 tempest-VolumesImageMetadata-1186483696 tempest-VolumesImageMetadata-1186483696-project] Empty body provided in request {{(pid=100946) get_body /opt/stack/cinder/cinder/api/openstack/wsgi.py:703}}
Sep 01 15:12:58.852306 dv-cinder-804093-4-iscsi devstack@c-api.service[100947]: INFO cinder.api.openstack.wsgi [req-c33cdf4f-26cf-4f7e-ac34-ccb412af34e7 req-17e56c86-db33-4b1e-9e1f-b997d203ff87 tempest-DeleteServersTestJSON-100229516 tempest-DeleteServersTestJSON-100229516-project] GET http://10.222.0.20/volume/v3/4e6e3f0b6a8548ffa7e4abd917d3bbea/volumes/4a5ea1bc-89af-4e58-9152-6dd7f6ed9ec1
Sep 01 15:12:58.852677 dv-cinder-804093-4-iscsi devstack@c-api.service[100946]: /usr/local/lib/python3.8/dist-packages/webob/acceptparse.py:1047: DeprecationWarning: The behavior of AcceptValidHeader.best_match is currently being maintained for backward compatibility, but it will be deprecated in the future, as it does not conform to the RFC.
Sep 01 15:12:58.852677 dv-cinder-804093-4-iscsi devstack@c-api.service[100946]: warnings.warn(
Sep 01 15:12:58.852838 dv-cinder-804093-4-iscsi devstack@c-api.service[100947]: DEBUG cinder.api.openstack.wsgi [req-c33cdf4f-26cf-4f7e-ac34-ccb412af34e7 req-17e56c86-db33-4b1e-9e1f-b997d203ff87 tempest-DeleteServersTestJSON-100229516 tempest-DeleteServersTestJSON-100229516-project] Empty body provided in request {{(pid=100947) get_body /opt/stack/cinder/cinder/api/openstack/wsgi.py:703}}
Sep 01 15:12:58.852927 dv-cinder-804093-4-iscsi devstack@c-api.service[100947]: /usr/local/lib/python3.8/dist-packages/webob/acceptparse.py:1047: DeprecationWarning: The behavior of AcceptValidHeader.best_match is currently being maintained for backward compatibility, but it will be deprecated in the future, as it does not conform to the RFC.
Sep 01 15:12:58.852927 dv-cinder-804093-4-iscsi devstack@c-api.service[100947]: warnings.warn(
Sep 01 15:12:58.853347 dv-cinder-804093-4-iscsi devstack@c-api.service[100947]: DEBUG cinder.api.openstack.wsgi [req-c33cdf4f-26cf-4f7e-ac34-ccb412af34e7 req-17e56c86-db33-4b1e-9e1f-b997d203ff87 tempest-DeleteServersTestJSON-100229516 tempest-DeleteServersTestJSON-100229516-project] Calling method 'show' {{(pid=100947) _process_stack /opt/stack/cinder/cinder/api/openstack/wsgi.py:856}}
Sep 01 15:12:58.853928 dv-cinder-804093-4-iscsi devstack@c-api.service[100946]: DEBUG cinder.api.openstack.wsgi [None req-b8202564-135d-4e21-baf0-bd6af0fbbe16 tempest-VolumesImageMetadata-1186483696 tempest-VolumesImageMetadata-1186483696-project] Calling method 'show' {{(pid=100946) _process_stack /opt/stack/cinder/cinder/api/openstack/wsgi.py:856}}
Sep 01 15:12:58.876703 dv-cinder-804093-4-iscsi devstack@c-api.service[100947]: /usr/local/lib/python3.8/dist-packages/oslo_context/context.py:105: DeprecationWarning: Policy enforcement is depending on the value of is_admin. This key is deprecated. Please update your policy file to use the standard policy values.
Sep 01 15:12:58.876703 dv-cinder-804093-4-iscsi devstack@c-api.service[100947]: warnings.warn('Policy enforcement is depending on the value of '
Sep 01 15:12:58.888179 dv-cinder-804093-4-iscsi devstack@c-api.service[100947]: INFO cinder.volume.api [req-c33cdf4f-26cf-4f7e-ac34-ccb412af34e7 req-17e56c86-db33-4b1e-9e1f-b997d203ff87 tempest-DeleteServersTestJSON-100229516 tempest-DeleteServersTestJSON-100229516-project] Volume info retrieved successfully.
Sep 01 15:12:58.895917 dv-cinder-804093-4-iscsi devstack@c-api.service[100946]: /usr/local/lib/python3.8/dist-packages/oslo_context/context.py:105: DeprecationWarning: Policy enforcement is depending on the value of is_admin. This key is deprecated. Please update your policy file to use the standard policy values.
Sep 01 15:12:58.895917 dv-cinder-804093-4-iscsi devstack@c-api.service[100946]: warnings.warn('Policy enforcement is depending on the value of '
Sep 01 15:12:58.909169 dv-cinder-804093-4-iscsi devstack@c-api.service[100947]: INFO cinder.api.openstack.wsgi [req-c33cdf4f-26cf-4f7e-ac34-ccb412af34e7 req-17e56c86-db33-4b1e-9e1f-b997d203ff87 tempest-DeleteServersTestJSON-100229516 tempest-DeleteServersTestJSON-100229516-project] http://10.222.0.20/volume/v3/4e6e3f0b6a8548ffa7e4abd917d3bbea/volumes/4a5ea1bc-89af-4e58-9152-6dd7f6ed9ec1 returned with HTTP 200
Sep 01 15:12:58.919550 dv-cinder-804093-4-iscsi devstack@c-api.service[100946]: INFO cinder.volume.api [None req-b8202564-135d-4e21-baf0-bd6af0fbbe16 tempest-VolumesImageMetadata-1186483696 tempest-VolumesImageMetadata-1186483696-project] Volume info retrieved successfully.
