Aug 10 12:51:51.750017 dv-cinder-804071-1-smb devstack@n-api.service[119190]: DEBUG oslo_concurrency.lockutils [None req-3e657ced-ce6e-4226-b76f-ea11913d6dba tempest-AttachVolumeTestJSON-1756860662 tempest-AttachVolumeTestJSON-1756860662-project] Lock "62fa2705-6e66-4b66-adb8-e67c4440f28d" released by "nova.context.set_target_cell..get_or_set_cached_cell_and_set_connections" :: held 0.001s {{(pid=119190) inner /usr/local/lib/python3.8/dist-packages/oslo_concurrency/lockutils.py:367}}
Aug 10 12:51:51.750839 dv-cinder-804071-1-smb devstack@n-api.service[119190]: DEBUG oslo_concurrency.lockutils [None req-3e657ced-ce6e-4226-b76f-ea11913d6dba tempest-AttachVolumeTestJSON-1756860662 tempest-AttachVolumeTestJSON-1756860662-project] Lock "62fa2705-6e66-4b66-adb8-e67c4440f28d" acquired by "nova.context.set_target_cell..get_or_set_cached_cell_and_set_connections" :: waited 0.000s {{(pid=119190) inner /usr/local/lib/python3.8/dist-packages/oslo_concurrency/lockutils.py:355}}
Aug 10 12:51:51.751533 dv-cinder-804071-1-smb devstack@n-api.service[119190]: DEBUG oslo_concurrency.lockutils [None req-3e657ced-ce6e-4226-b76f-ea11913d6dba tempest-AttachVolumeTestJSON-1756860662 tempest-AttachVolumeTestJSON-1756860662-project] Lock "62fa2705-6e66-4b66-adb8-e67c4440f28d" released by "nova.context.set_target_cell..get_or_set_cached_cell_and_set_connections" :: held 0.001s {{(pid=119190) inner /usr/local/lib/python3.8/dist-packages/oslo_concurrency/lockutils.py:367}}
Aug 10 12:51:51.765105 dv-cinder-804071-1-smb devstack@n-api.service[119189]: DEBUG oslo_concurrency.lockutils [req-9741d4eb-8203-4d8a-8f9d-03fa597d785b req-813765cd-058b-45c9-a571-7c4b3045d99d service nova] Lock "62fa2705-6e66-4b66-adb8-e67c4440f28d" acquired by "nova.context.set_target_cell..get_or_set_cached_cell_and_set_connections" :: waited 0.000s {{(pid=119189) inner /usr/local/lib/python3.8/dist-packages/oslo_concurrency/lockutils.py:355}}
Aug 10 12:51:51.765941 dv-cinder-804071-1-smb devstack@n-api.service[119189]: DEBUG oslo_concurrency.lockutils [req-9741d4eb-8203-4d8a-8f9d-03fa597d785b req-813765cd-058b-45c9-a571-7c4b3045d99d service nova] Lock "62fa2705-6e66-4b66-adb8-e67c4440f28d" released by "nova.context.set_target_cell..get_or_set_cached_cell_and_set_connections" :: held 0.001s {{(pid=119189) inner /usr/local/lib/python3.8/dist-packages/oslo_concurrency/lockutils.py:367}}
Aug 10 12:51:51.810961 dv-cinder-804071-1-smb devstack@n-api.service[119189]: INFO nova.api.openstack.compute.server_external_events [req-9741d4eb-8203-4d8a-8f9d-03fa597d785b req-813765cd-058b-45c9-a571-7c4b3045d99d service nova] Creating event network-vif-plugged:f71e3db9-d9fd-48be-9fc8-52e553a1f341 for instance 9e9871a2-c3e2-4e4e-b0cf-15fe1b390549 on hv-cinder-80407
Aug 10 12:51:51.827561 dv-cinder-804071-1-smb devstack@n-api.service[119189]: INFO nova.api.openstack.requestlog [req-9741d4eb-8203-4d8a-8f9d-03fa597d785b req-813765cd-058b-45c9-a571-7c4b3045d99d service nova] 10.222.0.39 "POST /compute/v2.1/os-server-external-events" status: 200 len: 183 microversion: 2.1 time: 0.116553
Aug 10 12:51:51.830258 dv-cinder-804071-1-smb devstack@n-api.service[119189]: [pid: 119189|app: 0|req: 31/76] 10.222.0.39 () {64 vars in 1318 bytes} [Tue Aug 10 12:51:51 2021] POST /compute/v2.1/os-server-external-events => generated 183 bytes in 122 msecs (HTTP/1.1 200) 9 headers in 357 bytes (1 switches on core 0)
Aug 10 12:51:52.012482 dv-cinder-804071-1-smb devstack@n-api.service[119189]: DEBUG nova.api.openstack.wsgi [None req-c656c10a-9afc-4b34-a0ee-3ea8f72af861 tempest-DeleteServersTestJSON-1160952394 tempest-DeleteServersTestJSON-1160952394-project] Calling method '>' {{(pid=119189) _process_stack /opt/stack/nova/nova/api/openstack/wsgi.py:513}}
Aug 10 12:51:52.013529 dv-cinder-804071-1-smb devstack@n-api.service[119189]: DEBUG nova.compute.api [None req-c656c10a-9afc-4b34-a0ee-3ea8f72af861 tempest-DeleteServersTestJSON-1160952394 tempest-DeleteServersTestJSON-1160952394-project] [instance: 1d5c00c9-6b69-4fb4-a3fc-f844a6f265e4] Fetching instance by UUID {{(pid=119189) get /opt/stack/nova/nova/compute/api.py:2791}}
Aug 10 12:51:52.028041 dv-cinder-804071-1-smb devstack@n-api.service[119189]: DEBUG oslo_concurrency.lockutils [None req-c656c10a-9afc-4b34-a0ee-3ea8f72af861 tempest-DeleteServersTestJSON-1160952394 tempest-DeleteServersTestJSON-1160952394-project] Lock "62fa2705-6e66-4b66-adb8-e67c4440f28d" acquired by "nova.context.set_target_cell..get_or_set_cached_cell_and_set_connections" :: waited 0.000s {{(pid=119189) inner /usr/local/lib/python3.8/dist-packages/oslo_concurrency/lockutils.py:355}}
Aug 10 12:51:52.029084 dv-cinder-804071-1-smb devstack@n-api.service[119189]: DEBUG oslo_concurrency.lockutils [None req-c656c10a-9afc-4b34-a0ee-3ea8f72af861 tempest-DeleteServersTestJSON-1160952394 tempest-DeleteServersTestJSON-1160952394-project] Lock "62fa2705-6e66-4b66-adb8-e67c4440f28d" released by "nova.context.set_target_cell..get_or_set_cached_cell_and_set_connections" :: held 0.001s {{(pid=119189) inner /usr/local/lib/python3.8/dist-packages/oslo_concurrency/lockutils.py:367}}
Aug 10 12:51:52.030569 dv-cinder-804071-1-smb devstack@n-api.service[119189]: DEBUG oslo_concurrency.lockutils [None req-c656c10a-9afc-4b34-a0ee-3ea8f72af861 tempest-DeleteServersTestJSON-1160952394 tempest-DeleteServersTestJSON-1160952394-project] Lock "62fa2705-6e66-4b66-adb8-e67c4440f28d" acquired by "nova.context.set_target_cell..get_or_set_cached_cell_and_set_connections" :: waited 0.000s {{(pid=119189) inner /usr/local/lib/python3.8/dist-packages/oslo_concurrency/lockutils.py:355}}
Aug 10 12:51:52.031276 dv-cinder-804071-1-smb devstack@n-api.service[119189]: DEBUG oslo_concurrency.lockutils [None req-c656c10a-9afc-4b34-a0ee-3ea8f72af861 tempest-DeleteServersTestJSON-1160952394 tempest-DeleteServersTestJSON-1160952394-project] Lock "62fa2705-6e66-4b66-adb8-e67c4440f28d" released by "nova.context.set_target_cell..get_or_set_cached_cell_and_set_connections" :: held 0.001s {{(pid=119189) inner /usr/local/lib/python3.8/dist-packages/oslo_concurrency/lockutils.py:367}}
Aug 10 12:51:52.195104 dv-cinder-804071-1-smb devstack@n-api.service[119190]: DEBUG nova.policy [None req-3e657ced-ce6e-4226-b76f-ea11913d6dba tempest-AttachVolumeTestJSON-1756860662 tempest-AttachVolumeTestJSON-1756860662-project] Policy check for os_compute_api:os-extended-server-attributes failed with credentials {'is_admin': False, 'user_id': '7e41237457814ffaa5a81382ded8850a', 'user_domain_id': 'default', 'system_scope': None, 'domain_id': None, 'project_id': 'c79c8fc523324d97a9c11acc37136506', 'project_domain_id': 'default', 'roles': ['member', 'reader'], 'is_admin_project': True, 'service_user_id': None, 'service_user_domain_id': None, 'service_project_id': None, 'service_project_domain_id': None, 'service_roles': []} {{(pid=119190) authorize /opt/stack/nova/nova/policy.py:199}}
Aug 10 12:51:52.204796 dv-cinder-804071-1-smb devstack@n-api.service[119190]: INFO nova.api.openstack.requestlog [None req-3e657ced-ce6e-4226-b76f-ea11913d6dba tempest-AttachVolumeTestJSON-1756860662 tempest-AttachVolumeTestJSON-1756860662-project] 10.222.0.39 "GET /compute/v2.1/servers/9e9871a2-c3e2-4e4e-b0cf-15fe1b390549" status: 200 len: 1360 microversion: 2.1 time: 0.479512
Aug 10 12:51:52.206367 dv-cinder-804071-1-smb devstack@n-api.service[119190]: [pid: 119190|app: 0|req: 46/77] 10.222.0.39 () {58 vars in 1236 bytes} [Tue Aug 10 12:51:51 2021] GET /compute/v2.1/servers/9e9871a2-c3e2-4e4e-b0cf-15fe1b390549 => generated 1360 bytes in 482 msecs (HTTP/1.1 200) 9 headers in 358 bytes (1 switches on core 0)
Aug 10 12:51:52.383794 dv-cinder-804071-1-smb devstack@n-api.service[119189]: DEBUG nova.policy [None req-c656c10a-9afc-4b34-a0ee-3ea8f72af861 tempest-DeleteServersTestJSON-1160952394 tempest-DeleteServersTestJSON-1160952394-project] Policy check for os_compute_api:os-extended-server-attributes failed with credentials {'is_admin': False, 'user_id': '6d94114c4b394280b8def287ec84cf7a', 'user_domain_id': 'default', 'system_scope': None, 'domain_id': None, 'project_id': 'e1ea8692bae84fbf81757e43123e6109', 'project_domain_id': 'default', 'roles': ['member', 'reader'], 'is_admin_project': True, 'service_user_id': None, 'service_user_domain_id': None, 'service_project_id': None, 'service_project_domain_id': None, 'service_roles': []} {{(pid=119189) authorize /opt/stack/nova/nova/policy.py:199}}
Aug 10 12:51:52.400226 dv-cinder-804071-1-smb devstack@n-api.service[119189]: INFO nova.api.openstack.requestlog [None req-c656c10a-9afc-4b34-a0ee-3ea8f72af861 tempest-DeleteServersTestJSON-1160952394 tempest-DeleteServersTestJSON-1160952394-project] 10.222.0.39 "GET /compute/v2.1/servers/1d5c00c9-6b69-4fb4-a3fc-f844a6f265e4" status: 200 len: 1502 microversion: 2.1 time: 0.396979
Aug 10 12:51:52.401998 dv-cinder-804071-1-smb devstack@n-api.service[119189]: [pid: 119189|app: 0|req: 32/78] 10.222.0.39 () {58 vars in 1236 bytes} [Tue Aug 10 12:51:52 2021] GET /compute/v2.1/servers/1d5c00c9-6b69-4fb4-a3fc-f844a6f265e4 => generated 1502 bytes in 400 msecs (HTTP/1.1 200) 9 headers in 358 bytes (1 switches on core 0)
Aug 10 12:51:53.242012 dv-cinder-804071-1-smb devstack@n-api.service[119190]: DEBUG nova.api.openstack.wsgi [None req-b252e0eb-a3ec-44e8-aad8-e258efa14c19 tempest-AttachVolumeTestJSON-1756860662 tempest-AttachVolumeTestJSON-1756860662-project] Calling method '>' {{(pid=119190) _process_stack /opt/stack/nova/nova/api/openstack/wsgi.py:513}}
Aug 10 12:51:53.242909 dv-cinder-804071-1-smb devstack@n-api.service[119190]: DEBUG nova.compute.api [None req-b252e0eb-a3ec-44e8-aad8-e258efa14c19 tempest-AttachVolumeTestJSON-1756860662 tempest-AttachVolumeTestJSON-1756860662-project] [instance: 9e9871a2-c3e2-4e4e-b0cf-15fe1b390549] Fetching instance by UUID {{(pid=119190) get /opt/stack/nova/nova/compute/api.py:2791}}
Aug 10 12:51:53.252493 dv-cinder-804071-1-smb devstack@n-api.service[119189]: DEBUG nova.api.openstack.wsgi [None req-4f5dd460-966e-4157-9964-73bc58b6265b tempest-AttachVolumeNegativeTest-1791182914 tempest-AttachVolumeNegativeTest-1791182914-project] Action: 'create', calling method: >, body: {"volumeAttachment": {"volumeId": "dfbbe9c6-dfe9-4a39-9256-97ffe7e616cb"}} {{(pid=119189) _process_stack /opt/stack/nova/nova/api/openstack/wsgi.py:511}}
Aug 10 12:51:53.254927 dv-cinder-804071-1-smb devstack@n-api.service[119189]: DEBUG nova.compute.api [None req-4f5dd460-966e-4157-9964-73bc58b6265b tempest-AttachVolumeNegativeTest-1791182914 tempest-AttachVolumeNegativeTest-1791182914-project] [instance: a3ebc67b-a3ce-4b07-8083-80581eb2a518] Fetching instance by UUID {{(pid=119189) get /opt/stack/nova/nova/compute/api.py:2791}}
Aug 10 12:51:53.263278 dv-cinder-804071-1-smb devstack@n-api.service[119190]: DEBUG oslo_concurrency.lockutils [None req-b252e0eb-a3ec-44e8-aad8-e258efa14c19 tempest-AttachVolumeTestJSON-1756860662 tempest-AttachVolumeTestJSON-1756860662-project] Lock "62fa2705-6e66-4b66-adb8-e67c4440f28d" acquired by "nova.context.set_target_cell..get_or_set_cached_cell_and_set_connections" :: waited 0.000s {{(pid=119190) inner /usr/local/lib/python3.8/dist-packages/oslo_concurrency/lockutils.py:355}}
Aug 10 12:51:53.264107 dv-cinder-804071-1-smb devstack@n-api.service[119190]: DEBUG oslo_concurrency.lockutils [None req-b252e0eb-a3ec-44e8-aad8-e258efa14c19 tempest-AttachVolumeTestJSON-1756860662 tempest-AttachVolumeTestJSON-1756860662-project] Lock "62fa2705-6e66-4b66-adb8-e67c4440f28d" released by "nova.context.set_target_cell..get_or_set_cached_cell_and_set_connections" :: held 0.001s {{(pid=119190) inner /usr/local/lib/python3.8/dist-packages/oslo_concurrency/lockutils.py:367}}
Aug 10 12:51:53.265510 dv-cinder-804071-1-smb devstack@n-api.service[119190]: DEBUG oslo_concurrency.lockutils [None req-b252e0eb-a3ec-44e8-aad8-e258efa14c19 tempest-AttachVolumeTestJSON-1756860662 tempest-AttachVolumeTestJSON-1756860662-project] Lock "62fa2705-6e66-4b66-adb8-e67c4440f28d" acquired by "nova.context.set_target_cell..get_or_set_cached_cell_and_set_connections" :: waited 0.000s {{(pid=119190) inner /usr/local/lib/python3.8/dist-packages/oslo_concurrency/lockutils.py:355}}
Aug 10 12:51:53.266294 dv-cinder-804071-1-smb devstack@n-api.service[119190]: DEBUG oslo_concurrency.lockutils [None req-b252e0eb-a3ec-44e8-aad8-e258efa14c19 tempest-AttachVolumeTestJSON-1756860662 tempest-AttachVolumeTestJSON-1756860662-project] Lock "62fa2705-6e66-4b66-adb8-e67c4440f28d" released by "nova.context.set_target_cell..get_or_set_cached_cell_and_set_connections" :: held 0.001s {{(pid=119190) inner /usr/local/lib/python3.8/dist-packages/oslo_concurrency/lockutils.py:367}}
Aug 10 12:51:53.267773 dv-cinder-804071-1-smb devstack@n-api.service[119189]: DEBUG oslo_concurrency.lockutils [None req-4f5dd460-966e-4157-9964-73bc58b6265b tempest-AttachVolumeNegativeTest-1791182914 tempest-AttachVolumeNegativeTest-1791182914-project] Lock "62fa2705-6e66-4b66-adb8-e67c4440f28d" acquired by "nova.context.set_target_cell..get_or_set_cached_cell_and_set_connections" :: waited 0.000s {{(pid=119189) inner /usr/local/lib/python3.8/dist-packages/oslo_concurrency/lockutils.py:355}}
Aug 10 12:51:53.268946 dv-cinder-804071-1-smb devstack@n-api.service[119189]: DEBUG oslo_concurrency.lockutils [None req-4f5dd460-966e-4157-9964-73bc58b6265b tempest-AttachVolumeNegativeTest-1791182914 tempest-AttachVolumeNegativeTest-1791182914-project] Lock "62fa2705-6e66-4b66-adb8-e67c4440f28d" released by "nova.context.set_target_cell..get_or_set_cached_cell_and_set_connections" :: held 0.002s {{(pid=119189) inner /usr/local/lib/python3.8/dist-packages/oslo_concurrency/lockutils.py:367}}
Aug 10 12:51:53.272541 dv-cinder-804071-1-smb devstack@n-api.service[119189]: DEBUG oslo_concurrency.lockutils [None req-4f5dd460-966e-4157-9964-73bc58b6265b tempest-AttachVolumeNegativeTest-1791182914 tempest-AttachVolumeNegativeTest-1791182914-project] Lock "62fa2705-6e66-4b66-adb8-e67c4440f28d" acquired by "nova.context.set_target_cell..get_or_set_cached_cell_and_set_connections" :: waited 0.000s {{(pid=119189) inner /usr/local/lib/python3.8/dist-packages/oslo_concurrency/lockutils.py:355}}
Aug 10 12:51:53.273679 dv-cinder-804071-1-smb devstack@n-api.service[119189]: DEBUG oslo_concurrency.lockutils [None req-4f5dd460-966e-4157-9964-73bc58b6265b tempest-AttachVolumeNegativeTest-1791182914 tempest-AttachVolumeNegativeTest-1791182914-project] Lock "62fa2705-6e66-4b66-adb8-e67c4440f28d" released by "nova.context.set_target_cell..get_or_set_cached_cell_and_set_connections" :: held 0.003s {{(pid=119189) inner /usr/local/lib/python3.8/dist-packages/oslo_concurrency/lockutils.py:367}}
Aug 10 12:51:53.659725 dv-cinder-804071-1-smb devstack@n-api.service[119190]: DEBUG nova.policy [None req-b252e0eb-a3ec-44e8-aad8-e258efa14c19 tempest-AttachVolumeTestJSON-1756860662 tempest-AttachVolumeTestJSON-1756860662-project] Policy check for os_compute_api:os-extended-server-attributes failed with credentials {'is_admin': False, 'user_id': '7e41237457814ffaa5a81382ded8850a', 'user_domain_id': 'default', 'system_scope': None, 'domain_id': None, 'project_id': 'c79c8fc523324d97a9c11acc37136506', 'project_domain_id': 'default', 'roles': ['member', 'reader'], 'is_admin_project': True, 'service_user_id': None, 'service_user_domain_id': None, 'service_project_id': None, 'service_project_domain_id': None, 'service_roles': []} {{(pid=119190) authorize /opt/stack/nova/nova/policy.py:199}}
Aug 10 12:51:53.691661 dv-cinder-804071-1-smb devstack@n-api.service[119190]: INFO nova.api.openstack.requestlog [None req-b252e0eb-a3ec-44e8-aad8-e258efa14c19 tempest-AttachVolumeTestJSON-1756860662 tempest-AttachVolumeTestJSON-1756860662-project] 10.222.0.39 "GET /compute/v2.1/servers/9e9871a2-c3e2-4e4e-b0cf-15fe1b390549" status: 200 len: 1360 microversion: 2.1 time: 0.461544
Aug 10 12:51:53.697261 dv-cinder-804071-1-smb devstack@n-api.service[119190]: [pid: 119190|app: 0|req: 47/79] 10.222.0.39 () {58 vars in 1236 bytes} [Tue Aug 10 12:51:53 2021] GET /compute/v2.1/servers/9e9871a2-c3e2-4e4e-b0cf-15fe1b390549 => generated 1360 bytes in 465 msecs (HTTP/1.1 200) 9 headers in 358 bytes (1 switches on core 0)
Aug 10 12:51:54.057895 dv-cinder-804071-1-smb devstack@n-api.service[119189]: INFO nova.api.openstack.requestlog [None req-4f5dd460-966e-4157-9964-73bc58b6265b tempest-AttachVolumeNegativeTest-1791182914 tempest-AttachVolumeNegativeTest-1791182914-project] 10.222.0.39 "POST /compute/v2.1/servers/a3ebc67b-a3ce-4b07-8083-80581eb2a518/os-volume_attachments" status: 200 len: 194 microversion: 2.1 time: 0.818611
Aug 10 12:51:54.060629 dv-cinder-804071-1-smb devstack@n-api.service[119189]: [pid: 119189|app: 0|req: 33/80] 10.222.0.39 () {60 vars in 1323 bytes} [Tue Aug 10 12:51:53 2021] POST /compute/v2.1/servers/a3ebc67b-a3ce-4b07-8083-80581eb2a518/os-volume_attachments => generated 194 bytes in 824 msecs (HTTP/1.1 200) 9 headers in 357 bytes (2 switches on core 0)
Aug 10 12:51:54.309930 dv-cinder-804071-1-smb devstack@n-api.service[119190]: DEBUG nova.api.openstack.wsgi [None req-3022b8e4-60bc-421c-9d1a-424c3cc21059 tempest-DeleteServersTestJSON-1160952394 tempest-DeleteServersTestJSON-1160952394-project] Action: 'create', calling method: >, body: {"volumeAttachment": {"volumeId": "cdf5739c-b13c-4548-95f7-82a45de991c7"}} {{(pid=119190) _process_stack /opt/stack/nova/nova/api/openstack/wsgi.py:511}}
Aug 10 12:51:54.312321 dv-cinder-804071-1-smb devstack@n-api.service[119190]: DEBUG nova.compute.api [None req-3022b8e4-60bc-421c-9d1a-424c3cc21059 tempest-DeleteServersTestJSON-1160952394 tempest-DeleteServersTestJSON-1160952394-project] [instance: 1d5c00c9-6b69-4fb4-a3fc-f844a6f265e4] Fetching instance by UUID {{(pid=119190) get /opt/stack/nova/nova/compute/api.py:2791}}
Aug 10 12:51:54.330092 dv-cinder-804071-1-smb devstack@n-api.service[119190]: DEBUG oslo_concurrency.lockutils [None req-3022b8e4-60bc-421c-9d1a-424c3cc21059 tempest-DeleteServersTestJSON-1160952394 tempest-DeleteServersTestJSON-1160952394-project] Lock "62fa2705-6e66-4b66-adb8-e67c4440f28d" acquired by "nova.context.set_target_cell..get_or_set_cached_cell_and_set_connections" :: waited 0.000s {{(pid=119190) inner /usr/local/lib/python3.8/dist-packages/oslo_concurrency/lockutils.py:355}}
Aug 10 12:51:54.331306 dv-cinder-804071-1-smb devstack@n-api.service[119190]: DEBUG oslo_concurrency.lockutils [None req-3022b8e4-60bc-421c-9d1a-424c3cc21059 tempest-DeleteServersTestJSON-1160952394 tempest-DeleteServersTestJSON-1160952394-project] Lock "62fa2705-6e66-4b66-adb8-e67c4440f28d" released by "nova.context.set_target_cell..get_or_set_cached_cell_and_set_connections" :: held 0.006s {{(pid=119190) inner /usr/local/lib/python3.8/dist-packages/oslo_concurrency/lockutils.py:367}}
Aug 10 12:51:54.332827 dv-cinder-804071-1-smb devstack@n-api.service[119190]: DEBUG oslo_concurrency.lockutils [None req-3022b8e4-60bc-421c-9d1a-424c3cc21059 tempest-DeleteServersTestJSON-1160952394 tempest-DeleteServersTestJSON-1160952394-project] Lock "62fa2705-6e66-4b66-adb8-e67c4440f28d" acquired by "nova.context.set_target_cell..get_or_set_cached_cell_and_set_connections" :: waited 0.000s {{(pid=119190) inner /usr/local/lib/python3.8/dist-packages/oslo_concurrency/lockutils.py:355}}
Aug 10 12:51:54.334499 dv-cinder-804071-1-smb devstack@n-api.service[119190]: DEBUG oslo_concurrency.lockutils [None req-3022b8e4-60bc-421c-9d1a-424c3cc21059 tempest-DeleteServersTestJSON-1160952394 tempest-DeleteServersTestJSON-1160952394-project] Lock "62fa2705-6e66-4b66-adb8-e67c4440f28d" released by "nova.context.set_target_cell..get_or_set_cached_cell_and_set_connections" :: held 0.001s {{(pid=119190) inner /usr/local/lib/python3.8/dist-packages/oslo_concurrency/lockutils.py:367}}
Aug 10 12:51:54.724569 dv-cinder-804071-1-smb devstack@n-api.service[119189]: DEBUG nova.api.openstack.wsgi [None req-96177ea6-acf4-42d2-96cb-d5f4f2428d36 tempest-AttachVolumeTestJSON-1756860662 tempest-AttachVolumeTestJSON-1756860662-project] Calling method '>' {{(pid=119189) _process_stack /opt/stack/nova/nova/api/openstack/wsgi.py:513}}
Aug 10 12:51:54.727262 dv-cinder-804071-1-smb devstack@n-api.service[119189]: DEBUG nova.compute.api [None req-96177ea6-acf4-42d2-96cb-d5f4f2428d36 tempest-AttachVolumeTestJSON-1756860662 tempest-AttachVolumeTestJSON-1756860662-project] [instance: 9e9871a2-c3e2-4e4e-b0cf-15fe1b390549] Fetching instance by UUID {{(pid=119189) get /opt/stack/nova/nova/compute/api.py:2791}}
Aug 10 12:51:54.739305 dv-cinder-804071-1-smb devstack@n-api.service[119189]: DEBUG oslo_concurrency.lockutils [None req-96177ea6-acf4-42d2-96cb-d5f4f2428d36 tempest-AttachVolumeTestJSON-1756860662 tempest-AttachVolumeTestJSON-1756860662-project] Lock "62fa2705-6e66-4b66-adb8-e67c4440f28d" acquired by "nova.context.set_target_cell..get_or_set_cached_cell_and_set_connections" :: waited 0.000s {{(pid=119189) inner /usr/local/lib/python3.8/dist-packages/oslo_concurrency/lockutils.py:355}}
Aug 10 12:51:54.740733 dv-cinder-804071-1-smb devstack@n-api.service[119189]: DEBUG oslo_concurrency.lockutils [None req-96177ea6-acf4-42d2-96cb-d5f4f2428d36 tempest-AttachVolumeTestJSON-1756860662 tempest-AttachVolumeTestJSON-1756860662-project] Lock "62fa2705-6e66-4b66-adb8-e67c4440f28d" released by "nova.context.set_target_cell..get_or_set_cached_cell_and_set_connections" :: held 0.001s {{(pid=119189) inner /usr/local/lib/python3.8/dist-packages/oslo_concurrency/lockutils.py:367}}
Aug 10 12:51:54.742624 dv-cinder-804071-1-smb devstack@n-api.service[119189]: DEBUG oslo_concurrency.lockutils [None req-96177ea6-acf4-42d2-96cb-d5f4f2428d36 tempest-AttachVolumeTestJSON-1756860662 tempest-AttachVolumeTestJSON-1756860662-project] Lock "62fa2705-6e66-4b66-adb8-e67c4440f28d" acquired by "nova.context.set_target_cell..get_or_set_cached_cell_and_set_connections" :: waited 0.000s {{(pid=119189) inner /usr/local/lib/python3.8/dist-packages/oslo_concurrency/lockutils.py:355}}
Aug 10 12:51:54.744176 dv-cinder-804071-1-smb devstack@n-api.service[119189]: DEBUG oslo_concurrency.lockutils [None req-96177ea6-acf4-42d2-96cb-d5f4f2428d36 tempest-AttachVolumeTestJSON-1756860662 tempest-AttachVolumeTestJSON-1756860662-project] Lock "62fa2705-6e66-4b66-adb8-e67c4440f28d" released by "nova.context.set_target_cell..get_or_set_cached_cell_and_set_connections" :: held 0.002s {{(pid=119189) inner /usr/local/lib/python3.8/dist-packages/oslo_concurrency/lockutils.py:367}}
Aug 10 12:51:54.996667 dv-cinder-804071-1-smb devstack@n-api.service[119189]: DEBUG nova.policy [None req-96177ea6-acf4-42d2-96cb-d5f4f2428d36 tempest-AttachVolumeTestJSON-1756860662 tempest-AttachVolumeTestJSON-1756860662-project] Policy check for os_compute_api:os-extended-server-attributes failed with credentials {'is_admin': False, 'user_id': '7e41237457814ffaa5a81382ded8850a', 'user_domain_id': 'default', 'system_scope': None, 'domain_id': None, 'project_id': 'c79c8fc523324d97a9c11acc37136506', 'project_domain_id': 'default', 'roles': ['member', 'reader'], 'is_admin_project': True, 'service_user_id': None, 'service_user_domain_id': None, 'service_project_id': None, 'service_project_domain_id': None, 'service_roles': []} {{(pid=119189) authorize /opt/stack/nova/nova/policy.py:199}}
Aug 10 12:51:55.010833 dv-cinder-804071-1-smb devstack@n-api.service[119189]: INFO nova.api.openstack.requestlog [None req-96177ea6-acf4-42d2-96cb-d5f4f2428d36 tempest-AttachVolumeTestJSON-1756860662 tempest-AttachVolumeTestJSON-1756860662-project] 10.222.0.39 "GET /compute/v2.1/servers/9e9871a2-c3e2-4e4e-b0cf-15fe1b390549" status: 200 len: 1546 microversion: 2.1 time: 0.293628
Aug 10 12:51:55.011695 dv-cinder-804071-1-smb devstack@n-api.service[119189]: [pid: 119189|app: 0|req: 34/81] 10.222.0.39 () {58 vars in 1236 bytes} [Tue Aug 10 12:51:54 2021] GET /compute/v2.1/servers/9e9871a2-c3e2-4e4e-b0cf-15fe1b390549 => generated 1546 bytes in 296 msecs (HTTP/1.1 200) 9 headers in 358 bytes (1 switches on core 0)
Aug 10 12:51:55.044274 dv-cinder-804071-1-smb devstack@n-api.service[119189]: DEBUG nova.api.openstack.wsgi [None req-27f9fe04-bb9e-47a8-9e94-36e299df7721 tempest-AttachVolumeTestJSON-1756860662 tempest-AttachVolumeTestJSON-1756860662-project] Calling method '>' {{(pid=119189) _process_stack /opt/stack/nova/nova/api/openstack/wsgi.py:513}}
Aug 10 12:51:55.045679 dv-cinder-804071-1-smb devstack@n-api.service[119189]: DEBUG nova.compute.api [None req-27f9fe04-bb9e-47a8-9e94-36e299df7721 tempest-AttachVolumeTestJSON-1756860662 tempest-AttachVolumeTestJSON-1756860662-project] [instance: 9e9871a2-c3e2-4e4e-b0cf-15fe1b390549] Fetching instance by UUID {{(pid=119189) get /opt/stack/nova/nova/compute/api.py:2791}}
Aug 10 12:51:55.059566 dv-cinder-804071-1-smb devstack@n-api.service[119189]: DEBUG oslo_concurrency.lockutils [None req-27f9fe04-bb9e-47a8-9e94-36e299df7721 tempest-AttachVolumeTestJSON-1756860662 tempest-AttachVolumeTestJSON-1756860662-project] Lock "62fa2705-6e66-4b66-adb8-e67c4440f28d" acquired by "nova.context.set_target_cell..get_or_set_cached_cell_and_set_connections" :: waited 0.000s {{(pid=119189) inner /usr/local/lib/python3.8/dist-packages/oslo_concurrency/lockutils.py:355}}
Aug 10 12:51:55.060163 dv-cinder-804071-1-smb devstack@n-api.service[119189]: DEBUG oslo_concurrency.lockutils [None req-27f9fe04-bb9e-47a8-9e94-36e299df7721 tempest-AttachVolumeTestJSON-1756860662 tempest-AttachVolumeTestJSON-1756860662-project] Lock "62fa2705-6e66-4b66-adb8-e67c4440f28d" released by "nova.context.set_target_cell..get_or_set_cached_cell_and_set_connections" :: held 0.001s {{(pid=119189) inner /usr/local/lib/python3.8/dist-packages/oslo_concurrency/lockutils.py:367}}
Aug 10 12:51:55.061560 dv-cinder-804071-1-smb devstack@n-api.service[119189]: DEBUG oslo_concurrency.lockutils [None req-27f9fe04-bb9e-47a8-9e94-36e299df7721 tempest-AttachVolumeTestJSON-1756860662 tempest-AttachVolumeTestJSON-1756860662-project] Lock "62fa2705-6e66-4b66-adb8-e67c4440f28d" acquired by "nova.context.set_target_cell..get_or_set_cached_cell_and_set_connections" :: waited 0.000s {{(pid=119189) inner /usr/local/lib/python3.8/dist-packages/oslo_concurrency/lockutils.py:355}}
Aug 10 12:51:55.062286 dv-cinder-804071-1-smb devstack@n-api.service[119189]: DEBUG oslo_concurrency.lockutils [None req-27f9fe04-bb9e-47a8-9e94-36e299df7721 tempest-AttachVolumeTestJSON-1756860662 tempest-AttachVolumeTestJSON-1756860662-project] Lock "62fa2705-6e66-4b66-adb8-e67c4440f28d" released by "nova.context.set_target_cell..get_or_set_cached_cell_and_set_connections" :: held 0.001s {{(pid=119189) inner /usr/local/lib/python3.8/dist-packages/oslo_concurrency/lockutils.py:367}}
Aug 10 12:51:55.064069 dv-cinder-804071-1-smb devstack@n-api.service[119190]: INFO nova.api.openstack.requestlog [None req-3022b8e4-60bc-421c-9d1a-424c3cc21059 tempest-DeleteServersTestJSON-1160952394 tempest-DeleteServersTestJSON-1160952394-project] 10.222.0.39 "POST /compute/v2.1/servers/1d5c00c9-6b69-4fb4-a3fc-f844a6f265e4/os-volume_attachments" status: 200 len: 194 microversion: 2.1 time: 0.760845
Aug 10 12:51:55.065594 dv-cinder-804071-1-smb devstack@n-api.service[119190]: [pid: 119190|app: 0|req: 48/82] 10.222.0.39 () {60 vars in 1323 bytes} [Tue Aug 10 12:51:54 2021] POST /compute/v2.1/servers/1d5c00c9-6b69-4fb4-a3fc-f844a6f265e4/os-volume_attachments => generated 194 bytes in 764 msecs (HTTP/1.1 200) 9 headers in 357 bytes (1 switches on core 0)
Aug 10 12:51:55.338154 dv-cinder-804071-1-smb devstack@n-api.service[119189]: INFO nova.api.openstack.requestlog [None req-27f9fe04-bb9e-47a8-9e94-36e299df7721 tempest-AttachVolumeTestJSON-1756860662 tempest-AttachVolumeTestJSON-1756860662-project] 10.222.0.39 "GET /compute/v2.1/servers/9e9871a2-c3e2-4e4e-b0cf-15fe1b390549/os-interface" status: 200 len: 284 microversion: 2.1 time: 0.290896
Aug 10 12:51:55.338154 dv-cinder-804071-1-smb devstack@n-api.service[119189]: [pid: 119189|app: 0|req: 35/83] 10.222.0.39 () {58 vars in 1275 bytes} [Tue Aug 10 12:51:55 2021] GET /compute/v2.1/servers/9e9871a2-c3e2-4e4e-b0cf-15fe1b390549/os-interface => generated 284 bytes in 294 msecs (HTTP/1.1 200) 9 headers in 357 bytes (2 switches on core 0)
Aug 10 12:51:57.127531 dv-cinder-804071-1-smb devstack@n-api.service[119190]: DEBUG nova.api.openstack.wsgi [None req-9dd32d4e-0e28-47cb-be91-9032302f6f8c tempest-AttachVolumeNegativeTest-1791182914 tempest-AttachVolumeNegativeTest-1791182914-project] Action: 'create', calling method: >, body: {"server": {"name": "tempest-AttachVolumeNegativeTest-server-79914639", "imageRef": "27ecf857-d3cb-4a9e-af2f-cfb8b68632cc", "flavorRef": "452", "networks": [{"uuid": "a737679e-807d-4c0b-932c-e2866110cd5c"}]}} {{(pid=119190) _process_stack /opt/stack/nova/nova/api/openstack/wsgi.py:511}}
Aug 10 12:51:57.237003 dv-cinder-804071-1-smb devstack@n-api.service[119190]: DEBUG nova.network.neutron [None req-9dd32d4e-0e28-47cb-be91-9032302f6f8c tempest-AttachVolumeNegativeTest-1791182914 tempest-AttachVolumeNegativeTest-1791182914-project] validate_networks() for [('a737679e-807d-4c0b-932c-e2866110cd5c', None, None, None)] {{(pid=119190) validate_networks /opt/stack/nova/nova/network/neutron.py:2255}}
Aug 10 12:51:57.812676 dv-cinder-804071-1-smb devstack@n-api.service[119189]: DEBUG nova.api.openstack.wsgi [None req-dde14d2d-1932-40ba-960b-7251d0f6fee5 tempest-DeleteServersTestJSON-1160952394 tempest-DeleteServersTestJSON-1160952394-project] Calling method '>' {{(pid=119189) _process_stack /opt/stack/nova/nova/api/openstack/wsgi.py:513}}
Aug 10 12:51:57.814135 dv-cinder-804071-1-smb devstack@n-api.service[119189]: DEBUG nova.compute.api [None req-dde14d2d-1932-40ba-960b-7251d0f6fee5 tempest-DeleteServersTestJSON-1160952394 tempest-DeleteServersTestJSON-1160952394-project] [instance: 1d5c00c9-6b69-4fb4-a3fc-f844a6f265e4] Fetching instance by UUID {{(pid=119189) get /opt/stack/nova/nova/compute/api.py:2791}}
Aug 10 12:51:57.828682 dv-cinder-804071-1-smb devstack@n-api.service[119189]: DEBUG oslo_concurrency.lockutils [None req-dde14d2d-1932-40ba-960b-7251d0f6fee5 tempest-DeleteServersTestJSON-1160952394 tempest-DeleteServersTestJSON-1160952394-project] Lock "62fa2705-6e66-4b66-adb8-e67c4440f28d" acquired by "nova.context.set_target_cell..get_or_set_cached_cell_and_set_connections" :: waited 0.000s {{(pid=119189) inner /usr/local/lib/python3.8/dist-packages/oslo_concurrency/lockutils.py:355}}
Aug 10 12:51:57.830302 dv-cinder-804071-1-smb devstack@n-api.service[119189]: DEBUG oslo_concurrency.lockutils [None req-dde14d2d-1932-40ba-960b-7251d0f6fee5 tempest-DeleteServersTestJSON-1160952394 tempest-DeleteServersTestJSON-1160952394-project] Lock "62fa2705-6e66-4b66-adb8-e67c4440f28d" released by "nova.context.set_target_cell..get_or_set_cached_cell_and_set_connections" :: held 0.002s {{(pid=119189) inner /usr/local/lib/python3.8/dist-packages/oslo_concurrency/lockutils.py:367}}
Aug 10 12:51:57.832064 dv-cinder-804071-1-smb devstack@n-api.service[119189]: DEBUG oslo_concurrency.lockutils [None req-dde14d2d-1932-40ba-960b-7251d0f6fee5 tempest-DeleteServersTestJSON-1160952394 tempest-DeleteServersTestJSON-1160952394-project] Lock "62fa2705-6e66-4b66-adb8-e67c4440f28d" acquired by "nova.context.set_target_cell..get_or_set_cached_cell_and_set_connections" :: waited 0.000s {{(pid=119189) inner /usr/local/lib/python3.8/dist-packages/oslo_concurrency/lockutils.py:355}}
Aug 10 12:51:57.834421 dv-cinder-804071-1-smb devstack@n-api.service[119189]: DEBUG oslo_concurrency.lockutils [None req-dde14d2d-1932-40ba-960b-7251d0f6fee5 tempest-DeleteServersTestJSON-1160952394 tempest-DeleteServersTestJSON-1160952394-project] Lock "62fa2705-6e66-4b66-adb8-e67c4440f28d" released by "nova.context.set_target_cell..get_or_set_cached_cell_and_set_connections" :: held 0.001s {{(pid=119189) inner /usr/local/lib/python3.8/dist-packages/oslo_concurrency/lockutils.py:367}}
Aug 10 12:51:57.935395 dv-cinder-804071-1-smb devstack@n-api.service[119189]: DEBUG nova.compute.api [None req-dde14d2d-1932-40ba-960b-7251d0f6fee5 tempest-DeleteServersTestJSON-1160952394 tempest-DeleteServersTestJSON-1160952394-project] [instance: 1d5c00c9-6b69-4fb4-a3fc-f844a6f265e4] Going to try to terminate instance {{(pid=119189) delete /opt/stack/nova/nova/compute/api.py:2540}}
Aug 10 12:51:58.262538 dv-cinder-804071-1-smb devstack@n-api.service[119189]: INFO nova.api.openstack.requestlog [None req-dde14d2d-1932-40ba-960b-7251d0f6fee5 tempest-DeleteServersTestJSON-1160952394 tempest-DeleteServersTestJSON-1160952394-project] 10.222.0.39 "DELETE /compute/v2.1/servers/1d5c00c9-6b69-4fb4-a3fc-f844a6f265e4" status: 204 len: 0 microversion: 2.1 time: 0.462969
Aug 10 12:51:58.263980 dv-cinder-804071-1-smb devstack@n-api.service[119189]: [pid: 119189|app: 0|req: 36/84] 10.222.0.39 () {58 vars in 1239 bytes} [Tue Aug 10 12:51:57 2021] DELETE /compute/v2.1/servers/1d5c00c9-6b69-4fb4-a3fc-f844a6f265e4 => generated 0 bytes in 466 msecs (HTTP/1.1 204) 9 headers in 363 bytes (2 switches on core 0)
Aug 10 12:51:58.278365 dv-cinder-804071-1-smb devstack@n-api.service[119189]: DEBUG nova.api.openstack.wsgi [None req-5e435e74-3621-451d-997c-0d8fcfd1aa26 tempest-DeleteServersTestJSON-1160952394 tempest-DeleteServersTestJSON-1160952394-project] Calling method '>' {{(pid=119189) _process_stack /opt/stack/nova/nova/api/openstack/wsgi.py:513}}
Aug 10 12:51:58.280485 dv-cinder-804071-1-smb devstack@n-api.service[119189]: DEBUG nova.compute.api [None req-5e435e74-3621-451d-997c-0d8fcfd1aa26 tempest-DeleteServersTestJSON-1160952394 tempest-DeleteServersTestJSON-1160952394-project] [instance: 1d5c00c9-6b69-4fb4-a3fc-f844a6f265e4] Fetching instance by UUID {{(pid=119189) get /opt/stack/nova/nova/compute/api.py:2791}}
Aug 10 12:51:58.299864 dv-cinder-804071-1-smb devstack@n-api.service[119189]: DEBUG oslo_concurrency.lockutils [None req-5e435e74-3621-451d-997c-0d8fcfd1aa26 tempest-DeleteServersTestJSON-1160952394 tempest-DeleteServersTestJSON-1160952394-project] Lock "62fa2705-6e66-4b66-adb8-e67c4440f28d" acquired by "nova.context.set_target_cell..get_or_set_cached_cell_and_set_connections" :: waited 0.000s {{(pid=119189) inner /usr/local/lib/python3.8/dist-packages/oslo_concurrency/lockutils.py:355}}
Aug 10 12:51:58.301440 dv-cinder-804071-1-smb devstack@n-api.service[119189]: DEBUG oslo_concurrency.lockutils [None req-5e435e74-3621-451d-997c-0d8fcfd1aa26 tempest-DeleteServersTestJSON-1160952394 tempest-DeleteServersTestJSON-1160952394-project] Lock "62fa2705-6e66-4b66-adb8-e67c4440f28d" released by "nova.context.set_target_cell..get_or_set_cached_cell_and_set_connections" :: held 0.002s {{(pid=119189) inner /usr/local/lib/python3.8/dist-packages/oslo_concurrency/lockutils.py:367}}
Aug 10 12:51:58.303428 dv-cinder-804071-1-smb devstack@n-api.service[119189]: DEBUG oslo_concurrency.lockutils [None req-5e435e74-3621-451d-997c-0d8fcfd1aa26 tempest-DeleteServersTestJSON-1160952394 tempest-DeleteServersTestJSON-1160952394-project] Lock "62fa2705-6e66-4b66-adb8-e67c4440f28d" acquired by "nova.context.set_target_cell..get_or_set_cached_cell_and_set_connections" :: waited 0.000s {{(pid=119189) inner /usr/local/lib/python3.8/dist-packages/oslo_concurrency/lockutils.py:355}}
Aug 10 12:51:58.305825 dv-cinder-804071-1-smb devstack@n-api.service[119189]: DEBUG oslo_concurrency.lockutils [None req-5e435e74-3621-451d-997c-0d8fcfd1aa26 tempest-DeleteServersTestJSON-1160952394 tempest-DeleteServersTestJSON-1160952394-project] Lock "62fa2705-6e66-4b66-adb8-e67c4440f28d" released by "nova.context.set_target_cell..get_or_set_cached_cell_and_set_connections" :: held 0.001s {{(pid=119189) inner /usr/local/lib/python3.8/dist-packages/oslo_concurrency/lockutils.py:367}}
Aug 10 12:51:58.672611 dv-cinder-804071-1-smb devstack@n-api.service[119189]: DEBUG nova.policy [None req-5e435e74-3621-451d-997c-0d8fcfd1aa26 tempest-DeleteServersTestJSON-1160952394 tempest-DeleteServersTestJSON-1160952394-project] Policy check for os_compute_api:os-extended-server-attributes failed with credentials {'is_admin': False, 'user_id': '6d94114c4b394280b8def287ec84cf7a', 'user_domain_id': 'default', 'system_scope': None, 'domain_id': None, 'project_id': 'e1ea8692bae84fbf81757e43123e6109', 'project_domain_id': 'default', 'roles': ['member', 'reader'], 'is_admin_project': True, 'service_user_id': None, 'service_user_domain_id': None, 'service_project_id': None, 'service_project_domain_id': None, 'service_roles': []} {{(pid=119189) authorize /opt/stack/nova/nova/policy.py:199}}
Aug 10 12:51:58.690672 dv-cinder-804071-1-smb devstack@n-api.service[119189]: INFO nova.api.openstack.requestlog [None req-5e435e74-3621-451d-997c-0d8fcfd1aa26 tempest-DeleteServersTestJSON-1160952394 tempest-DeleteServersTestJSON-1160952394-project] 10.222.0.39 "GET /compute/v2.1/servers/1d5c00c9-6b69-4fb4-a3fc-f844a6f265e4" status: 200 len: 1554 microversion: 2.1 time: 0.421702
Aug 10 12:51:58.716675 dv-cinder-804071-1-smb devstack@n-api.service[119189]: [pid: 119189|app: 0|req: 37/85] 10.222.0.39 () {58 vars in 1236 bytes} [Tue Aug 10 12:51:58 2021] GET /compute/v2.1/servers/1d5c00c9-6b69-4fb4-a3fc-f844a6f265e4 => generated 1554 bytes in 449 msecs (HTTP/1.1 200) 9 headers in 358 bytes (2 switches on core 0)
Aug 10 12:51:58.740776 dv-cinder-804071-1-smb devstack@n-api.service[119189]: DEBUG nova.api.openstack.wsgi [None req-dea3907a-e44b-4793-a5d7-80a81a56d714 tempest-AttachVolumeTestJSON-1756860662 tempest-AttachVolumeTestJSON-1756860662-project] Action: 'action', calling method: >, body: {"os-getConsoleOutput": {}} {{(pid=119189) _process_stack /opt/stack/nova/nova/api/openstack/wsgi.py:511}}
Aug 10 12:51:58.750311 dv-cinder-804071-1-smb devstack@n-api.service[119189]: DEBUG nova.compute.api [None req-dea3907a-e44b-4793-a5d7-80a81a56d714 tempest-AttachVolumeTestJSON-1756860662 tempest-AttachVolumeTestJSON-1756860662-project] [instance: 9e9871a2-c3e2-4e4e-b0cf-15fe1b390549] Fetching instance by UUID {{(pid=119189) get /opt/stack/nova/nova/compute/api.py:2791}}
Aug 10 12:51:58.771418 dv-cinder-804071-1-smb devstack@n-api.service[119189]: DEBUG oslo_concurrency.lockutils [None req-dea3907a-e44b-4793-a5d7-80a81a56d714 tempest-AttachVolumeTestJSON-1756860662 tempest-AttachVolumeTestJSON-1756860662-project] Lock "62fa2705-6e66-4b66-adb8-e67c4440f28d" acquired by "nova.context.set_target_cell..get_or_set_cached_cell_and_set_connections" :: waited 0.000s {{(pid=119189) inner /usr/local/lib/python3.8/dist-packages/oslo_concurrency/lockutils.py:355}}
Aug 10 12:51:58.775401 dv-cinder-804071-1-smb devstack@n-api.service[119189]: DEBUG oslo_concurrency.lockutils [None req-dea3907a-e44b-4793-a5d7-80a81a56d714 tempest-AttachVolumeTestJSON-1756860662 tempest-AttachVolumeTestJSON-1756860662-project] Lock "62fa2705-6e66-4b66-adb8-e67c4440f28d" released by "nova.context.set_target_cell..get_or_set_cached_cell_and_set_connections" :: held 0.006s {{(pid=119189) inner /usr/local/lib/python3.8/dist-packages/oslo_concurrency/lockutils.py:367}}
Aug 10 12:51:58.778607 dv-cinder-804071-1-smb devstack@n-api.service[119189]: DEBUG oslo_concurrency.lockutils [None req-dea3907a-e44b-4793-a5d7-80a81a56d714 tempest-AttachVolumeTestJSON-1756860662 tempest-AttachVolumeTestJSON-1756860662-project] Lock "62fa2705-6e66-4b66-adb8-e67c4440f28d" acquired by "nova.context.set_target_cell..get_or_set_cached_cell_and_set_connections" :: waited 0.000s {{(pid=119189) inner /usr/local/lib/python3.8/dist-packages/oslo_concurrency/lockutils.py:355}}
Aug 10 12:51:58.780073 dv-cinder-804071-1-smb devstack@n-api.service[119189]: DEBUG oslo_concurrency.lockutils [None req-dea3907a-e44b-4793-a5d7-80a81a56d714 tempest-AttachVolumeTestJSON-1756860662 tempest-AttachVolumeTestJSON-1756860662-project] Lock "62fa2705-6e66-4b66-adb8-e67c4440f28d" released by "nova.context.set_target_cell..get_or_set_cached_cell_and_set_connections" :: held 0.002s {{(pid=119189) inner /usr/local/lib/python3.8/dist-packages/oslo_concurrency/lockutils.py:367}}
Aug 10 12:51:58.980195 dv-cinder-804071-1-smb devstack@n-api.service[119189]: INFO nova.api.openstack.requestlog [None req-dea3907a-e44b-4793-a5d7-80a81a56d714 tempest-AttachVolumeTestJSON-1756860662 tempest-AttachVolumeTestJSON-1756860662-project] 10.222.0.39 "POST /compute/v2.1/servers/9e9871a2-c3e2-4e4e-b0cf-15fe1b390549/action" status: 200 len: 14 microversion: 2.1 time: 0.261150
Aug 10 12:51:58.993077 dv-cinder-804071-1-smb devstack@n-api.service[119189]: [pid: 119189|app: 0|req: 38/86] 10.222.0.39 () {60 vars in 1278 bytes} [Tue Aug 10 12:51:58 2021] POST /compute/v2.1/servers/9e9871a2-c3e2-4e4e-b0cf-15fe1b390549/action => generated 14 bytes in 275 msecs (HTTP/1.1 200) 9 headers in 356 bytes (1 switches on core 0)
Aug 10 12:51:59.020368 dv-cinder-804071-1-smb devstack@n-api.service[119189]: DEBUG nova.api.openstack.wsgi [req-58bedf8c-d248-4f72-b05e-1c688dd4e88c req-4c1d2955-2427-4bc7-8acb-9e6b2e0fb4b9 service nova] Action: 'create', calling method: >, body: {"events": [{"name": "network-changed", "server_uuid": "9e9871a2-c3e2-4e4e-b0cf-15fe1b390549", "tag": "f71e3db9-d9fd-48be-9fc8-52e553a1f341"}]} {{(pid=119189) _process_stack /opt/stack/nova/nova/api/openstack/wsgi.py:511}}
Aug 10 12:51:59.035242 dv-cinder-804071-1-smb devstack@n-api.service[119189]: /usr/local/lib/python3.8/dist-packages/oslo_policy/policy.py:1064: UserWarning: Policy os_compute_api:os-server-external-events:create failed scope check. The token used to make the request was project scoped but the policy requires ['system'] scope. This behavior may change in the future where using the intended scope is required
Aug 10 12:51:59.035242 dv-cinder-804071-1-smb devstack@n-api.service[119189]: warnings.warn(msg)
Aug 10 12:51:59.061821 dv-cinder-804071-1-smb devstack@n-api.service[119190]: DEBUG nova.virt.hardware [None req-9dd32d4e-0e28-47cb-be91-9032302f6f8c tempest-AttachVolumeNegativeTest-1791182914 tempest-AttachVolumeNegativeTest-1791182914-project] Flavor limits 0:0:0 {{(pid=119190) get_cpu_topology_constraints /opt/stack/nova/nova/virt/hardware.py:343}}
Aug 10 12:51:59.062841 dv-cinder-804071-1-smb devstack@n-api.service[119190]: DEBUG nova.virt.hardware [None req-9dd32d4e-0e28-47cb-be91-9032302f6f8c tempest-AttachVolumeNegativeTest-1791182914 tempest-AttachVolumeNegativeTest-1791182914-project] Image limits 0:0:0 {{(pid=119190) get_cpu_topology_constraints /opt/stack/nova/nova/virt/hardware.py:347}}
Aug 10 12:51:59.064572 dv-cinder-804071-1-smb devstack@n-api.service[119190]: DEBUG nova.virt.hardware [None req-9dd32d4e-0e28-47cb-be91-9032302f6f8c tempest-AttachVolumeNegativeTest-1791182914 tempest-AttachVolumeNegativeTest-1791182914-project] Flavor pref 0:0:0 {{(pid=119190) get_cpu_topology_constraints /opt/stack/nova/nova/virt/hardware.py:383}}
Aug 10 12:51:59.065809 dv-cinder-804071-1-smb devstack@n-api.service[119190]: DEBUG nova.virt.hardware [None req-9dd32d4e-0e28-47cb-be91-9032302f6f8c tempest-AttachVolumeNegativeTest-1791182914 tempest-AttachVolumeNegativeTest-1791182914-project] Image pref 0:0:0 {{(pid=119190) get_cpu_topology_constraints /opt/stack/nova/nova/virt/hardware.py:387}}
Aug 10 12:51:59.066396 dv-cinder-804071-1-smb devstack@n-api.service[119190]: DEBUG nova.virt.hardware [None req-9dd32d4e-0e28-47cb-be91-9032302f6f8c tempest-AttachVolumeNegativeTest-1791182914 tempest-AttachVolumeNegativeTest-1791182914-project] Chose sockets=0, cores=0, threads=0; limits were sockets=65536, cores=65536, threads=65536 {{(pid=119190) get_cpu_topology_constraints /opt/stack/nova/nova/virt/hardware.py:425}}
Aug 10 12:51:59.073477 dv-cinder-804071-1-smb devstack@n-api.service[119189]: DEBUG oslo_concurrency.lockutils [req-58bedf8c-d248-4f72-b05e-1c688dd4e88c req-4c1d2955-2427-4bc7-8acb-9e6b2e0fb4b9 service nova] Lock "62fa2705-6e66-4b66-adb8-e67c4440f28d" acquired by "nova.context.set_target_cell..get_or_set_cached_cell_and_set_connections" :: waited 0.000s {{(pid=119189) inner /usr/local/lib/python3.8/dist-packages/oslo_concurrency/lockutils.py:355}}
Aug 10 12:51:59.074280 dv-cinder-804071-1-smb devstack@n-api.service[119189]: DEBUG oslo_concurrency.lockutils [req-58bedf8c-d248-4f72-b05e-1c688dd4e88c req-4c1d2955-2427-4bc7-8acb-9e6b2e0fb4b9 service nova] Lock "62fa2705-6e66-4b66-adb8-e67c4440f28d" released by "nova.context.set_target_cell..get_or_set_cached_cell_and_set_connections" :: held 0.001s {{(pid=119189) inner /usr/local/lib/python3.8/dist-packages/oslo_concurrency/lockutils.py:367}}
Aug 10 12:51:59.098898 dv-cinder-804071-1-smb devstack@n-api.service[119190]: DEBUG oslo_concurrency.lockutils [None req-9dd32d4e-0e28-47cb-be91-9032302f6f8c tempest-AttachVolumeNegativeTest-1791182914 tempest-AttachVolumeNegativeTest-1791182914-project] Lock "00000000-0000-0000-0000-000000000000" acquired by "nova.context.set_target_cell..get_or_set_cached_cell_and_set_connections" :: waited 0.000s {{(pid=119190) inner /usr/local/lib/python3.8/dist-packages/oslo_concurrency/lockutils.py:355}}
Aug 10 12:51:59.101804 dv-cinder-804071-1-smb devstack@n-api.service[119190]: DEBUG oslo_concurrency.lockutils [None req-9dd32d4e-0e28-47cb-be91-9032302f6f8c tempest-AttachVolumeNegativeTest-1791182914 tempest-AttachVolumeNegativeTest-1791182914-project] Lock "00000000-0000-0000-0000-000000000000" released by "nova.context.set_target_cell..get_or_set_cached_cell_and_set_connections" :: held 0.003s {{(pid=119190) inner /usr/local/lib/python3.8/dist-packages/oslo_concurrency/lockutils.py:367}}
Aug 10 12:51:59.102900 dv-cinder-804071-1-smb devstack@n-api.service[119190]: DEBUG oslo_concurrency.lockutils [None req-9dd32d4e-0e28-47cb-be91-9032302f6f8c tempest-AttachVolumeNegativeTest-1791182914 tempest-AttachVolumeNegativeTest-1791182914-project] Lock "62fa2705-6e66-4b66-adb8-e67c4440f28d" acquired by "nova.context.set_target_cell..get_or_set_cached_cell_and_set_connections" :: waited 0.000s {{(pid=119190) inner /usr/local/lib/python3.8/dist-packages/oslo_concurrency/lockutils.py:355}}
Aug 10 12:51:59.105694 dv-cinder-804071-1-smb devstack@n-api.service[119190]: DEBUG oslo_concurrency.lockutils [None req-9dd32d4e-0e28-47cb-be91-9032302f6f8c tempest-AttachVolumeNegativeTest-1791182914 tempest-AttachVolumeNegativeTest-1791182914-project] Lock "62fa2705-6e66-4b66-adb8-e67c4440f28d" released by "nova.context.set_target_cell..get_or_set_cached_cell_and_set_connections" :: held 0.003s {{(pid=119190) inner /usr/local/lib/python3.8/dist-packages/oslo_concurrency/lockutils.py:367}}
Aug 10 12:51:59.153158 dv-cinder-804071-1-smb devstack@n-api.service[119189]: INFO nova.api.openstack.compute.server_external_events [req-58bedf8c-d248-4f72-b05e-1c688dd4e88c req-4c1d2955-2427-4bc7-8acb-9e6b2e0fb4b9 service nova] Creating event network-changed:f71e3db9-d9fd-48be-9fc8-52e553a1f341 for instance 9e9871a2-c3e2-4e4e-b0cf-15fe1b390549 on hv-cinder-80407
Aug 10 12:51:59.164477 dv-cinder-804071-1-smb devstack@n-api.service[119190]: DEBUG nova.quota [None req-9dd32d4e-0e28-47cb-be91-9032302f6f8c tempest-AttachVolumeNegativeTest-1791182914 tempest-AttachVolumeNegativeTest-1791182914-project] Getting quotas for project 70fad7348ff14a3188fc5ef8b00fda58. Resources: {'instances', 'cores', 'ram'} {{(pid=119190) _get_quotas /opt/stack/nova/nova/quota.py:384}}
Aug 10 12:51:59.184898 dv-cinder-804071-1-smb devstack@n-api.service[119189]: INFO nova.api.openstack.requestlog [req-58bedf8c-d248-4f72-b05e-1c688dd4e88c req-4c1d2955-2427-4bc7-8acb-9e6b2e0fb4b9 service nova] 10.222.0.39 "POST /compute/v2.1/os-server-external-events" status: 200 len: 179 microversion: 2.1 time: 0.178993
Aug 10 12:51:59.191434 dv-cinder-804071-1-smb devstack@n-api.service[119189]: [pid: 119189|app: 0|req: 39/87] 10.222.0.39 () {64 vars in 1318 bytes} [Tue Aug 10 12:51:58 2021] POST /compute/v2.1/os-server-external-events => generated 179 bytes in 198 msecs (HTTP/1.1 200) 9 headers in 357 bytes (1 switches on core 0)
Aug 10 12:51:59.199409 dv-cinder-804071-1-smb devstack@n-api.service[119190]: DEBUG nova.quota [None req-9dd32d4e-0e28-47cb-be91-9032302f6f8c tempest-AttachVolumeNegativeTest-1791182914 tempest-AttachVolumeNegativeTest-1791182914-project] Getting quotas for user 7bafcbf901794f8e88461fa32cf37e0d and project 70fad7348ff14a3188fc5ef8b00fda58. Resources: {'instances', 'cores', 'ram'} {{(pid=119190) _get_quotas /opt/stack/nova/nova/quota.py:374}}
Aug 10 12:51:59.267632 dv-cinder-804071-1-smb devstack@n-api.service[119190]: DEBUG nova.compute.api [None req-9dd32d4e-0e28-47cb-be91-9032302f6f8c tempest-AttachVolumeNegativeTest-1791182914 tempest-AttachVolumeNegativeTest-1791182914-project] Going to run 1 instances... {{(pid=119190) _provision_instances /opt/stack/nova/nova/compute/api.py:1280}}
Aug 10 12:51:59.272449 dv-cinder-804071-1-smb devstack@n-api.service[119190]: DEBUG nova.compute.api [None req-9dd32d4e-0e28-47cb-be91-9032302f6f8c tempest-AttachVolumeNegativeTest-1791182914 tempest-AttachVolumeNegativeTest-1791182914-project] [instance: 66960a54-2ac6-4879-806c-cdef39e2d4cc] block_device_mapping [BlockDeviceMapping(attachment_id=,boot_index=0,connection_info=None,created_at=,delete_on_termination=True,deleted=,deleted_at=,destination_type='local',device_name=None,device_type='disk',disk_bus=None,guest_format=None,id=,image_id='27ecf857-d3cb-4a9e-af2f-cfb8b68632cc',instance=,instance_uuid=,no_device=False,snapshot_id=None,source_type='image',tag=None,updated_at=,uuid=,volume_id=None,volume_size=None,volume_type=None)] {{(pid=119190) _bdm_validate_set_size_and_instance /opt/stack/nova/nova/compute/api.py:1685}}
Aug 10 12:51:59.373207 dv-cinder-804071-1-smb devstack@n-api.service[119190]: INFO nova.api.openstack.requestlog [None req-9dd32d4e-0e28-47cb-be91-9032302f6f8c tempest-AttachVolumeNegativeTest-1791182914 tempest-AttachVolumeNegativeTest-1791182914-project] 10.222.0.39 "POST /compute/v2.1/servers" status: 202 len: 380 microversion: 2.1 time: 2.249705
Aug 10 12:51:59.375269 dv-cinder-804071-1-smb devstack@n-api.service[119190]: [pid: 119190|app: 0|req: 49/88] 10.222.0.39 () {60 vars in 1147 bytes} [Tue Aug 10 12:51:57 2021] POST /compute/v2.1/servers => generated 380 bytes in 2266 msecs (HTTP/1.1 202) 10 headers in 451 bytes (1 switches on core 0)
