Sep 01 04:49:18.974254 dv-cinder-804035-8-smb devstack@c-api.service[112260]: DEBUG cinder.volume.api [None req-409c11c8-7bd4-4cff-86eb-dcc009be52c1 tempest-VolumesListAdminTestJSON-378995653 tempest-VolumesListAdminTestJSON-378995653-project] Task 'cinder.volume.flows.api.create_volume.VolumeCastTask;volume:create' (ae108d45-7fbc-4694-95d4-7ac713c5ce3c) transitioned into state 'SUCCESS' from state 'RUNNING' with result 'None' {{(pid=112260) _task_receiver /usr/local/lib/python3.8/dist-packages/taskflow/listeners/logging.py:178}}
Sep 01 04:49:18.974910 dv-cinder-804035-8-smb devstack@c-api.service[112259]: INFO cinder.volume.api [None req-618d4767-0e15-4308-883a-3458ecccbe12 tempest-SnapshotsActionsTest-167928207 tempest-SnapshotsActionsTest-167928207-project] Volume info retrieved successfully.
Sep 01 04:49:18.979393 dv-cinder-804035-8-smb devstack@c-api.service[112260]: DEBUG cinder.volume.api [None req-409c11c8-7bd4-4cff-86eb-dcc009be52c1 tempest-VolumesListAdminTestJSON-378995653 tempest-VolumesListAdminTestJSON-378995653-project] Flow 'volume_create_api' (6a571597-f11a-4adb-9655-318ea2f6a7ef) transitioned into state 'SUCCESS' from state 'RUNNING' {{(pid=112260) _flow_receiver /usr/local/lib/python3.8/dist-packages/taskflow/listeners/logging.py:141}}
Sep 01 04:49:18.980132 dv-cinder-804035-8-smb devstack@c-api.service[112260]: INFO cinder.volume.api [None req-409c11c8-7bd4-4cff-86eb-dcc009be52c1 tempest-VolumesListAdminTestJSON-378995653 tempest-VolumesListAdminTestJSON-378995653-project] Create volume request issued successfully.
Sep 01 04:49:19.003073 dv-cinder-804035-8-smb devstack@c-api.service[112260]: INFO cinder.api.openstack.wsgi [None req-409c11c8-7bd4-4cff-86eb-dcc009be52c1 tempest-VolumesListAdminTestJSON-378995653 tempest-VolumesListAdminTestJSON-378995653-project] http://10.222.0.30/volume/v3/cea5f232bc174194bb9593d699ba928a/volumes returned with HTTP 202
Sep 01 04:49:19.006394 dv-cinder-804035-8-smb devstack@c-api.service[112260]: [pid: 112260|app: 0|req: 159/303] 10.222.0.30 () {60 vars in 1235 bytes} [Wed Sep 1 04:49:18 2021] POST /volume/v3/cea5f232bc174194bb9593d699ba928a/volumes => generated 824 bytes in 360 msecs (HTTP/1.1 202) 7 headers in 291 bytes (1 switches on core 0)
Sep 01 04:49:19.025076 dv-cinder-804035-8-smb devstack@c-api.service[112259]: INFO cinder.volume.api [None req-618d4767-0e15-4308-883a-3458ecccbe12 tempest-SnapshotsActionsTest-167928207 tempest-SnapshotsActionsTest-167928207-project] Delete volume request issued successfully.
Sep 01 04:49:19.026594 dv-cinder-804035-8-smb devstack@c-api.service[112259]: INFO cinder.api.openstack.wsgi [None req-618d4767-0e15-4308-883a-3458ecccbe12 tempest-SnapshotsActionsTest-167928207 tempest-SnapshotsActionsTest-167928207-project] http://10.222.0.30/volume/v3/a5bbc5ab1f044192b66714bf97dc581d/volumes/13ffa757-a410-46ac-8b4c-c7b8c4b59950 returned with HTTP 202
Sep 01 04:49:19.033676 dv-cinder-804035-8-smb devstack@c-api.service[112259]: [pid: 112259|app: 0|req: 145/304] 10.222.0.30 () {58 vars in 1328 bytes} [Wed Sep 1 04:49:18 2021] DELETE /volume/v3/a5bbc5ab1f044192b66714bf97dc581d/volumes/13ffa757-a410-46ac-8b4c-c7b8c4b59950 => generated 0 bytes in 86 msecs (HTTP/1.1 202) 6 headers in 233 bytes (1 switches on core 0)
Sep 01 04:49:19.036562 dv-cinder-804035-8-smb devstack@c-api.service[112260]: INFO cinder.api.openstack.wsgi [None req-c028c8b6-0c5a-42d0-90b4-1d600f7757ad tempest-VolumesListAdminTestJSON-378995653 tempest-VolumesListAdminTestJSON-378995653-project] GET http://10.222.0.30/volume/v3/cea5f232bc174194bb9593d699ba928a/volumes/30810395-30a1-422d-87bc-91abe60b84e7
Sep 01 04:49:19.037605 dv-cinder-804035-8-smb devstack@c-api.service[112260]: DEBUG cinder.api.openstack.wsgi [None req-c028c8b6-0c5a-42d0-90b4-1d600f7757ad tempest-VolumesListAdminTestJSON-378995653 tempest-VolumesListAdminTestJSON-378995653-project] Empty body provided in request {{(pid=112260) get_body /opt/stack/cinder/cinder/api/openstack/wsgi.py:703}}
Sep 01 04:49:19.039128 dv-cinder-804035-8-smb devstack@c-api.service[112260]: /usr/local/lib/python3.8/dist-packages/webob/acceptparse.py:1047: DeprecationWarning: The behavior of AcceptValidHeader.best_match is currently being maintained for backward compatibility, but it will be deprecated in the future, as it does not conform to the RFC.
Sep 01 04:49:19.039128 dv-cinder-804035-8-smb devstack@c-api.service[112260]: warnings.warn(
Sep 01 04:49:19.040924 dv-cinder-804035-8-smb devstack@c-api.service[112260]: DEBUG cinder.api.openstack.wsgi [None req-c028c8b6-0c5a-42d0-90b4-1d600f7757ad tempest-VolumesListAdminTestJSON-378995653 tempest-VolumesListAdminTestJSON-378995653-project] Calling method 'show' {{(pid=112260) _process_stack /opt/stack/cinder/cinder/api/openstack/wsgi.py:856}}
Sep 01 04:49:19.046099 dv-cinder-804035-8-smb devstack@c-api.service[112259]: INFO cinder.api.openstack.wsgi [None req-35b48190-5f4e-4e72-bbc1-16a92bc8327f tempest-DeleteServersTestJSON-789173735 tempest-DeleteServersTestJSON-789173735-project] GET http://10.222.0.30/volume/v3/4eb0f1790eed4f89b59d3980e12cdeda/volumes/3b323fb2-059e-4e04-b01b-b822bab598ce
Sep 01 04:49:19.047318 dv-cinder-804035-8-smb devstack@c-api.service[112259]: DEBUG cinder.api.openstack.wsgi [None req-35b48190-5f4e-4e72-bbc1-16a92bc8327f tempest-DeleteServersTestJSON-789173735 tempest-DeleteServersTestJSON-789173735-project] Empty body provided in request {{(pid=112259) get_body /opt/stack/cinder/cinder/api/openstack/wsgi.py:703}}
Sep 01 04:49:19.049108 dv-cinder-804035-8-smb devstack@c-api.service[112259]: /usr/local/lib/python3.8/dist-packages/webob/acceptparse.py:1047: DeprecationWarning: The behavior of AcceptValidHeader.best_match is currently being maintained for backward compatibility, but it will be deprecated in the future, as it does not conform to the RFC.
Sep 01 04:49:19.049108 dv-cinder-804035-8-smb devstack@c-api.service[112259]: warnings.warn(
Sep 01 04:49:19.050495 dv-cinder-804035-8-smb devstack@c-api.service[112259]: DEBUG cinder.api.openstack.wsgi [None req-35b48190-5f4e-4e72-bbc1-16a92bc8327f tempest-DeleteServersTestJSON-789173735 tempest-DeleteServersTestJSON-789173735-project] Calling method 'show' {{(pid=112259) _process_stack /opt/stack/cinder/cinder/api/openstack/wsgi.py:856}}
Sep 01 04:49:19.074024 dv-cinder-804035-8-smb devstack@c-api.service[112260]: /usr/local/lib/python3.8/dist-packages/oslo_context/context.py:105: DeprecationWarning: Policy enforcement is depending on the value of is_admin. This key is deprecated. Please update your policy file to use the standard policy values.
Sep 01 04:49:19.074024 dv-cinder-804035-8-smb devstack@c-api.service[112260]: warnings.warn('Policy enforcement is depending on the value of '
Sep 01 04:49:19.075373 dv-cinder-804035-8-smb devstack@c-api.service[112259]: INFO cinder.api.openstack.wsgi [None req-35b48190-5f4e-4e72-bbc1-16a92bc8327f tempest-DeleteServersTestJSON-789173735 tempest-DeleteServersTestJSON-789173735-project] http://10.222.0.30/volume/v3/4eb0f1790eed4f89b59d3980e12cdeda/volumes/3b323fb2-059e-4e04-b01b-b822bab598ce returned with HTTP 404
Sep 01 04:49:19.078426 dv-cinder-804035-8-smb devstack@c-api.service[112259]: [pid: 112259|app: 0|req: 146/305] 10.222.0.30 () {58 vars in 1325 bytes} [Wed Sep 1 04:49:19 2021] GET /volume/v3/4eb0f1790eed4f89b59d3980e12cdeda/volumes/3b323fb2-059e-4e04-b01b-b822bab598ce => generated 109 bytes in 44 msecs (HTTP/1.1 404) 7 headers in 292 bytes (1 switches on core 0)
Sep 01 04:49:19.091462 dv-cinder-804035-8-smb devstack@c-api.service[112259]: INFO cinder.api.openstack.wsgi [None req-b1ea7105-6dd7-43a1-ba68-f9b2828842d0 tempest-SnapshotsActionsTest-167928207 tempest-SnapshotsActionsTest-167928207-project] GET http://10.222.0.30/volume/v3/a5bbc5ab1f044192b66714bf97dc581d/volumes/13ffa757-a410-46ac-8b4c-c7b8c4b59950
Sep 01 04:49:19.092653 dv-cinder-804035-8-smb devstack@c-api.service[112260]: INFO cinder.volume.api [None req-c028c8b6-0c5a-42d0-90b4-1d600f7757ad tempest-VolumesListAdminTestJSON-378995653 tempest-VolumesListAdminTestJSON-378995653-project] Volume info retrieved successfully.
Sep 01 04:49:19.093355 dv-cinder-804035-8-smb devstack@c-api.service[112259]: DEBUG cinder.api.openstack.wsgi [None req-b1ea7105-6dd7-43a1-ba68-f9b2828842d0 tempest-SnapshotsActionsTest-167928207 tempest-SnapshotsActionsTest-167928207-project] Empty body provided in request {{(pid=112259) get_body /opt/stack/cinder/cinder/api/openstack/wsgi.py:703}}
Sep 01 04:49:19.093942 dv-cinder-804035-8-smb devstack@c-api.service[112259]: DEBUG cinder.api.openstack.wsgi [None req-b1ea7105-6dd7-43a1-ba68-f9b2828842d0 tempest-SnapshotsActionsTest-167928207 tempest-SnapshotsActionsTest-167928207-project] Calling method 'show' {{(pid=112259) _process_stack /opt/stack/cinder/cinder/api/openstack/wsgi.py:856}}
Sep 01 04:49:19.121701 dv-cinder-804035-8-smb devstack@c-api.service[112260]: INFO cinder.api.openstack.wsgi [None req-c028c8b6-0c5a-42d0-90b4-1d600f7757ad tempest-VolumesListAdminTestJSON-378995653 tempest-VolumesListAdminTestJSON-378995653-project] http://10.222.0.30/volume/v3/cea5f232bc174194bb9593d699ba928a/volumes/30810395-30a1-422d-87bc-91abe60b84e7 returned with HTTP 200
Sep 01 04:49:19.122442 dv-cinder-804035-8-smb devstack@c-api.service[112260]: [pid: 112260|app: 0|req: 160/306] 10.222.0.30 () {58 vars in 1325 bytes} [Wed Sep 1 04:49:19 2021] GET /volume/v3/cea5f232bc174194bb9593d699ba928a/volumes/30810395-30a1-422d-87bc-91abe60b84e7 => generated 892 bytes in 107 msecs (HTTP/1.1 200) 7 headers in 285 bytes (1 switches on core 0)
Sep 01 04:49:19.135041 dv-cinder-804035-8-smb devstack@c-api.service[112259]: /usr/local/lib/python3.8/dist-packages/oslo_context/context.py:105: DeprecationWarning: Policy enforcement is depending on the value of is_admin. This key is deprecated. Please update your policy file to use the standard policy values.
Sep 01 04:49:19.135041 dv-cinder-804035-8-smb devstack@c-api.service[112259]: warnings.warn('Policy enforcement is depending on the value of '
Sep 01 04:49:19.145043 dv-cinder-804035-8-smb devstack@c-api.service[112259]: INFO cinder.volume.api [None req-b1ea7105-6dd7-43a1-ba68-f9b2828842d0 tempest-SnapshotsActionsTest-167928207 tempest-SnapshotsActionsTest-167928207-project] Volume info retrieved successfully.
Sep 01 04:49:19.165509 dv-cinder-804035-8-smb devstack@c-api.service[112259]: INFO cinder.api.openstack.wsgi [None req-b1ea7105-6dd7-43a1-ba68-f9b2828842d0 tempest-SnapshotsActionsTest-167928207 tempest-SnapshotsActionsTest-167928207-project] http://10.222.0.30/volume/v3/a5bbc5ab1f044192b66714bf97dc581d/volumes/13ffa757-a410-46ac-8b4c-c7b8c4b59950 returned with HTTP 200
Sep 01 04:49:19.166698 dv-cinder-804035-8-smb devstack@c-api.service[112259]: [pid: 112259|app: 0|req: 147/307] 10.222.0.30 () {58 vars in 1325 bytes} [Wed Sep 1 04:49:19 2021] GET /volume/v3/a5bbc5ab1f044192b66714bf97dc581d/volumes/13ffa757-a410-46ac-8b4c-c7b8c4b59950 => generated 912 bytes in 87 msecs (HTTP/1.1 200) 7 headers in 285 bytes (1 switches on core 0)
Sep 01 04:49:19.563653 dv-cinder-804035-8-smb devstack@c-api.service[112260]: INFO cinder.api.openstack.wsgi [None req-ed60aba7-9bae-48c4-b207-8444c802010f tempest-VolumeQuotasAdminTestJSON-1260024979 tempest-VolumeQuotasAdminTestJSON-1260024979-project] GET http://10.222.0.30/volume/v3/07fbde67cd644fa8b569c74ae6b0423b/volumes/d505bcec-320d-442a-b42e-0f45a1e37e69
Sep 01 04:49:19.564101 dv-cinder-804035-8-smb devstack@c-api.service[112260]: DEBUG cinder.api.openstack.wsgi [None req-ed60aba7-9bae-48c4-b207-8444c802010f tempest-VolumeQuotasAdminTestJSON-1260024979 tempest-VolumeQuotasAdminTestJSON-1260024979-project] Empty body provided in request {{(pid=112260) get_body /opt/stack/cinder/cinder/api/openstack/wsgi.py:703}}
Sep 01 04:49:19.564277 dv-cinder-804035-8-smb devstack@c-api.service[112260]: /usr/local/lib/python3.8/dist-packages/webob/acceptparse.py:1047: DeprecationWarning: The behavior of AcceptValidHeader.best_match is currently being maintained for backward compatibility, but it will be deprecated in the future, as it does not conform to the RFC.
Sep 01 04:49:19.564277 dv-cinder-804035-8-smb devstack@c-api.service[112260]: warnings.warn(
Sep 01 04:49:19.564587 dv-cinder-804035-8-smb devstack@c-api.service[112260]: DEBUG cinder.api.openstack.wsgi [None req-ed60aba7-9bae-48c4-b207-8444c802010f tempest-VolumeQuotasAdminTestJSON-1260024979 tempest-VolumeQuotasAdminTestJSON-1260024979-project] Calling method 'show' {{(pid=112260) _process_stack /opt/stack/cinder/cinder/api/openstack/wsgi.py:856}}
Sep 01 04:49:19.575337 dv-cinder-804035-8-smb devstack@c-api.service[112260]: INFO cinder.api.openstack.wsgi [None req-ed60aba7-9bae-48c4-b207-8444c802010f tempest-VolumeQuotasAdminTestJSON-1260024979 tempest-VolumeQuotasAdminTestJSON-1260024979-project] http://10.222.0.30/volume/v3/07fbde67cd644fa8b569c74ae6b0423b/volumes/d505bcec-320d-442a-b42e-0f45a1e37e69 returned with HTTP 404
Sep 01 04:49:19.576203 dv-cinder-804035-8-smb devstack@c-api.service[112260]: [pid: 112260|app: 0|req: 161/308] 10.222.0.30 () {58 vars in 1325 bytes} [Wed Sep 1 04:49:19 2021] GET /volume/v3/07fbde67cd644fa8b569c74ae6b0423b/volumes/d505bcec-320d-442a-b42e-0f45a1e37e69 => generated 109 bytes in 16 msecs (HTTP/1.1 404) 7 headers in 292 bytes (1 switches on core 0)
Sep 01 04:49:19.585732 dv-cinder-804035-8-smb devstack@c-api.service[112259]: INFO cinder.api.openstack.wsgi [None req-303ebc5c-3e36-4d38-a6a4-f4155bef8c00 tempest-VolumeQuotasAdminTestJSON-1260024979 tempest-VolumeQuotasAdminTestJSON-1260024979-project] POST http://10.222.0.30/volume/v3/07fbde67cd644fa8b569c74ae6b0423b/volumes
Sep 01 04:49:19.586124 dv-cinder-804035-8-smb devstack@c-api.service[112259]: /usr/local/lib/python3.8/dist-packages/webob/acceptparse.py:1047: DeprecationWarning: The behavior of AcceptValidHeader.best_match is currently being maintained for backward compatibility, but it will be deprecated in the future, as it does not conform to the RFC.
Sep 01 04:49:19.586124 dv-cinder-804035-8-smb devstack@c-api.service[112259]: warnings.warn(
Sep 01 04:49:19.586473 dv-cinder-804035-8-smb devstack@c-api.service[112259]: DEBUG cinder.api.openstack.wsgi [None req-303ebc5c-3e36-4d38-a6a4-f4155bef8c00 tempest-VolumeQuotasAdminTestJSON-1260024979 tempest-VolumeQuotasAdminTestJSON-1260024979-project] Action: 'create', calling method: create, body: {"volume": {"size": 1, "name": "tempest-VolumeQuotasAdminTestJSON-Volume-564779136"}} {{(pid=112259) _process_stack /opt/stack/cinder/cinder/api/openstack/wsgi.py:854}}
Sep 01 04:49:19.587399 dv-cinder-804035-8-smb devstack@c-api.service[112259]: DEBUG cinder.api.v3.volumes [None req-303ebc5c-3e36-4d38-a6a4-f4155bef8c00 tempest-VolumeQuotasAdminTestJSON-1260024979 tempest-VolumeQuotasAdminTestJSON-1260024979-project] Create volume request body: {'volume': {'size': 1, 'name': 'tempest-VolumeQuotasAdminTestJSON-Volume-564779136'}} {{(pid=112259) create /opt/stack/cinder/cinder/api/v3/volumes.py:298}}
Sep 01 04:49:19.587737 dv-cinder-804035-8-smb devstack@c-api.service[112259]: INFO cinder.api.v3.volumes [None req-303ebc5c-3e36-4d38-a6a4-f4155bef8c00 tempest-VolumeQuotasAdminTestJSON-1260024979 tempest-VolumeQuotasAdminTestJSON-1260024979-project] Create volume of 1 GB
Sep 01 04:49:19.593494 dv-cinder-804035-8-smb devstack@c-api.service[112259]: INFO cinder.volume.api [None req-303ebc5c-3e36-4d38-a6a4-f4155bef8c00 tempest-VolumeQuotasAdminTestJSON-1260024979 tempest-VolumeQuotasAdminTestJSON-1260024979-project] Availability Zones retrieved successfully.
Sep 01 04:49:19.608208 dv-cinder-804035-8-smb devstack@c-api.service[112259]: DEBUG cinder.volume.api [None req-303ebc5c-3e36-4d38-a6a4-f4155bef8c00 tempest-VolumeQuotasAdminTestJSON-1260024979 tempest-VolumeQuotasAdminTestJSON-1260024979-project] Flow 'volume_create_api' (c77739df-a228-4593-acc9-61a061aa1405) transitioned into state 'RUNNING' from state 'PENDING' {{(pid=112259) _flow_receiver /usr/local/lib/python3.8/dist-packages/taskflow/listeners/logging.py:141}}
Sep 01 04:49:19.610810 dv-cinder-804035-8-smb devstack@c-api.service[112259]: DEBUG cinder.volume.api [None req-303ebc5c-3e36-4d38-a6a4-f4155bef8c00 tempest-VolumeQuotasAdminTestJSON-1260024979 tempest-VolumeQuotasAdminTestJSON-1260024979-project] Task 'cinder.volume.flows.api.create_volume.ExtractVolumeRequestTask;volume:create' (a58e7620-69e9-4c4e-8820-d57d43f5c7ba) transitioned into state 'RUNNING' from state 'PENDING' {{(pid=112259) _task_receiver /usr/local/lib/python3.8/dist-packages/taskflow/listeners/logging.py:190}}
Sep 01 04:49:19.612689 dv-cinder-804035-8-smb devstack@c-api.service[112259]: DEBUG cinder.volume.flows.api.create_volume [None req-303ebc5c-3e36-4d38-a6a4-f4155bef8c00 tempest-VolumeQuotasAdminTestJSON-1260024979 tempest-VolumeQuotasAdminTestJSON-1260024979-project] Validating volume size '1' using validate_int {{(pid=112259) _extract_size /opt/stack/cinder/cinder/volume/flows/api/create_volume.py:225}}
Sep 01 04:49:19.641652 dv-cinder-804035-8-smb devstack@c-api.service[112259]: DEBUG cinder.volume.api [None req-303ebc5c-3e36-4d38-a6a4-f4155bef8c00 tempest-VolumeQuotasAdminTestJSON-1260024979 tempest-VolumeQuotasAdminTestJSON-1260024979-project] Task 'cinder.volume.flows.api.create_volume.ExtractVolumeRequestTask;volume:create' (a58e7620-69e9-4c4e-8820-d57d43f5c7ba) transitioned into state 'SUCCESS' from state 'RUNNING' with result '{'size': 1, 'snapshot_id': None, 'source_volid': None, 'volume_type': VolumeType(created_at=2021-09-01T04:39:08Z,deleted=False,deleted_at=None,description='Default Volume Type',extra_specs={},id=487b65ff-11b1-4fe4-982c-83acd270cb9f,is_public=True,name='__DEFAULT__',projects=[],qos_specs=,qos_specs_id=None,updated_at=2021-09-01T04:39:08Z), 'volume_type_id': '487b65ff-11b1-4fe4-982c-83acd270cb9f', 'encryption_key_id': None, 'qos_specs': None, 'consistencygroup_id': None, 'cgsnapshot_id': None, 'group_id': None, 'replication_status': 'disabled', 'refresh_az': False, 'backup_id': None, 'multiattach': False, 'availability_zones': ['nova']}' {{(pid=112259) _task_receiver /usr/local/lib/python3.8/dist-packages/taskflow/listeners/logging.py:178}}
Sep 01 04:49:19.643874 dv-cinder-804035-8-smb devstack@c-api.service[112259]: DEBUG cinder.volume.api [None req-303ebc5c-3e36-4d38-a6a4-f4155bef8c00 tempest-VolumeQuotasAdminTestJSON-1260024979 tempest-VolumeQuotasAdminTestJSON-1260024979-project] Task 'cinder.volume.flows.api.create_volume.QuotaReserveTask;volume:create' (5fefdf3d-5685-4085-83f3-259b772cbd7f) transitioned into state 'RUNNING' from state 'PENDING' {{(pid=112259) _task_receiver /usr/local/lib/python3.8/dist-packages/taskflow/listeners/logging.py:190}}
Sep 01 04:49:19.688424 dv-cinder-804035-8-smb devstack@c-api.service[112259]: DEBUG cinder.quota [None req-303ebc5c-3e36-4d38-a6a4-f4155bef8c00 tempest-VolumeQuotasAdminTestJSON-1260024979 tempest-VolumeQuotasAdminTestJSON-1260024979-project] Created reservations ['77597171-7a60-40c0-b810-ec70f840eb8d', 'eac0e29d-ecde-46bc-81da-2dd19613c3f4', 'd1bcd103-1a2b-4278-9b64-79bdfa8151fd', '18d7dbde-003a-4912-9a30-eb9ece45f4d2'] {{(pid=112259) reserve /opt/stack/cinder/cinder/quota.py:755}}
Sep 01 04:49:19.690277 dv-cinder-804035-8-smb devstack@c-api.service[112259]: DEBUG cinder.volume.api [None req-303ebc5c-3e36-4d38-a6a4-f4155bef8c00 tempest-VolumeQuotasAdminTestJSON-1260024979 tempest-VolumeQuotasAdminTestJSON-1260024979-project] Task 'cinder.volume.flows.api.create_volume.QuotaReserveTask;volume:create' (5fefdf3d-5685-4085-83f3-259b772cbd7f) transitioned into state 'SUCCESS' from state 'RUNNING' with result '{'reservations': ['77597171-7a60-40c0-b810-ec70f840eb8d', 'eac0e29d-ecde-46bc-81da-2dd19613c3f4', 'd1bcd103-1a2b-4278-9b64-79bdfa8151fd', '18d7dbde-003a-4912-9a30-eb9ece45f4d2']}' {{(pid=112259) _task_receiver /usr/local/lib/python3.8/dist-packages/taskflow/listeners/logging.py:178}}
Sep 01 04:49:19.692931 dv-cinder-804035-8-smb devstack@c-api.service[112259]: DEBUG cinder.volume.api [None req-303ebc5c-3e36-4d38-a6a4-f4155bef8c00 tempest-VolumeQuotasAdminTestJSON-1260024979 tempest-VolumeQuotasAdminTestJSON-1260024979-project] Task 'cinder.volume.flows.api.create_volume.EntryCreateTask;volume:create' (2c4db1e1-638e-4faa-914e-25492dadbefd) transitioned into state 'RUNNING' from state 'PENDING' {{(pid=112259) _task_receiver /usr/local/lib/python3.8/dist-packages/taskflow/listeners/logging.py:190}}
Sep 01 04:49:19.719199 dv-cinder-804035-8-smb devstack@c-api.service[112259]: DEBUG cinder.volume.api [None req-303ebc5c-3e36-4d38-a6a4-f4155bef8c00 tempest-VolumeQuotasAdminTestJSON-1260024979 tempest-VolumeQuotasAdminTestJSON-1260024979-project] Task 'cinder.volume.flows.api.create_volume.EntryCreateTask;volume:create' (2c4db1e1-638e-4faa-914e-25492dadbefd) transitioned into state 'SUCCESS' from state 'RUNNING' with result '{'volume_id': '7031c6c1-c88a-4724-8d72-d4cd6fecb0cf', 'volume_properties': VolumeProperties(attach_status='detached',availability_zone='nova',cgsnapshot_id=None,consistencygroup_id=None,display_description=None,display_name='tempest-VolumeQuotasAdminTestJSON-Volume-564779136',encryption_key_id=None,group_id=None,group_type_id=,metadata={},multiattach=False,project_id='07fbde67cd644fa8b569c74ae6b0423b',qos_specs=None,replication_status=,reservations=['77597171-7a60-40c0-b810-ec70f840eb8d','eac0e29d-ecde-46bc-81da-2dd19613c3f4','d1bcd103-1a2b-4278-9b64-79bdfa8151fd','18d7dbde-003a-4912-9a30-eb9ece45f4d2'],size=1,snapshot_id=None,source_replicaid=,source_volid=None,status='creating',user_id='69c229e11b4a463387b91144fe388318',volume_type_id=487b65ff-11b1-4fe4-982c-83acd270cb9f), 'volume': Volume(_name_id=None,admin_metadata=,attach_status='detached',availability_zone='nova',bootable=False,cluster=,cluster_name=None,consistencygroup=,consistencygroup_id=None,created_at=2021-09-01T04:49:19Z,deleted=False,deleted_at=None,display_description=None,display_name='tempest-VolumeQuotasAdminTestJSON-Volume-564779136',ec2_id=None,encryption_key_id=None,glance_metadata=,group=,group_id=None,host=None,id=7031c6c1-c88a-4724-8d72-d4cd6fecb0cf,launched_at=None,metadata={},migration_status=None,multiattach=False,previous_status=None,project_id='07fbde67cd644fa8b569c74ae6b0423b',provider_auth=None,provider_geometry=None,provider_id=None,provider_location=None,replication_driver_data=None,replication_extended_status=None,replication_status=None,scheduled_at=None,service_uuid=None,shared_targets=True,size=1,snapshot_id=None,snapshots=,source_volid=None,status='creating',terminated_at=None,updated_at=None,use_quota=True,user_id='69c229e11b4a463387b91144fe388318',volume_attachment=,volume_type=VolumeType(487b65ff-11b1-4fe4-982c-83acd270cb9f),volume_type_id=487b65ff-11b1-4fe4-982c-83acd270cb9f)}' {{(pid=112259) _task_receiver /usr/local/lib/python3.8/dist-packages/taskflow/listeners/logging.py:178}}
Sep 01 04:49:19.721501 dv-cinder-804035-8-smb devstack@c-api.service[112259]: DEBUG cinder.volume.api [None req-303ebc5c-3e36-4d38-a6a4-f4155bef8c00 tempest-VolumeQuotasAdminTestJSON-1260024979 tempest-VolumeQuotasAdminTestJSON-1260024979-project] Task 'cinder.volume.flows.api.create_volume.QuotaCommitTask;volume:create' (9b966da6-b6a5-4e66-ac76-baa6db5fd784) transitioned into state 'RUNNING' from state 'PENDING' {{(pid=112259) _task_receiver /usr/local/lib/python3.8/dist-packages/taskflow/listeners/logging.py:190}}
Sep 01 04:49:19.746821 dv-cinder-804035-8-smb devstack@c-api.service[112259]: DEBUG cinder.volume.api [None req-303ebc5c-3e36-4d38-a6a4-f4155bef8c00 tempest-VolumeQuotasAdminTestJSON-1260024979 tempest-VolumeQuotasAdminTestJSON-1260024979-project] Task 'cinder.volume.flows.api.create_volume.QuotaCommitTask;volume:create' (9b966da6-b6a5-4e66-ac76-baa6db5fd784) transitioned into state 'SUCCESS' from state 'RUNNING' with result '{'volume_properties': VolumeProperties(attach_status='detached',availability_zone='nova',cgsnapshot_id=None,consistencygroup_id=None,display_description=None,display_name='tempest-VolumeQuotasAdminTestJSON-Volume-564779136',encryption_key_id=None,group_id=None,group_type_id=,metadata={},multiattach=False,project_id='07fbde67cd644fa8b569c74ae6b0423b',qos_specs=None,replication_status=,reservations=['77597171-7a60-40c0-b810-ec70f840eb8d','eac0e29d-ecde-46bc-81da-2dd19613c3f4','d1bcd103-1a2b-4278-9b64-79bdfa8151fd','18d7dbde-003a-4912-9a30-eb9ece45f4d2'],size=1,snapshot_id=None,source_replicaid=,source_volid=None,status='creating',user_id='69c229e11b4a463387b91144fe388318',volume_type_id=487b65ff-11b1-4fe4-982c-83acd270cb9f)}' {{(pid=112259) _task_receiver /usr/local/lib/python3.8/dist-packages/taskflow/listeners/logging.py:178}}
Sep 01 04:49:19.748584 dv-cinder-804035-8-smb devstack@c-api.service[112259]: DEBUG cinder.volume.api [None req-303ebc5c-3e36-4d38-a6a4-f4155bef8c00 tempest-VolumeQuotasAdminTestJSON-1260024979 tempest-VolumeQuotasAdminTestJSON-1260024979-project] Task 'cinder.volume.flows.api.create_volume.VolumeCastTask;volume:create' (a489123f-bcf1-4d88-be9c-a3a4bc7ab299) transitioned into state 'RUNNING' from state 'PENDING' {{(pid=112259) _task_receiver /usr/local/lib/python3.8/dist-packages/taskflow/listeners/logging.py:190}}
Sep 01 04:49:19.759379 dv-cinder-804035-8-smb devstack@c-api.service[112260]: INFO cinder.api.openstack.wsgi [None req-2ebe43cf-55c9-4975-a53e-255699aa812a tempest-SnapshotMetadataTestJSON-248846606 tempest-SnapshotMetadataTestJSON-248846606-project] GET http://10.222.0.30/volume/v3/9f832fabf98c464f8bbfb016ab5d5f57/volumes/949ada11-398f-4096-94b4-005122fcb530
Sep 01 04:49:19.759908 dv-cinder-804035-8-smb devstack@c-api.service[112260]: DEBUG cinder.api.openstack.wsgi [None req-2ebe43cf-55c9-4975-a53e-255699aa812a tempest-SnapshotMetadataTestJSON-248846606 tempest-SnapshotMetadataTestJSON-248846606-project] Empty body provided in request {{(pid=112260) get_body /opt/stack/cinder/cinder/api/openstack/wsgi.py:703}}
Sep 01 04:49:19.760211 dv-cinder-804035-8-smb devstack@c-api.service[112260]: DEBUG cinder.api.openstack.wsgi [None req-2ebe43cf-55c9-4975-a53e-255699aa812a tempest-SnapshotMetadataTestJSON-248846606 tempest-SnapshotMetadataTestJSON-248846606-project] Calling method 'show' {{(pid=112260) _process_stack /opt/stack/cinder/cinder/api/openstack/wsgi.py:856}}
Sep 01 04:49:19.764350 dv-cinder-804035-8-smb devstack@c-api.service[112259]: DEBUG cinder.volume.api [None req-303ebc5c-3e36-4d38-a6a4-f4155bef8c00 tempest-VolumeQuotasAdminTestJSON-1260024979 tempest-VolumeQuotasAdminTestJSON-1260024979-project] Task 'cinder.volume.flows.api.create_volume.VolumeCastTask;volume:create' (a489123f-bcf1-4d88-be9c-a3a4bc7ab299) transitioned into state 'SUCCESS' from state 'RUNNING' with result 'None' {{(pid=112259) _task_receiver /usr/local/lib/python3.8/dist-packages/taskflow/listeners/logging.py:178}}
Sep 01 04:49:19.766722 dv-cinder-804035-8-smb devstack@c-api.service[112259]: DEBUG cinder.volume.api [None req-303ebc5c-3e36-4d38-a6a4-f4155bef8c00 tempest-VolumeQuotasAdminTestJSON-1260024979 tempest-VolumeQuotasAdminTestJSON-1260024979-project] Flow 'volume_create_api' (c77739df-a228-4593-acc9-61a061aa1405) transitioned into state 'SUCCESS' from state 'RUNNING' {{(pid=112259) _flow_receiver /usr/local/lib/python3.8/dist-packages/taskflow/listeners/logging.py:141}}
Sep 01 04:49:19.767387 dv-cinder-804035-8-smb devstack@c-api.service[112259]: INFO cinder.volume.api [None req-303ebc5c-3e36-4d38-a6a4-f4155bef8c00 tempest-VolumeQuotasAdminTestJSON-1260024979 tempest-VolumeQuotasAdminTestJSON-1260024979-project] Create volume request issued successfully.
Sep 01 04:49:19.774481 dv-cinder-804035-8-smb devstack@c-api.service[112259]: INFO cinder.api.openstack.wsgi [None req-303ebc5c-3e36-4d38-a6a4-f4155bef8c00 tempest-VolumeQuotasAdminTestJSON-1260024979 tempest-VolumeQuotasAdminTestJSON-1260024979-project] http://10.222.0.30/volume/v3/07fbde67cd644fa8b569c74ae6b0423b/volumes returned with HTTP 202
Sep 01 04:49:19.783887 dv-cinder-804035-8-smb devstack@c-api.service[112259]: [pid: 112259|app: 0|req: 148/309] 10.222.0.30 () {60 vars in 1235 bytes} [Wed Sep 1 04:49:19 2021] POST /volume/v3/07fbde67cd644fa8b569c74ae6b0423b/volumes => generated 824 bytes in 193 msecs (HTTP/1.1 202) 7 headers in 291 bytes (1 switches on core 0)
Sep 01 04:49:19.791251 dv-cinder-804035-8-smb devstack@c-api.service[112260]: INFO cinder.api.openstack.wsgi [None req-2ebe43cf-55c9-4975-a53e-255699aa812a tempest-SnapshotMetadataTestJSON-248846606 tempest-SnapshotMetadataTestJSON-248846606-project] http://10.222.0.30/volume/v3/9f832fabf98c464f8bbfb016ab5d5f57/volumes/949ada11-398f-4096-94b4-005122fcb530 returned with HTTP 404
Sep 01 04:49:19.792384 dv-cinder-804035-8-smb devstack@c-api.service[112259]: INFO cinder.api.openstack.wsgi [None req-dc64f6ce-1f5f-476e-8fad-68a2282d4c34 tempest-VolumeQuotasAdminTestJSON-1260024979 tempest-VolumeQuotasAdminTestJSON-1260024979-project] GET http://10.222.0.30/volume/v3/07fbde67cd644fa8b569c74ae6b0423b/volumes/7031c6c1-c88a-4724-8d72-d4cd6fecb0cf
Sep 01 04:49:19.792849 dv-cinder-804035-8-smb devstack@c-api.service[112259]: DEBUG cinder.api.openstack.wsgi [None req-dc64f6ce-1f5f-476e-8fad-68a2282d4c34 tempest-VolumeQuotasAdminTestJSON-1260024979 tempest-VolumeQuotasAdminTestJSON-1260024979-project] Empty body provided in request {{(pid=112259) get_body /opt/stack/cinder/cinder/api/openstack/wsgi.py:703}}
Sep 01 04:49:19.797096 dv-cinder-804035-8-smb devstack@c-api.service[112260]: [pid: 112260|app: 0|req: 162/310] 10.222.0.30 () {58 vars in 1325 bytes} [Wed Sep 1 04:49:19 2021] GET /volume/v3/9f832fabf98c464f8bbfb016ab5d5f57/volumes/949ada11-398f-4096-94b4-005122fcb530 => generated 109 bytes in 38 msecs (HTTP/1.1 404) 7 headers in 292 bytes (2 switches on core 0)
Sep 01 04:49:19.797234 dv-cinder-804035-8-smb devstack@c-api.service[112259]: /usr/local/lib/python3.8/dist-packages/webob/acceptparse.py:1047: DeprecationWarning: The behavior of AcceptValidHeader.best_match is currently being maintained for backward compatibility, but it will be deprecated in the future, as it does not conform to the RFC.
Sep 01 04:49:19.797234 dv-cinder-804035-8-smb devstack@c-api.service[112259]: warnings.warn(
Sep 01 04:49:19.797234 dv-cinder-804035-8-smb devstack@c-api.service[112259]: DEBUG cinder.api.openstack.wsgi [None req-dc64f6ce-1f5f-476e-8fad-68a2282d4c34 tempest-VolumeQuotasAdminTestJSON-1260024979 tempest-VolumeQuotasAdminTestJSON-1260024979-project] Calling method 'show' {{(pid=112259) _process_stack /opt/stack/cinder/cinder/api/openstack/wsgi.py:856}}
Sep 01 04:49:19.819344 dv-cinder-804035-8-smb devstack@c-api.service[112259]: /usr/local/lib/python3.8/dist-packages/oslo_context/context.py:105: DeprecationWarning: Policy enforcement is depending on the value of is_admin. This key is deprecated. Please update your policy file to use the standard policy values.
Sep 01 04:49:19.819344 dv-cinder-804035-8-smb devstack@c-api.service[112259]: warnings.warn('Policy enforcement is depending on the value of '
Sep 01 04:49:19.827910 dv-cinder-804035-8-smb devstack@c-api.service[112259]: INFO cinder.volume.api [None req-dc64f6ce-1f5f-476e-8fad-68a2282d4c34 tempest-VolumeQuotasAdminTestJSON-1260024979 tempest-VolumeQuotasAdminTestJSON-1260024979-project] Volume info retrieved successfully.
Sep 01 04:49:19.842819 dv-cinder-804035-8-smb devstack@c-api.service[112259]: INFO cinder.api.openstack.wsgi [None req-dc64f6ce-1f5f-476e-8fad-68a2282d4c34 tempest-VolumeQuotasAdminTestJSON-1260024979 tempest-VolumeQuotasAdminTestJSON-1260024979-project] http://10.222.0.30/volume/v3/07fbde67cd644fa8b569c74ae6b0423b/volumes/7031c6c1-c88a-4724-8d72-d4cd6fecb0cf returned with HTTP 200
Sep 01 04:49:19.852501 dv-cinder-804035-8-smb devstack@c-api.service[112259]: [pid: 112259|app: 0|req: 149/311] 10.222.0.30 () {58 vars in 1325 bytes} [Wed Sep 1 04:49:19 2021] GET /volume/v3/07fbde67cd644fa8b569c74ae6b0423b/volumes/7031c6c1-c88a-4724-8d72-d4cd6fecb0cf => generated 892 bytes in 67 msecs (HTTP/1.1 200) 7 headers in 285 bytes (2 switches on core 0)
Sep 01 04:49:20.138437 dv-cinder-804035-8-smb devstack@c-api.service[112260]: INFO cinder.api.openstack.wsgi [None req-5a161b6b-1a3c-4d2b-be5c-62b2a5a6a752 tempest-VolumesListAdminTestJSON-378995653 tempest-VolumesListAdminTestJSON-378995653-project] GET http://10.222.0.30/volume/v3/cea5f232bc174194bb9593d699ba928a/volumes/30810395-30a1-422d-87bc-91abe60b84e7
Sep 01 04:49:20.138437 dv-cinder-804035-8-smb devstack@c-api.service[112260]: DEBUG cinder.api.openstack.wsgi [None req-5a161b6b-1a3c-4d2b-be5c-62b2a5a6a752 tempest-VolumesListAdminTestJSON-378995653 tempest-VolumesListAdminTestJSON-378995653-project] Empty body provided in request {{(pid=112260) get_body /opt/stack/cinder/cinder/api/openstack/wsgi.py:703}}
Sep 01 04:49:20.138437 dv-cinder-804035-8-smb devstack@c-api.service[112260]: DEBUG cinder.api.openstack.wsgi [None req-5a161b6b-1a3c-4d2b-be5c-62b2a5a6a752 tempest-VolumesListAdminTestJSON-378995653 tempest-VolumesListAdminTestJSON-378995653-project] Calling method 'show' {{(pid=112260) _process_stack /opt/stack/cinder/cinder/api/openstack/wsgi.py:856}}
Sep 01 04:49:20.166155 dv-cinder-804035-8-smb devstack@c-api.service[112260]: /usr/local/lib/python3.8/dist-packages/oslo_context/context.py:105: DeprecationWarning: Policy enforcement is depending on the value of is_admin. This key is deprecated. Please update your policy file to use the standard policy values.
Sep 01 04:49:20.166155 dv-cinder-804035-8-smb devstack@c-api.service[112260]: warnings.warn('Policy enforcement is depending on the value of '
Sep 01 04:49:20.183623 dv-cinder-804035-8-smb devstack@c-api.service[112259]: INFO cinder.api.openstack.wsgi [None req-ae939eeb-1eb5-4cec-8f63-4d46524ea535 tempest-SnapshotsActionsTest-167928207 tempest-SnapshotsActionsTest-167928207-project] GET http://10.222.0.30/volume/v3/a5bbc5ab1f044192b66714bf97dc581d/volumes/13ffa757-a410-46ac-8b4c-c7b8c4b59950
Sep 01 04:49:20.184144 dv-cinder-804035-8-smb devstack@c-api.service[112259]: DEBUG cinder.api.openstack.wsgi [None req-ae939eeb-1eb5-4cec-8f63-4d46524ea535 tempest-SnapshotsActionsTest-167928207 tempest-SnapshotsActionsTest-167928207-project] Empty body provided in request {{(pid=112259) get_body /opt/stack/cinder/cinder/api/openstack/wsgi.py:703}}
Sep 01 04:49:20.184256 dv-cinder-804035-8-smb devstack@c-api.service[112259]: /usr/local/lib/python3.8/dist-packages/webob/acceptparse.py:1047: DeprecationWarning: The behavior of AcceptValidHeader.best_match is currently being maintained for backward compatibility, but it will be deprecated in the future, as it does not conform to the RFC.
Sep 01 04:49:20.184256 dv-cinder-804035-8-smb devstack@c-api.service[112259]: warnings.warn(
Sep 01 04:49:20.184522 dv-cinder-804035-8-smb devstack@c-api.service[112259]: DEBUG cinder.api.openstack.wsgi [None req-ae939eeb-1eb5-4cec-8f63-4d46524ea535 tempest-SnapshotsActionsTest-167928207 tempest-SnapshotsActionsTest-167928207-project] Calling method 'show' {{(pid=112259) _process_stack /opt/stack/cinder/cinder/api/openstack/wsgi.py:856}}
Sep 01 04:49:20.211214 dv-cinder-804035-8-smb devstack@c-api.service[112260]: INFO cinder.volume.api [None req-5a161b6b-1a3c-4d2b-be5c-62b2a5a6a752 tempest-VolumesListAdminTestJSON-378995653 tempest-VolumesListAdminTestJSON-378995653-project] Volume info retrieved successfully.
Sep 01 04:49:20.216801 dv-cinder-804035-8-smb devstack@c-api.service[112259]: INFO cinder.api.openstack.wsgi [None req-ae939eeb-1eb5-4cec-8f63-4d46524ea535 tempest-SnapshotsActionsTest-167928207 tempest-SnapshotsActionsTest-167928207-project] http://10.222.0.30/volume/v3/a5bbc5ab1f044192b66714bf97dc581d/volumes/13ffa757-a410-46ac-8b4c-c7b8c4b59950 returned with HTTP 404
Sep 01 04:49:20.217732 dv-cinder-804035-8-smb devstack@c-api.service[112259]: [pid: 112259|app: 0|req: 150/312] 10.222.0.30 () {58 vars in 1325 bytes} [Wed Sep 1 04:49:20 2021] GET /volume/v3/a5bbc5ab1f044192b66714bf97dc581d/volumes/13ffa757-a410-46ac-8b4c-c7b8c4b59950 => generated 109 bytes in 39 msecs (HTTP/1.1 404) 7 headers in 292 bytes (1 switches on core 0)
Sep 01 04:49:20.277024 dv-cinder-804035-8-smb devstack@c-api.service[112260]: INFO cinder.api.openstack.wsgi [None req-5a161b6b-1a3c-4d2b-be5c-62b2a5a6a752 tempest-VolumesListAdminTestJSON-378995653 tempest-VolumesListAdminTestJSON-378995653-project] http://10.222.0.30/volume/v3/cea5f232bc174194bb9593d699ba928a/volumes/30810395-30a1-422d-87bc-91abe60b84e7 returned with HTTP 200
Sep 01 04:49:20.285761 dv-cinder-804035-8-smb devstack@c-api.service[112260]: [pid: 112260|app: 0|req: 163/313] 10.222.0.30 () {58 vars in 1325 bytes} [Wed Sep 1 04:49:20 2021] GET /volume/v3/cea5f232bc174194bb9593d699ba928a/volumes/30810395-30a1-422d-87bc-91abe60b84e7 => generated 917 bytes in 152 msecs (HTTP/1.1 200) 7 headers in 285 bytes (1 switches on core 0)
Sep 01 04:49:20.297838 dv-cinder-804035-8-smb devstack@c-api.service[112259]: INFO cinder.api.openstack.wsgi [None req-48815d99-3f4c-49a5-bcc3-793aee3dc01e tempest-VolumesListAdminTestJSON-378995653 tempest-VolumesListAdminTestJSON-378995653-project] GET http://10.222.0.30/volume/v3/cea5f232bc174194bb9593d699ba928a/volumes/30810395-30a1-422d-87bc-91abe60b84e7
Sep 01 04:49:20.298512 dv-cinder-804035-8-smb devstack@c-api.service[112259]: DEBUG cinder.api.openstack.wsgi [None req-48815d99-3f4c-49a5-bcc3-793aee3dc01e tempest-VolumesListAdminTestJSON-378995653 tempest-VolumesListAdminTestJSON-378995653-project] Empty body provided in request {{(pid=112259) get_body /opt/stack/cinder/cinder/api/openstack/wsgi.py:703}}
Sep 01 04:49:20.299128 dv-cinder-804035-8-smb devstack@c-api.service[112259]: DEBUG cinder.api.openstack.wsgi [None req-48815d99-3f4c-49a5-bcc3-793aee3dc01e tempest-VolumesListAdminTestJSON-378995653 tempest-VolumesListAdminTestJSON-378995653-project] Calling method 'show' {{(pid=112259) _process_stack /opt/stack/cinder/cinder/api/openstack/wsgi.py:856}}
Sep 01 04:49:20.318378 dv-cinder-804035-8-smb devstack@c-api.service[112259]: /usr/local/lib/python3.8/dist-packages/oslo_context/context.py:105: DeprecationWarning: Policy enforcement is depending on the value of is_admin. This key is deprecated. Please update your policy file to use the standard policy values.
Sep 01 04:49:20.318378 dv-cinder-804035-8-smb devstack@c-api.service[112259]: warnings.warn('Policy enforcement is depending on the value of '
Sep 01 04:49:20.328754 dv-cinder-804035-8-smb devstack@c-api.service[112259]: INFO cinder.volume.api [None req-48815d99-3f4c-49a5-bcc3-793aee3dc01e tempest-VolumesListAdminTestJSON-378995653 tempest-VolumesListAdminTestJSON-378995653-project] Volume info retrieved successfully.
Sep 01 04:49:20.349133 dv-cinder-804035-8-smb devstack@c-api.service[112259]: INFO cinder.api.openstack.wsgi [None req-48815d99-3f4c-49a5-bcc3-793aee3dc01e tempest-VolumesListAdminTestJSON-378995653 tempest-VolumesListAdminTestJSON-378995653-project] http://10.222.0.30/volume/v3/cea5f232bc174194bb9593d699ba928a/volumes/30810395-30a1-422d-87bc-91abe60b84e7 returned with HTTP 200
Sep 01 04:49:20.350462 dv-cinder-804035-8-smb devstack@c-api.service[112259]: [pid: 112259|app: 0|req: 151/314] 10.222.0.30 () {58 vars in 1325 bytes} [Wed Sep 1 04:49:20 2021] GET /volume/v3/cea5f232bc174194bb9593d699ba928a/volumes/30810395-30a1-422d-87bc-91abe60b84e7 => generated 917 bytes in 59 msecs (HTTP/1.1 200) 7 headers in 285 bytes (1 switches on core 0)
Sep 01 04:49:20.365211 dv-cinder-804035-8-smb devstack@c-api.service[112260]: INFO cinder.api.openstack.wsgi [None req-4542a5dd-75c2-4cd7-af5e-084bf563a187 tempest-VolumesListAdminTestJSON-378995653 tempest-VolumesListAdminTestJSON-378995653-project] POST http://10.222.0.30/volume/v3/cea5f232bc174194bb9593d699ba928a/volumes
Sep 01 04:49:20.365690 dv-cinder-804035-8-smb devstack@c-api.service[112260]: /usr/local/lib/python3.8/dist-packages/webob/acceptparse.py:1047: DeprecationWarning: The behavior of AcceptValidHeader.best_match is currently being maintained for backward compatibility, but it will be deprecated in the future, as it does not conform to the RFC.
Sep 01 04:49:20.365690 dv-cinder-804035-8-smb devstack@c-api.service[112260]: warnings.warn(
Sep 01 04:49:20.366157 dv-cinder-804035-8-smb devstack@c-api.service[112260]: DEBUG cinder.api.openstack.wsgi [None req-4542a5dd-75c2-4cd7-af5e-084bf563a187 tempest-VolumesListAdminTestJSON-378995653 tempest-VolumesListAdminTestJSON-378995653-project] Action: 'create', calling method: create, body: {"volume": {"size": 1, "name": "tempest-VolumesListAdminTestJSON-Volume-43624510"}} {{(pid=112260) _process_stack /opt/stack/cinder/cinder/api/openstack/wsgi.py:854}}
Sep 01 04:49:20.367162 dv-cinder-804035-8-smb devstack@c-api.service[112260]: DEBUG cinder.api.v3.volumes [None req-4542a5dd-75c2-4cd7-af5e-084bf563a187 tempest-VolumesListAdminTestJSON-378995653 tempest-VolumesListAdminTestJSON-378995653-project] Create volume request body: {'volume': {'size': 1, 'name': 'tempest-VolumesListAdminTestJSON-Volume-43624510'}} {{(pid=112260) create /opt/stack/cinder/cinder/api/v3/volumes.py:298}}
Sep 01 04:49:20.367541 dv-cinder-804035-8-smb devstack@c-api.service[112260]: INFO cinder.api.v3.volumes [None req-4542a5dd-75c2-4cd7-af5e-084bf563a187 tempest-VolumesListAdminTestJSON-378995653 tempest-VolumesListAdminTestJSON-378995653-project] Create volume of 1 GB
Sep 01 04:49:20.374189 dv-cinder-804035-8-smb devstack@c-api.service[112260]: INFO cinder.volume.api [None req-4542a5dd-75c2-4cd7-af5e-084bf563a187 tempest-VolumesListAdminTestJSON-378995653 tempest-VolumesListAdminTestJSON-378995653-project] Availability Zones retrieved successfully.
Sep 01 04:49:20.406441 dv-cinder-804035-8-smb devstack@c-api.service[112260]: DEBUG cinder.volume.api [None req-4542a5dd-75c2-4cd7-af5e-084bf563a187 tempest-VolumesListAdminTestJSON-378995653 tempest-VolumesListAdminTestJSON-378995653-project] Flow 'volume_create_api' (b99f5d18-b705-4f51-949f-6d3024f1f1c3) transitioned into state 'RUNNING' from state 'PENDING' {{(pid=112260) _flow_receiver /usr/local/lib/python3.8/dist-packages/taskflow/listeners/logging.py:141}}
Sep 01 04:49:20.414149 dv-cinder-804035-8-smb devstack@c-api.service[112260]: DEBUG cinder.volume.api [None req-4542a5dd-75c2-4cd7-af5e-084bf563a187 tempest-VolumesListAdminTestJSON-378995653 tempest-VolumesListAdminTestJSON-378995653-project] Task 'cinder.volume.flows.api.create_volume.ExtractVolumeRequestTask;volume:create' (c79337ff-43f5-4045-9dc4-ee2661f3fa6e) transitioned into state 'RUNNING' from state 'PENDING' {{(pid=112260) _task_receiver /usr/local/lib/python3.8/dist-packages/taskflow/listeners/logging.py:190}}
Sep 01 04:49:20.418650 dv-cinder-804035-8-smb devstack@c-api.service[112260]: DEBUG cinder.volume.flows.api.create_volume [None req-4542a5dd-75c2-4cd7-af5e-084bf563a187 tempest-VolumesListAdminTestJSON-378995653 tempest-VolumesListAdminTestJSON-378995653-project] Validating volume size '1' using validate_int {{(pid=112260) _extract_size /opt/stack/cinder/cinder/volume/flows/api/create_volume.py:225}}
Sep 01 04:49:20.488730 dv-cinder-804035-8-smb devstack@c-api.service[112260]: DEBUG cinder.volume.api [None req-4542a5dd-75c2-4cd7-af5e-084bf563a187 tempest-VolumesListAdminTestJSON-378995653 tempest-VolumesListAdminTestJSON-378995653-project] Task 'cinder.volume.flows.api.create_volume.ExtractVolumeRequestTask;volume:create' (c79337ff-43f5-4045-9dc4-ee2661f3fa6e) transitioned into state 'SUCCESS' from state 'RUNNING' with result '{'size': 1, 'snapshot_id': None, 'source_volid': None, 'volume_type': VolumeType(created_at=2021-09-01T04:39:08Z,deleted=False,deleted_at=None,description='Default Volume Type',extra_specs={},id=487b65ff-11b1-4fe4-982c-83acd270cb9f,is_public=True,name='__DEFAULT__',projects=[],qos_specs=,qos_specs_id=None,updated_at=2021-09-01T04:39:08Z), 'volume_type_id': '487b65ff-11b1-4fe4-982c-83acd270cb9f', 'encryption_key_id': None, 'qos_specs': None, 'consistencygroup_id': None, 'cgsnapshot_id': None, 'group_id': None, 'replication_status': 'disabled', 'refresh_az': False, 'backup_id': None, 'multiattach': False, 'availability_zones': ['nova']}' {{(pid=112260) _task_receiver /usr/local/lib/python3.8/dist-packages/taskflow/listeners/logging.py:178}}
Sep 01 04:49:20.490692 dv-cinder-804035-8-smb devstack@c-api.service[112260]: DEBUG cinder.volume.api [None req-4542a5dd-75c2-4cd7-af5e-084bf563a187 tempest-VolumesListAdminTestJSON-378995653 tempest-VolumesListAdminTestJSON-378995653-project] Task 'cinder.volume.flows.api.create_volume.QuotaReserveTask;volume:create' (5b38395a-646f-4c91-9665-f622bdaf84b8) transitioned into state 'RUNNING' from state 'PENDING' {{(pid=112260) _task_receiver /usr/local/lib/python3.8/dist-packages/taskflow/listeners/logging.py:190}}
Sep 01 04:49:20.631321 dv-cinder-804035-8-smb devstack@c-api.service[112260]: DEBUG cinder.quota [None req-4542a5dd-75c2-4cd7-af5e-084bf563a187 tempest-VolumesListAdminTestJSON-378995653 tempest-VolumesListAdminTestJSON-378995653-project] Created reservations ['b3715a13-5cb7-45f4-9b55-fbb0516bc60f', '60c748c5-d4a9-45bb-86e5-19767b6bc3f3', 'b03dc6c1-b8ae-4cee-bd21-f63ff3c64863', 'f8744286-5ffc-4d89-8eaf-4addff97372b'] {{(pid=112260) reserve /opt/stack/cinder/cinder/quota.py:755}}
Sep 01 04:49:20.631321 dv-cinder-804035-8-smb devstack@c-api.service[112260]: DEBUG cinder.volume.api [None req-4542a5dd-75c2-4cd7-af5e-084bf563a187 tempest-VolumesListAdminTestJSON-378995653 tempest-VolumesListAdminTestJSON-378995653-project] Task 'cinder.volume.flows.api.create_volume.QuotaReserveTask;volume:create' (5b38395a-646f-4c91-9665-f622bdaf84b8) transitioned into state 'SUCCESS' from state 'RUNNING' with result '{'reservations': ['b3715a13-5cb7-45f4-9b55-fbb0516bc60f', '60c748c5-d4a9-45bb-86e5-19767b6bc3f3', 'b03dc6c1-b8ae-4cee-bd21-f63ff3c64863', 'f8744286-5ffc-4d89-8eaf-4addff97372b']}' {{(pid=112260) _task_receiver /usr/local/lib/python3.8/dist-packages/taskflow/listeners/logging.py:178}}
Sep 01 04:49:20.632071 dv-cinder-804035-8-smb devstack@c-api.service[112260]: DEBUG cinder.volume.api [None req-4542a5dd-75c2-4cd7-af5e-084bf563a187 tempest-VolumesListAdminTestJSON-378995653 tempest-VolumesListAdminTestJSON-378995653-project] Task 'cinder.volume.flows.api.create_volume.EntryCreateTask;volume:create' (263a6670-b6d4-4659-827a-1255043cec0f) transitioned into state 'RUNNING' from state 'PENDING' {{(pid=112260) _task_receiver /usr/local/lib/python3.8/dist-packages/taskflow/listeners/logging.py:190}}
Sep 01 04:49:20.681065 dv-cinder-804035-8-smb devstack@c-api.service[112260]: DEBUG cinder.volume.api [None req-4542a5dd-75c2-4cd7-af5e-084bf563a187 tempest-VolumesListAdminTestJSON-378995653 tempest-VolumesListAdminTestJSON-378995653-project] Task 'cinder.volume.flows.api.create_volume.EntryCreateTask;volume:create' (263a6670-b6d4-4659-827a-1255043cec0f) transitioned into state 'SUCCESS' from state 'RUNNING' with result '{'volume_id': '6e8114b4-7b7a-4ca8-98bc-307e17292641', 'volume_properties': VolumeProperties(attach_status='detached',availability_zone='nova',cgsnapshot_id=None,consistencygroup_id=None,display_description=None,display_name='tempest-VolumesListAdminTestJSON-Volume-43624510',encryption_key_id=None,group_id=None,group_type_id=,metadata={},multiattach=False,project_id='cea5f232bc174194bb9593d699ba928a',qos_specs=None,replication_status=,reservations=['b3715a13-5cb7-45f4-9b55-fbb0516bc60f','60c748c5-d4a9-45bb-86e5-19767b6bc3f3','b03dc6c1-b8ae-4cee-bd21-f63ff3c64863','f8744286-5ffc-4d89-8eaf-4addff97372b'],size=1,snapshot_id=None,source_replicaid=,source_volid=None,status='creating',user_id='9c0c1a4222c24012a493b3101841fc33',volume_type_id=487b65ff-11b1-4fe4-982c-83acd270cb9f), 'volume': Volume(_name_id=None,admin_metadata=,attach_status='detached',availability_zone='nova',bootable=False,cluster=,cluster_name=None,consistencygroup=,consistencygroup_id=None,created_at=2021-09-01T04:49:20Z,deleted=False,deleted_at=None,display_description=None,display_name='tempest-VolumesListAdminTestJSON-Volume-43624510',ec2_id=None,encryption_key_id=None,glance_metadata=,group=,group_id=None,host=None,id=6e8114b4-7b7a-4ca8-98bc-307e17292641,launched_at=None,metadata={},migration_status=None,multiattach=False,previous_status=None,project_id='cea5f232bc174194bb9593d699ba928a',provider_auth=None,provider_geometry=None,provider_id=None,provider_location=None,replication_driver_data=None,replication_extended_status=None,replication_status=None,scheduled_at=None,service_uuid=None,shared_targets=True,size=1,snapshot_id=None,snapshots=,source_volid=None,status='creating',terminated_at=None,updated_at=None,use_quota=True,user_id='9c0c1a4222c24012a493b3101841fc33',volume_attachment=,volume_type=VolumeType(487b65ff-11b1-4fe4-982c-83acd270cb9f),volume_type_id=487b65ff-11b1-4fe4-982c-83acd270cb9f)}' {{(pid=112260) _task_receiver /usr/local/lib/python3.8/dist-packages/taskflow/listeners/logging.py:178}}
Sep 01 04:49:20.686121 dv-cinder-804035-8-smb devstack@c-api.service[112260]: DEBUG cinder.volume.api [None req-4542a5dd-75c2-4cd7-af5e-084bf563a187 tempest-VolumesListAdminTestJSON-378995653 tempest-VolumesListAdminTestJSON-378995653-project] Task 'cinder.volume.flows.api.create_volume.QuotaCommitTask;volume:create' (b7dfb351-41f6-4491-9533-316b8977b5f6) transitioned into state 'RUNNING' from state 'PENDING' {{(pid=112260) _task_receiver /usr/local/lib/python3.8/dist-packages/taskflow/listeners/logging.py:190}}
