Jun 20 06:12:44.016848 dv-cinder-804035-47-iscsi devstack@c-api.service[110701]: INFO cinder.api.openstack.wsgi [None req-560de16d-57b7-4f46-91bc-d45f8c2b710d tempest-VolumesImageMetadata-1444719681 tempest-VolumesImageMetadata-1444719681-project] GET http://10.222.0.39/volume/v3/0b6403e33fd841ff932a8bf1b2aad874/volumes/8cca8585-78e5-49a8-a8ad-b2ec0f8627a9
Jun 20 06:12:44.017385 dv-cinder-804035-47-iscsi devstack@c-api.service[110701]: DEBUG cinder.api.openstack.wsgi [None req-560de16d-57b7-4f46-91bc-d45f8c2b710d tempest-VolumesImageMetadata-1444719681 tempest-VolumesImageMetadata-1444719681-project] Empty body provided in request {{(pid=110701) get_body /opt/stack/cinder/cinder/api/openstack/wsgi.py:715}}
Jun 20 06:12:44.017899 dv-cinder-804035-47-iscsi devstack@c-api.service[110701]: DEBUG cinder.api.openstack.wsgi [None req-560de16d-57b7-4f46-91bc-d45f8c2b710d tempest-VolumesImageMetadata-1444719681 tempest-VolumesImageMetadata-1444719681-project] Calling method 'show' {{(pid=110701) _process_stack /opt/stack/cinder/cinder/api/openstack/wsgi.py:868}}
Jun 20 06:12:44.027418 dv-cinder-804035-47-iscsi devstack@c-api.service[110700]: INFO cinder.api.openstack.wsgi [None req-16016c9d-7144-4794-bad8-ff0f6fdaf264 tempest-DeleteServersTestJSON-509493720 tempest-DeleteServersTestJSON-509493720-project] http://10.222.0.39/volume/v3/a1c5be30cc344f1cacb822eb5b55d461/volumes/a545c137-7b5f-4109-a456-ddf4ba142cd9 returned with HTTP 200
Jun 20 06:12:44.028266 dv-cinder-804035-47-iscsi devstack@c-api.service[110700]: [pid: 110700|app: 0|req: 215/449] 10.222.0.39 () {58 vars in 1324 bytes} [Mon Jun 20 06:12:43 2022] GET /volume/v3/a1c5be30cc344f1cacb822eb5b55d461/volumes/a545c137-7b5f-4109-a456-ddf4ba142cd9 => generated 914 bytes in 54 msecs (HTTP/1.1 200) 7 headers in 285 bytes (1 switches on core 0)
Jun 20 06:12:44.034019 dv-cinder-804035-47-iscsi devstack@c-api.service[110701]: /usr/local/lib/python3.8/dist-packages/oslo_context/context.py:100: DeprecationWarning: Policy enforcement is depending on the value of is_admin. This key is deprecated. Please update your policy file to use the standard policy values.
Jun 20 06:12:44.034019 dv-cinder-804035-47-iscsi devstack@c-api.service[110701]: warnings.warn('Policy enforcement is depending on the value of '
Jun 20 06:12:44.036193 dv-cinder-804035-47-iscsi devstack@c-api.service[110700]: DEBUG cinder.api.middleware.request_id [None req-c58b55cb-950e-4bce-ab67-81c7d88544fb None None] RequestId filter calling following filter/app {{(pid=110700) _context_setter /opt/stack/cinder/cinder/api/middleware/request_id.py:62}}
Jun 20 06:12:44.040522 dv-cinder-804035-47-iscsi devstack@c-api.service[110701]: INFO cinder.volume.api [None req-560de16d-57b7-4f46-91bc-d45f8c2b710d tempest-VolumesImageMetadata-1444719681 tempest-VolumesImageMetadata-1444719681-project] Volume info retrieved successfully.
Jun 20 06:12:44.041545 dv-cinder-804035-47-iscsi devstack@c-api.service[110700]: INFO cinder.api.openstack.wsgi [None req-c58b55cb-950e-4bce-ab67-81c7d88544fb tempest-VolumesExtendTest-1316712403 tempest-VolumesExtendTest-1316712403-project] GET http://10.222.0.39/volume/v3/248f06d996aa4a20a2c56fdef9550e12/volumes/019f2da7-fee8-4593-bf32-43515049bb17
Jun 20 06:12:44.043213 dv-cinder-804035-47-iscsi devstack@c-api.service[110700]: DEBUG cinder.api.openstack.wsgi [None req-c58b55cb-950e-4bce-ab67-81c7d88544fb tempest-VolumesExtendTest-1316712403 tempest-VolumesExtendTest-1316712403-project] Empty body provided in request {{(pid=110700) get_body /opt/stack/cinder/cinder/api/openstack/wsgi.py:715}}
Jun 20 06:12:44.043213 dv-cinder-804035-47-iscsi devstack@c-api.service[110700]: DEBUG cinder.api.openstack.wsgi [None req-c58b55cb-950e-4bce-ab67-81c7d88544fb tempest-VolumesExtendTest-1316712403 tempest-VolumesExtendTest-1316712403-project] Calling method 'show' {{(pid=110700) _process_stack /opt/stack/cinder/cinder/api/openstack/wsgi.py:868}}
Jun 20 06:12:44.054498 dv-cinder-804035-47-iscsi devstack@c-api.service[110701]: INFO cinder.api.openstack.wsgi [None req-560de16d-57b7-4f46-91bc-d45f8c2b710d tempest-VolumesImageMetadata-1444719681 tempest-VolumesImageMetadata-1444719681-project] http://10.222.0.39/volume/v3/0b6403e33fd841ff932a8bf1b2aad874/volumes/8cca8585-78e5-49a8-a8ad-b2ec0f8627a9 returned with HTTP 200
Jun 20 06:12:44.054498 dv-cinder-804035-47-iscsi devstack@c-api.service[110701]: [pid: 110701|app: 0|req: 235/450] 10.222.0.39 () {58 vars in 1324 bytes} [Mon Jun 20 06:12:44 2022] GET /volume/v3/0b6403e33fd841ff932a8bf1b2aad874/volumes/8cca8585-78e5-49a8-a8ad-b2ec0f8627a9 => generated 912 bytes in 42 msecs (HTTP/1.1 200) 7 headers in 285 bytes (1 switches on core 0)
Jun 20 06:12:44.060457 dv-cinder-804035-47-iscsi devstack@c-api.service[110700]: /usr/local/lib/python3.8/dist-packages/oslo_context/context.py:100: DeprecationWarning: Policy enforcement is depending on the value of is_admin. This key is deprecated. Please update your policy file to use the standard policy values.
Jun 20 06:12:44.060457 dv-cinder-804035-47-iscsi devstack@c-api.service[110700]: warnings.warn('Policy enforcement is depending on the value of '
Jun 20 06:12:44.068147 dv-cinder-804035-47-iscsi devstack@c-api.service[110700]: INFO cinder.volume.api [None req-c58b55cb-950e-4bce-ab67-81c7d88544fb tempest-VolumesExtendTest-1316712403 tempest-VolumesExtendTest-1316712403-project] Volume info retrieved successfully.
Jun 20 06:12:44.076937 dv-cinder-804035-47-iscsi devstack@c-api.service[110700]: INFO cinder.api.openstack.wsgi [None req-c58b55cb-950e-4bce-ab67-81c7d88544fb tempest-VolumesExtendTest-1316712403 tempest-VolumesExtendTest-1316712403-project] http://10.222.0.39/volume/v3/248f06d996aa4a20a2c56fdef9550e12/volumes/019f2da7-fee8-4593-bf32-43515049bb17 returned with HTTP 200
Jun 20 06:12:44.077727 dv-cinder-804035-47-iscsi devstack@c-api.service[110700]: [pid: 110700|app: 0|req: 216/451] 10.222.0.39 () {58 vars in 1324 bytes} [Mon Jun 20 06:12:44 2022] GET /volume/v3/248f06d996aa4a20a2c56fdef9550e12/volumes/019f2da7-fee8-4593-bf32-43515049bb17 => generated 908 bytes in 43 msecs (HTTP/1.1 200) 7 headers in 285 bytes (1 switches on core 0)
Jun 20 06:12:45.019431 dv-cinder-804035-47-iscsi devstack@c-api.service[110701]: DEBUG cinder.api.middleware.request_id [None req-f50640ef-473d-466c-8799-eeb80362fc11 None None] RequestId filter calling following filter/app {{(pid=110701) _context_setter /opt/stack/cinder/cinder/api/middleware/request_id.py:62}}
Jun 20 06:12:45.023345 dv-cinder-804035-47-iscsi devstack@c-api.service[110701]: INFO cinder.api.openstack.wsgi [None req-f50640ef-473d-466c-8799-eeb80362fc11 tempest-SnapshotMetadataTestJSON-503438591 tempest-SnapshotMetadataTestJSON-503438591-project] GET http://10.222.0.39/volume/v3/4f4d7689031b4d1dab0faa24ce0c2821/snapshots/6e853040-678d-42e5-b0a7-b773b063b736
Jun 20 06:12:45.023781 dv-cinder-804035-47-iscsi devstack@c-api.service[110701]: DEBUG cinder.api.openstack.wsgi [None req-f50640ef-473d-466c-8799-eeb80362fc11 tempest-SnapshotMetadataTestJSON-503438591 tempest-SnapshotMetadataTestJSON-503438591-project] Empty body provided in request {{(pid=110701) get_body /opt/stack/cinder/cinder/api/openstack/wsgi.py:715}}
Jun 20 06:12:45.024278 dv-cinder-804035-47-iscsi devstack@c-api.service[110701]: DEBUG cinder.api.openstack.wsgi [None req-f50640ef-473d-466c-8799-eeb80362fc11 tempest-SnapshotMetadataTestJSON-503438591 tempest-SnapshotMetadataTestJSON-503438591-project] Calling method 'show' {{(pid=110701) _process_stack /opt/stack/cinder/cinder/api/openstack/wsgi.py:868}}
Jun 20 06:12:45.034724 dv-cinder-804035-47-iscsi devstack@c-api.service[110701]: /usr/local/lib/python3.8/dist-packages/oslo_context/context.py:100: DeprecationWarning: Policy enforcement is depending on the value of is_admin. This key is deprecated. Please update your policy file to use the standard policy values.
Jun 20 06:12:45.034724 dv-cinder-804035-47-iscsi devstack@c-api.service[110701]: warnings.warn('Policy enforcement is depending on the value of '
Jun 20 06:12:45.035692 dv-cinder-804035-47-iscsi devstack@c-api.service[110701]: INFO cinder.volume.api [None req-f50640ef-473d-466c-8799-eeb80362fc11 tempest-SnapshotMetadataTestJSON-503438591 tempest-SnapshotMetadataTestJSON-503438591-project] Snapshot retrieved successfully.
Jun 20 06:12:45.037494 dv-cinder-804035-47-iscsi devstack@c-api.service[110701]: INFO cinder.api.openstack.wsgi [None req-f50640ef-473d-466c-8799-eeb80362fc11 tempest-SnapshotMetadataTestJSON-503438591 tempest-SnapshotMetadataTestJSON-503438591-project] http://10.222.0.39/volume/v3/4f4d7689031b4d1dab0faa24ce0c2821/snapshots/6e853040-678d-42e5-b0a7-b773b063b736 returned with HTTP 200
Jun 20 06:12:45.038158 dv-cinder-804035-47-iscsi devstack@c-api.service[110701]: [pid: 110701|app: 0|req: 236/452] 10.222.0.39 () {58 vars in 1330 bytes} [Mon Jun 20 06:12:45 2022] GET /volume/v3/4f4d7689031b4d1dab0faa24ce0c2821/snapshots/6e853040-678d-42e5-b0a7-b773b063b736 => generated 443 bytes in 20 msecs (HTTP/1.1 200) 7 headers in 285 bytes (1 switches on core 0)
Jun 20 06:12:45.042190 dv-cinder-804035-47-iscsi devstack@c-api.service[110700]: DEBUG cinder.api.middleware.request_id [None req-26caa550-75fd-45b3-a2fd-100c26a43bed None None] RequestId filter calling following filter/app {{(pid=110700) _context_setter /opt/stack/cinder/cinder/api/middleware/request_id.py:62}}
Jun 20 06:12:45.045681 dv-cinder-804035-47-iscsi devstack@c-api.service[110700]: INFO cinder.api.openstack.wsgi [None req-26caa550-75fd-45b3-a2fd-100c26a43bed tempest-DeleteServersTestJSON-509493720 tempest-DeleteServersTestJSON-509493720-project] GET http://10.222.0.39/volume/v3/a1c5be30cc344f1cacb822eb5b55d461/volumes/a545c137-7b5f-4109-a456-ddf4ba142cd9
Jun 20 06:12:45.046122 dv-cinder-804035-47-iscsi devstack@c-api.service[110700]: DEBUG cinder.api.openstack.wsgi [None req-26caa550-75fd-45b3-a2fd-100c26a43bed tempest-DeleteServersTestJSON-509493720 tempest-DeleteServersTestJSON-509493720-project] Empty body provided in request {{(pid=110700) get_body /opt/stack/cinder/cinder/api/openstack/wsgi.py:715}}
Jun 20 06:12:45.046573 dv-cinder-804035-47-iscsi devstack@c-api.service[110700]: DEBUG cinder.api.openstack.wsgi [None req-26caa550-75fd-45b3-a2fd-100c26a43bed tempest-DeleteServersTestJSON-509493720 tempest-DeleteServersTestJSON-509493720-project] Calling method 'show' {{(pid=110700) _process_stack /opt/stack/cinder/cinder/api/openstack/wsgi.py:868}}
Jun 20 06:12:45.066525 dv-cinder-804035-47-iscsi devstack@c-api.service[110700]: /usr/local/lib/python3.8/dist-packages/oslo_context/context.py:100: DeprecationWarning: Policy enforcement is depending on the value of is_admin. This key is deprecated. Please update your policy file to use the standard policy values.
Jun 20 06:12:45.066525 dv-cinder-804035-47-iscsi devstack@c-api.service[110700]: warnings.warn('Policy enforcement is depending on the value of '
Jun 20 06:12:45.066772 dv-cinder-804035-47-iscsi devstack@c-api.service[110701]: DEBUG cinder.api.middleware.request_id [None req-2760289c-9246-44e4-8886-2216f1b37b45 None None] RequestId filter calling following filter/app {{(pid=110701) _context_setter /opt/stack/cinder/cinder/api/middleware/request_id.py:62}}
Jun 20 06:12:45.069975 dv-cinder-804035-47-iscsi devstack@c-api.service[110701]: INFO cinder.api.openstack.wsgi [None req-2760289c-9246-44e4-8886-2216f1b37b45 tempest-VolumesImageMetadata-1444719681 tempest-VolumesImageMetadata-1444719681-project] GET http://10.222.0.39/volume/v3/0b6403e33fd841ff932a8bf1b2aad874/volumes/8cca8585-78e5-49a8-a8ad-b2ec0f8627a9
Jun 20 06:12:45.070422 dv-cinder-804035-47-iscsi devstack@c-api.service[110701]: DEBUG cinder.api.openstack.wsgi [None req-2760289c-9246-44e4-8886-2216f1b37b45 tempest-VolumesImageMetadata-1444719681 tempest-VolumesImageMetadata-1444719681-project] Empty body provided in request {{(pid=110701) get_body /opt/stack/cinder/cinder/api/openstack/wsgi.py:715}}
Jun 20 06:12:45.070873 dv-cinder-804035-47-iscsi devstack@c-api.service[110701]: DEBUG cinder.api.openstack.wsgi [None req-2760289c-9246-44e4-8886-2216f1b37b45 tempest-VolumesImageMetadata-1444719681 tempest-VolumesImageMetadata-1444719681-project] Calling method 'show' {{(pid=110701) _process_stack /opt/stack/cinder/cinder/api/openstack/wsgi.py:868}}
Jun 20 06:12:45.073886 dv-cinder-804035-47-iscsi devstack@c-api.service[110700]: INFO cinder.volume.api [None req-26caa550-75fd-45b3-a2fd-100c26a43bed tempest-DeleteServersTestJSON-509493720 tempest-DeleteServersTestJSON-509493720-project] Volume info retrieved successfully.
Jun 20 06:12:45.084772 dv-cinder-804035-47-iscsi devstack@c-api.service[110700]: INFO cinder.api.openstack.wsgi [None req-26caa550-75fd-45b3-a2fd-100c26a43bed tempest-DeleteServersTestJSON-509493720 tempest-DeleteServersTestJSON-509493720-project] http://10.222.0.39/volume/v3/a1c5be30cc344f1cacb822eb5b55d461/volumes/a545c137-7b5f-4109-a456-ddf4ba142cd9 returned with HTTP 200
Jun 20 06:12:45.085305 dv-cinder-804035-47-iscsi devstack@c-api.service[110701]: /usr/local/lib/python3.8/dist-packages/oslo_context/context.py:100: DeprecationWarning: Policy enforcement is depending on the value of is_admin. This key is deprecated. Please update your policy file to use the standard policy values.
Jun 20 06:12:45.085305 dv-cinder-804035-47-iscsi devstack@c-api.service[110701]: warnings.warn('Policy enforcement is depending on the value of '
Jun 20 06:12:45.085967 dv-cinder-804035-47-iscsi devstack@c-api.service[110700]: [pid: 110700|app: 0|req: 217/453] 10.222.0.39 () {58 vars in 1324 bytes} [Mon Jun 20 06:12:45 2022] GET /volume/v3/a1c5be30cc344f1cacb822eb5b55d461/volumes/a545c137-7b5f-4109-a456-ddf4ba142cd9 => generated 914 bytes in 45 msecs (HTTP/1.1 200) 7 headers in 285 bytes (1 switches on core 0)
Jun 20 06:12:45.089961 dv-cinder-804035-47-iscsi devstack@c-api.service[110700]: DEBUG cinder.api.middleware.request_id [None req-64baaae0-b9cb-4d74-87f2-c8a65b37f2b2 None None] RequestId filter calling following filter/app {{(pid=110700) _context_setter /opt/stack/cinder/cinder/api/middleware/request_id.py:62}}
Jun 20 06:12:45.092926 dv-cinder-804035-47-iscsi devstack@c-api.service[110701]: INFO cinder.volume.api [None req-2760289c-9246-44e4-8886-2216f1b37b45 tempest-VolumesImageMetadata-1444719681 tempest-VolumesImageMetadata-1444719681-project] Volume info retrieved successfully.
Jun 20 06:12:45.093588 dv-cinder-804035-47-iscsi devstack@c-api.service[110700]: INFO cinder.api.openstack.wsgi [None req-64baaae0-b9cb-4d74-87f2-c8a65b37f2b2 tempest-VolumesExtendTest-1316712403 tempest-VolumesExtendTest-1316712403-project] GET http://10.222.0.39/volume/v3/248f06d996aa4a20a2c56fdef9550e12/volumes/019f2da7-fee8-4593-bf32-43515049bb17
Jun 20 06:12:45.094534 dv-cinder-804035-47-iscsi devstack@c-api.service[110700]: DEBUG cinder.api.openstack.wsgi [None req-64baaae0-b9cb-4d74-87f2-c8a65b37f2b2 tempest-VolumesExtendTest-1316712403 tempest-VolumesExtendTest-1316712403-project] Empty body provided in request {{(pid=110700) get_body /opt/stack/cinder/cinder/api/openstack/wsgi.py:715}}
Jun 20 06:12:45.095116 dv-cinder-804035-47-iscsi devstack@c-api.service[110700]: DEBUG cinder.api.openstack.wsgi [None req-64baaae0-b9cb-4d74-87f2-c8a65b37f2b2 tempest-VolumesExtendTest-1316712403 tempest-VolumesExtendTest-1316712403-project] Calling method 'show' {{(pid=110700) _process_stack /opt/stack/cinder/cinder/api/openstack/wsgi.py:868}}
Jun 20 06:12:45.103716 dv-cinder-804035-47-iscsi devstack@c-api.service[110701]: INFO cinder.api.openstack.wsgi [None req-2760289c-9246-44e4-8886-2216f1b37b45 tempest-VolumesImageMetadata-1444719681 tempest-VolumesImageMetadata-1444719681-project] http://10.222.0.39/volume/v3/0b6403e33fd841ff932a8bf1b2aad874/volumes/8cca8585-78e5-49a8-a8ad-b2ec0f8627a9 returned with HTTP 200
Jun 20 06:12:45.104452 dv-cinder-804035-47-iscsi devstack@c-api.service[110701]: [pid: 110701|app: 0|req: 237/454] 10.222.0.39 () {58 vars in 1324 bytes} [Mon Jun 20 06:12:45 2022] GET /volume/v3/0b6403e33fd841ff932a8bf1b2aad874/volumes/8cca8585-78e5-49a8-a8ad-b2ec0f8627a9 => generated 912 bytes in 39 msecs (HTTP/1.1 200) 7 headers in 285 bytes (2 switches on core 0)
Jun 20 06:12:45.109166 dv-cinder-804035-47-iscsi devstack@c-api.service[110700]: /usr/local/lib/python3.8/dist-packages/oslo_context/context.py:100: DeprecationWarning: Policy enforcement is depending on the value of is_admin. This key is deprecated. Please update your policy file to use the standard policy values.
Jun 20 06:12:45.109166 dv-cinder-804035-47-iscsi devstack@c-api.service[110700]: warnings.warn('Policy enforcement is depending on the value of '
Jun 20 06:12:45.116610 dv-cinder-804035-47-iscsi devstack@c-api.service[110700]: INFO cinder.volume.api [None req-64baaae0-b9cb-4d74-87f2-c8a65b37f2b2 tempest-VolumesExtendTest-1316712403 tempest-VolumesExtendTest-1316712403-project] Volume info retrieved successfully.
Jun 20 06:12:45.125422 dv-cinder-804035-47-iscsi devstack@c-api.service[110700]: INFO cinder.api.openstack.wsgi [None req-64baaae0-b9cb-4d74-87f2-c8a65b37f2b2 tempest-VolumesExtendTest-1316712403 tempest-VolumesExtendTest-1316712403-project] http://10.222.0.39/volume/v3/248f06d996aa4a20a2c56fdef9550e12/volumes/019f2da7-fee8-4593-bf32-43515049bb17 returned with HTTP 200
Jun 20 06:12:45.126118 dv-cinder-804035-47-iscsi devstack@c-api.service[110700]: [pid: 110700|app: 0|req: 218/455] 10.222.0.39 () {58 vars in 1324 bytes} [Mon Jun 20 06:12:45 2022] GET /volume/v3/248f06d996aa4a20a2c56fdef9550e12/volumes/019f2da7-fee8-4593-bf32-43515049bb17 => generated 908 bytes in 37 msecs (HTTP/1.1 200) 7 headers in 285 bytes (2 switches on core 0)
Jun 20 06:12:46.045239 dv-cinder-804035-47-iscsi devstack@c-api.service[110701]: DEBUG cinder.api.middleware.request_id [None req-e6aef121-91d6-4f10-88fc-2ed801728777 None None] RequestId filter calling following filter/app {{(pid=110701) _context_setter /opt/stack/cinder/cinder/api/middleware/request_id.py:62}}
Jun 20 06:12:46.049841 dv-cinder-804035-47-iscsi devstack@c-api.service[110701]: INFO cinder.api.openstack.wsgi [None req-e6aef121-91d6-4f10-88fc-2ed801728777 tempest-SnapshotMetadataTestJSON-503438591 tempest-SnapshotMetadataTestJSON-503438591-project] GET http://10.222.0.39/volume/v3/4f4d7689031b4d1dab0faa24ce0c2821/snapshots/6e853040-678d-42e5-b0a7-b773b063b736
Jun 20 06:12:46.050297 dv-cinder-804035-47-iscsi devstack@c-api.service[110701]: DEBUG cinder.api.openstack.wsgi [None req-e6aef121-91d6-4f10-88fc-2ed801728777 tempest-SnapshotMetadataTestJSON-503438591 tempest-SnapshotMetadataTestJSON-503438591-project] Empty body provided in request {{(pid=110701) get_body /opt/stack/cinder/cinder/api/openstack/wsgi.py:715}}
Jun 20 06:12:46.050727 dv-cinder-804035-47-iscsi devstack@c-api.service[110701]: DEBUG cinder.api.openstack.wsgi [None req-e6aef121-91d6-4f10-88fc-2ed801728777 tempest-SnapshotMetadataTestJSON-503438591 tempest-SnapshotMetadataTestJSON-503438591-project] Calling method 'show' {{(pid=110701) _process_stack /opt/stack/cinder/cinder/api/openstack/wsgi.py:868}}
Jun 20 06:12:46.060836 dv-cinder-804035-47-iscsi devstack@c-api.service[110701]: /usr/local/lib/python3.8/dist-packages/oslo_context/context.py:100: DeprecationWarning: Policy enforcement is depending on the value of is_admin. This key is deprecated. Please update your policy file to use the standard policy values.
Jun 20 06:12:46.060836 dv-cinder-804035-47-iscsi devstack@c-api.service[110701]: warnings.warn('Policy enforcement is depending on the value of '
Jun 20 06:12:46.061758 dv-cinder-804035-47-iscsi devstack@c-api.service[110701]: INFO cinder.volume.api [None req-e6aef121-91d6-4f10-88fc-2ed801728777 tempest-SnapshotMetadataTestJSON-503438591 tempest-SnapshotMetadataTestJSON-503438591-project] Snapshot retrieved successfully.
Jun 20 06:12:46.064820 dv-cinder-804035-47-iscsi devstack@c-api.service[110701]: INFO cinder.api.openstack.wsgi [None req-e6aef121-91d6-4f10-88fc-2ed801728777 tempest-SnapshotMetadataTestJSON-503438591 tempest-SnapshotMetadataTestJSON-503438591-project] http://10.222.0.39/volume/v3/4f4d7689031b4d1dab0faa24ce0c2821/snapshots/6e853040-678d-42e5-b0a7-b773b063b736 returned with HTTP 200
Jun 20 06:12:46.065517 dv-cinder-804035-47-iscsi devstack@c-api.service[110701]: [pid: 110701|app: 0|req: 238/456] 10.222.0.39 () {58 vars in 1330 bytes} [Mon Jun 20 06:12:46 2022] GET /volume/v3/4f4d7689031b4d1dab0faa24ce0c2821/snapshots/6e853040-678d-42e5-b0a7-b773b063b736 => generated 443 bytes in 21 msecs (HTTP/1.1 200) 7 headers in 285 bytes (1 switches on core 0)
Jun 20 06:12:46.098791 dv-cinder-804035-47-iscsi devstack@c-api.service[110700]: DEBUG cinder.api.middleware.request_id [None req-6e8f93a8-9953-419d-a056-6eb8a96af18f None None] RequestId filter calling following filter/app {{(pid=110700) _context_setter /opt/stack/cinder/cinder/api/middleware/request_id.py:62}}
Jun 20 06:12:46.102499 dv-cinder-804035-47-iscsi devstack@c-api.service[110700]: INFO cinder.api.openstack.wsgi [None req-6e8f93a8-9953-419d-a056-6eb8a96af18f tempest-DeleteServersTestJSON-509493720 tempest-DeleteServersTestJSON-509493720-project] GET http://10.222.0.39/volume/v3/a1c5be30cc344f1cacb822eb5b55d461/volumes/a545c137-7b5f-4109-a456-ddf4ba142cd9
Jun 20 06:12:46.102972 dv-cinder-804035-47-iscsi devstack@c-api.service[110700]: DEBUG cinder.api.openstack.wsgi [None req-6e8f93a8-9953-419d-a056-6eb8a96af18f tempest-DeleteServersTestJSON-509493720 tempest-DeleteServersTestJSON-509493720-project] Empty body provided in request {{(pid=110700) get_body /opt/stack/cinder/cinder/api/openstack/wsgi.py:715}}
Jun 20 06:12:46.103433 dv-cinder-804035-47-iscsi devstack@c-api.service[110700]: DEBUG cinder.api.openstack.wsgi [None req-6e8f93a8-9953-419d-a056-6eb8a96af18f tempest-DeleteServersTestJSON-509493720 tempest-DeleteServersTestJSON-509493720-project] Calling method 'show' {{(pid=110700) _process_stack /opt/stack/cinder/cinder/api/openstack/wsgi.py:868}}
Jun 20 06:12:46.117294 dv-cinder-804035-47-iscsi devstack@c-api.service[110701]: DEBUG cinder.api.middleware.request_id [None req-f91a5ac3-d63f-4a1a-9bf7-1ee38e01f3ec None None] RequestId filter calling following filter/app {{(pid=110701) _context_setter /opt/stack/cinder/cinder/api/middleware/request_id.py:62}}
Jun 20 06:12:46.120782 dv-cinder-804035-47-iscsi devstack@c-api.service[110701]: INFO cinder.api.openstack.wsgi [None req-f91a5ac3-d63f-4a1a-9bf7-1ee38e01f3ec tempest-VolumesImageMetadata-1444719681 tempest-VolumesImageMetadata-1444719681-project] GET http://10.222.0.39/volume/v3/0b6403e33fd841ff932a8bf1b2aad874/volumes/8cca8585-78e5-49a8-a8ad-b2ec0f8627a9
Jun 20 06:12:46.121253 dv-cinder-804035-47-iscsi devstack@c-api.service[110701]: DEBUG cinder.api.openstack.wsgi [None req-f91a5ac3-d63f-4a1a-9bf7-1ee38e01f3ec tempest-VolumesImageMetadata-1444719681 tempest-VolumesImageMetadata-1444719681-project] Empty body provided in request {{(pid=110701) get_body /opt/stack/cinder/cinder/api/openstack/wsgi.py:715}}
Jun 20 06:12:46.121704 dv-cinder-804035-47-iscsi devstack@c-api.service[110701]: DEBUG cinder.api.openstack.wsgi [None req-f91a5ac3-d63f-4a1a-9bf7-1ee38e01f3ec tempest-VolumesImageMetadata-1444719681 tempest-VolumesImageMetadata-1444719681-project] Calling method 'show' {{(pid=110701) _process_stack /opt/stack/cinder/cinder/api/openstack/wsgi.py:868}}
Jun 20 06:12:46.123699 dv-cinder-804035-47-iscsi devstack@c-api.service[110700]: /usr/local/lib/python3.8/dist-packages/oslo_context/context.py:100: DeprecationWarning: Policy enforcement is depending on the value of is_admin. This key is deprecated. Please update your policy file to use the standard policy values.
Jun 20 06:12:46.123699 dv-cinder-804035-47-iscsi devstack@c-api.service[110700]: warnings.warn('Policy enforcement is depending on the value of '
Jun 20 06:12:46.130547 dv-cinder-804035-47-iscsi devstack@c-api.service[110700]: INFO cinder.volume.api [None req-6e8f93a8-9953-419d-a056-6eb8a96af18f tempest-DeleteServersTestJSON-509493720 tempest-DeleteServersTestJSON-509493720-project] Volume info retrieved successfully.
Jun 20 06:12:46.136386 dv-cinder-804035-47-iscsi devstack@c-api.service[110701]: /usr/local/lib/python3.8/dist-packages/oslo_context/context.py:100: DeprecationWarning: Policy enforcement is depending on the value of is_admin. This key is deprecated. Please update your policy file to use the standard policy values.
Jun 20 06:12:46.136386 dv-cinder-804035-47-iscsi devstack@c-api.service[110701]: warnings.warn('Policy enforcement is depending on the value of '
Jun 20 06:12:46.140896 dv-cinder-804035-47-iscsi devstack@c-api.service[110700]: INFO cinder.api.openstack.wsgi [None req-6e8f93a8-9953-419d-a056-6eb8a96af18f tempest-DeleteServersTestJSON-509493720 tempest-DeleteServersTestJSON-509493720-project] http://10.222.0.39/volume/v3/a1c5be30cc344f1cacb822eb5b55d461/volumes/a545c137-7b5f-4109-a456-ddf4ba142cd9 returned with HTTP 200
Jun 20 06:12:46.141644 dv-cinder-804035-47-iscsi devstack@c-api.service[110700]: [pid: 110700|app: 0|req: 219/457] 10.222.0.39 () {58 vars in 1324 bytes} [Mon Jun 20 06:12:46 2022] GET /volume/v3/a1c5be30cc344f1cacb822eb5b55d461/volumes/a545c137-7b5f-4109-a456-ddf4ba142cd9 => generated 914 bytes in 44 msecs (HTTP/1.1 200) 7 headers in 285 bytes (1 switches on core 0)
Jun 20 06:12:46.142743 dv-cinder-804035-47-iscsi devstack@c-api.service[110701]: INFO cinder.volume.api [None req-f91a5ac3-d63f-4a1a-9bf7-1ee38e01f3ec tempest-VolumesImageMetadata-1444719681 tempest-VolumesImageMetadata-1444719681-project] Volume info retrieved successfully.
Jun 20 06:12:46.142884 dv-cinder-804035-47-iscsi devstack@c-api.service[110700]: DEBUG cinder.api.middleware.request_id [None req-d4fcc4c0-32db-4c92-bc2d-fc7f9c273ae9 None None] RequestId filter calling following filter/app {{(pid=110700) _context_setter /opt/stack/cinder/cinder/api/middleware/request_id.py:62}}
Jun 20 06:12:46.146181 dv-cinder-804035-47-iscsi devstack@c-api.service[110700]: INFO cinder.api.openstack.wsgi [None req-d4fcc4c0-32db-4c92-bc2d-fc7f9c273ae9 tempest-VolumesExtendTest-1316712403 tempest-VolumesExtendTest-1316712403-project] GET http://10.222.0.39/volume/v3/248f06d996aa4a20a2c56fdef9550e12/volumes/019f2da7-fee8-4593-bf32-43515049bb17
Jun 20 06:12:46.146628 dv-cinder-804035-47-iscsi devstack@c-api.service[110700]: DEBUG cinder.api.openstack.wsgi [None req-d4fcc4c0-32db-4c92-bc2d-fc7f9c273ae9 tempest-VolumesExtendTest-1316712403 tempest-VolumesExtendTest-1316712403-project] Empty body provided in request {{(pid=110700) get_body /opt/stack/cinder/cinder/api/openstack/wsgi.py:715}}
Jun 20 06:12:46.147059 dv-cinder-804035-47-iscsi devstack@c-api.service[110700]: DEBUG cinder.api.openstack.wsgi [None req-d4fcc4c0-32db-4c92-bc2d-fc7f9c273ae9 tempest-VolumesExtendTest-1316712403 tempest-VolumesExtendTest-1316712403-project] Calling method 'show' {{(pid=110700) _process_stack /opt/stack/cinder/cinder/api/openstack/wsgi.py:868}}
Jun 20 06:12:46.152064 dv-cinder-804035-47-iscsi devstack@c-api.service[110701]: INFO cinder.api.openstack.wsgi [None req-f91a5ac3-d63f-4a1a-9bf7-1ee38e01f3ec tempest-VolumesImageMetadata-1444719681 tempest-VolumesImageMetadata-1444719681-project] http://10.222.0.39/volume/v3/0b6403e33fd841ff932a8bf1b2aad874/volumes/8cca8585-78e5-49a8-a8ad-b2ec0f8627a9 returned with HTTP 200
Jun 20 06:12:46.152782 dv-cinder-804035-47-iscsi devstack@c-api.service[110701]: [pid: 110701|app: 0|req: 239/458] 10.222.0.39 () {58 vars in 1324 bytes} [Mon Jun 20 06:12:46 2022] GET /volume/v3/0b6403e33fd841ff932a8bf1b2aad874/volumes/8cca8585-78e5-49a8-a8ad-b2ec0f8627a9 => generated 912 bytes in 37 msecs (HTTP/1.1 200) 7 headers in 285 bytes (2 switches on core 0)
Jun 20 06:12:46.160505 dv-cinder-804035-47-iscsi devstack@c-api.service[110700]: /usr/local/lib/python3.8/dist-packages/oslo_context/context.py:100: DeprecationWarning: Policy enforcement is depending on the value of is_admin. This key is deprecated. Please update your policy file to use the standard policy values.
Jun 20 06:12:46.160505 dv-cinder-804035-47-iscsi devstack@c-api.service[110700]: warnings.warn('Policy enforcement is depending on the value of '
Jun 20 06:12:46.166766 dv-cinder-804035-47-iscsi devstack@c-api.service[110700]: INFO cinder.volume.api [None req-d4fcc4c0-32db-4c92-bc2d-fc7f9c273ae9 tempest-VolumesExtendTest-1316712403 tempest-VolumesExtendTest-1316712403-project] Volume info retrieved successfully.
Jun 20 06:12:46.175954 dv-cinder-804035-47-iscsi devstack@c-api.service[110700]: INFO cinder.api.openstack.wsgi [None req-d4fcc4c0-32db-4c92-bc2d-fc7f9c273ae9 tempest-VolumesExtendTest-1316712403 tempest-VolumesExtendTest-1316712403-project] http://10.222.0.39/volume/v3/248f06d996aa4a20a2c56fdef9550e12/volumes/019f2da7-fee8-4593-bf32-43515049bb17 returned with HTTP 200
Jun 20 06:12:46.176645 dv-cinder-804035-47-iscsi devstack@c-api.service[110700]: [pid: 110700|app: 0|req: 220/459] 10.222.0.39 () {58 vars in 1324 bytes} [Mon Jun 20 06:12:46 2022] GET /volume/v3/248f06d996aa4a20a2c56fdef9550e12/volumes/019f2da7-fee8-4593-bf32-43515049bb17 => generated 908 bytes in 34 msecs (HTTP/1.1 200) 7 headers in 285 bytes (1 switches on core 0)
Jun 20 06:12:47.073659 dv-cinder-804035-47-iscsi devstack@c-api.service[110701]: DEBUG cinder.api.middleware.request_id [None req-7f21d3ff-ec54-4b4e-b345-8b3a374212df None None] RequestId filter calling following filter/app {{(pid=110701) _context_setter /opt/stack/cinder/cinder/api/middleware/request_id.py:62}}
Jun 20 06:12:47.077602 dv-cinder-804035-47-iscsi devstack@c-api.service[110701]: INFO cinder.api.openstack.wsgi [None req-7f21d3ff-ec54-4b4e-b345-8b3a374212df tempest-SnapshotMetadataTestJSON-503438591 tempest-SnapshotMetadataTestJSON-503438591-project] GET http://10.222.0.39/volume/v3/4f4d7689031b4d1dab0faa24ce0c2821/snapshots/6e853040-678d-42e5-b0a7-b773b063b736
Jun 20 06:12:47.079008 dv-cinder-804035-47-iscsi devstack@c-api.service[110701]: DEBUG cinder.api.openstack.wsgi [None req-7f21d3ff-ec54-4b4e-b345-8b3a374212df tempest-SnapshotMetadataTestJSON-503438591 tempest-SnapshotMetadataTestJSON-503438591-project] Empty body provided in request {{(pid=110701) get_body /opt/stack/cinder/cinder/api/openstack/wsgi.py:715}}
Jun 20 06:12:47.079627 dv-cinder-804035-47-iscsi devstack@c-api.service[110701]: DEBUG cinder.api.openstack.wsgi [None req-7f21d3ff-ec54-4b4e-b345-8b3a374212df tempest-SnapshotMetadataTestJSON-503438591 tempest-SnapshotMetadataTestJSON-503438591-project] Calling method 'show' {{(pid=110701) _process_stack /opt/stack/cinder/cinder/api/openstack/wsgi.py:868}}
Jun 20 06:12:47.089604 dv-cinder-804035-47-iscsi devstack@c-api.service[110701]: /usr/local/lib/python3.8/dist-packages/oslo_context/context.py:100: DeprecationWarning: Policy enforcement is depending on the value of is_admin. This key is deprecated. Please update your policy file to use the standard policy values.
Jun 20 06:12:47.089604 dv-cinder-804035-47-iscsi devstack@c-api.service[110701]: warnings.warn('Policy enforcement is depending on the value of '
Jun 20 06:12:47.090556 dv-cinder-804035-47-iscsi devstack@c-api.service[110701]: INFO cinder.volume.api [None req-7f21d3ff-ec54-4b4e-b345-8b3a374212df tempest-SnapshotMetadataTestJSON-503438591 tempest-SnapshotMetadataTestJSON-503438591-project] Snapshot retrieved successfully.
Jun 20 06:12:47.092328 dv-cinder-804035-47-iscsi devstack@c-api.service[110701]: INFO cinder.api.openstack.wsgi [None req-7f21d3ff-ec54-4b4e-b345-8b3a374212df tempest-SnapshotMetadataTestJSON-503438591 tempest-SnapshotMetadataTestJSON-503438591-project] http://10.222.0.39/volume/v3/4f4d7689031b4d1dab0faa24ce0c2821/snapshots/6e853040-678d-42e5-b0a7-b773b063b736 returned with HTTP 200
Jun 20 06:12:47.093079 dv-cinder-804035-47-iscsi devstack@c-api.service[110701]: [pid: 110701|app: 0|req: 240/460] 10.222.0.39 () {58 vars in 1330 bytes} [Mon Jun 20 06:12:47 2022] GET /volume/v3/4f4d7689031b4d1dab0faa24ce0c2821/snapshots/6e853040-678d-42e5-b0a7-b773b063b736 => generated 443 bytes in 21 msecs (HTTP/1.1 200) 7 headers in 285 bytes (2 switches on core 0)
Jun 20 06:12:47.153797 dv-cinder-804035-47-iscsi devstack@c-api.service[110700]: DEBUG cinder.api.middleware.request_id [None req-289cf43c-3f43-49c7-a56f-e4ac07e9dc04 None None] RequestId filter calling following filter/app {{(pid=110700) _context_setter /opt/stack/cinder/cinder/api/middleware/request_id.py:62}}
Jun 20 06:12:47.157466 dv-cinder-804035-47-iscsi devstack@c-api.service[110700]: INFO cinder.api.openstack.wsgi [None req-289cf43c-3f43-49c7-a56f-e4ac07e9dc04 tempest-DeleteServersTestJSON-509493720 tempest-DeleteServersTestJSON-509493720-project] GET http://10.222.0.39/volume/v3/a1c5be30cc344f1cacb822eb5b55d461/volumes/a545c137-7b5f-4109-a456-ddf4ba142cd9
Jun 20 06:12:47.157907 dv-cinder-804035-47-iscsi devstack@c-api.service[110700]: DEBUG cinder.api.openstack.wsgi [None req-289cf43c-3f43-49c7-a56f-e4ac07e9dc04 tempest-DeleteServersTestJSON-509493720 tempest-DeleteServersTestJSON-509493720-project] Empty body provided in request {{(pid=110700) get_body /opt/stack/cinder/cinder/api/openstack/wsgi.py:715}}
Jun 20 06:12:47.158363 dv-cinder-804035-47-iscsi devstack@c-api.service[110700]: DEBUG cinder.api.openstack.wsgi [None req-289cf43c-3f43-49c7-a56f-e4ac07e9dc04 tempest-DeleteServersTestJSON-509493720 tempest-DeleteServersTestJSON-509493720-project] Calling method 'show' {{(pid=110700) _process_stack /opt/stack/cinder/cinder/api/openstack/wsgi.py:868}}
Jun 20 06:12:47.160487 dv-cinder-804035-47-iscsi devstack@c-api.service[110700]: DEBUG dbcounter [-] [110700] Writing DB stats cinder:SELECT=100 {{(pid=110700) stat_writer /usr/local/lib/python3.8/dist-packages/dbcounter.py:114}}
Jun 20 06:12:47.165086 dv-cinder-804035-47-iscsi devstack@c-api.service[110701]: DEBUG cinder.api.middleware.request_id [None req-19fd8948-1905-4e71-9d1b-f5909252da3d None None] RequestId filter calling following filter/app {{(pid=110701) _context_setter /opt/stack/cinder/cinder/api/middleware/request_id.py:62}}
Jun 20 06:12:47.168545 dv-cinder-804035-47-iscsi devstack@c-api.service[110701]: INFO cinder.api.openstack.wsgi [None req-19fd8948-1905-4e71-9d1b-f5909252da3d tempest-VolumesImageMetadata-1444719681 tempest-VolumesImageMetadata-1444719681-project] GET http://10.222.0.39/volume/v3/0b6403e33fd841ff932a8bf1b2aad874/volumes/8cca8585-78e5-49a8-a8ad-b2ec0f8627a9
Jun 20 06:12:47.169038 dv-cinder-804035-47-iscsi devstack@c-api.service[110701]: DEBUG cinder.api.openstack.wsgi [None req-19fd8948-1905-4e71-9d1b-f5909252da3d tempest-VolumesImageMetadata-1444719681 tempest-VolumesImageMetadata-1444719681-project] Empty body provided in request {{(pid=110701) get_body /opt/stack/cinder/cinder/api/openstack/wsgi.py:715}}
Jun 20 06:12:47.169484 dv-cinder-804035-47-iscsi devstack@c-api.service[110701]: DEBUG cinder.api.openstack.wsgi [None req-19fd8948-1905-4e71-9d1b-f5909252da3d tempest-VolumesImageMetadata-1444719681 tempest-VolumesImageMetadata-1444719681-project] Calling method 'show' {{(pid=110701) _process_stack /opt/stack/cinder/cinder/api/openstack/wsgi.py:868}}
Jun 20 06:12:47.178743 dv-cinder-804035-47-iscsi devstack@c-api.service[110700]: /usr/local/lib/python3.8/dist-packages/oslo_context/context.py:100: DeprecationWarning: Policy enforcement is depending on the value of is_admin. This key is deprecated. Please update your policy file to use the standard policy values.
Jun 20 06:12:47.178743 dv-cinder-804035-47-iscsi devstack@c-api.service[110700]: warnings.warn('Policy enforcement is depending on the value of '
Jun 20 06:12:47.183457 dv-cinder-804035-47-iscsi devstack@c-api.service[110701]: /usr/local/lib/python3.8/dist-packages/oslo_context/context.py:100: DeprecationWarning: Policy enforcement is depending on the value of is_admin. This key is deprecated. Please update your policy file to use the standard policy values.
Jun 20 06:12:47.183457 dv-cinder-804035-47-iscsi devstack@c-api.service[110701]: warnings.warn('Policy enforcement is depending on the value of '
Jun 20 06:12:47.184995 dv-cinder-804035-47-iscsi devstack@c-api.service[110700]: INFO cinder.volume.api [None req-289cf43c-3f43-49c7-a56f-e4ac07e9dc04 tempest-DeleteServersTestJSON-509493720 tempest-DeleteServersTestJSON-509493720-project] Volume info retrieved successfully.
Jun 20 06:12:47.190261 dv-cinder-804035-47-iscsi devstack@c-api.service[110701]: INFO cinder.volume.api [None req-19fd8948-1905-4e71-9d1b-f5909252da3d tempest-VolumesImageMetadata-1444719681 tempest-VolumesImageMetadata-1444719681-project] Volume info retrieved successfully.
Jun 20 06:12:47.194622 dv-cinder-804035-47-iscsi devstack@c-api.service[110700]: INFO cinder.api.openstack.wsgi [None req-289cf43c-3f43-49c7-a56f-e4ac07e9dc04 tempest-DeleteServersTestJSON-509493720 tempest-DeleteServersTestJSON-509493720-project] http://10.222.0.39/volume/v3/a1c5be30cc344f1cacb822eb5b55d461/volumes/a545c137-7b5f-4109-a456-ddf4ba142cd9 returned with HTTP 200
Jun 20 06:12:47.195352 dv-cinder-804035-47-iscsi devstack@c-api.service[110700]: [pid: 110700|app: 0|req: 221/461] 10.222.0.39 () {58 vars in 1324 bytes} [Mon Jun 20 06:12:47 2022] GET /volume/v3/a1c5be30cc344f1cacb822eb5b55d461/volumes/a545c137-7b5f-4109-a456-ddf4ba142cd9 => generated 914 bytes in 43 msecs (HTTP/1.1 200) 7 headers in 285 bytes (2 switches on core 0)
Jun 20 06:12:47.196500 dv-cinder-804035-47-iscsi devstack@c-api.service[110700]: DEBUG cinder.api.middleware.request_id [None req-f8256c2a-1f49-4d27-a074-60f4f7bd1743 None None] RequestId filter calling following filter/app {{(pid=110700) _context_setter /opt/stack/cinder/cinder/api/middleware/request_id.py:62}}
Jun 20 06:12:47.199662 dv-cinder-804035-47-iscsi devstack@c-api.service[110701]: INFO cinder.api.openstack.wsgi [None req-19fd8948-1905-4e71-9d1b-f5909252da3d tempest-VolumesImageMetadata-1444719681 tempest-VolumesImageMetadata-1444719681-project] http://10.222.0.39/volume/v3/0b6403e33fd841ff932a8bf1b2aad874/volumes/8cca8585-78e5-49a8-a8ad-b2ec0f8627a9 returned with HTTP 200
Jun 20 06:12:47.200364 dv-cinder-804035-47-iscsi devstack@c-api.service[110701]: [pid: 110701|app: 0|req: 241/462] 10.222.0.39 () {58 vars in 1324 bytes} [Mon Jun 20 06:12:47 2022] GET /volume/v3/0b6403e33fd841ff932a8bf1b2aad874/volumes/8cca8585-78e5-49a8-a8ad-b2ec0f8627a9 => generated 912 bytes in 36 msecs (HTTP/1.1 200) 7 headers in 285 bytes (2 switches on core 0)
Jun 20 06:12:47.212109 dv-cinder-804035-47-iscsi devstack@c-api.service[110700]: INFO cinder.api.openstack.wsgi [None req-f8256c2a-1f49-4d27-a074-60f4f7bd1743 tempest-VolumesExtendTest-1316712403 tempest-VolumesExtendTest-1316712403-project] GET http://10.222.0.39/volume/v3/248f06d996aa4a20a2c56fdef9550e12/volumes/019f2da7-fee8-4593-bf32-43515049bb17
Jun 20 06:12:47.212560 dv-cinder-804035-47-iscsi devstack@c-api.service[110700]: DEBUG cinder.api.openstack.wsgi [None req-f8256c2a-1f49-4d27-a074-60f4f7bd1743 tempest-VolumesExtendTest-1316712403 tempest-VolumesExtendTest-1316712403-project] Empty body provided in request {{(pid=110700) get_body /opt/stack/cinder/cinder/api/openstack/wsgi.py:715}}
Jun 20 06:12:47.213044 dv-cinder-804035-47-iscsi devstack@c-api.service[110700]: DEBUG cinder.api.openstack.wsgi [None req-f8256c2a-1f49-4d27-a074-60f4f7bd1743 tempest-VolumesExtendTest-1316712403 tempest-VolumesExtendTest-1316712403-project] Calling method 'show' {{(pid=110700) _process_stack /opt/stack/cinder/cinder/api/openstack/wsgi.py:868}}
Jun 20 06:12:47.226740 dv-cinder-804035-47-iscsi devstack@c-api.service[110700]: /usr/local/lib/python3.8/dist-packages/oslo_context/context.py:100: DeprecationWarning: Policy enforcement is depending on the value of is_admin. This key is deprecated. Please update your policy file to use the standard policy values.
Jun 20 06:12:47.226740 dv-cinder-804035-47-iscsi devstack@c-api.service[110700]: warnings.warn('Policy enforcement is depending on the value of '
Jun 20 06:12:47.232939 dv-cinder-804035-47-iscsi devstack@c-api.service[110700]: INFO cinder.volume.api [None req-f8256c2a-1f49-4d27-a074-60f4f7bd1743 tempest-VolumesExtendTest-1316712403 tempest-VolumesExtendTest-1316712403-project] Volume info retrieved successfully.
Jun 20 06:12:47.241938 dv-cinder-804035-47-iscsi devstack@c-api.service[110700]: INFO cinder.api.openstack.wsgi [None req-f8256c2a-1f49-4d27-a074-60f4f7bd1743 tempest-VolumesExtendTest-1316712403 tempest-VolumesExtendTest-1316712403-project] http://10.222.0.39/volume/v3/248f06d996aa4a20a2c56fdef9550e12/volumes/019f2da7-fee8-4593-bf32-43515049bb17 returned with HTTP 200
Jun 20 06:12:47.242655 dv-cinder-804035-47-iscsi devstack@c-api.service[110700]: [pid: 110700|app: 0|req: 222/463] 10.222.0.39 () {58 vars in 1324 bytes} [Mon Jun 20 06:12:47 2022] GET /volume/v3/248f06d996aa4a20a2c56fdef9550e12/volumes/019f2da7-fee8-4593-bf32-43515049bb17 => generated 908 bytes in 47 msecs (HTTP/1.1 200) 7 headers in 285 bytes (1 switches on core 0)
Jun 20 06:12:48.101126 dv-cinder-804035-47-iscsi devstack@c-api.service[110701]: DEBUG cinder.api.middleware.request_id [None req-439a7a8d-18df-461a-b446-d98e0969d32f None None] RequestId filter calling following filter/app {{(pid=110701) _context_setter /opt/stack/cinder/cinder/api/middleware/request_id.py:62}}
Jun 20 06:12:48.105434 dv-cinder-804035-47-iscsi devstack@c-api.service[110701]: INFO cinder.api.openstack.wsgi [None req-439a7a8d-18df-461a-b446-d98e0969d32f tempest-SnapshotMetadataTestJSON-503438591 tempest-SnapshotMetadataTestJSON-503438591-project] GET http://10.222.0.39/volume/v3/4f4d7689031b4d1dab0faa24ce0c2821/snapshots/6e853040-678d-42e5-b0a7-b773b063b736
Jun 20 06:12:48.105885 dv-cinder-804035-47-iscsi devstack@c-api.service[110701]: DEBUG cinder.api.openstack.wsgi [None req-439a7a8d-18df-461a-b446-d98e0969d32f tempest-SnapshotMetadataTestJSON-503438591 tempest-SnapshotMetadataTestJSON-503438591-project] Empty body provided in request {{(pid=110701) get_body /opt/stack/cinder/cinder/api/openstack/wsgi.py:715}}
Jun 20 06:12:48.106323 dv-cinder-804035-47-iscsi devstack@c-api.service[110701]: DEBUG cinder.api.openstack.wsgi [None req-439a7a8d-18df-461a-b446-d98e0969d32f tempest-SnapshotMetadataTestJSON-503438591 tempest-SnapshotMetadataTestJSON-503438591-project] Calling method 'show' {{(pid=110701) _process_stack /opt/stack/cinder/cinder/api/openstack/wsgi.py:868}}
Jun 20 06:12:48.117773 dv-cinder-804035-47-iscsi devstack@c-api.service[110701]: /usr/local/lib/python3.8/dist-packages/oslo_context/context.py:100: DeprecationWarning: Policy enforcement is depending on the value of is_admin. This key is deprecated. Please update your policy file to use the standard policy values.
Jun 20 06:12:48.117773 dv-cinder-804035-47-iscsi devstack@c-api.service[110701]: warnings.warn('Policy enforcement is depending on the value of '
Jun 20 06:12:48.118738 dv-cinder-804035-47-iscsi devstack@c-api.service[110701]: INFO cinder.volume.api [None req-439a7a8d-18df-461a-b446-d98e0969d32f tempest-SnapshotMetadataTestJSON-503438591 tempest-SnapshotMetadataTestJSON-503438591-project] Snapshot retrieved successfully.
Jun 20 06:12:48.120490 dv-cinder-804035-47-iscsi devstack@c-api.service[110701]: INFO cinder.api.openstack.wsgi [None req-439a7a8d-18df-461a-b446-d98e0969d32f tempest-SnapshotMetadataTestJSON-503438591 tempest-SnapshotMetadataTestJSON-503438591-project] http://10.222.0.39/volume/v3/4f4d7689031b4d1dab0faa24ce0c2821/snapshots/6e853040-678d-42e5-b0a7-b773b063b736 returned with HTTP 200
Jun 20 06:12:48.121236 dv-cinder-804035-47-iscsi devstack@c-api.service[110701]: [pid: 110701|app: 0|req: 242/464] 10.222.0.39 () {58 vars in 1330 bytes} [Mon Jun 20 06:12:48 2022] GET /volume/v3/4f4d7689031b4d1dab0faa24ce0c2821/snapshots/6e853040-678d-42e5-b0a7-b773b063b736 => generated 443 bytes in 22 msecs (HTTP/1.1 200) 7 headers in 285 bytes (2 switches on core 0)
Jun 20 06:12:48.207641 dv-cinder-804035-47-iscsi devstack@c-api.service[110700]: DEBUG cinder.api.middleware.request_id [None req-7df15eb1-e6da-4cbe-a777-d16980ab6a9c None None] RequestId filter calling following filter/app {{(pid=110700) _context_setter /opt/stack/cinder/cinder/api/middleware/request_id.py:62}}
Jun 20 06:12:48.211231 dv-cinder-804035-47-iscsi devstack@c-api.service[110700]: INFO cinder.api.openstack.wsgi [None req-7df15eb1-e6da-4cbe-a777-d16980ab6a9c tempest-DeleteServersTestJSON-509493720 tempest-DeleteServersTestJSON-509493720-project] GET http://10.222.0.39/volume/v3/a1c5be30cc344f1cacb822eb5b55d461/volumes/a545c137-7b5f-4109-a456-ddf4ba142cd9
Jun 20 06:12:48.211673 dv-cinder-804035-47-iscsi devstack@c-api.service[110700]: DEBUG cinder.api.openstack.wsgi [None req-7df15eb1-e6da-4cbe-a777-d16980ab6a9c tempest-DeleteServersTestJSON-509493720 tempest-DeleteServersTestJSON-509493720-project] Empty body provided in request {{(pid=110700) get_body /opt/stack/cinder/cinder/api/openstack/wsgi.py:715}}
Jun 20 06:12:48.212150 dv-cinder-804035-47-iscsi devstack@c-api.service[110700]: DEBUG cinder.api.openstack.wsgi [None req-7df15eb1-e6da-4cbe-a777-d16980ab6a9c tempest-DeleteServersTestJSON-509493720 tempest-DeleteServersTestJSON-509493720-project] Calling method 'show' {{(pid=110700) _process_stack /opt/stack/cinder/cinder/api/openstack/wsgi.py:868}}
Jun 20 06:12:48.212481 dv-cinder-804035-47-iscsi devstack@c-api.service[110701]: DEBUG cinder.api.middleware.request_id [None req-eb28f6b5-2e10-483e-8eb9-4e27e9aa2aa3 None None] RequestId filter calling following filter/app {{(pid=110701) _context_setter /opt/stack/cinder/cinder/api/middleware/request_id.py:62}}
Jun 20 06:12:48.215916 dv-cinder-804035-47-iscsi devstack@c-api.service[110701]: INFO cinder.api.openstack.wsgi [None req-eb28f6b5-2e10-483e-8eb9-4e27e9aa2aa3 tempest-VolumesImageMetadata-1444719681 tempest-VolumesImageMetadata-1444719681-project] GET http://10.222.0.39/volume/v3/0b6403e33fd841ff932a8bf1b2aad874/volumes/8cca8585-78e5-49a8-a8ad-b2ec0f8627a9
Jun 20 06:12:48.216350 dv-cinder-804035-47-iscsi devstack@c-api.service[110701]: DEBUG cinder.api.openstack.wsgi [None req-eb28f6b5-2e10-483e-8eb9-4e27e9aa2aa3 tempest-VolumesImageMetadata-1444719681 tempest-VolumesImageMetadata-1444719681-project] Empty body provided in request {{(pid=110701) get_body /opt/stack/cinder/cinder/api/openstack/wsgi.py:715}}
Jun 20 06:12:48.216871 dv-cinder-804035-47-iscsi devstack@c-api.service[110701]: DEBUG cinder.api.openstack.wsgi [None req-eb28f6b5-2e10-483e-8eb9-4e27e9aa2aa3 tempest-VolumesImageMetadata-1444719681 tempest-VolumesImageMetadata-1444719681-project] Calling method 'show' {{(pid=110701) _process_stack /opt/stack/cinder/cinder/api/openstack/wsgi.py:868}}
Jun 20 06:12:48.232109 dv-cinder-804035-47-iscsi devstack@c-api.service[110700]: /usr/local/lib/python3.8/dist-packages/oslo_context/context.py:100: DeprecationWarning: Policy enforcement is depending on the value of is_admin. This key is deprecated. Please update your policy file to use the standard policy values.
Jun 20 06:12:48.232109 dv-cinder-804035-47-iscsi devstack@c-api.service[110700]: warnings.warn('Policy enforcement is depending on the value of '
Jun 20 06:12:48.232330 dv-cinder-804035-47-iscsi devstack@c-api.service[110701]: /usr/local/lib/python3.8/dist-packages/oslo_context/context.py:100: DeprecationWarning: Policy enforcement is depending on the value of is_admin. This key is deprecated. Please update your policy file to use the standard policy values.
Jun 20 06:12:48.232330 dv-cinder-804035-47-iscsi devstack@c-api.service[110701]: warnings.warn('Policy enforcement is depending on the value of '
Jun 20 06:12:48.238943 dv-cinder-804035-47-iscsi devstack@c-api.service[110701]: INFO cinder.volume.api [None req-eb28f6b5-2e10-483e-8eb9-4e27e9aa2aa3 tempest-VolumesImageMetadata-1444719681 tempest-VolumesImageMetadata-1444719681-project] Volume info retrieved successfully.
Jun 20 06:12:48.239076 dv-cinder-804035-47-iscsi devstack@c-api.service[110700]: INFO cinder.volume.api [None req-7df15eb1-e6da-4cbe-a777-d16980ab6a9c tempest-DeleteServersTestJSON-509493720 tempest-DeleteServersTestJSON-509493720-project] Volume info retrieved successfully.
Jun 20 06:12:48.247676 dv-cinder-804035-47-iscsi devstack@c-api.service[110701]: INFO cinder.api.openstack.wsgi [None req-eb28f6b5-2e10-483e-8eb9-4e27e9aa2aa3 tempest-VolumesImageMetadata-1444719681 tempest-VolumesImageMetadata-1444719681-project] http://10.222.0.39/volume/v3/0b6403e33fd841ff932a8bf1b2aad874/volumes/8cca8585-78e5-49a8-a8ad-b2ec0f8627a9 returned with HTTP 200
Jun 20 06:12:48.248141 dv-cinder-804035-47-iscsi devstack@c-api.service[110700]: INFO cinder.api.openstack.wsgi [None req-7df15eb1-e6da-4cbe-a777-d16980ab6a9c tempest-DeleteServersTestJSON-509493720 tempest-DeleteServersTestJSON-509493720-project] http://10.222.0.39/volume/v3/a1c5be30cc344f1cacb822eb5b55d461/volumes/a545c137-7b5f-4109-a456-ddf4ba142cd9 returned with HTTP 200
Jun 20 06:12:48.248752 dv-cinder-804035-47-iscsi devstack@c-api.service[110701]: [pid: 110701|app: 0|req: 243/465] 10.222.0.39 () {58 vars in 1324 bytes} [Mon Jun 20 06:12:48 2022] GET /volume/v3/0b6403e33fd841ff932a8bf1b2aad874/volumes/8cca8585-78e5-49a8-a8ad-b2ec0f8627a9 => generated 912 bytes in 37 msecs (HTTP/1.1 200) 7 headers in 285 bytes (2 switches on core 0)
Jun 20 06:12:48.252509 dv-cinder-804035-47-iscsi devstack@c-api.service[110700]: [pid: 110700|app: 0|req: 223/466] 10.222.0.39 () {58 vars in 1324 bytes} [Mon Jun 20 06:12:48 2022] GET /volume/v3/a1c5be30cc344f1cacb822eb5b55d461/volumes/a545c137-7b5f-4109-a456-ddf4ba142cd9 => generated 914 bytes in 46 msecs (HTTP/1.1 200) 7 headers in 285 bytes (1 switches on core 0)
Jun 20 06:12:48.255248 dv-cinder-804035-47-iscsi devstack@c-api.service[110701]: DEBUG cinder.api.middleware.request_id [None req-1eea471e-0de7-4e2a-8b5a-0a8cc46ef51b None None] RequestId filter calling following filter/app {{(pid=110701) _context_setter /opt/stack/cinder/cinder/api/middleware/request_id.py:62}}
