May 19 12:20:21.676874 dv-cinder-804035-46-smb neutron-server[104438]: DEBUG neutron.api.v2.base [None req-3cab5732-6fa4-449e-bf31-66a7819f2564 admin admin] Request body: {'subnet': {'network_id': '0355307a-5001-422a-90ff-4eba9ee9543c', 'cidr': '172.20.0.0/28', 'name': 'tempest-EncryptedVolumesExtendAttachedTest-207108960-subnet', 'tenant_id': '3a6de5baeeff4e4490019469d67edcbe', 'enable_dhcp': False, 'ip_version': 4}} {{(pid=104438) prepare_request_body /opt/stack/neutron/neutron/api/v2/base.py:730}}
May 19 12:20:21.792883 dv-cinder-804035-46-smb neutron-server[104440]: DEBUG neutron.db.l3_dvr_db [None req-cef909e3-6645-4312-93b8-8830ed2a1366 None None] Set router 544256ac-525d-4338-9973-c1767b099ef6 gateway port host: dv-cinder-804035-46-smb {{(pid=104440) _build_routers_list /opt/stack/neutron/neutron/db/l3_dvr_db.py:906}}
May 19 12:20:21.863391 dv-cinder-804035-46-smb neutron-server[104437]: DEBUG neutron_lib.callbacks.manager [None req-5a027297-7385-4224-bb3e-3319ab3402aa admin admin] Publish callbacks [] for port (b5415b28-4e56-42e6-9ce3-5b3e059bdce2), precommit_create {{(pid=104437) _notify_loop /usr/local/lib/python3.8/dist-packages/neutron_lib/callbacks/manager.py:176}}
May 19 12:20:21.874218 dv-cinder-804035-46-smb neutron-server[104438]: DEBUG neutron.pecan_wsgi.hooks.quota_enforcement [None req-3cab5732-6fa4-449e-bf31-66a7819f2564 admin admin] Made reservation on behalf of 3a6de5baeeff4e4490019469d67edcbe for: {'subnet': 1} {{(pid=104438) before /opt/stack/neutron/neutron/pecan_wsgi/hooks/quota_enforcement.py:53}}
May 19 12:20:21.881706 dv-cinder-804035-46-smb neutron-server[104438]: DEBUG neutron_lib.callbacks.manager [None req-3cab5732-6fa4-449e-bf31-66a7819f2564 admin admin] Publish callbacks [] for subnet (None), before_create {{(pid=104438) _notify_loop /usr/local/lib/python3.8/dist-packages/neutron_lib/callbacks/manager.py:176}}
May 19 12:20:21.914114 dv-cinder-804035-46-smb neutron-server[104439]: DEBUG dbcounter [-] [104439] Writing DB stats neutron:SELECT=94,neutron:INSERT=5,neutron:UPDATE=1 {{(pid=104439) stat_writer /usr/local/lib/python3.8/dist-packages/dbcounter.py:114}}
May 19 12:20:21.965325 dv-cinder-804035-46-smb neutron-server[104438]: DEBUG neutron_lib.callbacks.manager [None req-219309f2-9551-4f47-b26f-0f9f86ce1e78 admin admin] Publish callbacks ['neutron.plugins.ml2.plugin.SecurityGroupServerNotifierRpcMixin._notify_sg_on_port_change-719566', 'neutron.plugins.ml2.ovo_rpc._ObjectChangeHandler.handle_event-322128', 'neutron.api.rpc.agentnotifiers.dhcp_rpc_agent_api.DhcpAgentNotifyAPI._native_event_send_dhcp_notification-3918725', 'neutron.db.l3_dvrscheduler_db._notify_l3_agent_new_port-8756618188593'] for port (e26ac5b4-e2a6-42ac-993c-0a932cb25e39), after_create {{(pid=104438) _notify_loop /usr/local/lib/python3.8/dist-packages/neutron_lib/callbacks/manager.py:176}}
May 19 12:20:22.018305 dv-cinder-804035-46-smb neutron-server[104437]: DEBUG neutron_lib.callbacks.manager [None req-5a027297-7385-4224-bb3e-3319ab3402aa admin admin] Publish callbacks ['neutron.plugins.ml2.plugin.SecurityGroupServerNotifierRpcMixin._notify_sg_on_port_change-719566', 'neutron.plugins.ml2.ovo_rpc._ObjectChangeHandler.handle_event-322128', 'neutron.api.rpc.agentnotifiers.dhcp_rpc_agent_api.DhcpAgentNotifyAPI._native_event_send_dhcp_notification-3918725', 'neutron.db.l3_dvrscheduler_db._notify_l3_agent_new_port-8756618188593'] for port (b5415b28-4e56-42e6-9ce3-5b3e059bdce2), after_create {{(pid=104437) _notify_loop /usr/local/lib/python3.8/dist-packages/neutron_lib/callbacks/manager.py:176}}
May 19 12:20:22.082685 dv-cinder-804035-46-smb neutron-server[104438]: DEBUG neutron.scheduler.dhcp_agent_scheduler [None req-219309f2-9551-4f47-b26f-0f9f86ce1e78 admin admin] Network 9ab7bf0c-d335-43a7-98b2-404b441560f8 is already hosted by enough agents. {{(pid=104438) _get_dhcp_agents_hosting_network /opt/stack/neutron/neutron/scheduler/dhcp_agent_scheduler.py:275}}
May 19 12:20:22.091134 dv-cinder-804035-46-smb neutron-server[104438]: DEBUG neutron.scheduler.base_scheduler [None req-219309f2-9551-4f47-b26f-0f9f86ce1e78 admin admin] Resources bound (agent type, host, resource id): {{(pid=104438) schedule /opt/stack/neutron/neutron/scheduler/base_scheduler.py:57}}
May 19 12:20:22.101885 dv-cinder-804035-46-smb neutron-server[104438]: DEBUG neutron.db.l3_dvrscheduler_db [None req-219309f2-9551-4f47-b26f-0f9f86ce1e78 admin admin] Received port after_create {{(pid=104438) _notify_l3_agent_new_port /opt/stack/neutron/neutron/db/l3_dvrscheduler_db.py:536}}
May 19 12:20:22.102378 dv-cinder-804035-46-smb neutron-server[104438]: DEBUG neutron_lib.callbacks.manager [None req-219309f2-9551-4f47-b26f-0f9f86ce1e78 admin admin] Publish callbacks ['neutron.services.l3_router.l3_router_plugin.DVRResourceOperationHandler._add_csnat_on_interface_create-3779122'] for router_interface (544256ac-525d-4338-9973-c1767b099ef6), before_create {{(pid=104438) _notify_loop /usr/local/lib/python3.8/dist-packages/neutron_lib/callbacks/manager.py:176}}
May 19 12:20:22.141851 dv-cinder-804035-46-smb neutron-server[104438]: DEBUG neutron.api.rpc.handlers.resources_rpc [None req-219309f2-9551-4f47-b26f-0f9f86ce1e78 admin admin] Pushing event updated for resources: {'Port': ['ID=e26ac5b4-e2a6-42ac-993c-0a932cb25e39,revision_number=1']} {{(pid=104438) push /opt/stack/neutron/neutron/api/rpc/handlers/resources_rpc.py:237}}
May 19 12:20:22.145933 dv-cinder-804035-46-smb neutron-server[104440]: DEBUG neutron.db.l3_hamode_db [None req-cef909e3-6645-4312-93b8-8830ed2a1366 None None] neutron.services.l3_router.l3_router_plugin.L3RouterPlugin method _process_sync_ha_data called with arguments (, [{'id': '544256ac-525d-4338-9973-c1767b099ef6', 'name': 'tempest-AttachVolumeNegativeTest-765325856-router', 'tenant_id': '0b406ff0790a4c4e838ff9d1af8f7ba2', 'admin_state_up': True, 'status': 'ACTIVE', 'external_gateway_info': {'network_id': '9fda14c9-d180-41a5-ab4b-38bd6ce7fb78', 'external_fixed_ips': [{'subnet_id': 'c3a5115b-b11f-44f9-8b05-ca79f0711e91', 'ip_address': '172.28.0.39'}], 'enable_snat': True}, 'gw_port_id': '0638f60d-8b79-4c91-be96-590df639999d', 'description': '', 'availability_zones': ['nova'], 'distributed': False, 'ha': False, 'ha_vr_id': 0, 'availability_zone_hints': [], 'routes': [], 'flavor_id': None, 'tags': [], 'created_at': '2022-05-19T12:20:15Z', 'updated_at': '2022-05-19T12:20:18Z', 'revision_number': 3, 'project_id': '0b406ff0790a4c4e838ff9d1af8f7ba2', 'gw_port': {'id': '0638f60d-8b79-4c91-be96-590df639999d', 'name': '', 'network_id': '9fda14c9-d180-41a5-ab4b-38bd6ce7fb78', 'tenant_id': '', 'mac_address': 'fa:16:3e:df:1e:db', 'admin_state_up': True, 'status': 'DOWN', 'device_id': '544256ac-525d-4338-9973-c1767b099ef6', 'device_owner': 'network:router_gateway', 'standard_attr_id': 71, 'fixed_ips': [{'subnet_id': 'c3a5115b-b11f-44f9-8b05-ca79f0711e91', 'ip_address': '172.28.0.39', 'prefixlen': 24}], 'allowed_address_pairs': [], 'extra_dhcp_opts': [], 'security_groups': [], 'description': '', 'binding:vnic_type': 'normal', 'binding:profile': {}, 'binding:host_id': 'dv-cinder-804035-46-smb', 'binding:vif_type': 'ovs', 'binding:vif_details': {'connectivity': 'l2', 'port_filter': True, 'ovs_hybrid_plug': False, 'datapath_type': 'system', 'bridge_name': 'br-int', 'bound_drivers': {'0': 'openvswitch'}}, 'port_security_enabled': False, 'tags': [], 'created_at': '2022-05-19T12:20:16Z', 'updated_at': '2022-05-19T12:20:21Z', 'revision_number': 3, 'project_id': '', 'subnets': [{'id': 'c3a5115b-b11f-44f9-8b05-ca79f0711e91', 'cidr': '172.28.0.0/24', 'gateway_ip': '172.28.0.1', 'dns_nameservers': [], 'ipv6_ra_mode': None, 'subnetpool_id': None}], 'extra_subnets': [], 'address_scopes': {4: None, 6: None}, 'mtu': 1500}, 'enable_snat': True, 'gw_port_host': 'dv-cinder-804035-46-smb'}], 'dv-cinder-804035-46-smb', False) {} {{(pid=104440) wrapper /usr/local/lib/python3.8/dist-packages/oslo_log/helpers.py:65}}
May 19 12:20:22.212839 dv-cinder-804035-46-smb neutron-server[104440]: DEBUG neutron.api.rpc.handlers.l3_rpc [None req-cef909e3-6645-4312-93b8-8830ed2a1366 None None] The sync data for ids ['544256ac-525d-4338-9973-c1767b099ef6'] in dv-cinder-804035-46-smb is: [{'id': '544256ac-525d-4338-9973-c1767b099ef6', 'name': 'tempest-AttachVolumeNegativeTest-765325856-router', 'tenant_id': '0b406ff0790a4c4e838ff9d1af8f7ba2', 'admin_state_up': True, 'status': 'ACTIVE', 'external_gateway_info': {'network_id': '9fda14c9-d180-41a5-ab4b-38bd6ce7fb78', 'external_fixed_ips': [{'subnet_id': 'c3a5115b-b11f-44f9-8b05-ca79f0711e91', 'ip_address': '172.28.0.39'}], 'enable_snat': True}, 'gw_port_id': '0638f60d-8b79-4c91-be96-590df639999d', 'description': '', 'availability_zones': ['nova'], 'distributed': False, 'ha': False, 'ha_vr_id': 0, 'availability_zone_hints': [], 'routes': [], 'flavor_id': None, 'tags': [], 'created_at': '2022-05-19T12:20:15Z', 'updated_at': '2022-05-19T12:20:18Z', 'revision_number': 3, 'project_id': '0b406ff0790a4c4e838ff9d1af8f7ba2', 'gw_port': {'id': '0638f60d-8b79-4c91-be96-590df639999d', 'name': '', 'network_id': '9fda14c9-d180-41a5-ab4b-38bd6ce7fb78', 'tenant_id': '', 'mac_address': 'fa:16:3e:df:1e:db', 'admin_state_up': True, 'status': 'DOWN', 'device_id': '544256ac-525d-4338-9973-c1767b099ef6', 'device_owner': 'network:router_gateway', 'standard_attr_id': 71, 'fixed_ips': [{'subnet_id': 'c3a5115b-b11f-44f9-8b05-ca79f0711e91', 'ip_address': '172.28.0.39', 'prefixlen': 24}], 'allowed_address_pairs': [], 'extra_dhcp_opts': [], 'security_groups': [], 'description': '', 'binding:vnic_type': 'normal', 'binding:profile': {}, 'binding:host_id': 'dv-cinder-804035-46-smb', 'binding:vif_type': 'ovs', 'binding:vif_details': {'connectivity': 'l2', 'port_filter': True, 'ovs_hybrid_plug': False, 'datapath_type': 'system', 'bridge_name': 'br-int', 'bound_drivers': {'0': 'openvswitch'}}, 'port_security_enabled': False, 'tags': [], 'created_at': '2022-05-19T12:20:16Z', 'updated_at': '2022-05-19T12:20:21Z', 'revision_number': 3, 'project_id': '', 'subnets': [{'id': 'c3a5115b-b11f-44f9-8b05-ca79f0711e91', 'cidr': '172.28.0.0/24', 'gateway_ip': '172.28.0.1', 'dns_nameservers': [], 'ipv6_ra_mode': None, 'subnetpool_id': None}], 'extra_subnets': [], 'address_scopes': {4: None, 6: None}, 'mtu': 1500}, 'enable_snat': True, 'gw_port_host': 'dv-cinder-804035-46-smb'}] {{(pid=104440) sync_routers /opt/stack/neutron/neutron/api/rpc/handlers/l3_rpc.py:137}}
May 19 12:20:22.297826 dv-cinder-804035-46-smb neutron-server[104439]: DEBUG dbcounter [-] [104439] Writing DB stats neutron:INSERT=6,neutron:SELECT=86,neutron:UPDATE=8 {{(pid=104439) stat_writer /usr/local/lib/python3.8/dist-packages/dbcounter.py:114}}
May 19 12:20:22.356318 dv-cinder-804035-46-smb neutron-server[104438]: DEBUG neutron.wsgi [-] (104438) accepted ('10.222.0.24', 58874) {{(pid=104438) server /usr/local/lib/python3.8/dist-packages/eventlet/wsgi.py:1004}}
May 19 12:20:22.358859 dv-cinder-804035-46-smb neutron-server[104437]: DEBUG dbcounter [-] [104437] Writing DB stats neutron:INSERT=13,neutron:SELECT=83,neutron:UPDATE=2,neutron:DELETE=2 {{(pid=104437) stat_writer /usr/local/lib/python3.8/dist-packages/dbcounter.py:114}}
May 19 12:20:22.535532 dv-cinder-804035-46-smb neutron-server[104437]: INFO neutron.wsgi [req-56f68106-96ba-482d-8b9e-e15e19784f38 req-87a35c3a-5d4f-45f3-ac88-e98b82131ac2 tempest-DeleteServersTestJSON-1087935690 tempest-DeleteServersTestJSON-1087935690-project] 10.222.0.24 "GET /v2.0/ports?device_id=87bf6119-0f74-44fa-8635-9687abbd28f1 HTTP/1.1" status: 200 len: 210 time: 0.3481407
May 19 12:20:22.559547 dv-cinder-804035-46-smb neutron-server[104439]: DEBUG neutron_lib.callbacks.manager [None req-8fc07f1c-70d5-4dd0-bd68-bd1718818626 None None] Publish callbacks ['neutron.services.segments.db._update_segment_host_mapping_for_agent-8756618730756', 'neutron.plugins.ml2.plugin.Ml2Plugin._retry_binding_revived_agents-852138'] for agent (5233c319-437b-42cb-895c-8abb7dc91df8), after_update {{(pid=104439) _notify_loop /usr/local/lib/python3.8/dist-packages/neutron_lib/callbacks/manager.py:176}}
May 19 12:20:22.576837 dv-cinder-804035-46-smb neutron-server[104437]: DEBUG neutron.scheduler.dhcp_agent_scheduler [None req-5a027297-7385-4224-bb3e-3319ab3402aa admin admin] Network 9fda14c9-d180-41a5-ab4b-38bd6ce7fb78 is already hosted by enough agents. {{(pid=104437) _get_dhcp_agents_hosting_network /opt/stack/neutron/neutron/scheduler/dhcp_agent_scheduler.py:275}}
May 19 12:20:22.601496 dv-cinder-804035-46-smb neutron-server[104437]: DEBUG neutron.scheduler.base_scheduler [None req-5a027297-7385-4224-bb3e-3319ab3402aa admin admin] Resources bound (agent type, host, resource id): {{(pid=104437) schedule /opt/stack/neutron/neutron/scheduler/base_scheduler.py:57}}
May 19 12:20:22.604959 dv-cinder-804035-46-smb neutron-server[104437]: DEBUG neutron.db.l3_dvrscheduler_db [None req-5a027297-7385-4224-bb3e-3319ab3402aa admin admin] Received port after_create {{(pid=104437) _notify_l3_agent_new_port /opt/stack/neutron/neutron/db/l3_dvrscheduler_db.py:536}}
May 19 12:20:22.751417 dv-cinder-804035-46-smb neutron-server[104439]: DEBUG neutron.db.provisioning_blocks [None req-38ed0f4a-b0a8-4ea9-8d82-95eaa0f27c54 None None] Provisioning complete for port e26ac5b4-e2a6-42ac-993c-0a932cb25e39 triggered by entity DHCP. {{(pid=104439) provisioning_complete /opt/stack/neutron/neutron/db/provisioning_blocks.py:145}}
May 19 12:20:22.751821 dv-cinder-804035-46-smb neutron-server[104439]: DEBUG neutron_lib.callbacks.manager [None req-38ed0f4a-b0a8-4ea9-8d82-95eaa0f27c54 None None] Publish callbacks ['neutron.plugins.ml2.plugin.Ml2Plugin._port_provisioned-852208'] for port (e26ac5b4-e2a6-42ac-993c-0a932cb25e39), provisioning_complete {{(pid=104439) _notify_loop /usr/local/lib/python3.8/dist-packages/neutron_lib/callbacks/manager.py:176}}
May 19 12:20:22.884905 dv-cinder-804035-46-smb neutron-server[104439]: DEBUG neutron.plugins.ml2.plugin [None req-38ed0f4a-b0a8-4ea9-8d82-95eaa0f27c54 None None] Port e26ac5b4-e2a6-42ac-993c-0a932cb25e39 cannot update to ACTIVE because it is not bound. {{(pid=104439) _port_provisioned /opt/stack/neutron/neutron/plugins/ml2/plugin.py:352}}
May 19 12:20:22.893808 dv-cinder-804035-46-smb neutron-server[104437]: DEBUG neutron.api.rpc.handlers.resources_rpc [None req-5a027297-7385-4224-bb3e-3319ab3402aa admin admin] Pushing event updated for resources: {'Port': ['ID=b5415b28-4e56-42e6-9ce3-5b3e059bdce2,revision_number=1']} {{(pid=104437) push /opt/stack/neutron/neutron/api/rpc/handlers/resources_rpc.py:237}}
May 19 12:20:22.898024 dv-cinder-804035-46-smb neutron-server[104437]: DEBUG neutron.db.db_base_plugin_common [None req-b463755a-de27-4396-8601-7508a4c50e09 admin admin] Allocated IP 172.28.0.193 (9fda14c9-d180-41a5-ab4b-38bd6ce7fb78/c3a5115b-b11f-44f9-8b05-ca79f0711e91/2b19c022-d174-4d1e-b184-8316b70ff091) {{(pid=104437) _store_ip_allocation /opt/stack/neutron/neutron/db/db_base_plugin_common.py:131}}
May 19 12:20:22.913383 dv-cinder-804035-46-smb neutron-server[104438]: DEBUG neutron_lib.callbacks.manager [None req-d99a17ee-f332-4197-b30f-18e0e33b20b0 admin admin] Publish callbacks [] for security_group (None), before_create {{(pid=104438) _notify_loop /usr/local/lib/python3.8/dist-packages/neutron_lib/callbacks/manager.py:176}}
May 19 12:20:23.042134 dv-cinder-804035-46-smb neutron-server[104438]: DEBUG neutron_lib.callbacks.manager [None req-3cab5732-6fa4-449e-bf31-66a7819f2564 admin admin] Publish callbacks ['neutron.plugins.ml2.ovo_rpc._ObjectChangeHandler.handle_event-3699556', 'neutron.api.rpc.agentnotifiers.dhcp_rpc_agent_api.DhcpAgentNotifyAPI._native_event_send_dhcp_notification-3918725'] for subnet (707f54e1-a8ae-441c-891d-3260f42d3f25), after_create {{(pid=104438) _notify_loop /usr/local/lib/python3.8/dist-packages/neutron_lib/callbacks/manager.py:176}}
May 19 12:20:23.274246 dv-cinder-804035-46-smb neutron-server[104439]: DEBUG neutron.api.rpc.handlers.dhcp_rpc [None req-de11d2f2-e189-484a-8cf4-6533248faaa3 None None] Network 9dacd704-ed7e-4760-9e04-6e063a074238 requested from dv-cinder-804035-46-smb {{(pid=104439) get_network_info /opt/stack/neutron/neutron/api/rpc/handlers/dhcp_rpc.py:191}}
May 19 12:20:23.284195 dv-cinder-804035-46-smb neutron-server[104438]: DEBUG dbcounter [-] [104438] Writing DB stats neutron:INSERT=4,neutron:SELECT=95,neutron:UPDATE=1 {{(pid=104438) stat_writer /usr/local/lib/python3.8/dist-packages/dbcounter.py:114}}
May 19 12:20:23.359011 dv-cinder-804035-46-smb neutron-server[104438]: DEBUG neutron.api.rpc.handlers.resources_rpc [None req-3cab5732-6fa4-449e-bf31-66a7819f2564 admin admin] Pushing event updated for resources: {'Subnet': ['ID=707f54e1-a8ae-441c-891d-3260f42d3f25,revision_number=0']} {{(pid=104438) push /opt/stack/neutron/neutron/api/rpc/handlers/resources_rpc.py:237}}
May 19 12:20:23.378300 dv-cinder-804035-46-smb neutron-server[104438]: DEBUG neutron_lib.callbacks.manager [None req-d99a17ee-f332-4197-b30f-18e0e33b20b0 admin admin] Publish callbacks [] for security_group (edb79be7-f8d5-4c9b-abc7-ff31a68f8f4a), precommit_create {{(pid=104438) _notify_loop /usr/local/lib/python3.8/dist-packages/neutron_lib/callbacks/manager.py:176}}
May 19 12:20:23.379433 dv-cinder-804035-46-smb neutron-server[104438]: DEBUG neutron_lib.callbacks.manager [None req-219309f2-9551-4f47-b26f-0f9f86ce1e78 admin admin] Publish callbacks ['neutron.plugins.ml2.plugin.SecurityGroupDbMixin._ensure_default_security_group_handler-719456'] for port (e26ac5b4-e2a6-42ac-993c-0a932cb25e39), before_update {{(pid=104438) _notify_loop /usr/local/lib/python3.8/dist-packages/neutron_lib/callbacks/manager.py:176}}
May 19 12:20:23.408636 dv-cinder-804035-46-smb neutron-server[104438]: DEBUG neutron.plugins.ml2.drivers.mech_agent [None req-3cab5732-6fa4-449e-bf31-66a7819f2564 admin admin] Checking segment: {'id': '66d4bfd2-5b9e-4821-9411-18c60a74739a', 'network_type': 'vlan', 'physical_network': 'physnet1', 'segmentation_id': 623, 'network_id': '0355307a-5001-422a-90ff-4eba9ee9543c'} for mappings: {'physnet1': 'br-data'} with network types: ['local', 'flat', 'vlan'] {{(pid=104438) check_segment_for_agent /opt/stack/neutron/neutron/plugins/ml2/drivers/mech_agent.py:373}}
May 19 12:20:23.409127 dv-cinder-804035-46-smb neutron-server[104438]: DEBUG neutron.scheduler.dhcp_agent_scheduler [None req-3cab5732-6fa4-449e-bf31-66a7819f2564 admin admin] Network hostable DHCP agents. Network: 0355307a-5001-422a-90ff-4eba9ee9543c, hostable agents: ['bce6ef42-6be8-4494-8c7a-c8f783cd2b65'], hosted agents: [] {{(pid=104438) _get_network_hostable_dhcp_agents /opt/stack/neutron/neutron/scheduler/dhcp_agent_scheduler.py:329}}
May 19 12:20:23.438070 dv-cinder-804035-46-smb neutron-server[104437]: DEBUG neutron_lib.callbacks.manager [None req-b463755a-de27-4396-8601-7508a4c50e09 admin admin] Publish callbacks [] for port (2b19c022-d174-4d1e-b184-8316b70ff091), precommit_create {{(pid=104437) _notify_loop /usr/local/lib/python3.8/dist-packages/neutron_lib/callbacks/manager.py:176}}
May 19 12:20:23.461484 dv-cinder-804035-46-smb neutron-server[104439]: DEBUG neutron.api.rpc.handlers.dhcp_rpc [None req-be54f8de-b016-4b73-8e19-045523ce70aa None None] Network dc1e89dc-8177-488c-9a0b-4755cc4a2691 requested from dv-cinder-804035-46-smb {{(pid=104439) get_network_info /opt/stack/neutron/neutron/api/rpc/handlers/dhcp_rpc.py:191}}
May 19 12:20:23.504995 dv-cinder-804035-46-smb neutron-server[104438]: DEBUG neutron_lib.callbacks.manager [None req-d99a17ee-f332-4197-b30f-18e0e33b20b0 admin admin] Publish callbacks ['neutron.plugins.ml2.ovo_rpc._ObjectChangeHandler.handle_event-3699612'] for security_group (edb79be7-f8d5-4c9b-abc7-ff31a68f8f4a), after_create {{(pid=104438) _notify_loop /usr/local/lib/python3.8/dist-packages/neutron_lib/callbacks/manager.py:176}}
May 19 12:20:23.566141 dv-cinder-804035-46-smb neutron-server[104439]: DEBUG neutron.db.provisioning_blocks [None req-7c56ea7a-9301-481d-a58f-bf466b2a43dd None None] Provisioning complete for port 7fb0623b-e42f-49e2-8f99-9a3671d3abae triggered by entity DHCP. {{(pid=104439) provisioning_complete /opt/stack/neutron/neutron/db/provisioning_blocks.py:145}}
May 19 12:20:23.566517 dv-cinder-804035-46-smb neutron-server[104439]: DEBUG neutron_lib.callbacks.manager [None req-7c56ea7a-9301-481d-a58f-bf466b2a43dd None None] Publish callbacks ['neutron.plugins.ml2.plugin.Ml2Plugin._port_provisioned-852208'] for port (7fb0623b-e42f-49e2-8f99-9a3671d3abae), provisioning_complete {{(pid=104439) _notify_loop /usr/local/lib/python3.8/dist-packages/neutron_lib/callbacks/manager.py:176}}
May 19 12:20:23.623160 dv-cinder-804035-46-smb neutron-server[104437]: DEBUG neutron_lib.callbacks.manager [None req-b463755a-de27-4396-8601-7508a4c50e09 admin admin] Publish callbacks ['neutron.plugins.ml2.plugin.SecurityGroupServerNotifierRpcMixin._notify_sg_on_port_change-719566', 'neutron.plugins.ml2.ovo_rpc._ObjectChangeHandler.handle_event-322128', 'neutron.api.rpc.agentnotifiers.dhcp_rpc_agent_api.DhcpAgentNotifyAPI._native_event_send_dhcp_notification-3918725', 'neutron.db.l3_dvrscheduler_db._notify_l3_agent_new_port-8756618188593'] for port (2b19c022-d174-4d1e-b184-8316b70ff091), after_create {{(pid=104437) _notify_loop /usr/local/lib/python3.8/dist-packages/neutron_lib/callbacks/manager.py:176}}
May 19 12:20:23.702012 dv-cinder-804035-46-smb neutron-server[104439]: DEBUG neutron.plugins.ml2.rpc [None req-8fc07f1c-70d5-4dd0-bd68-bd1718818626 None None] Device 7fb0623b-e42f-49e2-8f99-9a3671d3abae up at agent ovs-agent-dv-cinder-804035-46-smb {{(pid=104439) update_device_up /opt/stack/neutron/neutron/plugins/ml2/rpc.py:296}}
May 19 12:20:23.757139 dv-cinder-804035-46-smb neutron-server[104437]: DEBUG neutron.wsgi [-] (104437) accepted ('10.222.0.24', 58914) {{(pid=104437) server /usr/local/lib/python3.8/dist-packages/eventlet/wsgi.py:1004}}
May 19 12:20:23.785296 dv-cinder-804035-46-smb neutron-server[104437]: DEBUG neutron_lib.callbacks.manager [None req-5a027297-7385-4224-bb3e-3319ab3402aa admin admin] Publish callbacks [] for router_gateway (ad1c82d8-4c2b-46f7-bfcd-84468c102a9c), after_create {{(pid=104437) _notify_loop /usr/local/lib/python3.8/dist-packages/neutron_lib/callbacks/manager.py:176}}
May 19 12:20:23.796887 dv-cinder-804035-46-smb neutron-server[104438]: INFO neutron.wsgi [None req-d99a17ee-f332-4197-b30f-18e0e33b20b0 admin admin] 10.222.0.24 "GET /v2.0/security-groups?tenant_id=af24d9e6707d4778a98b8f1462878823&name=default HTTP/1.1" status: 200 len: 2992 time: 1.4409144
May 19 12:20:23.805149 dv-cinder-804035-46-smb neutron-server[104438]: DEBUG neutron.wsgi [-] (104438) accepted ('10.222.0.24', 58918) {{(pid=104438) server /usr/local/lib/python3.8/dist-packages/eventlet/wsgi.py:1004}}
May 19 12:20:23.815575 dv-cinder-804035-46-smb neutron-server[104437]: DEBUG neutron.api.rpc.handlers.resources_rpc [None req-b463755a-de27-4396-8601-7508a4c50e09 admin admin] Pushing event updated for resources: {'Port': ['ID=2b19c022-d174-4d1e-b184-8316b70ff091,revision_number=1']} {{(pid=104437) push /opt/stack/neutron/neutron/api/rpc/handlers/resources_rpc.py:237}}
May 19 12:20:23.839625 dv-cinder-804035-46-smb neutron-server[104437]: DEBUG dbcounter [-] [104437] Writing DB stats neutron:SELECT=93,neutron:INSERT=4,neutron:UPDATE=3 {{(pid=104437) stat_writer /usr/local/lib/python3.8/dist-packages/dbcounter.py:114}}
May 19 12:20:23.839625 dv-cinder-804035-46-smb neutron-server[104437]: DEBUG neutron.scheduler.dhcp_agent_scheduler [None req-b463755a-de27-4396-8601-7508a4c50e09 admin admin] Network 9fda14c9-d180-41a5-ab4b-38bd6ce7fb78 is already hosted by enough agents. {{(pid=104437) _get_dhcp_agents_hosting_network /opt/stack/neutron/neutron/scheduler/dhcp_agent_scheduler.py:275}}
May 19 12:20:23.848745 dv-cinder-804035-46-smb neutron-server[104437]: INFO neutron.wsgi [req-f2fbeb34-42fd-4df1-84be-8aa69fa55feb req-d900ad95-511c-49e5-bf54-6abfe9b8b23f tempest-DeleteServersTestJSON-1087935690 tempest-DeleteServersTestJSON-1087935690-project] 10.222.0.24 "GET /v2.0/ports?device_id=87bf6119-0f74-44fa-8635-9687abbd28f1 HTTP/1.1" status: 200 len: 210 time: 0.0882337
May 19 12:20:23.883610 dv-cinder-804035-46-smb neutron-server[104438]: DEBUG neutron.api.rpc.handlers.resources_rpc [None req-d99a17ee-f332-4197-b30f-18e0e33b20b0 admin admin] Pushing event updated for resources: {'SecurityGroup': ['ID=edb79be7-f8d5-4c9b-abc7-ff31a68f8f4a,revision_number=1']} {{(pid=104438) push /opt/stack/neutron/neutron/api/rpc/handlers/resources_rpc.py:237}}
May 19 12:20:23.886166 dv-cinder-804035-46-smb neutron-server[104438]: DEBUG neutron.scheduler.dhcp_agent_scheduler [None req-3cab5732-6fa4-449e-bf31-66a7819f2564 admin admin] Network 0355307a-5001-422a-90ff-4eba9ee9543c is scheduled to be hosted by DHCP agent bce6ef42-6be8-4494-8c7a-c8f783cd2b65 with binding_index 1 {{(pid=104438) bind /opt/stack/neutron/neutron/scheduler/dhcp_agent_scheduler.py:227}}
May 19 12:20:23.922623 dv-cinder-804035-46-smb neutron-server[104437]: DEBUG neutron.scheduler.base_scheduler [None req-b463755a-de27-4396-8601-7508a4c50e09 admin admin] Resources bound (agent type, host, resource id): {{(pid=104437) schedule /opt/stack/neutron/neutron/scheduler/base_scheduler.py:57}}
May 19 12:20:23.927315 dv-cinder-804035-46-smb neutron-server[104437]: DEBUG neutron.db.l3_dvrscheduler_db [None req-b463755a-de27-4396-8601-7508a4c50e09 admin admin] Received port after_create {{(pid=104437) _notify_l3_agent_new_port /opt/stack/neutron/neutron/db/l3_dvrscheduler_db.py:536}}
May 19 12:20:24.021264 dv-cinder-804035-46-smb neutron-server[104439]: DEBUG neutron.plugins.ml2.plugin [None req-7c56ea7a-9301-481d-a58f-bf466b2a43dd None None] Current status of the port 7fb0623b-e42f-49e2-8f99-9a3671d3abae is: DOWN; New status is: ACTIVE {{(pid=104439) _update_individual_port_db_status /opt/stack/neutron/neutron/plugins/ml2/plugin.py:2296}}
May 19 12:20:24.021956 dv-cinder-804035-46-smb neutron-server[104439]: DEBUG neutron_lib.callbacks.manager [None req-7c56ea7a-9301-481d-a58f-bf466b2a43dd None None] Publish callbacks ['neutron.plugins.ml2.plugin.SecurityGroupDbMixin._ensure_default_security_group_handler-719456'] for port (7fb0623b-e42f-49e2-8f99-9a3671d3abae), before_update {{(pid=104439) _notify_loop /usr/local/lib/python3.8/dist-packages/neutron_lib/callbacks/manager.py:176}}
May 19 12:20:24.024725 dv-cinder-804035-46-smb neutron-server[104439]: DEBUG neutron.db.provisioning_blocks [None req-8fc07f1c-70d5-4dd0-bd68-bd1718818626 None None] Provisioning complete for port 7fb0623b-e42f-49e2-8f99-9a3671d3abae triggered by entity L2. {{(pid=104439) provisioning_complete /opt/stack/neutron/neutron/db/provisioning_blocks.py:145}}
May 19 12:20:24.025431 dv-cinder-804035-46-smb neutron-server[104439]: DEBUG neutron_lib.callbacks.manager [None req-8fc07f1c-70d5-4dd0-bd68-bd1718818626 None None] Publish callbacks ['neutron.plugins.ml2.plugin.Ml2Plugin._port_provisioned-852208'] for port (7fb0623b-e42f-49e2-8f99-9a3671d3abae), provisioning_complete {{(pid=104439) _notify_loop /usr/local/lib/python3.8/dist-packages/neutron_lib/callbacks/manager.py:176}}
May 19 12:20:24.050251 dv-cinder-804035-46-smb neutron-server[104438]: DEBUG neutron.scheduler.base_scheduler [None req-3cab5732-6fa4-449e-bf31-66a7819f2564 admin admin] Resources bound (agent type, host, resource id): (DHCP agent, dv-cinder-804035-46-smb, 0355307a-5001-422a-90ff-4eba9ee9543c) {{(pid=104438) schedule /opt/stack/neutron/neutron/scheduler/base_scheduler.py:57}}
May 19 12:20:24.073376 dv-cinder-804035-46-smb neutron-server[104439]: DEBUG neutron.api.rpc.handlers.dhcp_rpc [None req-d70a7523-5e3c-47b2-be54-9b2b990527bd None None] Network 0355307a-5001-422a-90ff-4eba9ee9543c requested from dv-cinder-804035-46-smb {{(pid=104439) get_network_info /opt/stack/neutron/neutron/api/rpc/handlers/dhcp_rpc.py:191}}
May 19 12:20:24.081521 dv-cinder-804035-46-smb neutron-server[104438]: DEBUG neutron_lib.callbacks.manager [None req-219309f2-9551-4f47-b26f-0f9f86ce1e78 admin admin] Publish callbacks [] for port (e26ac5b4-e2a6-42ac-993c-0a932cb25e39), precommit_update {{(pid=104438) _notify_loop /usr/local/lib/python3.8/dist-packages/neutron_lib/callbacks/manager.py:176}}
May 19 12:20:24.084622 dv-cinder-804035-46-smb neutron-server[104438]: DEBUG neutron.pecan_wsgi.hooks.policy_enforcement [None req-3cab5732-6fa4-449e-bf31-66a7819f2564 admin admin] Attributes excluded by policy engine: ['standard_attr_id', 'shared', 'network'] {{(pid=104438) _exclude_attributes_by_policy /opt/stack/neutron/neutron/pecan_wsgi/hooks/policy_enforcement.py:259}}
May 19 12:20:24.085228 dv-cinder-804035-46-smb neutron-server[104438]: DEBUG neutron_lib.callbacks.manager [None req-3cab5732-6fa4-449e-bf31-66a7819f2564 admin admin] Publish callbacks ['neutron.api.rpc.agentnotifiers.dhcp_rpc_agent_api.DhcpAgentNotifyAPI._send_dhcp_notification-3918763'] for subnet (None), before_response {{(pid=104438) _notify_loop /usr/local/lib/python3.8/dist-packages/neutron_lib/callbacks/manager.py:176}}
May 19 12:20:24.117480 dv-cinder-804035-46-smb neutron-server[104438]: DEBUG neutron_lib.callbacks.manager [None req-2dd3e386-8120-490d-9679-c5851cd97ddb admin admin] Publish callbacks [] for security_group (edb79be7-f8d5-4c9b-abc7-ff31a68f8f4a), before_delete {{(pid=104438) _notify_loop /usr/local/lib/python3.8/dist-packages/neutron_lib/callbacks/manager.py:176}}
May 19 12:20:24.165644 dv-cinder-804035-46-smb neutron-server[104439]: DEBUG neutron.plugins.ml2.db [None req-7c56ea7a-9301-481d-a58f-bf466b2a43dd None None] For port 7fb0623b-e42f-49e2-8f99-9a3671d3abae, host dv-cinder-804035-46-smb, got binding levels [PortBindingLevel(driver='openvswitch',host='dv-cinder-804035-46-smb',level=0,port_id=7fb0623b-e42f-49e2-8f99-9a3671d3abae,segment=NetworkSegment(a0bb2fac-cc59-4734-a619-87503b5858fb),segment_id=a0bb2fac-cc59-4734-a619-87503b5858fb)] {{(pid=104439) get_binding_level_objs /opt/stack/neutron/neutron/plugins/ml2/db.py:74}}
May 19 12:20:24.188444 dv-cinder-804035-46-smb neutron-server[104438]: DEBUG neutron_lib.callbacks.manager [None req-2dd3e386-8120-490d-9679-c5851cd97ddb admin admin] Publish callbacks [] for security_group (edb79be7-f8d5-4c9b-abc7-ff31a68f8f4a), precommit_delete {{(pid=104438) _notify_loop /usr/local/lib/python3.8/dist-packages/neutron_lib/callbacks/manager.py:176}}
May 19 12:20:24.190504 dv-cinder-804035-46-smb neutron-server[104438]: DEBUG neutron_lib.callbacks.manager [None req-219309f2-9551-4f47-b26f-0f9f86ce1e78 admin admin] Publish callbacks ['neutron.plugins.ml2.plugin.SecurityGroupServerNotifierRpcMixin._notify_sg_on_port_change-719566', 'neutron.plugins.ml2.ovo_rpc._ObjectChangeHandler.handle_event-322128', 'neutron.api.rpc.agentnotifiers.dhcp_rpc_agent_api.DhcpAgentNotifyAPI._native_event_send_dhcp_notification-3918725', 'neutron.db.l3_db.L3RpcNotifierMixin._notify_gateway_port_ip_changed-8756618594443', 'neutron.db.l3_dvrscheduler_db._notify_l3_agent_port_update-8756618188611', 'neutron.db.l3_hascheduler_db._notify_l3_agent_ha_port_update-8756618188629'] for port (e26ac5b4-e2a6-42ac-993c-0a932cb25e39), after_update {{(pid=104438) _notify_loop /usr/local/lib/python3.8/dist-packages/neutron_lib/callbacks/manager.py:176}}
May 19 12:20:24.191475 dv-cinder-804035-46-smb neutron-server[104438]: DEBUG neutron_lib.callbacks.manager [None req-219309f2-9551-4f47-b26f-0f9f86ce1e78 admin admin] Publish callbacks ['neutron.api.rpc.agentnotifiers.dhcp_rpc_agent_api.DhcpAgentNotifyAPI._after_router_interface_created-3918743', 'neutron.services.l3_router.l3_router_plugin.DVRResourceOperationHandler._update_snat_v6_addrs_after_intf_update-3778936'] for router_interface (544256ac-525d-4338-9973-c1767b099ef6), after_create {{(pid=104438) _notify_loop /usr/local/lib/python3.8/dist-packages/neutron_lib/callbacks/manager.py:176}}
May 19 12:20:24.256895 dv-cinder-804035-46-smb neutron-server[104439]: DEBUG neutron.api.rpc.handlers.dhcp_rpc [None req-ed368d14-7afe-41fd-ad28-b78808003b1e None None] Network 0355307a-5001-422a-90ff-4eba9ee9543c requested from dv-cinder-804035-46-smb {{(pid=104439) get_network_info /opt/stack/neutron/neutron/api/rpc/handlers/dhcp_rpc.py:191}}
May 19 12:20:24.314341 dv-cinder-804035-46-smb neutron-server[104439]: DEBUG neutron.plugins.ml2.plugin [None req-8fc07f1c-70d5-4dd0-bd68-bd1718818626 None None] Current status of the port 7fb0623b-e42f-49e2-8f99-9a3671d3abae is: DOWN; New status is: ACTIVE {{(pid=104439) _update_individual_port_db_status /opt/stack/neutron/neutron/plugins/ml2/plugin.py:2296}}
May 19 12:20:24.314735 dv-cinder-804035-46-smb neutron-server[104439]: DEBUG neutron_lib.callbacks.manager [None req-8fc07f1c-70d5-4dd0-bd68-bd1718818626 None None] Publish callbacks ['neutron.plugins.ml2.plugin.SecurityGroupDbMixin._ensure_default_security_group_handler-719456'] for port (7fb0623b-e42f-49e2-8f99-9a3671d3abae), before_update {{(pid=104439) _notify_loop /usr/local/lib/python3.8/dist-packages/neutron_lib/callbacks/manager.py:176}}
May 19 12:20:24.318932 dv-cinder-804035-46-smb neutron-server[104439]: DEBUG neutron_lib.callbacks.manager [None req-7c56ea7a-9301-481d-a58f-bf466b2a43dd None None] Publish callbacks ['neutron.plugins.ml2.plugin.SecurityGroupServerNotifierRpcMixin._notify_sg_on_port_change-719566', 'neutron.plugins.ml2.ovo_rpc._ObjectChangeHandler.handle_event-322128', 'neutron.api.rpc.agentnotifiers.dhcp_rpc_agent_api.DhcpAgentNotifyAPI._native_event_send_dhcp_notification-3918725', 'neutron.db.l3_db.L3RpcNotifierMixin._notify_gateway_port_ip_changed-8756618594443', 'neutron.db.l3_dvrscheduler_db._notify_l3_agent_port_update-8756618188611', 'neutron.db.l3_hascheduler_db._notify_l3_agent_ha_port_update-8756618188629'] for port (7fb0623b-e42f-49e2-8f99-9a3671d3abae), after_update {{(pid=104439) _notify_loop /usr/local/lib/python3.8/dist-packages/neutron_lib/callbacks/manager.py:176}}
May 19 12:20:24.331038 dv-cinder-804035-46-smb neutron-server[104438]: INFO neutron.wsgi [None req-3cab5732-6fa4-449e-bf31-66a7819f2564 admin admin] 10.222.0.24 "POST /v2.0/subnets HTTP/1.1" status: 201 len: 861 time: 2.6732795
May 19 12:20:24.349739 dv-cinder-804035-46-smb neutron-server[104438]: DEBUG neutron.api.rpc.handlers.resources_rpc [None req-219309f2-9551-4f47-b26f-0f9f86ce1e78 admin admin] Pushing event updated for resources: {'Port': ['ID=e26ac5b4-e2a6-42ac-993c-0a932cb25e39,revision_number=2']} {{(pid=104438) push /opt/stack/neutron/neutron/api/rpc/handlers/resources_rpc.py:237}}
May 19 12:20:24.417030 dv-cinder-804035-46-smb neutron-server[104438]: DEBUG dbcounter [-] [104438] Writing DB stats neutron:SELECT=92,neutron:INSERT=2,neutron:DELETE=4,neutron:UPDATE=2 {{(pid=104438) stat_writer /usr/local/lib/python3.8/dist-packages/dbcounter.py:114}}
May 19 12:20:24.451865 dv-cinder-804035-46-smb neutron-server[104439]: DEBUG neutron.api.rpc.handlers.resources_rpc [None req-7c56ea7a-9301-481d-a58f-bf466b2a43dd None None] Pushing event updated for resources: {'Port': ['ID=7fb0623b-e42f-49e2-8f99-9a3671d3abae,revision_number=3']} {{(pid=104439) push /opt/stack/neutron/neutron/api/rpc/handlers/resources_rpc.py:237}}
May 19 12:20:24.467969 dv-cinder-804035-46-smb neutron-server[104437]: DEBUG neutron_lib.callbacks.manager [None req-5a027297-7385-4224-bb3e-3319ab3402aa admin admin] Publish callbacks ['neutron.services.l3_router.l3_router_plugin.L3_HA_NAT_db_mixin._after_router_create-3777884', 'neutron.services.l3_router.l3_router_plugin.DVRResourceOperationHandler._create_snat_interfaces_after_change-3777311'] for router (ad1c82d8-4c2b-46f7-bfcd-84468c102a9c), after_create {{(pid=104437) _notify_loop /usr/local/lib/python3.8/dist-packages/neutron_lib/callbacks/manager.py:176}}
May 19 12:20:24.475305 dv-cinder-804035-46-smb neutron-server[104437]: DEBUG neutron_lib.callbacks.manager [None req-b463755a-de27-4396-8601-7508a4c50e09 admin admin] Publish callbacks [] for router_gateway (da3e92e7-194e-4be5-8849-a4fd7a9b5ca2), after_create {{(pid=104437) _notify_loop /usr/local/lib/python3.8/dist-packages/neutron_lib/callbacks/manager.py:176}}
May 19 12:20:24.481918 dv-cinder-804035-46-smb neutron-server[104439]: DEBUG neutron.db.provisioning_blocks [None req-1f2a8d94-5043-4bf3-802f-6bcfb47dfebb None None] Provisioning complete for port 6d104ea6-c950-47c5-add9-7e0becc146ef triggered by entity DHCP. {{(pid=104439) provisioning_complete /opt/stack/neutron/neutron/db/provisioning_blocks.py:145}}
May 19 12:20:24.482902 dv-cinder-804035-46-smb neutron-server[104439]: DEBUG neutron_lib.callbacks.manager [None req-1f2a8d94-5043-4bf3-802f-6bcfb47dfebb None None] Publish callbacks ['neutron.plugins.ml2.plugin.Ml2Plugin._port_provisioned-852208'] for port (6d104ea6-c950-47c5-add9-7e0becc146ef), provisioning_complete {{(pid=104439) _notify_loop /usr/local/lib/python3.8/dist-packages/neutron_lib/callbacks/manager.py:176}}
May 19 12:20:24.485147 dv-cinder-804035-46-smb neutron-server[104439]: DEBUG neutron_lib.db.api [None req-8fc07f1c-70d5-4dd0-bd68-bd1718818626 None None] Retry wrapper got retriable exception: UPDATE statement on table 'standardattributes' expected to update 1 row(s); 0 were matched. {{(pid=104439) wrapped /usr/local/lib/python3.8/dist-packages/neutron_lib/db/api.py:188}}
May 19 12:20:24.485744 dv-cinder-804035-46-smb neutron-server[104439]: DEBUG oslo_db.api [None req-8fc07f1c-70d5-4dd0-bd68-bd1718818626 None None] Performing DB retry for function neutron.plugins.ml2.plugin.Ml2Plugin.update_port_statuses {{(pid=104439) wrapper /usr/local/lib/python3.8/dist-packages/oslo_db/api.py:155}}
May 19 12:20:24.533060 dv-cinder-804035-46-smb neutron-server[104438]: DEBUG neutron.scheduler.dhcp_agent_scheduler [None req-219309f2-9551-4f47-b26f-0f9f86ce1e78 admin admin] Network 9ab7bf0c-d335-43a7-98b2-404b441560f8 is already hosted by enough agents. {{(pid=104438) _get_dhcp_agents_hosting_network /opt/stack/neutron/neutron/scheduler/dhcp_agent_scheduler.py:275}}
May 19 12:20:24.538881 dv-cinder-804035-46-smb neutron-server[104438]: DEBUG neutron.scheduler.base_scheduler [None req-219309f2-9551-4f47-b26f-0f9f86ce1e78 admin admin] Resources bound (agent type, host, resource id): {{(pid=104438) schedule /opt/stack/neutron/neutron/scheduler/base_scheduler.py:57}}
May 19 12:20:24.641765 dv-cinder-804035-46-smb neutron-server[104438]: DEBUG neutron.wsgi [-] (104438) accepted ('10.222.0.24', 58936) {{(pid=104438) server /usr/local/lib/python3.8/dist-packages/eventlet/wsgi.py:1004}}
May 19 12:20:24.670813 dv-cinder-804035-46-smb neutron-server[104438]: DEBUG neutron_lib.callbacks.manager [None req-2dd3e386-8120-490d-9679-c5851cd97ddb admin admin] Publish callbacks ['neutron.plugins.ml2.ovo_rpc._ObjectChangeHandler.handle_event-3699612'] for security_group (edb79be7-f8d5-4c9b-abc7-ff31a68f8f4a), after_delete {{(pid=104438) _notify_loop /usr/local/lib/python3.8/dist-packages/neutron_lib/callbacks/manager.py:176}}
May 19 12:20:24.673674 dv-cinder-804035-46-smb neutron-server[104438]: DEBUG neutron_lib.callbacks.manager [None req-2dd3e386-8120-490d-9679-c5851cd97ddb admin admin] Publish callbacks [] for security_group (None), before_response {{(pid=104438) _notify_loop /usr/local/lib/python3.8/dist-packages/neutron_lib/callbacks/manager.py:176}}
May 19 12:20:24.677581 dv-cinder-804035-46-smb neutron-server[104438]: INFO neutron.wsgi [None req-2dd3e386-8120-490d-9679-c5851cd97ddb admin admin] 10.222.0.24 "DELETE /v2.0/security-groups/edb79be7-f8d5-4c9b-abc7-ff31a68f8f4a HTTP/1.1" status: 204 len: 168 time: 0.8730092
May 19 12:20:24.721689 dv-cinder-804035-46-smb neutron-server[104439]: DEBUG neutron.plugins.ml2.plugin [None req-1f2a8d94-5043-4bf3-802f-6bcfb47dfebb None None] Current status of the port 6d104ea6-c950-47c5-add9-7e0becc146ef is: DOWN; New status is: ACTIVE {{(pid=104439) _update_individual_port_db_status /opt/stack/neutron/neutron/plugins/ml2/plugin.py:2296}}
May 19 12:20:24.726352 dv-cinder-804035-46-smb neutron-server[104439]: DEBUG neutron_lib.callbacks.manager [None req-1f2a8d94-5043-4bf3-802f-6bcfb47dfebb None None] Publish callbacks ['neutron.plugins.ml2.plugin.SecurityGroupDbMixin._ensure_default_security_group_handler-719456'] for port (6d104ea6-c950-47c5-add9-7e0becc146ef), before_update {{(pid=104439) _notify_loop /usr/local/lib/python3.8/dist-packages/neutron_lib/callbacks/manager.py:176}}
May 19 12:20:24.790171 dv-cinder-804035-46-smb neutron-server[104438]: DEBUG neutron.api.rpc.handlers.resources_rpc [None req-2dd3e386-8120-490d-9679-c5851cd97ddb admin admin] Pushing event deleted for resources: {'SecurityGroup': ['ID=edb79be7-f8d5-4c9b-abc7-ff31a68f8f4a,revision_number=None']} {{(pid=104438) push /opt/stack/neutron/neutron/api/rpc/handlers/resources_rpc.py:237}}
May 19 12:20:24.849763 dv-cinder-804035-46-smb neutron-server[104439]: DEBUG neutron.plugins.ml2.db [None req-1f2a8d94-5043-4bf3-802f-6bcfb47dfebb None None] For port 6d104ea6-c950-47c5-add9-7e0becc146ef, host dv-cinder-804035-46-smb, got binding levels [PortBindingLevel(driver='openvswitch',host='dv-cinder-804035-46-smb',level=0,port_id=6d104ea6-c950-47c5-add9-7e0becc146ef,segment=NetworkSegment(0479a0bd-0bd3-441c-93b0-223bddde9c83),segment_id=0479a0bd-0bd3-441c-93b0-223bddde9c83)] {{(pid=104439) get_binding_level_objs /opt/stack/neutron/neutron/plugins/ml2/db.py:74}}
May 19 12:20:24.873584 dv-cinder-804035-46-smb neutron-server[104438]: DEBUG neutron.db.db_base_plugin_v2 [None req-922e8d39-973b-4b0c-ac3c-9a9078bceaa3 admin admin] Deleting subnet 554fd433-356e-49f8-b0e0-3bef88c1b3b5 {{(pid=104438) delete_subnet /opt/stack/neutron/neutron/db/db_base_plugin_v2.py:1067}}
May 19 12:20:24.894948 dv-cinder-804035-46-smb neutron-server[104438]: DEBUG neutron_lib.callbacks.manager [None req-922e8d39-973b-4b0c-ac3c-9a9078bceaa3 admin admin] Publish callbacks [] for subnet (554fd433-356e-49f8-b0e0-3bef88c1b3b5), before_delete {{(pid=104438) _notify_loop /usr/local/lib/python3.8/dist-packages/neutron_lib/callbacks/manager.py:176}}
May 19 12:20:24.962542 dv-cinder-804035-46-smb neutron-server[104439]: DEBUG neutron_lib.callbacks.manager [None req-1f2a8d94-5043-4bf3-802f-6bcfb47dfebb None None] Publish callbacks ['neutron.plugins.ml2.plugin.SecurityGroupServerNotifierRpcMixin._notify_sg_on_port_change-719566', 'neutron.plugins.ml2.ovo_rpc._ObjectChangeHandler.handle_event-322128', 'neutron.api.rpc.agentnotifiers.dhcp_rpc_agent_api.DhcpAgentNotifyAPI._native_event_send_dhcp_notification-3918725', 'neutron.db.l3_db.L3RpcNotifierMixin._notify_gateway_port_ip_changed-8756618594443', 'neutron.db.l3_dvrscheduler_db._notify_l3_agent_port_update-8756618188611', 'neutron.db.l3_hascheduler_db._notify_l3_agent_ha_port_update-8756618188629'] for port (6d104ea6-c950-47c5-add9-7e0becc146ef), after_update {{(pid=104439) _notify_loop /usr/local/lib/python3.8/dist-packages/neutron_lib/callbacks/manager.py:176}}
May 19 12:20:24.974859 dv-cinder-804035-46-smb neutron-server[104438]: DEBUG neutron.scheduler.l3_agent_scheduler [None req-219309f2-9551-4f47-b26f-0f9f86ce1e78 admin admin] Router 544256ac-525d-4338-9973-c1767b099ef6 has already been hosted by L3 agent 3db0f20b-20cc-484c-ab95-bb22734ea011 {{(pid=104438) _get_candidates /opt/stack/neutron/neutron/scheduler/l3_agent_scheduler.py:126}}
May 19 12:20:24.981495 dv-cinder-804035-46-smb neutron-server[104438]: DEBUG neutron_lib.callbacks.manager [None req-922e8d39-973b-4b0c-ac3c-9a9078bceaa3 admin admin] Publish callbacks [] for subnet (554fd433-356e-49f8-b0e0-3bef88c1b3b5), precommit_delete_associations {{(pid=104438) _notify_loop /usr/local/lib/python3.8/dist-packages/neutron_lib/callbacks/manager.py:176}}
May 19 12:20:25.003357 dv-cinder-804035-46-smb neutron-server[104438]: DEBUG neutron_lib.callbacks.manager [None req-922e8d39-973b-4b0c-ac3c-9a9078bceaa3 admin admin] Publish callbacks ['neutron.plugins.ml2.plugin.Ml2Plugin._subnet_delete_precommit_handler-684508'] for subnet (554fd433-356e-49f8-b0e0-3bef88c1b3b5), precommit_delete {{(pid=104438) _notify_loop /usr/local/lib/python3.8/dist-packages/neutron_lib/callbacks/manager.py:176}}
May 19 12:20:25.016656 dv-cinder-804035-46-smb neutron-server[104437]: DEBUG neutron_lib.callbacks.manager [None req-b463755a-de27-4396-8601-7508a4c50e09 admin admin] Publish callbacks ['neutron.services.l3_router.l3_router_plugin.L3_HA_NAT_db_mixin._after_router_create-3777884', 'neutron.services.l3_router.l3_router_plugin.DVRResourceOperationHandler._create_snat_interfaces_after_change-3777311'] for router (da3e92e7-194e-4be5-8849-a4fd7a9b5ca2), after_create {{(pid=104437) _notify_loop /usr/local/lib/python3.8/dist-packages/neutron_lib/callbacks/manager.py:176}}
May 19 12:20:25.028772 dv-cinder-804035-46-smb neutron-server[104439]: DEBUG neutron.db.provisioning_blocks [None req-1f2a8d94-5043-4bf3-802f-6bcfb47dfebb None None] Provisioning complete for port 7fb0623b-e42f-49e2-8f99-9a3671d3abae triggered by entity DHCP. {{(pid=104439) provisioning_complete /opt/stack/neutron/neutron/db/provisioning_blocks.py:145}}
May 19 12:20:25.029787 dv-cinder-804035-46-smb neutron-server[104439]: DEBUG neutron_lib.callbacks.manager [None req-1f2a8d94-5043-4bf3-802f-6bcfb47dfebb None None] Publish callbacks ['neutron.plugins.ml2.plugin.Ml2Plugin._port_provisioned-852208'] for port (7fb0623b-e42f-49e2-8f99-9a3671d3abae), provisioning_complete {{(pid=104439) _notify_loop /usr/local/lib/python3.8/dist-packages/neutron_lib/callbacks/manager.py:176}}
May 19 12:20:25.105223 dv-cinder-804035-46-smb neutron-server[104437]: INFO neutron.wsgi [req-9462cb0c-84b1-4075-829a-bfbd15e653ce req-cff82b9e-300c-48dd-9268-25ccf2c0ce50 tempest-DeleteServersTestJSON-1087935690 tempest-DeleteServersTestJSON-1087935690-project] 10.222.0.24 "GET /v2.0/ports?device_id=87bf6119-0f74-44fa-8635-9687abbd28f1 HTTP/1.1" status: 200 len: 210 time: 0.0898173
May 19 12:20:25.145814 dv-cinder-804035-46-smb neutron-server[104439]: DEBUG neutron.plugins.ml2.plugin [None req-8fc07f1c-70d5-4dd0-bd68-bd1718818626 None None] Current status of the port 7fb0623b-e42f-49e2-8f99-9a3671d3abae is: ACTIVE; New status is: ACTIVE {{(pid=104439) _update_individual_port_db_status /opt/stack/neutron/neutron/plugins/ml2/plugin.py:2296}}
May 19 12:20:25.147156 dv-cinder-804035-46-smb neutron-server[104439]: DEBUG neutron.plugins.ml2.rpc [None req-8fc07f1c-70d5-4dd0-bd68-bd1718818626 None None] Device 6d104ea6-c950-47c5-add9-7e0becc146ef up at agent ovs-agent-dv-cinder-804035-46-smb {{(pid=104439) update_device_up /opt/stack/neutron/neutron/plugins/ml2/rpc.py:296}}
May 19 12:20:25.194137 dv-cinder-804035-46-smb neutron-server[104439]: DEBUG neutron.api.rpc.handlers.resources_rpc [None req-1f2a8d94-5043-4bf3-802f-6bcfb47dfebb None None] Pushing event updated for resources: {'Port': ['ID=6d104ea6-c950-47c5-add9-7e0becc146ef,revision_number=3']} {{(pid=104439) push /opt/stack/neutron/neutron/api/rpc/handlers/resources_rpc.py:237}}
May 19 12:20:25.308380 dv-cinder-804035-46-smb neutron-server[104437]: DEBUG neutron.scheduler.l3_agent_scheduler [None req-5a027297-7385-4224-bb3e-3319ab3402aa admin admin] Router ad1c82d8-4c2b-46f7-bfcd-84468c102a9c is scheduled to L3 agent 3db0f20b-20cc-484c-ab95-bb22734ea011 with binding_index 1 {{(pid=104437) bind_router /opt/stack/neutron/neutron/scheduler/l3_agent_scheduler.py:209}}
May 19 12:20:25.342814 dv-cinder-804035-46-smb neutron-server[104439]: DEBUG dbcounter [-] [104439] Writing DB stats neutron:SELECT=95,neutron:UPDATE=4,neutron:INSERT=1 {{(pid=104439) stat_writer /usr/local/lib/python3.8/dist-packages/dbcounter.py:114}}
May 19 12:20:25.363493 dv-cinder-804035-46-smb neutron-server[104439]: DEBUG neutron.db.provisioning_blocks [None req-8fc07f1c-70d5-4dd0-bd68-bd1718818626 None None] Provisioning complete for port 6d104ea6-c950-47c5-add9-7e0becc146ef triggered by entity L2. {{(pid=104439) provisioning_complete /opt/stack/neutron/neutron/db/provisioning_blocks.py:145}}
May 19 12:20:25.363935 dv-cinder-804035-46-smb neutron-server[104439]: DEBUG neutron_lib.callbacks.manager [None req-8fc07f1c-70d5-4dd0-bd68-bd1718818626 None None] Publish callbacks ['neutron.plugins.ml2.plugin.Ml2Plugin._port_provisioned-852208'] for port (6d104ea6-c950-47c5-add9-7e0becc146ef), provisioning_complete {{(pid=104439) _notify_loop /usr/local/lib/python3.8/dist-packages/neutron_lib/callbacks/manager.py:176}}
May 19 12:20:25.393919 dv-cinder-804035-46-smb neutron-server[104438]: DEBUG neutron.api.rpc.agentnotifiers.l3_rpc_agent_api [None req-219309f2-9551-4f47-b26f-0f9f86ce1e78 admin admin] Notify agent at l3_agent.dv-cinder-804035-46-smb the message routers_updated {{(pid=104438) _agent_notification /opt/stack/neutron/neutron/api/rpc/agentnotifiers/l3_rpc_agent_api.py:65}}
May 19 12:20:25.394303 dv-cinder-804035-46-smb neutron-server[104439]: DEBUG neutron.plugins.ml2.plugin [None req-1f2a8d94-5043-4bf3-802f-6bcfb47dfebb None None] Current status of the port 7fb0623b-e42f-49e2-8f99-9a3671d3abae is: ACTIVE; New status is: ACTIVE {{(pid=104439) _update_individual_port_db_status /opt/stack/neutron/neutron/plugins/ml2/plugin.py:2296}}
May 19 12:20:25.400311 dv-cinder-804035-46-smb neutron-server[104437]: DEBUG neutron.scheduler.l3_agent_scheduler [None req-b463755a-de27-4396-8601-7508a4c50e09 admin admin] Router da3e92e7-194e-4be5-8849-a4fd7a9b5ca2 is scheduled to L3 agent 3db0f20b-20cc-484c-ab95-bb22734ea011 with binding_index 1 {{(pid=104437) bind_router /opt/stack/neutron/neutron/scheduler/l3_agent_scheduler.py:209}}
May 19 12:20:25.408842 dv-cinder-804035-46-smb neutron-server[104438]: INFO neutron.wsgi [None req-219309f2-9551-4f47-b26f-0f9f86ce1e78 admin admin] 10.222.0.24 "PUT /v2.0/routers/544256ac-525d-4338-9973-c1767b099ef6/add_router_interface HTTP/1.1" status: 200 len: 503 time: 5.6143000
May 19 12:20:25.411557 dv-cinder-804035-46-smb neutron-server[104439]: DEBUG neutron.api.rpc.handlers.l3_rpc [None req-6ffb9263-4793-41f7-a82f-cadbcc812f4b None None] Sync routers for ids ['544256ac-525d-4338-9973-c1767b099ef6'] in dv-cinder-804035-46-smb {{(pid=104439) sync_routers /opt/stack/neutron/neutron/api/rpc/handlers/l3_rpc.py:125}}
