May 19 12:19:28.968901 dv-cinder-804035-46-smb devstack@n-api.service[118184]: INFO dbcounter [None req-647b9142-ee90-4c3e-8eca-350f1105add7 None None] Registered counter for database nova_cell1
May 19 12:19:28.971858 dv-cinder-804035-46-smb devstack@n-api.service[118185]: DEBUG dbcounter [-] [118185] Writer thread running {{(pid=118185) stat_writer /usr/local/lib/python3.8/dist-packages/dbcounter.py:99}}
May 19 12:19:28.976556 dv-cinder-804035-46-smb devstack@n-api.service[118184]: DEBUG oslo_db.sqlalchemy.engines [None req-647b9142-ee90-4c3e-8eca-350f1105add7 None None] MySQL server mode set to STRICT_TRANS_TABLES,STRICT_ALL_TABLES,NO_ZERO_IN_DATE,NO_ZERO_DATE,ERROR_FOR_DIVISION_BY_ZERO,TRADITIONAL,NO_ENGINE_SUBSTITUTION {{(pid=118184) _check_effective_sql_mode /usr/local/lib/python3.8/dist-packages/oslo_db/sqlalchemy/engines.py:314}}
May 19 12:19:28.977584 dv-cinder-804035-46-smb devstack@n-api.service[118184]: DEBUG oslo_db.sqlalchemy.engines [None req-647b9142-ee90-4c3e-8eca-350f1105add7 None None] MySQL server mode set to STRICT_TRANS_TABLES,STRICT_ALL_TABLES,NO_ZERO_IN_DATE,NO_ZERO_DATE,ERROR_FOR_DIVISION_BY_ZERO,TRADITIONAL,NO_ENGINE_SUBSTITUTION {{(pid=118184) _check_effective_sql_mode /usr/local/lib/python3.8/dist-packages/oslo_db/sqlalchemy/engines.py:314}}
May 19 12:19:28.984932 dv-cinder-804035-46-smb devstack@n-api.service[118184]: DEBUG dbcounter [-] [118184] Writer thread running {{(pid=118184) stat_writer /usr/local/lib/python3.8/dist-packages/dbcounter.py:99}}
May 19 12:19:28.986248 dv-cinder-804035-46-smb devstack@n-api.service[118184]: DEBUG dbcounter [-] [118184] Writer thread running {{(pid=118184) stat_writer /usr/local/lib/python3.8/dist-packages/dbcounter.py:99}}
May 19 12:19:29.033377 dv-cinder-804035-46-smb devstack@n-api.service[118185]: DEBUG nova.context [None req-4ac2efda-2c79-4a83-abf0-fb9636221ba2 None None] Found 2 cells: 00000000-0000-0000-0000-000000000000(cell0),0fe84ea9-6e96-4219-886c-90104801b0fd(cell1) {{(pid=118185) load_cells /opt/stack/nova/nova/context.py:464}}
May 19 12:19:29.037820 dv-cinder-804035-46-smb devstack@n-api.service[118185]: DEBUG oslo_concurrency.lockutils [None req-4ac2efda-2c79-4a83-abf0-fb9636221ba2 None None] Lock "00000000-0000-0000-0000-000000000000" acquired by "nova.context.set_target_cell..get_or_set_cached_cell_and_set_connections" :: waited 0.000s {{(pid=118185) inner /usr/local/lib/python3.8/dist-packages/oslo_concurrency/lockutils.py:386}}
May 19 12:19:29.039436 dv-cinder-804035-46-smb devstack@n-api.service[118185]: DEBUG oslo_concurrency.lockutils [None req-4ac2efda-2c79-4a83-abf0-fb9636221ba2 None None] Lock "00000000-0000-0000-0000-000000000000" "released" by "nova.context.set_target_cell..get_or_set_cached_cell_and_set_connections" :: held 0.002s {{(pid=118185) inner /usr/local/lib/python3.8/dist-packages/oslo_concurrency/lockutils.py:400}}
May 19 12:19:29.040226 dv-cinder-804035-46-smb devstack@n-api.service[118185]: DEBUG oslo_concurrency.lockutils [None req-4ac2efda-2c79-4a83-abf0-fb9636221ba2 None None] Lock "0fe84ea9-6e96-4219-886c-90104801b0fd" acquired by "nova.context.set_target_cell..get_or_set_cached_cell_and_set_connections" :: waited 0.000s {{(pid=118185) inner /usr/local/lib/python3.8/dist-packages/oslo_concurrency/lockutils.py:386}}
May 19 12:19:29.042182 dv-cinder-804035-46-smb devstack@n-api.service[118185]: DEBUG oslo_concurrency.lockutils [None req-4ac2efda-2c79-4a83-abf0-fb9636221ba2 None None] Lock "0fe84ea9-6e96-4219-886c-90104801b0fd" "released" by "nova.context.set_target_cell..get_or_set_cached_cell_and_set_connections" :: held 0.002s {{(pid=118185) inner /usr/local/lib/python3.8/dist-packages/oslo_concurrency/lockutils.py:400}}
May 19 12:19:29.044210 dv-cinder-804035-46-smb devstack@n-api.service[118185]: INFO dbcounter [None req-4ac2efda-2c79-4a83-abf0-fb9636221ba2 None None] Registered counter for database nova_cell0
May 19 12:19:29.048664 dv-cinder-804035-46-smb devstack@n-api.service[118185]: INFO dbcounter [None req-4ac2efda-2c79-4a83-abf0-fb9636221ba2 None None] Registered counter for database nova_cell1
May 19 12:19:29.056897 dv-cinder-804035-46-smb devstack@n-api.service[118185]: DEBUG oslo_db.sqlalchemy.engines [None req-4ac2efda-2c79-4a83-abf0-fb9636221ba2 None None] MySQL server mode set to STRICT_TRANS_TABLES,STRICT_ALL_TABLES,NO_ZERO_IN_DATE,NO_ZERO_DATE,ERROR_FOR_DIVISION_BY_ZERO,TRADITIONAL,NO_ENGINE_SUBSTITUTION {{(pid=118185) _check_effective_sql_mode /usr/local/lib/python3.8/dist-packages/oslo_db/sqlalchemy/engines.py:314}}
May 19 12:19:29.058273 dv-cinder-804035-46-smb devstack@n-api.service[118185]: DEBUG oslo_db.sqlalchemy.engines [None req-4ac2efda-2c79-4a83-abf0-fb9636221ba2 None None] MySQL server mode set to STRICT_TRANS_TABLES,STRICT_ALL_TABLES,NO_ZERO_IN_DATE,NO_ZERO_DATE,ERROR_FOR_DIVISION_BY_ZERO,TRADITIONAL,NO_ENGINE_SUBSTITUTION {{(pid=118185) _check_effective_sql_mode /usr/local/lib/python3.8/dist-packages/oslo_db/sqlalchemy/engines.py:314}}
May 19 12:19:29.068310 dv-cinder-804035-46-smb devstack@n-api.service[118185]: DEBUG dbcounter [-] [118185] Writer thread running {{(pid=118185) stat_writer /usr/local/lib/python3.8/dist-packages/dbcounter.py:99}}
May 19 12:19:29.068838 dv-cinder-804035-46-smb devstack@n-api.service[118185]: DEBUG dbcounter [-] [118185] Writer thread running {{(pid=118185) stat_writer /usr/local/lib/python3.8/dist-packages/dbcounter.py:99}}
May 19 12:19:29.143475 dv-cinder-804035-46-smb devstack@n-api.service[118184]: INFO dbcounter [None req-647b9142-ee90-4c3e-8eca-350f1105add7 None None] Registered counter for database nova_cell0
May 19 12:19:29.150885 dv-cinder-804035-46-smb devstack@n-api.service[118184]: DEBUG oslo_db.sqlalchemy.engines [None req-647b9142-ee90-4c3e-8eca-350f1105add7 None None] MySQL server mode set to STRICT_TRANS_TABLES,STRICT_ALL_TABLES,NO_ZERO_IN_DATE,NO_ZERO_DATE,ERROR_FOR_DIVISION_BY_ZERO,TRADITIONAL,NO_ENGINE_SUBSTITUTION {{(pid=118184) _check_effective_sql_mode /usr/local/lib/python3.8/dist-packages/oslo_db/sqlalchemy/engines.py:314}}
May 19 12:19:29.155666 dv-cinder-804035-46-smb devstack@n-api.service[118184]: DEBUG dbcounter [-] [118184] Writer thread running {{(pid=118184) stat_writer /usr/local/lib/python3.8/dist-packages/dbcounter.py:99}}
May 19 12:19:29.221470 dv-cinder-804035-46-smb devstack@n-api.service[118185]: INFO dbcounter [None req-4ac2efda-2c79-4a83-abf0-fb9636221ba2 None None] Registered counter for database nova_cell0
May 19 12:19:29.228091 dv-cinder-804035-46-smb devstack@n-api.service[118185]: DEBUG oslo_db.sqlalchemy.engines [None req-4ac2efda-2c79-4a83-abf0-fb9636221ba2 None None] MySQL server mode set to STRICT_TRANS_TABLES,STRICT_ALL_TABLES,NO_ZERO_IN_DATE,NO_ZERO_DATE,ERROR_FOR_DIVISION_BY_ZERO,TRADITIONAL,NO_ENGINE_SUBSTITUTION {{(pid=118185) _check_effective_sql_mode /usr/local/lib/python3.8/dist-packages/oslo_db/sqlalchemy/engines.py:314}}
May 19 12:19:29.234480 dv-cinder-804035-46-smb devstack@n-api.service[118185]: DEBUG dbcounter [-] [118185] Writer thread running {{(pid=118185) stat_writer /usr/local/lib/python3.8/dist-packages/dbcounter.py:99}}
May 19 12:19:29.481946 dv-cinder-804035-46-smb devstack@n-api.service[118184]: WARNING keystonemiddleware.auth_token [None req-647b9142-ee90-4c3e-8eca-350f1105add7 None None] AuthToken middleware is set with keystone_authtoken.service_token_roles_required set to False. This is backwards compatible but deprecated behaviour. Please set this to True.
May 19 12:19:29.489505 dv-cinder-804035-46-smb devstack@n-api.service[118184]: WARNING keystonemiddleware.auth_token [None req-647b9142-ee90-4c3e-8eca-350f1105add7 None None] Configuring www_authenticate_uri to point to the public identity endpoint is required; clients may not be able to authenticate against an admin endpoint
May 19 12:19:29.566353 dv-cinder-804035-46-smb devstack@n-api.service[118185]: WARNING keystonemiddleware.auth_token [None req-4ac2efda-2c79-4a83-abf0-fb9636221ba2 None None] AuthToken middleware is set with keystone_authtoken.service_token_roles_required set to False. This is backwards compatible but deprecated behaviour. Please set this to True.
May 19 12:19:29.574287 dv-cinder-804035-46-smb devstack@n-api.service[118185]: WARNING keystonemiddleware.auth_token [None req-4ac2efda-2c79-4a83-abf0-fb9636221ba2 None None] Configuring www_authenticate_uri to point to the public identity endpoint is required; clients may not be able to authenticate against an admin endpoint
May 19 12:19:29.843845 dv-cinder-804035-46-smb devstack@n-api.service[118184]: WARNING keystonemiddleware.auth_token [None req-647b9142-ee90-4c3e-8eca-350f1105add7 None None] AuthToken middleware is set with keystone_authtoken.service_token_roles_required set to False. This is backwards compatible but deprecated behaviour. Please set this to True.
May 19 12:19:29.850117 dv-cinder-804035-46-smb devstack@n-api.service[118184]: WARNING keystonemiddleware.auth_token [None req-647b9142-ee90-4c3e-8eca-350f1105add7 None None] Configuring www_authenticate_uri to point to the public identity endpoint is required; clients may not be able to authenticate against an admin endpoint
May 19 12:19:29.855588 dv-cinder-804035-46-smb devstack@n-api.service[118184]: WSGI app 0 (mountpoint='') ready in 6 seconds on interpreter 0x5594c58fe9c0 pid: 118184 (default app)
May 19 12:19:29.933609 dv-cinder-804035-46-smb devstack@n-api.service[118185]: WARNING keystonemiddleware.auth_token [None req-4ac2efda-2c79-4a83-abf0-fb9636221ba2 None None] AuthToken middleware is set with keystone_authtoken.service_token_roles_required set to False. This is backwards compatible but deprecated behaviour. Please set this to True.
May 19 12:19:29.940546 dv-cinder-804035-46-smb devstack@n-api.service[118185]: WARNING keystonemiddleware.auth_token [None req-4ac2efda-2c79-4a83-abf0-fb9636221ba2 None None] Configuring www_authenticate_uri to point to the public identity endpoint is required; clients may not be able to authenticate against an admin endpoint
May 19 12:19:29.945926 dv-cinder-804035-46-smb devstack@n-api.service[118185]: WSGI app 0 (mountpoint='') ready in 6 seconds on interpreter 0x5594c58fe9c0 pid: 118185 (default app)
May 19 12:20:15.052304 dv-cinder-804035-46-smb devstack@n-api.service[118184]: DEBUG dbcounter [-] [118184] Writing DB stats nova_api:SELECT=3 {{(pid=118184) stat_writer /usr/local/lib/python3.8/dist-packages/dbcounter.py:114}}
May 19 12:20:15.053747 dv-cinder-804035-46-smb devstack@n-api.service[118184]: DEBUG dbcounter [-] [118184] Writing DB stats nova_cell0:SELECT=3 {{(pid=118184) stat_writer /usr/local/lib/python3.8/dist-packages/dbcounter.py:114}}
May 19 12:20:15.056125 dv-cinder-804035-46-smb devstack@n-api.service[118184]: DEBUG dbcounter [-] [118184] Writing DB stats nova_cell1:SELECT=3 {{(pid=118184) stat_writer /usr/local/lib/python3.8/dist-packages/dbcounter.py:114}}
May 19 12:20:15.058551 dv-cinder-804035-46-smb devstack@n-api.service[118184]: DEBUG dbcounter [-] [118184] Writing DB stats nova_cell0:SELECT=3 {{(pid=118184) stat_writer /usr/local/lib/python3.8/dist-packages/dbcounter.py:114}}
May 19 12:20:16.399583 dv-cinder-804035-46-smb devstack@n-api.service[118184]: DEBUG nova.api.openstack.wsgi [None req-d0149669-9f16-44a7-a189-df86aa1bb444 tempest-VolumesSnapshotsTestJSON-729614987 tempest-VolumesSnapshotsTestJSON-729614987-project] Action: 'create', calling method: .version_select at 0x7fd324a7d4c0>, body: {"volume": {"size": 1, "display_name": "tempest-VolumesSnapshotsTestJSON-volume-1037825536"}} {{(pid=118184) _process_stack /opt/stack/nova/nova/api/openstack/wsgi.py:511}}
May 19 12:20:17.491791 dv-cinder-804035-46-smb devstack@n-api.service[118185]: DEBUG dbcounter [-] [118185] Writing DB stats nova_api:SELECT=3 {{(pid=118185) stat_writer /usr/local/lib/python3.8/dist-packages/dbcounter.py:114}}
May 19 12:20:17.493400 dv-cinder-804035-46-smb devstack@n-api.service[118185]: DEBUG dbcounter [-] [118185] Writing DB stats nova_cell0:SELECT=3 {{(pid=118185) stat_writer /usr/local/lib/python3.8/dist-packages/dbcounter.py:114}}
May 19 12:20:17.494833 dv-cinder-804035-46-smb devstack@n-api.service[118185]: DEBUG dbcounter [-] [118185] Writing DB stats nova_cell1:SELECT=3 {{(pid=118185) stat_writer /usr/local/lib/python3.8/dist-packages/dbcounter.py:114}}
May 19 12:20:17.495954 dv-cinder-804035-46-smb devstack@n-api.service[118185]: DEBUG dbcounter [-] [118185] Writing DB stats nova_cell0:SELECT=3 {{(pid=118185) stat_writer /usr/local/lib/python3.8/dist-packages/dbcounter.py:114}}
May 19 12:20:18.046647 dv-cinder-804035-46-smb devstack@n-api.service[118185]: DEBUG nova.api.openstack.wsgi [None req-82d463f2-86aa-4cfb-9241-7d07888441fa tempest-DeleteServersTestJSON-1087935690 tempest-DeleteServersTestJSON-1087935690-project] Action: 'create', calling method: >, body: {"server": {"name": "tempest-DeleteServersTestJSON-server-838760538", "imageRef": "303e5e56-a824-44a0-b136-df775caca664", "flavorRef": "452", "networks": [{"uuid": "03c69996-0490-42c5-999e-b7706f85b9a9"}]}} {{(pid=118185) _process_stack /opt/stack/nova/nova/api/openstack/wsgi.py:511}}
May 19 12:20:18.517029 dv-cinder-804035-46-smb devstack@n-api.service[118185]: DEBUG nova.network.neutron [None req-82d463f2-86aa-4cfb-9241-7d07888441fa tempest-DeleteServersTestJSON-1087935690 tempest-DeleteServersTestJSON-1087935690-project] validate_networks() for [('03c69996-0490-42c5-999e-b7706f85b9a9', None, None, None, None, None)] {{(pid=118185) validate_networks /opt/stack/nova/nova/network/neutron.py:2608}}
May 19 12:20:19.553767 dv-cinder-804035-46-smb devstack@n-api.service[118184]: INFO nova.api.openstack.requestlog [None req-d0149669-9f16-44a7-a189-df86aa1bb444 tempest-VolumesSnapshotsTestJSON-729614987 tempest-VolumesSnapshotsTestJSON-729614987-project] 10.222.0.24 "POST /compute/v2.1/os-volumes" status: 200 len: 345 microversion: 2.1 time: 4.507950
May 19 12:20:19.556147 dv-cinder-804035-46-smb devstack@n-api.service[118184]: [pid: 118184|app: 0|req: 1/1] 10.222.0.24 () {60 vars in 1154 bytes} [Thu May 19 12:20:15 2022] POST /compute/v2.1/os-volumes => generated 345 bytes in 4512 msecs (HTTP/1.1 200) 10 headers in 448 bytes (1 switches on core 0)
May 19 12:20:19.581392 dv-cinder-804035-46-smb devstack@n-api.service[118184]: DEBUG nova.api.openstack.wsgi [None req-158fa7e5-bec8-4722-a5cf-c6d35705747d tempest-VolumesSnapshotsTestJSON-729614987 tempest-VolumesSnapshotsTestJSON-729614987-project] Calling method '.version_select at 0x7fd3249464c0>' {{(pid=118184) _process_stack /opt/stack/nova/nova/api/openstack/wsgi.py:513}}
May 19 12:20:19.802386 dv-cinder-804035-46-smb devstack@n-api.service[118184]: INFO nova.api.openstack.requestlog [None req-158fa7e5-bec8-4722-a5cf-c6d35705747d tempest-VolumesSnapshotsTestJSON-729614987 tempest-VolumesSnapshotsTestJSON-729614987-project] 10.222.0.24 "GET /compute/v2.1/os-volumes/739bef22-b880-46ea-ae52-6d4839d249c2" status: 200 len: 345 microversion: 2.1 time: 0.236371
May 19 12:20:19.807765 dv-cinder-804035-46-smb devstack@n-api.service[118184]: [pid: 118184|app: 0|req: 2/2] 10.222.0.24 () {58 vars in 1244 bytes} [Thu May 19 12:20:19 2022] GET /compute/v2.1/os-volumes/739bef22-b880-46ea-ae52-6d4839d249c2 => generated 345 bytes in 240 msecs (HTTP/1.1 200) 9 headers in 357 bytes (1 switches on core 0)
May 19 12:20:20.816679 dv-cinder-804035-46-smb devstack@n-api.service[118184]: DEBUG nova.api.openstack.wsgi [None req-d11123bf-a393-4479-8b61-4969288b3c07 tempest-VolumesSnapshotsTestJSON-729614987 tempest-VolumesSnapshotsTestJSON-729614987-project] Calling method '.version_select at 0x7fd324946700>' {{(pid=118184) _process_stack /opt/stack/nova/nova/api/openstack/wsgi.py:513}}
May 19 12:20:20.972008 dv-cinder-804035-46-smb devstack@n-api.service[118184]: INFO nova.api.openstack.requestlog [None req-d11123bf-a393-4479-8b61-4969288b3c07 tempest-VolumesSnapshotsTestJSON-729614987 tempest-VolumesSnapshotsTestJSON-729614987-project] 10.222.0.24 "GET /compute/v2.1/os-volumes/739bef22-b880-46ea-ae52-6d4839d249c2" status: 200 len: 345 microversion: 2.1 time: 0.159117
May 19 12:20:20.977765 dv-cinder-804035-46-smb devstack@n-api.service[118184]: [pid: 118184|app: 0|req: 3/3] 10.222.0.24 () {58 vars in 1244 bytes} [Thu May 19 12:20:20 2022] GET /compute/v2.1/os-volumes/739bef22-b880-46ea-ae52-6d4839d249c2 => generated 345 bytes in 166 msecs (HTTP/1.1 200) 9 headers in 357 bytes (1 switches on core 0)
May 19 12:20:21.534880 dv-cinder-804035-46-smb devstack@n-api.service[118185]: DEBUG nova.virt.hardware [None req-82d463f2-86aa-4cfb-9241-7d07888441fa tempest-DeleteServersTestJSON-1087935690 tempest-DeleteServersTestJSON-1087935690-project] Flavor limits 0:0:0 {{(pid=118185) get_cpu_topology_constraints /opt/stack/nova/nova/virt/hardware.py:343}}
May 19 12:20:21.535369 dv-cinder-804035-46-smb devstack@n-api.service[118185]: DEBUG nova.virt.hardware [None req-82d463f2-86aa-4cfb-9241-7d07888441fa tempest-DeleteServersTestJSON-1087935690 tempest-DeleteServersTestJSON-1087935690-project] Image limits 0:0:0 {{(pid=118185) get_cpu_topology_constraints /opt/stack/nova/nova/virt/hardware.py:347}}
May 19 12:20:21.535777 dv-cinder-804035-46-smb devstack@n-api.service[118185]: DEBUG nova.virt.hardware [None req-82d463f2-86aa-4cfb-9241-7d07888441fa tempest-DeleteServersTestJSON-1087935690 tempest-DeleteServersTestJSON-1087935690-project] Flavor pref 0:0:0 {{(pid=118185) get_cpu_topology_constraints /opt/stack/nova/nova/virt/hardware.py:383}}
May 19 12:20:21.536192 dv-cinder-804035-46-smb devstack@n-api.service[118185]: DEBUG nova.virt.hardware [None req-82d463f2-86aa-4cfb-9241-7d07888441fa tempest-DeleteServersTestJSON-1087935690 tempest-DeleteServersTestJSON-1087935690-project] Image pref 0:0:0 {{(pid=118185) get_cpu_topology_constraints /opt/stack/nova/nova/virt/hardware.py:387}}
May 19 12:20:21.536609 dv-cinder-804035-46-smb devstack@n-api.service[118185]: DEBUG nova.virt.hardware [None req-82d463f2-86aa-4cfb-9241-7d07888441fa tempest-DeleteServersTestJSON-1087935690 tempest-DeleteServersTestJSON-1087935690-project] Chose sockets=0, cores=0, threads=0; limits were sockets=65536, cores=65536, threads=65536 {{(pid=118185) get_cpu_topology_constraints /opt/stack/nova/nova/virt/hardware.py:425}}
May 19 12:20:21.562165 dv-cinder-804035-46-smb devstack@n-api.service[118185]: DEBUG oslo_concurrency.lockutils [None req-82d463f2-86aa-4cfb-9241-7d07888441fa tempest-DeleteServersTestJSON-1087935690 tempest-DeleteServersTestJSON-1087935690-project] Lock "00000000-0000-0000-0000-000000000000" acquired by "nova.context.set_target_cell..get_or_set_cached_cell_and_set_connections" :: waited 0.000s {{(pid=118185) inner /usr/local/lib/python3.8/dist-packages/oslo_concurrency/lockutils.py:386}}
May 19 12:20:21.562718 dv-cinder-804035-46-smb devstack@n-api.service[118185]: DEBUG oslo_concurrency.lockutils [None req-82d463f2-86aa-4cfb-9241-7d07888441fa tempest-DeleteServersTestJSON-1087935690 tempest-DeleteServersTestJSON-1087935690-project] Lock "00000000-0000-0000-0000-000000000000" "released" by "nova.context.set_target_cell..get_or_set_cached_cell_and_set_connections" :: held 0.004s {{(pid=118185) inner /usr/local/lib/python3.8/dist-packages/oslo_concurrency/lockutils.py:400}}
May 19 12:20:21.563614 dv-cinder-804035-46-smb devstack@n-api.service[118185]: DEBUG oslo_concurrency.lockutils [None req-82d463f2-86aa-4cfb-9241-7d07888441fa tempest-DeleteServersTestJSON-1087935690 tempest-DeleteServersTestJSON-1087935690-project] Lock "0fe84ea9-6e96-4219-886c-90104801b0fd" acquired by "nova.context.set_target_cell..get_or_set_cached_cell_and_set_connections" :: waited 0.000s {{(pid=118185) inner /usr/local/lib/python3.8/dist-packages/oslo_concurrency/lockutils.py:386}}
May 19 12:20:21.564056 dv-cinder-804035-46-smb devstack@n-api.service[118185]: DEBUG oslo_concurrency.lockutils [None req-82d463f2-86aa-4cfb-9241-7d07888441fa tempest-DeleteServersTestJSON-1087935690 tempest-DeleteServersTestJSON-1087935690-project] Lock "0fe84ea9-6e96-4219-886c-90104801b0fd" "released" by "nova.context.set_target_cell..get_or_set_cached_cell_and_set_connections" :: held 0.000s {{(pid=118185) inner /usr/local/lib/python3.8/dist-packages/oslo_concurrency/lockutils.py:400}}
May 19 12:20:21.647246 dv-cinder-804035-46-smb devstack@n-api.service[118185]: DEBUG nova.quota [None req-82d463f2-86aa-4cfb-9241-7d07888441fa tempest-DeleteServersTestJSON-1087935690 tempest-DeleteServersTestJSON-1087935690-project] Getting quotas for project 2c5d328c3cc943f098e7f99e1c355e3f. Resources: {'ram', 'instances', 'cores'} {{(pid=118185) _get_quotas /opt/stack/nova/nova/quota.py:393}}
May 19 12:20:21.662751 dv-cinder-804035-46-smb devstack@n-api.service[118185]: DEBUG nova.quota [None req-82d463f2-86aa-4cfb-9241-7d07888441fa tempest-DeleteServersTestJSON-1087935690 tempest-DeleteServersTestJSON-1087935690-project] Getting quotas for user 8d2f7601c1f1495f944402dc3d916258 and project 2c5d328c3cc943f098e7f99e1c355e3f. Resources: {'ram', 'instances', 'cores'} {{(pid=118185) _get_quotas /opt/stack/nova/nova/quota.py:383}}
May 19 12:20:21.705915 dv-cinder-804035-46-smb devstack@n-api.service[118185]: DEBUG nova.compute.api [None req-82d463f2-86aa-4cfb-9241-7d07888441fa tempest-DeleteServersTestJSON-1087935690 tempest-DeleteServersTestJSON-1087935690-project] Going to run 1 instances... {{(pid=118185) _provision_instances /opt/stack/nova/nova/compute/api.py:1389}}
May 19 12:20:21.714143 dv-cinder-804035-46-smb devstack@n-api.service[118185]: DEBUG nova.compute.api [None req-82d463f2-86aa-4cfb-9241-7d07888441fa tempest-DeleteServersTestJSON-1087935690 tempest-DeleteServersTestJSON-1087935690-project] [instance: 87bf6119-0f74-44fa-8635-9687abbd28f1] block_device_mapping [BlockDeviceMapping(attachment_id=,boot_index=0,connection_info=None,created_at=,delete_on_termination=True,deleted=,deleted_at=,destination_type='local',device_name=None,device_type='disk',disk_bus=None,guest_format=None,id=,image_id='303e5e56-a824-44a0-b136-df775caca664',instance=,instance_uuid=,no_device=False,snapshot_id=None,source_type='image',tag=None,updated_at=,uuid=,volume_id=None,volume_size=None,volume_type=None)] {{(pid=118185) _bdm_validate_set_size_and_instance /opt/stack/nova/nova/compute/api.py:1807}}
May 19 12:20:21.989041 dv-cinder-804035-46-smb devstack@n-api.service[118184]: DEBUG nova.api.openstack.wsgi [None req-33c70c32-e5aa-4ab4-8c6d-a308ff98206f tempest-VolumesSnapshotsTestJSON-729614987 tempest-VolumesSnapshotsTestJSON-729614987-project] Calling method '.version_select at 0x7fd324946c10>' {{(pid=118184) _process_stack /opt/stack/nova/nova/api/openstack/wsgi.py:513}}
May 19 12:20:21.995285 dv-cinder-804035-46-smb devstack@n-api.service[118185]: INFO nova.api.openstack.requestlog [None req-82d463f2-86aa-4cfb-9241-7d07888441fa tempest-DeleteServersTestJSON-1087935690 tempest-DeleteServersTestJSON-1087935690-project] 10.222.0.24 "POST /compute/v2.1/servers" status: 202 len: 380 microversion: 2.1 time: 4.518602
May 19 12:20:22.003814 dv-cinder-804035-46-smb devstack@n-api.service[118185]: [pid: 118185|app: 0|req: 1/4] 10.222.0.24 () {60 vars in 1146 bytes} [Thu May 19 12:20:17 2022] POST /compute/v2.1/servers => generated 380 bytes in 4529 msecs (HTTP/1.1 202) 10 headers in 451 bytes (1 switches on core 0)
May 19 12:20:22.033993 dv-cinder-804035-46-smb devstack@n-api.service[118185]: DEBUG nova.api.openstack.wsgi [None req-56f68106-96ba-482d-8b9e-e15e19784f38 tempest-DeleteServersTestJSON-1087935690 tempest-DeleteServersTestJSON-1087935690-project] Calling method '>' {{(pid=118185) _process_stack /opt/stack/nova/nova/api/openstack/wsgi.py:513}}
May 19 12:20:22.037783 dv-cinder-804035-46-smb devstack@n-api.service[118185]: DEBUG nova.compute.api [None req-56f68106-96ba-482d-8b9e-e15e19784f38 tempest-DeleteServersTestJSON-1087935690 tempest-DeleteServersTestJSON-1087935690-project] [instance: 87bf6119-0f74-44fa-8635-9687abbd28f1] Fetching instance by UUID {{(pid=118185) get /opt/stack/nova/nova/compute/api.py:2920}}
May 19 12:20:22.175406 dv-cinder-804035-46-smb devstack@n-api.service[118184]: INFO nova.api.openstack.requestlog [None req-33c70c32-e5aa-4ab4-8c6d-a308ff98206f tempest-VolumesSnapshotsTestJSON-729614987 tempest-VolumesSnapshotsTestJSON-729614987-project] 10.222.0.24 "GET /compute/v2.1/os-volumes/739bef22-b880-46ea-ae52-6d4839d249c2" status: 200 len: 346 microversion: 2.1 time: 0.194423
May 19 12:20:22.186117 dv-cinder-804035-46-smb devstack@n-api.service[118184]: [pid: 118184|app: 0|req: 4/5] 10.222.0.24 () {58 vars in 1244 bytes} [Thu May 19 12:20:21 2022] GET /compute/v2.1/os-volumes/739bef22-b880-46ea-ae52-6d4839d249c2 => generated 346 bytes in 206 msecs (HTTP/1.1 200) 9 headers in 357 bytes (2 switches on core 0)
May 19 12:20:22.193152 dv-cinder-804035-46-smb devstack@n-api.service[118184]: DEBUG nova.api.openstack.wsgi [None req-6ba83a70-cedc-43cf-850f-afae858e3989 tempest-VolumesSnapshotsTestJSON-729614987 tempest-VolumesSnapshotsTestJSON-729614987-project] Action: 'create', calling method: .version_select at 0x7fd32495f280>, body: {"snapshot": {"volume_id": "739bef22-b880-46ea-ae52-6d4839d249c2", "display_name": "tempest-VolumesSnapshotsTestJSON-Snapshot-667039667"}} {{(pid=118184) _process_stack /opt/stack/nova/nova/api/openstack/wsgi.py:511}}
May 19 12:20:22.524940 dv-cinder-804035-46-smb devstack@n-api.service[118185]: DEBUG nova.policy [None req-56f68106-96ba-482d-8b9e-e15e19784f38 tempest-DeleteServersTestJSON-1087935690 tempest-DeleteServersTestJSON-1087935690-project] Policy check for os_compute_api:os-extended-server-attributes failed with credentials {'is_admin': False, 'user_id': '8d2f7601c1f1495f944402dc3d916258', 'user_domain_id': 'default', 'system_scope': None, 'domain_id': None, 'project_id': '2c5d328c3cc943f098e7f99e1c355e3f', 'project_domain_id': 'default', 'roles': ['member', 'reader'], 'is_admin_project': True, 'service_user_id': None, 'service_user_domain_id': None, 'service_project_id': None, 'service_project_domain_id': None, 'service_roles': []} {{(pid=118185) authorize /opt/stack/nova/nova/policy.py:199}}
May 19 12:20:22.578495 dv-cinder-804035-46-smb devstack@n-api.service[118185]: INFO nova.api.openstack.requestlog [None req-56f68106-96ba-482d-8b9e-e15e19784f38 tempest-DeleteServersTestJSON-1087935690 tempest-DeleteServersTestJSON-1087935690-project] 10.222.0.24 "GET /compute/v2.1/servers/87bf6119-0f74-44fa-8635-9687abbd28f1" status: 200 len: 1214 microversion: 2.1 time: 0.565372
May 19 12:20:22.585498 dv-cinder-804035-46-smb devstack@n-api.service[118185]: [pid: 118185|app: 0|req: 2/6] 10.222.0.24 () {58 vars in 1235 bytes} [Thu May 19 12:20:22 2022] GET /compute/v2.1/servers/87bf6119-0f74-44fa-8635-9687abbd28f1 => generated 1214 bytes in 577 msecs (HTTP/1.1 200) 9 headers in 358 bytes (1 switches on core 0)
May 19 12:20:23.169248 dv-cinder-804035-46-smb devstack@n-api.service[118184]: INFO nova.api.openstack.requestlog [None req-6ba83a70-cedc-43cf-850f-afae858e3989 tempest-VolumesSnapshotsTestJSON-729614987 tempest-VolumesSnapshotsTestJSON-729614987-project] 10.222.0.24 "POST /compute/v2.1/os-snapshots" status: 200 len: 286 microversion: 2.1 time: 0.981549
May 19 12:20:23.175780 dv-cinder-804035-46-smb devstack@n-api.service[118184]: [pid: 118184|app: 0|req: 5/7] 10.222.0.24 () {60 vars in 1161 bytes} [Thu May 19 12:20:22 2022] POST /compute/v2.1/os-snapshots => generated 286 bytes in 983 msecs (HTTP/1.1 200) 9 headers in 357 bytes (1 switches on core 0)
May 19 12:20:23.180823 dv-cinder-804035-46-smb devstack@n-api.service[118185]: DEBUG nova.api.openstack.wsgi [None req-64f054cc-d1c1-431d-b115-f86632ee1ea2 tempest-VolumesSnapshotsTestJSON-729614987 tempest-VolumesSnapshotsTestJSON-729614987-project] Calling method '.version_select at 0x7fd32409aa60>' {{(pid=118185) _process_stack /opt/stack/nova/nova/api/openstack/wsgi.py:513}}
May 19 12:20:23.315806 dv-cinder-804035-46-smb devstack@n-api.service[118185]: INFO nova.api.openstack.requestlog [None req-64f054cc-d1c1-431d-b115-f86632ee1ea2 tempest-VolumesSnapshotsTestJSON-729614987 tempest-VolumesSnapshotsTestJSON-729614987-project] 10.222.0.24 "GET /compute/v2.1/os-snapshots/fe4456d4-c7aa-4bdc-a604-e915424b8687" status: 200 len: 286 microversion: 2.1 time: 0.139583
May 19 12:20:23.316906 dv-cinder-804035-46-smb devstack@n-api.service[118185]: [pid: 118185|app: 0|req: 3/8] 10.222.0.24 () {58 vars in 1250 bytes} [Thu May 19 12:20:23 2022] GET /compute/v2.1/os-snapshots/fe4456d4-c7aa-4bdc-a604-e915424b8687 => generated 286 bytes in 141 msecs (HTTP/1.1 200) 9 headers in 357 bytes (1 switches on core 0)
May 19 12:20:23.327319 dv-cinder-804035-46-smb devstack@n-api.service[118184]: DEBUG nova.api.openstack.wsgi [None req-8fc19eb5-be7f-4308-a5de-db9e831714bc tempest-VolumesSnapshotsTestJSON-729614987 tempest-VolumesSnapshotsTestJSON-729614987-project] Calling method '.version_select at 0x7fd324946e50>' {{(pid=118184) _process_stack /opt/stack/nova/nova/api/openstack/wsgi.py:513}}
May 19 12:20:23.424492 dv-cinder-804035-46-smb devstack@n-api.service[118184]: INFO nova.api.openstack.requestlog [None req-8fc19eb5-be7f-4308-a5de-db9e831714bc tempest-VolumesSnapshotsTestJSON-729614987 tempest-VolumesSnapshotsTestJSON-729614987-project] 10.222.0.24 "GET /compute/v2.1/os-snapshots" status: 200 len: 289 microversion: 2.1 time: 0.101438
May 19 12:20:23.426559 dv-cinder-804035-46-smb devstack@n-api.service[118184]: [pid: 118184|app: 0|req: 6/9] 10.222.0.24 () {58 vars in 1139 bytes} [Thu May 19 12:20:23 2022] GET /compute/v2.1/os-snapshots => generated 289 bytes in 104 msecs (HTTP/1.1 200) 9 headers in 357 bytes (1 switches on core 0)
May 19 12:20:23.442799 dv-cinder-804035-46-smb devstack@n-api.service[118185]: DEBUG nova.api.openstack.wsgi [None req-28175049-09c5-4627-812b-a760862e6843 tempest-VolumesSnapshotsTestJSON-729614987 tempest-VolumesSnapshotsTestJSON-729614987-project] Calling method '.version_select at 0x7fd31f7e60d0>' {{(pid=118185) _process_stack /opt/stack/nova/nova/api/openstack/wsgi.py:513}}
May 19 12:20:23.520107 dv-cinder-804035-46-smb devstack@n-api.service[118185]: INFO nova.api.openstack.requestlog [None req-28175049-09c5-4627-812b-a760862e6843 tempest-VolumesSnapshotsTestJSON-729614987 tempest-VolumesSnapshotsTestJSON-729614987-project] 10.222.0.24 "GET /compute/v2.1/os-snapshots/fe4456d4-c7aa-4bdc-a604-e915424b8687" status: 200 len: 286 microversion: 2.1 time: 0.087042
May 19 12:20:23.524194 dv-cinder-804035-46-smb devstack@n-api.service[118185]: [pid: 118185|app: 0|req: 4/10] 10.222.0.24 () {58 vars in 1250 bytes} [Thu May 19 12:20:23 2022] GET /compute/v2.1/os-snapshots/fe4456d4-c7aa-4bdc-a604-e915424b8687 => generated 286 bytes in 89 msecs (HTTP/1.1 200) 9 headers in 357 bytes (2 switches on core 0)
May 19 12:20:23.600491 dv-cinder-804035-46-smb devstack@n-api.service[118184]: DEBUG nova.api.openstack.wsgi [None req-f2fbeb34-42fd-4df1-84be-8aa69fa55feb tempest-DeleteServersTestJSON-1087935690 tempest-DeleteServersTestJSON-1087935690-project] Calling method '>' {{(pid=118184) _process_stack /opt/stack/nova/nova/api/openstack/wsgi.py:513}}
May 19 12:20:23.603202 dv-cinder-804035-46-smb devstack@n-api.service[118184]: DEBUG nova.compute.api [None req-f2fbeb34-42fd-4df1-84be-8aa69fa55feb tempest-DeleteServersTestJSON-1087935690 tempest-DeleteServersTestJSON-1087935690-project] [instance: 87bf6119-0f74-44fa-8635-9687abbd28f1] Fetching instance by UUID {{(pid=118184) get /opt/stack/nova/nova/compute/api.py:2920}}
May 19 12:20:23.851578 dv-cinder-804035-46-smb devstack@n-api.service[118184]: DEBUG nova.policy [None req-f2fbeb34-42fd-4df1-84be-8aa69fa55feb tempest-DeleteServersTestJSON-1087935690 tempest-DeleteServersTestJSON-1087935690-project] Policy check for os_compute_api:os-extended-server-attributes failed with credentials {'is_admin': False, 'user_id': '8d2f7601c1f1495f944402dc3d916258', 'user_domain_id': 'default', 'system_scope': None, 'domain_id': None, 'project_id': '2c5d328c3cc943f098e7f99e1c355e3f', 'project_domain_id': 'default', 'roles': ['member', 'reader'], 'is_admin_project': True, 'service_user_id': None, 'service_user_domain_id': None, 'service_project_id': None, 'service_project_domain_id': None, 'service_roles': []} {{(pid=118184) authorize /opt/stack/nova/nova/policy.py:199}}
May 19 12:20:23.910501 dv-cinder-804035-46-smb devstack@n-api.service[118184]: INFO nova.api.openstack.requestlog [None req-f2fbeb34-42fd-4df1-84be-8aa69fa55feb tempest-DeleteServersTestJSON-1087935690 tempest-DeleteServersTestJSON-1087935690-project] 10.222.0.24 "GET /compute/v2.1/servers/87bf6119-0f74-44fa-8635-9687abbd28f1" status: 200 len: 1214 microversion: 2.1 time: 0.312775
May 19 12:20:23.912481 dv-cinder-804035-46-smb devstack@n-api.service[118184]: [pid: 118184|app: 0|req: 7/11] 10.222.0.24 () {58 vars in 1235 bytes} [Thu May 19 12:20:23 2022] GET /compute/v2.1/servers/87bf6119-0f74-44fa-8635-9687abbd28f1 => generated 1214 bytes in 320 msecs (HTTP/1.1 200) 9 headers in 358 bytes (1 switches on core 0)
May 19 12:20:24.539152 dv-cinder-804035-46-smb devstack@n-api.service[118185]: DEBUG nova.api.openstack.wsgi [None req-4d4fff84-2711-4c0b-b31b-fd29b2b20d46 tempest-VolumesSnapshotsTestJSON-729614987 tempest-VolumesSnapshotsTestJSON-729614987-project] Calling method '.version_select at 0x7fd31f7e6790>' {{(pid=118185) _process_stack /opt/stack/nova/nova/api/openstack/wsgi.py:513}}
May 19 12:20:24.658143 dv-cinder-804035-46-smb devstack@n-api.service[118185]: INFO nova.api.openstack.requestlog [None req-4d4fff84-2711-4c0b-b31b-fd29b2b20d46 tempest-VolumesSnapshotsTestJSON-729614987 tempest-VolumesSnapshotsTestJSON-729614987-project] 10.222.0.24 "GET /compute/v2.1/os-snapshots/fe4456d4-c7aa-4bdc-a604-e915424b8687" status: 200 len: 287 microversion: 2.1 time: 0.125020
May 19 12:20:24.658219 dv-cinder-804035-46-smb devstack@n-api.service[118185]: [pid: 118185|app: 0|req: 5/12] 10.222.0.24 () {58 vars in 1250 bytes} [Thu May 19 12:20:24 2022] GET /compute/v2.1/os-snapshots/fe4456d4-c7aa-4bdc-a604-e915424b8687 => generated 287 bytes in 131 msecs (HTTP/1.1 200) 9 headers in 357 bytes (1 switches on core 0)
May 19 12:20:24.671238 dv-cinder-804035-46-smb devstack@n-api.service[118184]: DEBUG nova.api.openstack.wsgi [None req-1934bc68-05ef-426e-91c9-9015edf1ed6c tempest-VolumesSnapshotsTestJSON-729614987 tempest-VolumesSnapshotsTestJSON-729614987-project] Calling method '.version_select at 0x7fd32491a040>' {{(pid=118184) _process_stack /opt/stack/nova/nova/api/openstack/wsgi.py:513}}
May 19 12:20:24.890616 dv-cinder-804035-46-smb devstack@n-api.service[118184]: INFO nova.api.openstack.requestlog [None req-1934bc68-05ef-426e-91c9-9015edf1ed6c tempest-VolumesSnapshotsTestJSON-729614987 tempest-VolumesSnapshotsTestJSON-729614987-project] 10.222.0.24 "DELETE /compute/v2.1/os-snapshots/fe4456d4-c7aa-4bdc-a604-e915424b8687" status: 202 len: 0 microversion: 2.1 time: 0.225220
May 19 12:20:24.895585 dv-cinder-804035-46-smb devstack@n-api.service[118184]: [pid: 118184|app: 0|req: 8/13] 10.222.0.24 () {58 vars in 1253 bytes} [Thu May 19 12:20:24 2022] DELETE /compute/v2.1/os-snapshots/fe4456d4-c7aa-4bdc-a604-e915424b8687 => generated 0 bytes in 227 msecs (HTTP/1.1 202) 9 headers in 361 bytes (1 switches on core 0)
May 19 12:20:24.904000 dv-cinder-804035-46-smb devstack@n-api.service[118185]: DEBUG nova.api.openstack.wsgi [None req-ed919a4d-fb2e-412f-86c8-8ce7c0fb43b8 tempest-VolumesSnapshotsTestJSON-729614987 tempest-VolumesSnapshotsTestJSON-729614987-project] Calling method '.version_select at 0x7fd31f7e6a60>' {{(pid=118185) _process_stack /opt/stack/nova/nova/api/openstack/wsgi.py:513}}
May 19 12:20:24.928884 dv-cinder-804035-46-smb devstack@n-api.service[118184]: DEBUG nova.api.openstack.wsgi [None req-9462cb0c-84b1-4075-829a-bfbd15e653ce tempest-DeleteServersTestJSON-1087935690 tempest-DeleteServersTestJSON-1087935690-project] Calling method '>' {{(pid=118184) _process_stack /opt/stack/nova/nova/api/openstack/wsgi.py:513}}
May 19 12:20:24.937852 dv-cinder-804035-46-smb devstack@n-api.service[118184]: DEBUG nova.compute.api [None req-9462cb0c-84b1-4075-829a-bfbd15e653ce tempest-DeleteServersTestJSON-1087935690 tempest-DeleteServersTestJSON-1087935690-project] [instance: 87bf6119-0f74-44fa-8635-9687abbd28f1] Fetching instance by UUID {{(pid=118184) get /opt/stack/nova/nova/compute/api.py:2920}}
May 19 12:20:24.982264 dv-cinder-804035-46-smb devstack@n-api.service[118185]: INFO nova.api.openstack.requestlog [None req-ed919a4d-fb2e-412f-86c8-8ce7c0fb43b8 tempest-VolumesSnapshotsTestJSON-729614987 tempest-VolumesSnapshotsTestJSON-729614987-project] 10.222.0.24 "GET /compute/v2.1/os-snapshots/fe4456d4-c7aa-4bdc-a604-e915424b8687" status: 200 len: 286 microversion: 2.1 time: 0.085272
May 19 12:20:24.983299 dv-cinder-804035-46-smb devstack@n-api.service[118185]: [pid: 118185|app: 0|req: 6/14] 10.222.0.24 () {58 vars in 1250 bytes} [Thu May 19 12:20:24 2022] GET /compute/v2.1/os-snapshots/fe4456d4-c7aa-4bdc-a604-e915424b8687 => generated 286 bytes in 88 msecs (HTTP/1.1 200) 9 headers in 357 bytes (1 switches on core 0)
May 19 12:20:25.100853 dv-cinder-804035-46-smb devstack@n-api.service[118184]: DEBUG nova.policy [None req-9462cb0c-84b1-4075-829a-bfbd15e653ce tempest-DeleteServersTestJSON-1087935690 tempest-DeleteServersTestJSON-1087935690-project] Policy check for os_compute_api:os-extended-server-attributes failed with credentials {'is_admin': False, 'user_id': '8d2f7601c1f1495f944402dc3d916258', 'user_domain_id': 'default', 'system_scope': None, 'domain_id': None, 'project_id': '2c5d328c3cc943f098e7f99e1c355e3f', 'project_domain_id': 'default', 'roles': ['member', 'reader'], 'is_admin_project': True, 'service_user_id': None, 'service_user_domain_id': None, 'service_project_id': None, 'service_project_domain_id': None, 'service_roles': []} {{(pid=118184) authorize /opt/stack/nova/nova/policy.py:199}}
May 19 12:20:25.121131 dv-cinder-804035-46-smb devstack@n-api.service[118184]: INFO nova.api.openstack.requestlog [None req-9462cb0c-84b1-4075-829a-bfbd15e653ce tempest-DeleteServersTestJSON-1087935690 tempest-DeleteServersTestJSON-1087935690-project] 10.222.0.24 "GET /compute/v2.1/servers/87bf6119-0f74-44fa-8635-9687abbd28f1" status: 200 len: 1214 microversion: 2.1 time: 0.196183
May 19 12:20:25.122415 dv-cinder-804035-46-smb devstack@n-api.service[118184]: [pid: 118184|app: 0|req: 9/15] 10.222.0.24 () {58 vars in 1235 bytes} [Thu May 19 12:20:24 2022] GET /compute/v2.1/servers/87bf6119-0f74-44fa-8635-9687abbd28f1 => generated 1214 bytes in 199 msecs (HTTP/1.1 200) 9 headers in 358 bytes (1 switches on core 0)
May 19 12:20:25.899055 dv-cinder-804035-46-smb devstack@n-api.service[118185]: DEBUG nova.api.openstack.wsgi [None req-4339d2e6-17fe-4c78-a0eb-49390efd1c1a tempest-AttachVolumeNegativeTest-2060326630 tempest-AttachVolumeNegativeTest-2060326630-project] Action: 'create', calling method: .version_select at 0x7fd31f7e64c0>, body: {"keypair": {"name": "tempest-keypair-1020661805", "public_key": "ecdsa-sha2-nistp384 AAAAE2VjZHNhLXNoYTItbmlzdHAzODQAAAAIbmlzdHAzODQAAABhBB+3uKOkAmanV91F5hmVefNqm18lhRtxdNAr7YwENlD/Edaime2T1KdjTFwsWlOl1ySFoLhCEzQCIbuBtnrK5E3g/P+jUGM8MhYbpywTIXsKdV75T+24w5u4R9IzSFb/BQ=="}} {{(pid=118185) _process_stack /opt/stack/nova/nova/api/openstack/wsgi.py:511}}
May 19 12:20:25.967910 dv-cinder-804035-46-smb devstack@n-api.service[118185]: DEBUG nova.quota [None req-4339d2e6-17fe-4c78-a0eb-49390efd1c1a tempest-AttachVolumeNegativeTest-2060326630 tempest-AttachVolumeNegativeTest-2060326630-project] Getting quotas for project 0b406ff0790a4c4e838ff9d1af8f7ba2. Resources: {'key_pairs'} {{(pid=118185) _get_quotas /opt/stack/nova/nova/quota.py:393}}
May 19 12:20:25.985922 dv-cinder-804035-46-smb devstack@n-api.service[118185]: DEBUG nova.quota [None req-4339d2e6-17fe-4c78-a0eb-49390efd1c1a tempest-AttachVolumeNegativeTest-2060326630 tempest-AttachVolumeNegativeTest-2060326630-project] Getting quotas for user 47129fa066184fedba54a8c79392a51c and project 0b406ff0790a4c4e838ff9d1af8f7ba2. Resources: {'key_pairs'} {{(pid=118185) _get_quotas /opt/stack/nova/nova/quota.py:383}}
May 19 12:20:25.995449 dv-cinder-804035-46-smb devstack@n-api.service[118184]: DEBUG nova.api.openstack.wsgi [None req-80911b0b-9ec0-4213-a67c-d67af19963d0 tempest-VolumesSnapshotsTestJSON-729614987 tempest-VolumesSnapshotsTestJSON-729614987-project] Calling method '.version_select at 0x7fd32492aca0>' {{(pid=118184) _process_stack /opt/stack/nova/nova/api/openstack/wsgi.py:513}}
May 19 12:20:26.064734 dv-cinder-804035-46-smb devstack@n-api.service[118184]: INFO nova.api.openstack.wsgi [None req-80911b0b-9ec0-4213-a67c-d67af19963d0 tempest-VolumesSnapshotsTestJSON-729614987 tempest-VolumesSnapshotsTestJSON-729614987-project] HTTP exception thrown: Snapshot fe4456d4-c7aa-4bdc-a604-e915424b8687 could not be found.
May 19 12:20:26.069211 dv-cinder-804035-46-smb devstack@n-api.service[118184]: DEBUG nova.api.openstack.wsgi [None req-80911b0b-9ec0-4213-a67c-d67af19963d0 tempest-VolumesSnapshotsTestJSON-729614987 tempest-VolumesSnapshotsTestJSON-729614987-project] Request method failure captured:
May 19 12:20:26.069211 dv-cinder-804035-46-smb devstack@n-api.service[118184]: request: GET /compute/v2.1/os-snapshots/fe4456d4-c7aa-4bdc-a604-e915424b8687 HTTP/1.1
May 19 12:20:26.069211 dv-cinder-804035-46-smb devstack@n-api.service[118184]: Accept: application/json
May 19 12:20:26.069211 dv-cinder-804035-46-smb devstack@n-api.service[118184]: Accept-Encoding: identity
May 19 12:20:26.069211 dv-cinder-804035-46-smb devstack@n-api.service[118184]: Connection: close
May 19 12:20:26.069211 dv-cinder-804035-46-smb devstack@n-api.service[118184]: Content-Length: 0
May 19 12:20:26.069211 dv-cinder-804035-46-smb devstack@n-api.service[118184]: Content-Type: application/json
May 19 12:20:26.069211 dv-cinder-804035-46-smb devstack@n-api.service[118184]: Host: 10.222.0.24
May 19 12:20:26.069211 dv-cinder-804035-46-smb devstack@n-api.service[118184]: Openstack-System-Scope: None
May 19 12:20:26.069211 dv-cinder-804035-46-smb devstack@n-api.service[118184]: User-Agent: python-urllib3/1.26.9
May 19 12:20:26.069211 dv-cinder-804035-46-smb devstack@n-api.service[118184]: X-Auth-Token: gAAAAABihjX-zr3pZSYq0rZ-CTUXVOONFjY-JXIYWd3IDzFa6qyyozVUuBhakusF_NwhX-TDcaeLx5oRgB0GLNkzgm4wHcUDdkx3ebdZ0FMPI9VY_GrAQpi8YB_5CkRYwFCK_m4SRQLLVHD2qcBMalmxP3wD7PQrW6h0gfCxvjfH2rFF2fj9oY8
May 19 12:20:26.069211 dv-cinder-804035-46-smb devstack@n-api.service[118184]: X-Domain-Id: None
May 19 12:20:26.069211 dv-cinder-804035-46-smb devstack@n-api.service[118184]: X-Domain-Name: None
May 19 12:20:26.069211 dv-cinder-804035-46-smb devstack@n-api.service[118184]: X-Identity-Status: Confirmed
May 19 12:20:26.069211 dv-cinder-804035-46-smb devstack@n-api.service[118184]: X-Is-Admin-Project: True
May 19 12:20:26.069211 dv-cinder-804035-46-smb devstack@n-api.service[118184]: X-Project-Domain-Id: default
May 19 12:20:26.069211 dv-cinder-804035-46-smb devstack@n-api.service[118184]: X-Project-Domain-Name: Default
May 19 12:20:26.069211 dv-cinder-804035-46-smb devstack@n-api.service[118184]: X-Project-Id: f0f593b85553438d88e38bbbab47a5cb
May 19 12:20:26.069211 dv-cinder-804035-46-smb devstack@n-api.service[118184]: X-Project-Name: tempest-VolumesSnapshotsTestJSON-729614987
May 19 12:20:26.069211 dv-cinder-804035-46-smb devstack@n-api.service[118184]: X-Role: member,reader
May 19 12:20:26.069211 dv-cinder-804035-46-smb devstack@n-api.service[118184]: X-Roles: member,reader
May 19 12:20:26.070276 dv-cinder-804035-46-smb devstack@n-api.service[118184]: X-Service-Catalog: [{"type": "network", "name": "neutron", "endpoints": [{"region": "RegionOne", "publicURL": "http://10.222.0.24:9696/"}]}, {"type": "object-store", "name": "swift", "endpoints": [{"region": "RegionOne", "publicURL": "http://10.222.0.24:8080/v1/AUTH_f0f593b85553438d88e38bbbab47a5cb", "adminURL": "http://10.222.0.24:8080"}]}, {"type": "volumev3", "name": "cinderv3", "endpoints": [{"region": "RegionOne", "publicURL": "http://10.222.0.24/volume/v3/f0f593b85553438d88e38bbbab47a5cb"}]}, {"type": "compute_legacy", "name": "nova_legacy", "endpoints": [{"region": "RegionOne", "publicURL": "http://10.222.0.24/compute/v2/f0f593b85553438d88e38bbbab47a5cb"}]}, {"type": "identity", "name": "keystone", "endpoints": [{"region": "RegionOne", "publicURL": "http://10.222.0.24/identity"}]}, {"type": "compute", "name": "nova", "endpoints": [{"region": "RegionOne", "publicURL": "http://10.222.0.24/compute/v2.1"}]}, {"type": "image", "name": "glance", "endpoints": [{"region": "RegionOne", "publicURL": "http://10.222.0.24/image"}]}, {"type": "block-storage", "name": "cinder", "endpoints": [{"region": "RegionOne", "publicURL": "http://10.222.0.24/volume/v3/f0f593b85553438d88e38bbbab47a5cb"}]}, {"type": "placement", "name": "placement", "endpoints": [{"region": "RegionOne", "publicURL": "http://10.222.0.24/placement"}]}]
May 19 12:20:26.070276 dv-cinder-804035-46-smb devstack@n-api.service[118184]: X-Tenant: tempest-VolumesSnapshotsTestJSON-729614987
May 19 12:20:26.070276 dv-cinder-804035-46-smb devstack@n-api.service[118184]: X-Tenant-Id: f0f593b85553438d88e38bbbab47a5cb
May 19 12:20:26.070276 dv-cinder-804035-46-smb devstack@n-api.service[118184]: X-Tenant-Name: tempest-VolumesSnapshotsTestJSON-729614987
May 19 12:20:26.070276 dv-cinder-804035-46-smb devstack@n-api.service[118184]: X-User: tempest-VolumesSnapshotsTestJSON-729614987-project
May 19 12:20:26.070276 dv-cinder-804035-46-smb devstack@n-api.service[118184]: X-User-Domain-Id: default
May 19 12:20:26.070276 dv-cinder-804035-46-smb devstack@n-api.service[118184]: X-User-Domain-Name: Default
May 19 12:20:26.070276 dv-cinder-804035-46-smb devstack@n-api.service[118184]: X-User-Id: dab682fbfbb34420b1cfb58811e98825
May 19 12:20:26.070276 dv-cinder-804035-46-smb devstack@n-api.service[118184]: X-User-Name: tempest-VolumesSnapshotsTestJSON-729614987-project
May 19 12:20:26.070276 dv-cinder-804035-46-smb devstack@n-api.service[118184]: method:
May 19 12:20:26.070276 dv-cinder-804035-46-smb devstack@n-api.service[118184]: exception: Snapshot fe4456d4-c7aa-4bdc-a604-e915424b8687 could not be found.
May 19 12:20:26.070276 dv-cinder-804035-46-smb devstack@n-api.service[118184]: action_args: {'id': 'fe4456d4-c7aa-4bdc-a604-e915424b8687'}
May 19 12:20:26.070276 dv-cinder-804035-46-smb devstack@n-api.service[118184]: {{(pid=118184) _process_stack /opt/stack/nova/nova/api/openstack/wsgi.py:541}}
May 19 12:20:26.070969 dv-cinder-804035-46-smb devstack@n-api.service[118184]: ERROR nova.api.openstack.wsgi
Traceback (most recent call last):
May 19 12:20:26.070969 dv-cinder-804035-46-smb devstack@n-api.service[118184]: ERROR nova.api.openstack.wsgi
File "/opt/stack/nova/nova/volume/cinder.py", line 464, in wrapper
May 19 12:20:26.070969 dv-cinder-804035-46-smb devstack@n-api.service[118184]: ERROR nova.api.openstack.wsgi res = method(self, ctx, snapshot_id, *args, **kwargs)
May 19 12:20:26.070969 dv-cinder-804035-46-smb devstack@n-api.service[118184]: ERROR nova.api.openstack.wsgi
File "/opt/stack/nova/nova/volume/cinder.py", line 701, in get_snapshot
May 19 12:20:26.070969 dv-cinder-804035-46-smb devstack@n-api.service[118184]: ERROR nova.api.openstack.wsgi item = cinderclient(context).volume_snapshots.get(snapshot_id)
May 19 12:20:26.070969 dv-cinder-804035-46-smb devstack@n-api.service[118184]: ERROR nova.api.openstack.wsgi
File "/usr/local/lib/python3.8/dist-packages/cinderclient/v3/volume_snapshots.py", line 160, in get
May 19 12:20:26.070969 dv-cinder-804035-46-smb devstack@n-api.service[118184]: ERROR nova.api.openstack.wsgi return self._get("/snapshots/%s" % snapshot_id, "snapshot")
May 19 12:20:26.070969 dv-cinder-804035-46-smb devstack@n-api.service[118184]: ERROR nova.api.openstack.wsgi
File "/usr/local/lib/python3.8/dist-packages/cinderclient/base.py", line 297, in _get
May 19 12:20:26.070969 dv-cinder-804035-46-smb devstack@n-api.service[118184]: ERROR nova.api.openstack.wsgi resp, body = self.api.client.get(url)
May 19 12:20:26.070969 dv-cinder-804035-46-smb devstack@n-api.service[118184]: ERROR nova.api.openstack.wsgi
File "/usr/local/lib/python3.8/dist-packages/cinderclient/client.py", line 224, in get
May 19 12:20:26.070969 dv-cinder-804035-46-smb devstack@n-api.service[118184]: ERROR nova.api.openstack.wsgi return self._cs_request(url, 'GET', **kwargs)
May 19 12:20:26.070969 dv-cinder-804035-46-smb devstack@n-api.service[118184]: ERROR nova.api.openstack.wsgi
File "/usr/local/lib/python3.8/dist-packages/cinderclient/client.py", line 215, in _cs_request
May 19 12:20:26.070969 dv-cinder-804035-46-smb devstack@n-api.service[118184]: ERROR nova.api.openstack.wsgi return self.request(url, method, **kwargs)
May 19 12:20:26.070969 dv-cinder-804035-46-smb devstack@n-api.service[118184]: ERROR nova.api.openstack.wsgi
File "/usr/local/lib/python3.8/dist-packages/cinderclient/client.py", line 201, in request
May 19 12:20:26.070969 dv-cinder-804035-46-smb devstack@n-api.service[118184]: ERROR nova.api.openstack.wsgi raise exceptions.from_response(resp, body)
May 19 12:20:26.070969 dv-cinder-804035-46-smb devstack@n-api.service[118184]: ERROR nova.api.openstack.wsgi cinderclient.exceptions.NotFound: Snapshot fe4456d4-c7aa-4bdc-a604-e915424b8687 could not be found. (HTTP 404) (Request-ID: req-f5a0ee72-1a74-4fe6-9614-75f2e37a7d8d)
May 19 12:20:26.070969 dv-cinder-804035-46-smb devstack@n-api.service[118184]: ERROR nova.api.openstack.wsgi
May 19 12:20:26.070969 dv-cinder-804035-46-smb devstack@n-api.service[118184]: ERROR nova.api.openstack.wsgi During handling of the above exception, another exception occurred:
May 19 12:20:26.072385 dv-cinder-804035-46-smb devstack@n-api.service[118184]: ERROR nova.api.openstack.wsgi
May 19 12:20:26.072385 dv-cinder-804035-46-smb devstack@n-api.service[118184]: ERROR nova.api.openstack.wsgi
Traceback (most recent call last):
May 19 12:20:26.072385 dv-cinder-804035-46-smb devstack@n-api.service[118184]: ERROR nova.api.openstack.wsgi
File "/opt/stack/nova/nova/api/openstack/compute/volumes.py", line 617, in show
