Mar 08 08:51:08.862702 dv-cinder-804035-43-iscsi neutron-server[114638]: DEBUG neutron_lib.callbacks.manager [None req-905ef820-3727-4bcb-a14f-135ce20b8375 None None] Publish callbacks [] for port (6adfc0d3-dd0c-494d-9f15-999cef436a8b), precommit_create {{(pid=114638) _notify_loop /usr/local/lib/python3.8/dist-packages/neutron_lib/callbacks/manager.py:176}}
Mar 08 08:51:08.870503 dv-cinder-804035-43-iscsi neutron-server[114636]: DEBUG neutron_lib.callbacks.manager [None req-ebd41fee-7cab-409f-a207-cd33e9c1ba34 admin admin] Publish callbacks [] for security_group (b3e2d437-7dea-498e-9cc3-7b60c11fedc3), precommit_create {{(pid=114636) _notify_loop /usr/local/lib/python3.8/dist-packages/neutron_lib/callbacks/manager.py:176}}
Mar 08 08:51:08.872698 dv-cinder-804035-43-iscsi neutron-server[114638]: DEBUG neutron_lib.callbacks.manager [None req-905ef820-3727-4bcb-a14f-135ce20b8375 None None] Publish callbacks ['neutron.plugins.ml2.plugin.SecurityGroupServerNotifierRpcMixin._notify_sg_on_port_change-597904', 'neutron.plugins.ml2.ovo_rpc._ObjectChangeHandler.handle_event-224572', 'neutron.api.rpc.agentnotifiers.dhcp_rpc_agent_api.DhcpAgentNotifyAPI._native_event_send_dhcp_notification-536455685', 'neutron.db.l3_dvrscheduler_db._notify_l3_agent_new_port-8728178623169'] for port (6adfc0d3-dd0c-494d-9f15-999cef436a8b), after_create {{(pid=114638) _notify_loop /usr/local/lib/python3.8/dist-packages/neutron_lib/callbacks/manager.py:176}}
Mar 08 08:51:08.893210 dv-cinder-804035-43-iscsi neutron-server[114636]: DEBUG neutron_lib.callbacks.manager [None req-ebd41fee-7cab-409f-a207-cd33e9c1ba34 admin admin] Publish callbacks ['neutron.plugins.ml2.ovo_rpc._ObjectChangeHandler.handle_event-536691351'] for security_group (b3e2d437-7dea-498e-9cc3-7b60c11fedc3), after_create {{(pid=114636) _notify_loop /usr/local/lib/python3.8/dist-packages/neutron_lib/callbacks/manager.py:176}}
Mar 08 08:51:08.898679 dv-cinder-804035-43-iscsi neutron-server[114636]: DEBUG neutron_lib.callbacks.manager [None req-782abfb6-b142-44d6-ae9c-37122b3aa887 admin admin] Publish callbacks ['neutron.plugins.ml2.plugin.Ml2Plugin._handle_segment_change-651089'] for segment (a1777cb8-d2e0-4141-865a-f6977eff054d), precommit_create {{(pid=114636) _notify_loop /usr/local/lib/python3.8/dist-packages/neutron_lib/callbacks/manager.py:176}}
Mar 08 08:51:08.901435 dv-cinder-804035-43-iscsi neutron-server[114636]: INFO neutron.db.segments_db [None req-782abfb6-b142-44d6-ae9c-37122b3aa887 admin admin] Added segment a1777cb8-d2e0-4141-865a-f6977eff054d of type vlan for network 78139031-cda1-4f4f-a5c7-07fb45d67369
Mar 08 08:51:08.930974 dv-cinder-804035-43-iscsi neutron-server[114638]: DEBUG neutron.scheduler.dhcp_agent_scheduler [None req-905ef820-3727-4bcb-a14f-135ce20b8375 None None] Network 3c9d2670-1ee5-4564-8fe9-fb575a39f93b is already hosted by enough agents. {{(pid=114638) _get_dhcp_agents_hosting_network /opt/stack/neutron/neutron/scheduler/dhcp_agent_scheduler.py:275}}
Mar 08 08:51:08.935306 dv-cinder-804035-43-iscsi neutron-server[114638]: DEBUG neutron.scheduler.base_scheduler [None req-905ef820-3727-4bcb-a14f-135ce20b8375 None None] Resources bound (agent type, host, resource id): {{(pid=114638) schedule /opt/stack/neutron/neutron/scheduler/base_scheduler.py:57}}
Mar 08 08:51:08.940409 dv-cinder-804035-43-iscsi neutron-server[114638]: DEBUG neutron.db.l3_dvrscheduler_db [None req-905ef820-3727-4bcb-a14f-135ce20b8375 None None] Received port after_create {{(pid=114638) _notify_l3_agent_new_port /opt/stack/neutron/neutron/db/l3_dvrscheduler_db.py:536}}
Mar 08 08:51:08.946167 dv-cinder-804035-43-iscsi neutron-server[114638]: DEBUG neutron.api.rpc.handlers.resources_rpc [None req-905ef820-3727-4bcb-a14f-135ce20b8375 None None] Pushing event updated for resources: {'Port': ['ID=6adfc0d3-dd0c-494d-9f15-999cef436a8b,revision_number=1']} {{(pid=114638) push /opt/stack/neutron/neutron/api/rpc/handlers/resources_rpc.py:237}}
Mar 08 08:51:08.960363 dv-cinder-804035-43-iscsi neutron-server[114638]: DEBUG neutron.api.rpc.callbacks.version_manager [None req-905ef820-3727-4bcb-a14f-135ce20b8375 None None] Version for resource type AddressGroup changed None to 1.2 on consumer Open vSwitch agent@dv-cinder-804035-43-iscsi {{(pid=114638) _set_version /opt/stack/neutron/neutron/api/rpc/callbacks/version_manager.py:113}}
Mar 08 08:51:08.960727 dv-cinder-804035-43-iscsi neutron-server[114638]: DEBUG neutron.api.rpc.callbacks.version_manager [None req-905ef820-3727-4bcb-a14f-135ce20b8375 None None] Version for resource type ConntrackHelper changed None to 1.0 on consumer Open vSwitch agent@dv-cinder-804035-43-iscsi {{(pid=114638) _set_version /opt/stack/neutron/neutron/api/rpc/callbacks/version_manager.py:113}}
Mar 08 08:51:08.961083 dv-cinder-804035-43-iscsi neutron-server[114638]: DEBUG neutron.api.rpc.callbacks.version_manager [None req-905ef820-3727-4bcb-a14f-135ce20b8375 None None] Version for resource type LocalIPAssociation changed None to 1.0 on consumer Open vSwitch agent@dv-cinder-804035-43-iscsi {{(pid=114638) _set_version /opt/stack/neutron/neutron/api/rpc/callbacks/version_manager.py:113}}
Mar 08 08:51:08.961942 dv-cinder-804035-43-iscsi neutron-server[114638]: DEBUG neutron.api.rpc.callbacks.version_manager [None req-905ef820-3727-4bcb-a14f-135ce20b8375 None None] Version for resource type Log changed None to 1.0 on consumer Open vSwitch agent@dv-cinder-804035-43-iscsi {{(pid=114638) _set_version /opt/stack/neutron/neutron/api/rpc/callbacks/version_manager.py:113}}
Mar 08 08:51:08.962283 dv-cinder-804035-43-iscsi neutron-server[114638]: DEBUG neutron.api.rpc.callbacks.version_manager [None req-905ef820-3727-4bcb-a14f-135ce20b8375 None None] Version for resource type Network changed None to 1.1 on consumer Open vSwitch agent@dv-cinder-804035-43-iscsi {{(pid=114638) _set_version /opt/stack/neutron/neutron/api/rpc/callbacks/version_manager.py:113}}
Mar 08 08:51:08.962609 dv-cinder-804035-43-iscsi neutron-server[114638]: DEBUG neutron.api.rpc.callbacks.version_manager [None req-905ef820-3727-4bcb-a14f-135ce20b8375 None None] Version for resource type Port changed None to 1.7 on consumer Open vSwitch agent@dv-cinder-804035-43-iscsi {{(pid=114638) _set_version /opt/stack/neutron/neutron/api/rpc/callbacks/version_manager.py:113}}
Mar 08 08:51:08.962953 dv-cinder-804035-43-iscsi neutron-server[114638]: DEBUG neutron.api.rpc.callbacks.version_manager [None req-905ef820-3727-4bcb-a14f-135ce20b8375 None None] Version for resource type PortForwarding changed None to 1.2 on consumer Open vSwitch agent@dv-cinder-804035-43-iscsi {{(pid=114638) _set_version /opt/stack/neutron/neutron/api/rpc/callbacks/version_manager.py:113}}
Mar 08 08:51:08.963273 dv-cinder-804035-43-iscsi neutron-server[114638]: DEBUG neutron.api.rpc.callbacks.version_manager [None req-905ef820-3727-4bcb-a14f-135ce20b8375 None None] Version for resource type QosPolicy changed None to 1.10 on consumer Open vSwitch agent@dv-cinder-804035-43-iscsi {{(pid=114638) _set_version /opt/stack/neutron/neutron/api/rpc/callbacks/version_manager.py:113}}
Mar 08 08:51:08.963589 dv-cinder-804035-43-iscsi neutron-server[114638]: DEBUG neutron.api.rpc.callbacks.version_manager [None req-905ef820-3727-4bcb-a14f-135ce20b8375 None None] Version for resource type SecurityGroup changed None to 1.5 on consumer Open vSwitch agent@dv-cinder-804035-43-iscsi {{(pid=114638) _set_version /opt/stack/neutron/neutron/api/rpc/callbacks/version_manager.py:113}}
Mar 08 08:51:08.964072 dv-cinder-804035-43-iscsi neutron-server[114638]: DEBUG neutron.api.rpc.callbacks.version_manager [None req-905ef820-3727-4bcb-a14f-135ce20b8375 None None] Version for resource type SecurityGroupRule changed None to 1.2 on consumer Open vSwitch agent@dv-cinder-804035-43-iscsi {{(pid=114638) _set_version /opt/stack/neutron/neutron/api/rpc/callbacks/version_manager.py:113}}
Mar 08 08:51:08.964409 dv-cinder-804035-43-iscsi neutron-server[114638]: DEBUG neutron.api.rpc.callbacks.version_manager [None req-905ef820-3727-4bcb-a14f-135ce20b8375 None None] Version for resource type SubPort changed None to 1.0 on consumer Open vSwitch agent@dv-cinder-804035-43-iscsi {{(pid=114638) _set_version /opt/stack/neutron/neutron/api/rpc/callbacks/version_manager.py:113}}
Mar 08 08:51:08.964723 dv-cinder-804035-43-iscsi neutron-server[114638]: DEBUG neutron.api.rpc.callbacks.version_manager [None req-905ef820-3727-4bcb-a14f-135ce20b8375 None None] Version for resource type Subnet changed None to 1.1 on consumer Open vSwitch agent@dv-cinder-804035-43-iscsi {{(pid=114638) _set_version /opt/stack/neutron/neutron/api/rpc/callbacks/version_manager.py:113}}
Mar 08 08:51:08.965037 dv-cinder-804035-43-iscsi neutron-server[114638]: DEBUG neutron.api.rpc.callbacks.version_manager [None req-905ef820-3727-4bcb-a14f-135ce20b8375 None None] Version for resource type Trunk changed None to 1.1 on consumer Open vSwitch agent@dv-cinder-804035-43-iscsi {{(pid=114638) _set_version /opt/stack/neutron/neutron/api/rpc/callbacks/version_manager.py:113}}
Mar 08 08:51:08.966128 dv-cinder-804035-43-iscsi neutron-server[114638]: DEBUG neutron.api.rpc.callbacks.version_manager [None req-905ef820-3727-4bcb-a14f-135ce20b8375 None None] Tracked resource versions report:
Mar 08 08:51:08.966128 dv-cinder-804035-43-iscsi neutron-server[114638]: pushed versions:
Mar 08 08:51:08.966128 dv-cinder-804035-43-iscsi neutron-server[114638]: { 'AddressGroup': {'1.2'},
Mar 08 08:51:08.966128 dv-cinder-804035-43-iscsi neutron-server[114638]: 'ConntrackHelper': {'1.0'},
Mar 08 08:51:08.966128 dv-cinder-804035-43-iscsi neutron-server[114638]: 'LocalIPAssociation': {'1.0'},
Mar 08 08:51:08.966128 dv-cinder-804035-43-iscsi neutron-server[114638]: 'Log': {'1.0'},
Mar 08 08:51:08.966128 dv-cinder-804035-43-iscsi neutron-server[114638]: 'Network': {'1.1'},
Mar 08 08:51:08.966128 dv-cinder-804035-43-iscsi neutron-server[114638]: 'Port': {'1.7'},
Mar 08 08:51:08.966128 dv-cinder-804035-43-iscsi neutron-server[114638]: 'PortForwarding': {'1.2'},
Mar 08 08:51:08.966128 dv-cinder-804035-43-iscsi neutron-server[114638]: 'QosPolicy': {'1.10'},
Mar 08 08:51:08.966128 dv-cinder-804035-43-iscsi neutron-server[114638]: 'SecurityGroup': {'1.5'},
Mar 08 08:51:08.966128 dv-cinder-804035-43-iscsi neutron-server[114638]: 'SecurityGroupRule': {'1.2'},
Mar 08 08:51:08.966128 dv-cinder-804035-43-iscsi neutron-server[114638]: 'SubPort': {'1.0'},
Mar 08 08:51:08.966128 dv-cinder-804035-43-iscsi neutron-server[114638]: 'Subnet': {'1.1'},
Mar 08 08:51:08.966128 dv-cinder-804035-43-iscsi neutron-server[114638]: 'Trunk': {'1.1'}}
Mar 08 08:51:08.966128 dv-cinder-804035-43-iscsi neutron-server[114638]: consumer versions:
Mar 08 08:51:08.966128 dv-cinder-804035-43-iscsi neutron-server[114638]: { DHCP agent@dv-cinder-804035-43-iscsi: {},
Mar 08 08:51:08.966128 dv-cinder-804035-43-iscsi neutron-server[114638]: HyperV agent@hv-cinder-80403: {},
Mar 08 08:51:08.966128 dv-cinder-804035-43-iscsi neutron-server[114638]: L3 agent@dv-cinder-804035-43-iscsi: {},
Mar 08 08:51:08.966128 dv-cinder-804035-43-iscsi neutron-server[114638]: Metadata agent@dv-cinder-804035-43-iscsi: {},
Mar 08 08:51:08.966128 dv-cinder-804035-43-iscsi neutron-server[114638]: Metering agent@dv-cinder-804035-43-iscsi: {},
Mar 08 08:51:08.966128 dv-cinder-804035-43-iscsi neutron-server[114638]: Open vSwitch agent@dv-cinder-804035-43-iscsi: { 'AddressGroup': '1.2',
Mar 08 08:51:08.966128 dv-cinder-804035-43-iscsi neutron-server[114638]: 'ConntrackHelper': '1.0',
Mar 08 08:51:08.966128 dv-cinder-804035-43-iscsi neutron-server[114638]: 'LocalIPAssociation': '1.0',
Mar 08 08:51:08.966128 dv-cinder-804035-43-iscsi neutron-server[114638]: 'Log': '1.0',
Mar 08 08:51:08.966128 dv-cinder-804035-43-iscsi neutron-server[114638]: 'Network': '1.1',
Mar 08 08:51:08.966128 dv-cinder-804035-43-iscsi neutron-server[114638]: 'Port': '1.7',
Mar 08 08:51:08.966128 dv-cinder-804035-43-iscsi neutron-server[114638]: 'PortForwarding': '1.2',
Mar 08 08:51:08.966128 dv-cinder-804035-43-iscsi neutron-server[114638]: 'QosPolicy': '1.10',
Mar 08 08:51:08.966128 dv-cinder-804035-43-iscsi neutron-server[114638]: 'SecurityGroup': '1.5',
Mar 08 08:51:08.966128 dv-cinder-804035-43-iscsi neutron-server[114638]: 'SecurityGroupRule': '1.2',
Mar 08 08:51:08.966128 dv-cinder-804035-43-iscsi neutron-server[114638]: 'SubPort': '1.0',
Mar 08 08:51:08.966128 dv-cinder-804035-43-iscsi neutron-server[114638]: 'Subnet': '1.1',
Mar 08 08:51:08.966128 dv-cinder-804035-43-iscsi neutron-server[114638]: 'Trunk': '1.1'}}
Mar 08 08:51:08.966128 dv-cinder-804035-43-iscsi neutron-server[114638]: {{(pid=114638) report /opt/stack/neutron/neutron/api/rpc/callbacks/version_manager.py:175}}
Mar 08 08:51:08.979462 dv-cinder-804035-43-iscsi neutron-server[114636]: DEBUG neutron.api.rpc.handlers.resources_rpc [None req-782abfb6-b142-44d6-ae9c-37122b3aa887 admin admin] Pushing event updated for resources: {'SecurityGroup': ['ID=bd00a496-e3a5-498d-b329-6b36fd82c304,revision_number=1']} {{(pid=114636) push /opt/stack/neutron/neutron/api/rpc/handlers/resources_rpc.py:237}}
Mar 08 08:51:09.014184 dv-cinder-804035-43-iscsi neutron-server[114636]: DEBUG neutron.plugins.ml2.drivers.helpers [None req-ebd41fee-7cab-409f-a207-cd33e9c1ba34 admin admin] vlan segment allocate from pool success with {'vlan_id': 272, 'physical_network': 'physnet1'} {{(pid=114636) allocate_partially_specified_segment /opt/stack/neutron/neutron/plugins/ml2/drivers/helpers.py:153}}
Mar 08 08:51:09.026318 dv-cinder-804035-43-iscsi neutron-server[114638]: DEBUG neutron.plugins.ml2.managers [None req-905ef820-3727-4bcb-a14f-135ce20b8375 None None] Attempting to bind port 6adfc0d3-dd0c-494d-9f15-999cef436a8b on host dv-cinder-804035-43-iscsi for vnic_type normal with profile {{(pid=114638) bind_port /opt/stack/neutron/neutron/plugins/ml2/managers.py:795}}
Mar 08 08:51:09.026744 dv-cinder-804035-43-iscsi neutron-server[114638]: DEBUG neutron.plugins.ml2.managers [None req-905ef820-3727-4bcb-a14f-135ce20b8375 None None] Attempting to bind port 6adfc0d3-dd0c-494d-9f15-999cef436a8b by drivers openvswitch,hyperv on host dv-cinder-804035-43-iscsi at level 0 using segments [{'id': 'b62fc9fb-557e-43d9-8926-3692fafa7833', 'network_type': 'vlan', 'physical_network': 'physnet1', 'segmentation_id': 270, 'network_id': '3c9d2670-1ee5-4564-8fe9-fb575a39f93b'}] {{(pid=114638) _bind_port_level /opt/stack/neutron/neutron/plugins/ml2/managers.py:820}}
Mar 08 08:51:09.027149 dv-cinder-804035-43-iscsi neutron-server[114638]: DEBUG neutron.plugins.ml2.drivers.mech_agent [None req-905ef820-3727-4bcb-a14f-135ce20b8375 None None] Attempting to bind port 6adfc0d3-dd0c-494d-9f15-999cef436a8b on network 3c9d2670-1ee5-4564-8fe9-fb575a39f93b {{(pid=114638) bind_port /opt/stack/neutron/neutron/plugins/ml2/drivers/mech_agent.py:91}}
Mar 08 08:51:09.033963 dv-cinder-804035-43-iscsi neutron-server[114638]: DEBUG neutron.plugins.ml2.drivers.mech_agent [None req-905ef820-3727-4bcb-a14f-135ce20b8375 None None] Checking agent: {'id': 'f0370b42-8b8d-46df-85ce-889fd9739a51', 'agent_type': 'Open vSwitch agent', 'binary': 'neutron-openvswitch-agent', 'topic': 'N/A', 'host': 'dv-cinder-804035-43-iscsi', 'admin_state_up': True, 'created_at': datetime.datetime(2022, 3, 8, 8, 43, 16), 'started_at': datetime.datetime(2022, 3, 8, 8, 43, 46), 'heartbeat_timestamp': datetime.datetime(2022, 3, 8, 8, 50, 46), 'description': None, 'resources_synced': None, 'availability_zone': None, 'alive': True, 'configurations': {'arp_responder_enabled': False, 'baremetal_smartnic': False, 'bridge_mappings': {'physnet1': 'br-data'}, 'datapath_type': 'system', 'devices': 0, 'enable_distributed_routing': False, 'extensions': [], 'in_distributed_mode': False, 'integration_bridge': 'br-int', 'l2_population': False, 'log_agent_heartbeats': False, 'ovs_capabilities': {'datapath_types': ['netdev', 'system'], 'iface_types': ['erspan', 'geneve', 'gre', 'internal', 'ip6erspan', 'ip6gre', 'lisp', 'patch', 'stt', 'system', 'tap', 'vxlan']}, 'ovs_hybrid_plug': False, 'resource_provider_bandwidths': {}, 'resource_provider_hypervisors': {'br-data': 'dv-cinder-804035-43-iscsi'}, 'resource_provider_inventory_defaults': {'allocation_ratio': 1.0, 'min_unit': 1, 'step_size': 1, 'reserved': 0}, 'resource_provider_packet_processing_inventory_defaults': {'allocation_ratio': 1.0, 'min_unit': 1, 'step_size': 1, 'reserved': 0}, 'resource_provider_packet_processing_with_direction': {}, 'resource_provider_packet_processing_without_direction': {}, 'tunnel_types': [], 'tunneling_ip': None, 'vhostuser_socket_dir': '/var/run/openvswitch'}, 'resource_versions': {'AddressGroup': '1.2', 'ConntrackHelper': '1.0', 'LocalIPAssociation': '1.0', 'Log': '1.0', 'Network': '1.1', 'Port': '1.7', 'PortForwarding': '1.2', 'QosPolicy': '1.10', 'SecurityGroup': '1.5', 'SecurityGroupRule': '1.2', 'SubPort': '1.0', 'Subnet': '1.1', 'Trunk': '1.1'}} {{(pid=114638) bind_port /opt/stack/neutron/neutron/plugins/ml2/drivers/mech_agent.py:110}}
Mar 08 08:51:09.035062 dv-cinder-804035-43-iscsi neutron-server[114638]: DEBUG neutron.plugins.ml2.drivers.mech_agent [None req-905ef820-3727-4bcb-a14f-135ce20b8375 None None] Checking segment: {'id': 'b62fc9fb-557e-43d9-8926-3692fafa7833', 'network_type': 'vlan', 'physical_network': 'physnet1', 'segmentation_id': 270, 'network_id': '3c9d2670-1ee5-4564-8fe9-fb575a39f93b'} for mappings: {'physnet1': 'br-data'} with network types: ['local', 'flat', 'vlan'] {{(pid=114638) check_segment_for_agent /opt/stack/neutron/neutron/plugins/ml2/drivers/mech_agent.py:373}}
Mar 08 08:51:09.035625 dv-cinder-804035-43-iscsi neutron-server[114638]: DEBUG neutron_lib.callbacks.manager [None req-905ef820-3727-4bcb-a14f-135ce20b8375 None None] Publish callbacks [] for ovs_bridge_name (None), before_read {{(pid=114638) _notify_loop /usr/local/lib/python3.8/dist-packages/neutron_lib/callbacks/manager.py:176}}
Mar 08 08:51:09.036087 dv-cinder-804035-43-iscsi neutron-server[114638]: DEBUG neutron.plugins.ml2.drivers.mech_agent [None req-905ef820-3727-4bcb-a14f-135ce20b8375 None None] Bound using segment: {'id': 'b62fc9fb-557e-43d9-8926-3692fafa7833', 'network_type': 'vlan', 'physical_network': 'physnet1', 'segmentation_id': 270, 'network_id': '3c9d2670-1ee5-4564-8fe9-fb575a39f93b'} {{(pid=114638) bind_port /opt/stack/neutron/neutron/plugins/ml2/drivers/mech_agent.py:120}}
Mar 08 08:51:09.036615 dv-cinder-804035-43-iscsi neutron-server[114638]: DEBUG neutron.plugins.ml2.managers [None req-905ef820-3727-4bcb-a14f-135ce20b8375 None None] Bound port: 6adfc0d3-dd0c-494d-9f15-999cef436a8b, host: dv-cinder-804035-43-iscsi, vif_type: ovs, vif_details: {"connectivity": "l2", "port_filter": true, "ovs_hybrid_plug": false, "datapath_type": "system", "bridge_name": "br-int"}, binding_levels: [{'bound_driver': 'openvswitch', 'bound_segment': {'id': 'b62fc9fb-557e-43d9-8926-3692fafa7833', 'network_type': 'vlan', 'physical_network': 'physnet1', 'segmentation_id': 270, 'network_id': '3c9d2670-1ee5-4564-8fe9-fb575a39f93b'}}] {{(pid=114638) _bind_port_level /opt/stack/neutron/neutron/plugins/ml2/managers.py:932}}
Mar 08 08:51:09.037037 dv-cinder-804035-43-iscsi neutron-server[114638]: DEBUG neutron_lib.callbacks.manager [None req-905ef820-3727-4bcb-a14f-135ce20b8375 None None] Publish callbacks ['neutron.plugins.ml2.plugin.SecurityGroupDbMixin._ensure_default_security_group_handler-597983'] for port (6adfc0d3-dd0c-494d-9f15-999cef436a8b), before_update {{(pid=114638) _notify_loop /usr/local/lib/python3.8/dist-packages/neutron_lib/callbacks/manager.py:176}}
Mar 08 08:51:09.044985 dv-cinder-804035-43-iscsi neutron-server[114636]: DEBUG neutron_lib.callbacks.manager [None req-79c33061-26af-41d3-a0fa-3fcfd224226f admin admin] Publish callbacks [] for security_group (8ccb8d7e-e66d-46f1-a3fb-4d3588923bcd), precommit_create {{(pid=114636) _notify_loop /usr/local/lib/python3.8/dist-packages/neutron_lib/callbacks/manager.py:176}}
Mar 08 08:51:09.063843 dv-cinder-804035-43-iscsi neutron-server[114636]: DEBUG neutron_lib.callbacks.manager [None req-1975e9cb-9228-4f58-b667-ebca842ea3a9 admin admin] Publish callbacks [] for security_group (0565b4c9-ace1-48d6-bc6d-aa0f78e1747f), precommit_create {{(pid=114636) _notify_loop /usr/local/lib/python3.8/dist-packages/neutron_lib/callbacks/manager.py:176}}
Mar 08 08:51:09.072166 dv-cinder-804035-43-iscsi neutron-server[114636]: DEBUG neutron_lib.callbacks.manager [None req-ebd41fee-7cab-409f-a207-cd33e9c1ba34 admin admin] Publish callbacks ['neutron.plugins.ml2.plugin.Ml2Plugin._handle_segment_change-651089'] for segment (ff3666bd-c1c2-467f-8e76-800b0bcde31e), precommit_create {{(pid=114636) _notify_loop /usr/local/lib/python3.8/dist-packages/neutron_lib/callbacks/manager.py:176}}
Mar 08 08:51:09.072524 dv-cinder-804035-43-iscsi neutron-server[114636]: INFO neutron.db.segments_db [None req-ebd41fee-7cab-409f-a207-cd33e9c1ba34 admin admin] Added segment ff3666bd-c1c2-467f-8e76-800b0bcde31e of type vlan for network 9f3df260-dd42-41d5-b9bc-b68ada235787
Mar 08 08:51:09.073835 dv-cinder-804035-43-iscsi neutron-server[114636]: DEBUG neutron_lib.callbacks.manager [None req-79c33061-26af-41d3-a0fa-3fcfd224226f admin admin] Publish callbacks ['neutron.plugins.ml2.ovo_rpc._ObjectChangeHandler.handle_event-536691351'] for security_group (8ccb8d7e-e66d-46f1-a3fb-4d3588923bcd), after_create {{(pid=114636) _notify_loop /usr/local/lib/python3.8/dist-packages/neutron_lib/callbacks/manager.py:176}}
Mar 08 08:51:09.094039 dv-cinder-804035-43-iscsi neutron-server[114636]: DEBUG neutron_lib.callbacks.manager [None req-782abfb6-b142-44d6-ae9c-37122b3aa887 admin admin] Publish callbacks ['neutron.services.auto_allocate.db._ensure_external_network_default_value_callback-8728178640918'] for network (78139031-cda1-4f4f-a5c7-07fb45d67369), precommit_create {{(pid=114636) _notify_loop /usr/local/lib/python3.8/dist-packages/neutron_lib/callbacks/manager.py:176}}
Mar 08 08:51:09.096800 dv-cinder-804035-43-iscsi neutron-server[114636]: DEBUG neutron_lib.callbacks.manager [None req-1975e9cb-9228-4f58-b667-ebca842ea3a9 admin admin] Publish callbacks ['neutron.plugins.ml2.ovo_rpc._ObjectChangeHandler.handle_event-536691351'] for security_group (0565b4c9-ace1-48d6-bc6d-aa0f78e1747f), after_create {{(pid=114636) _notify_loop /usr/local/lib/python3.8/dist-packages/neutron_lib/callbacks/manager.py:176}}
Mar 08 08:51:09.113246 dv-cinder-804035-43-iscsi neutron-server[114636]: DEBUG neutron.plugins.ml2.drivers.helpers [None req-1975e9cb-9228-4f58-b667-ebca842ea3a9 admin admin] vlan segment allocate from pool success with {'vlan_id': 253, 'physical_network': 'physnet1'} {{(pid=114636) allocate_partially_specified_segment /opt/stack/neutron/neutron/plugins/ml2/drivers/helpers.py:153}}
Mar 08 08:51:09.118460 dv-cinder-804035-43-iscsi neutron-server[114638]: DEBUG neutron_lib.callbacks.manager [None req-83387d3f-b390-45d6-86d3-7afe45e47cd8 None None] Publish callbacks ['neutron.services.segments.db._update_segment_host_mapping_for_agent-8728179065685', 'neutron.plugins.ml2.plugin.Ml2Plugin._retry_binding_revived_agents-570254'] for agent (a79d50cd-1967-481f-91d7-9ee8145e8e3e), after_update {{(pid=114638) _notify_loop /usr/local/lib/python3.8/dist-packages/neutron_lib/callbacks/manager.py:176}}
Mar 08 08:51:09.125891 dv-cinder-804035-43-iscsi neutron-server[114636]: DEBUG neutron_lib.callbacks.manager [None req-1975e9cb-9228-4f58-b667-ebca842ea3a9 admin admin] Publish callbacks ['neutron.plugins.ml2.plugin.Ml2Plugin._handle_segment_change-651089'] for segment (446d08fb-1583-4e0c-8a7a-55465d00ad46), precommit_create {{(pid=114636) _notify_loop /usr/local/lib/python3.8/dist-packages/neutron_lib/callbacks/manager.py:176}}
Mar 08 08:51:09.126237 dv-cinder-804035-43-iscsi neutron-server[114636]: INFO neutron.db.segments_db [None req-1975e9cb-9228-4f58-b667-ebca842ea3a9 admin admin] Added segment 446d08fb-1583-4e0c-8a7a-55465d00ad46 of type vlan for network e14d8dfe-9c1a-458d-ac32-8dd7b40f3697
Mar 08 08:51:09.143044 dv-cinder-804035-43-iscsi neutron-server[114638]: DEBUG neutron.plugins.ml2.db [None req-905ef820-3727-4bcb-a14f-135ce20b8375 None None] For port 6adfc0d3-dd0c-494d-9f15-999cef436a8b, host dv-cinder-804035-43-iscsi, cleared binding levels {{(pid=114638) clear_binding_levels /opt/stack/neutron/neutron/plugins/ml2/db.py:87}}
Mar 08 08:51:09.147368 dv-cinder-804035-43-iscsi neutron-server[114638]: DEBUG neutron.plugins.ml2.db [None req-905ef820-3727-4bcb-a14f-135ce20b8375 None None] For port 6adfc0d3-dd0c-494d-9f15-999cef436a8b, host dv-cinder-804035-43-iscsi, set binding levels [PortBindingLevel(driver='openvswitch',host='dv-cinder-804035-43-iscsi',level=0,port_id=6adfc0d3-dd0c-494d-9f15-999cef436a8b,segment=NetworkSegment(b62fc9fb-557e-43d9-8926-3692fafa7833),segment_id=b62fc9fb-557e-43d9-8926-3692fafa7833)] {{(pid=114638) set_binding_levels /opt/stack/neutron/neutron/plugins/ml2/db.py:59}}
Mar 08 08:51:09.156427 dv-cinder-804035-43-iscsi neutron-server[114637]: DEBUG neutron_lib.callbacks.manager [None req-ff582e39-3cab-4157-9547-8cef2a8613d2 admin admin] Publish callbacks [] for router_gateway (3e7e666b-62c3-4a94-929d-39cbbf297f15), before_create {{(pid=114637) _notify_loop /usr/local/lib/python3.8/dist-packages/neutron_lib/callbacks/manager.py:176}}
Mar 08 08:51:09.157243 dv-cinder-804035-43-iscsi neutron-server[114638]: DEBUG neutron_lib.callbacks.manager [None req-905ef820-3727-4bcb-a14f-135ce20b8375 None None] Publish callbacks ['neutron.plugins.ml2.plugin.SecurityGroupServerNotifierRpcMixin._notify_sg_on_port_change-597904', 'neutron.plugins.ml2.ovo_rpc._ObjectChangeHandler.handle_event-224572', 'neutron.api.rpc.agentnotifiers.dhcp_rpc_agent_api.DhcpAgentNotifyAPI._native_event_send_dhcp_notification-536455685', 'neutron.db.l3_db.L3RpcNotifierMixin._notify_gateway_port_ip_changed-8728178996408', 'neutron.db.l3_dvrscheduler_db._notify_l3_agent_port_update-8728178623187', 'neutron.db.l3_hascheduler_db._notify_l3_agent_ha_port_update-8728178623205'] for port (6adfc0d3-dd0c-494d-9f15-999cef436a8b), after_update {{(pid=114638) _notify_loop /usr/local/lib/python3.8/dist-packages/neutron_lib/callbacks/manager.py:176}}
Mar 08 08:51:09.186149 dv-cinder-804035-43-iscsi neutron-server[114637]: DEBUG neutron_lib.callbacks.manager [None req-ff582e39-3cab-4157-9547-8cef2a8613d2 admin admin] Publish callbacks ['neutron.plugins.ml2.plugin.SecurityGroupDbMixin._ensure_default_security_group_handler-597983'] for port (None), before_create {{(pid=114637) _notify_loop /usr/local/lib/python3.8/dist-packages/neutron_lib/callbacks/manager.py:176}}
Mar 08 08:51:09.189416 dv-cinder-804035-43-iscsi neutron-server[114636]: DEBUG neutron_lib.callbacks.manager [None req-1975e9cb-9228-4f58-b667-ebca842ea3a9 admin admin] Publish callbacks ['neutron.services.auto_allocate.db._ensure_external_network_default_value_callback-8728178640918'] for network (e14d8dfe-9c1a-458d-ac32-8dd7b40f3697), precommit_create {{(pid=114636) _notify_loop /usr/local/lib/python3.8/dist-packages/neutron_lib/callbacks/manager.py:176}}
Mar 08 08:51:09.229582 dv-cinder-804035-43-iscsi neutron-server[114636]: DEBUG neutron_lib.callbacks.manager [None req-1975e9cb-9228-4f58-b667-ebca842ea3a9 admin admin] Publish callbacks ['neutron.plugins.ml2.ovo_rpc._ObjectChangeHandler.handle_event-536703609', 'neutron.api.rpc.agentnotifiers.dhcp_rpc_agent_api.DhcpAgentNotifyAPI._native_event_send_dhcp_notification-536455685'] for network (e14d8dfe-9c1a-458d-ac32-8dd7b40f3697), after_create {{(pid=114636) _notify_loop /usr/local/lib/python3.8/dist-packages/neutron_lib/callbacks/manager.py:176}}
Mar 08 08:51:09.230611 dv-cinder-804035-43-iscsi neutron-server[114636]: DEBUG neutron.pecan_wsgi.hooks.policy_enforcement [None req-1975e9cb-9228-4f58-b667-ebca842ea3a9 admin admin] Attributes excluded by policy engine: ['standard_attr_id', 'vlan_transparent'] {{(pid=114636) _exclude_attributes_by_policy /opt/stack/neutron/neutron/pecan_wsgi/hooks/policy_enforcement.py:255}}
Mar 08 08:51:09.231621 dv-cinder-804035-43-iscsi neutron-server[114636]: DEBUG neutron_lib.callbacks.manager [None req-1975e9cb-9228-4f58-b667-ebca842ea3a9 admin admin] Publish callbacks ['neutron.api.rpc.agentnotifiers.dhcp_rpc_agent_api.DhcpAgentNotifyAPI._send_dhcp_notification-536455703'] for network (None), before_response {{(pid=114636) _notify_loop /usr/local/lib/python3.8/dist-packages/neutron_lib/callbacks/manager.py:176}}
Mar 08 08:51:09.260913 dv-cinder-804035-43-iscsi neutron-server[114638]: DEBUG neutron.api.rpc.handlers.resources_rpc [None req-905ef820-3727-4bcb-a14f-135ce20b8375 None None] Pushing event updated for resources: {'Port': ['ID=6adfc0d3-dd0c-494d-9f15-999cef436a8b,revision_number=2']} {{(pid=114638) push /opt/stack/neutron/neutron/api/rpc/handlers/resources_rpc.py:237}}
Mar 08 08:51:09.280126 dv-cinder-804035-43-iscsi neutron-server[114636]: DEBUG neutron.api.rpc.handlers.resources_rpc [None req-ebd41fee-7cab-409f-a207-cd33e9c1ba34 admin admin] Pushing event updated for resources: {'SecurityGroup': ['ID=b3e2d437-7dea-498e-9cc3-7b60c11fedc3,revision_number=1']} {{(pid=114636) push /opt/stack/neutron/neutron/api/rpc/handlers/resources_rpc.py:237}}
Mar 08 08:51:09.291073 dv-cinder-804035-43-iscsi neutron-server[114636]: DEBUG neutron.plugins.ml2.drivers.helpers [None req-79c33061-26af-41d3-a0fa-3fcfd224226f admin admin] vlan segment allocate from pool success with {'vlan_id': 255, 'physical_network': 'physnet1'} {{(pid=114636) allocate_partially_specified_segment /opt/stack/neutron/neutron/plugins/ml2/drivers/helpers.py:153}}
Mar 08 08:51:09.309240 dv-cinder-804035-43-iscsi neutron-server[114636]: DEBUG neutron_lib.callbacks.manager [None req-ebd41fee-7cab-409f-a207-cd33e9c1ba34 admin admin] Publish callbacks ['neutron.services.auto_allocate.db._ensure_external_network_default_value_callback-8728178640918'] for network (9f3df260-dd42-41d5-b9bc-b68ada235787), precommit_create {{(pid=114636) _notify_loop /usr/local/lib/python3.8/dist-packages/neutron_lib/callbacks/manager.py:176}}
Mar 08 08:51:09.334083 dv-cinder-804035-43-iscsi neutron-server[114636]: INFO neutron.wsgi [None req-1975e9cb-9228-4f58-b667-ebca842ea3a9 admin admin] 10.222.0.25 "POST /v2.0/networks HTTP/1.1" status: 201 len: 884 time: 1.4931920
Mar 08 08:51:09.334856 dv-cinder-804035-43-iscsi neutron-server[114637]: DEBUG neutron.wsgi [-] (114637) accepted ('10.222.0.25', 58190) {{(pid=114637) server /usr/local/lib/python3.8/dist-packages/eventlet/wsgi.py:1004}}
Mar 08 08:51:09.350678 dv-cinder-804035-43-iscsi neutron-server[114637]: DEBUG neutron.api.v2.base [None req-0ee8e170-250a-4dc7-b037-dfd9c29e3924 admin admin] Request body: {'subnet': {'network_id': 'e14d8dfe-9c1a-458d-ac32-8dd7b40f3697', 'cidr': '172.20.0.0/28', 'name': 'tempest-DeleteServersTestJSON-398564349-subnet', 'tenant_id': 'aa265da1cc0c4b94b8701dbe22768ce3', 'enable_dhcp': False, 'ip_version': 4}} {{(pid=114637) prepare_request_body /opt/stack/neutron/neutron/api/v2/base.py:729}}
Mar 08 08:51:09.392684 dv-cinder-804035-43-iscsi neutron-server[114636]: DEBUG neutron_lib.callbacks.manager [None req-79c33061-26af-41d3-a0fa-3fcfd224226f admin admin] Publish callbacks ['neutron.plugins.ml2.plugin.Ml2Plugin._handle_segment_change-651089'] for segment (18a6ac2f-62af-465e-b7d6-a09cc5c67a6e), precommit_create {{(pid=114636) _notify_loop /usr/local/lib/python3.8/dist-packages/neutron_lib/callbacks/manager.py:176}}
Mar 08 08:51:09.393091 dv-cinder-804035-43-iscsi neutron-server[114636]: INFO neutron.db.segments_db [None req-79c33061-26af-41d3-a0fa-3fcfd224226f admin admin] Added segment 18a6ac2f-62af-465e-b7d6-a09cc5c67a6e of type vlan for network c244a616-759c-4d86-83dd-054a8fc1738f
Mar 08 08:51:09.412844 dv-cinder-804035-43-iscsi neutron-server[114636]: DEBUG neutron_lib.callbacks.manager [None req-782abfb6-b142-44d6-ae9c-37122b3aa887 admin admin] Publish callbacks ['neutron.plugins.ml2.ovo_rpc._ObjectChangeHandler.handle_event-536703609', 'neutron.api.rpc.agentnotifiers.dhcp_rpc_agent_api.DhcpAgentNotifyAPI._native_event_send_dhcp_notification-536455685'] for network (78139031-cda1-4f4f-a5c7-07fb45d67369), after_create {{(pid=114636) _notify_loop /usr/local/lib/python3.8/dist-packages/neutron_lib/callbacks/manager.py:176}}
Mar 08 08:51:09.413794 dv-cinder-804035-43-iscsi neutron-server[114636]: DEBUG neutron.pecan_wsgi.hooks.policy_enforcement [None req-782abfb6-b142-44d6-ae9c-37122b3aa887 admin admin] Attributes excluded by policy engine: ['standard_attr_id', 'vlan_transparent'] {{(pid=114636) _exclude_attributes_by_policy /opt/stack/neutron/neutron/pecan_wsgi/hooks/policy_enforcement.py:255}}
Mar 08 08:51:09.414426 dv-cinder-804035-43-iscsi neutron-server[114636]: DEBUG neutron_lib.callbacks.manager [None req-782abfb6-b142-44d6-ae9c-37122b3aa887 admin admin] Publish callbacks ['neutron.api.rpc.agentnotifiers.dhcp_rpc_agent_api.DhcpAgentNotifyAPI._send_dhcp_notification-536455703'] for network (None), before_response {{(pid=114636) _notify_loop /usr/local/lib/python3.8/dist-packages/neutron_lib/callbacks/manager.py:176}}
Mar 08 08:51:09.420168 dv-cinder-804035-43-iscsi neutron-server[114636]: DEBUG neutron_lib.callbacks.manager [None req-ebd41fee-7cab-409f-a207-cd33e9c1ba34 admin admin] Publish callbacks ['neutron.plugins.ml2.ovo_rpc._ObjectChangeHandler.handle_event-536703609', 'neutron.api.rpc.agentnotifiers.dhcp_rpc_agent_api.DhcpAgentNotifyAPI._native_event_send_dhcp_notification-536455685'] for network (9f3df260-dd42-41d5-b9bc-b68ada235787), after_create {{(pid=114636) _notify_loop /usr/local/lib/python3.8/dist-packages/neutron_lib/callbacks/manager.py:176}}
Mar 08 08:51:09.421496 dv-cinder-804035-43-iscsi neutron-server[114636]: DEBUG neutron.pecan_wsgi.hooks.policy_enforcement [None req-ebd41fee-7cab-409f-a207-cd33e9c1ba34 admin admin] Attributes excluded by policy engine: ['standard_attr_id', 'vlan_transparent'] {{(pid=114636) _exclude_attributes_by_policy /opt/stack/neutron/neutron/pecan_wsgi/hooks/policy_enforcement.py:255}}
Mar 08 08:51:09.422056 dv-cinder-804035-43-iscsi neutron-server[114636]: DEBUG neutron_lib.callbacks.manager [None req-ebd41fee-7cab-409f-a207-cd33e9c1ba34 admin admin] Publish callbacks ['neutron.api.rpc.agentnotifiers.dhcp_rpc_agent_api.DhcpAgentNotifyAPI._send_dhcp_notification-536455703'] for network (None), before_response {{(pid=114636) _notify_loop /usr/local/lib/python3.8/dist-packages/neutron_lib/callbacks/manager.py:176}}
Mar 08 08:51:09.476515 dv-cinder-804035-43-iscsi neutron-server[114637]: DEBUG neutron.pecan_wsgi.hooks.quota_enforcement [None req-0ee8e170-250a-4dc7-b037-dfd9c29e3924 admin admin] Made reservation on behalf of aa265da1cc0c4b94b8701dbe22768ce3 for: {'subnet': 1} {{(pid=114637) before /opt/stack/neutron/neutron/pecan_wsgi/hooks/quota_enforcement.py:53}}
Mar 08 08:51:09.479170 dv-cinder-804035-43-iscsi neutron-server[114637]: DEBUG neutron_lib.callbacks.manager [None req-0ee8e170-250a-4dc7-b037-dfd9c29e3924 admin admin] Publish callbacks [] for subnet (None), before_create {{(pid=114637) _notify_loop /usr/local/lib/python3.8/dist-packages/neutron_lib/callbacks/manager.py:176}}
Mar 08 08:51:09.555696 dv-cinder-804035-43-iscsi neutron-server[114636]: DEBUG neutron.api.rpc.handlers.resources_rpc [None req-1975e9cb-9228-4f58-b667-ebca842ea3a9 admin admin] Pushing event updated for resources: {'Network': ['ID=e14d8dfe-9c1a-458d-ac32-8dd7b40f3697,revision_number=1']} {{(pid=114636) push /opt/stack/neutron/neutron/api/rpc/handlers/resources_rpc.py:237}}
Mar 08 08:51:09.558753 dv-cinder-804035-43-iscsi neutron-server[114636]: DEBUG neutron.api.rpc.handlers.resources_rpc [None req-79c33061-26af-41d3-a0fa-3fcfd224226f admin admin] Pushing event updated for resources: {'SecurityGroup': ['ID=8ccb8d7e-e66d-46f1-a3fb-4d3588923bcd,revision_number=1']} {{(pid=114636) push /opt/stack/neutron/neutron/api/rpc/handlers/resources_rpc.py:237}}
Mar 08 08:51:09.559165 dv-cinder-804035-43-iscsi neutron-server[114637]: DEBUG neutron.db.db_base_plugin_common [None req-ff582e39-3cab-4157-9547-8cef2a8613d2 admin admin] Allocated IP 172.27.1.191 (55740dde-6099-4a24-b6cc-35fdb2d20e49/2817cc3d-8dae-4b12-9e85-a58125187849/c06acc6c-8e36-48a1-831d-d630306d5f60) {{(pid=114637) _store_ip_allocation /opt/stack/neutron/neutron/db/db_base_plugin_common.py:131}}
Mar 08 08:51:09.568338 dv-cinder-804035-43-iscsi neutron-server[114638]: DEBUG neutron.plugins.ml2.rpc [None req-a1be2856-3f1f-4263-8147-9c59b6a713a6 None None] Network e14d8dfe-9c1a-458d-ac32-8dd7b40f3697 details requested by agent ovs-agent-dv-cinder-804035-43-iscsi with host dv-cinder-804035-43-iscsi {{(pid=114638) get_network_details /opt/stack/neutron/neutron/plugins/ml2/rpc.py:248}}
Mar 08 08:51:09.792370 dv-cinder-804035-43-iscsi neutron-server[114636]: INFO neutron.wsgi [None req-782abfb6-b142-44d6-ae9c-37122b3aa887 admin admin] 10.222.0.25 "POST /v2.0/networks HTTP/1.1" status: 201 len: 887 time: 1.9997048
Mar 08 08:51:09.792873 dv-cinder-804035-43-iscsi neutron-server[114636]: DEBUG neutron.api.rpc.handlers.resources_rpc [None req-782abfb6-b142-44d6-ae9c-37122b3aa887 admin admin] Pushing event updated for resources: {'Network': ['ID=78139031-cda1-4f4f-a5c7-07fb45d67369,revision_number=1']} {{(pid=114636) push /opt/stack/neutron/neutron/api/rpc/handlers/resources_rpc.py:237}}
Mar 08 08:51:09.800927 dv-cinder-804035-43-iscsi neutron-server[114637]: DEBUG neutron.wsgi [-] (114637) accepted ('10.222.0.25', 58210) {{(pid=114637) server /usr/local/lib/python3.8/dist-packages/eventlet/wsgi.py:1004}}
Mar 08 08:51:09.821109 dv-cinder-804035-43-iscsi neutron-server[114638]: DEBUG neutron.plugins.ml2.rpc [None req-a1be2856-3f1f-4263-8147-9c59b6a713a6 None None] Network 78139031-cda1-4f4f-a5c7-07fb45d67369 details requested by agent ovs-agent-dv-cinder-804035-43-iscsi with host dv-cinder-804035-43-iscsi {{(pid=114638) get_network_details /opt/stack/neutron/neutron/plugins/ml2/rpc.py:248}}
Mar 08 08:51:09.829406 dv-cinder-804035-43-iscsi neutron-server[114636]: INFO neutron.wsgi [None req-ebd41fee-7cab-409f-a207-cd33e9c1ba34 admin admin] 10.222.0.25 "POST /v2.0/networks HTTP/1.1" status: 201 len: 892 time: 2.1256304
Mar 08 08:51:09.847549 dv-cinder-804035-43-iscsi neutron-server[114636]: DEBUG neutron.wsgi [-] (114636) accepted ('10.222.0.25', 58212) {{(pid=114636) server /usr/local/lib/python3.8/dist-packages/eventlet/wsgi.py:1004}}
Mar 08 08:51:09.906753 dv-cinder-804035-43-iscsi neutron-server[114636]: DEBUG neutron.api.v2.base [None req-923f7b82-72fc-450b-b157-950d6f6c4aaa admin admin] Request body: {'subnet': {'network_id': '9f3df260-dd42-41d5-b9bc-b68ada235787', 'cidr': '172.20.0.0/28', 'name': 'tempest-ServerRescueNegativeTestJSON-1138459237-subnet', 'tenant_id': 'b9c90a5753ce4ed6abec830a5e79a662', 'enable_dhcp': False, 'ip_version': 4}} {{(pid=114636) prepare_request_body /opt/stack/neutron/neutron/api/v2/base.py:729}}
Mar 08 08:51:09.927702 dv-cinder-804035-43-iscsi neutron-server[114636]: DEBUG neutron_lib.callbacks.manager [None req-79c33061-26af-41d3-a0fa-3fcfd224226f admin admin] Publish callbacks ['neutron.services.auto_allocate.db._ensure_external_network_default_value_callback-8728178640918'] for network (c244a616-759c-4d86-83dd-054a8fc1738f), precommit_create {{(pid=114636) _notify_loop /usr/local/lib/python3.8/dist-packages/neutron_lib/callbacks/manager.py:176}}
Mar 08 08:51:09.928809 dv-cinder-804035-43-iscsi neutron-server[114637]: DEBUG neutron.api.v2.base [None req-d25fc47c-d27d-4f01-819a-5265afe3cfcd admin admin] Request body: {'subnet': {'network_id': '78139031-cda1-4f4f-a5c7-07fb45d67369', 'cidr': '172.20.0.0/28', 'name': 'tempest-AttachVolumeNegativeTest-257677694-subnet', 'tenant_id': '3b901e2564f347788d7d56bb7af5bb2f', 'enable_dhcp': True, 'ip_version': 4}} {{(pid=114637) prepare_request_body /opt/stack/neutron/neutron/api/v2/base.py:729}}
Mar 08 08:51:09.942350 dv-cinder-804035-43-iscsi neutron-server[114636]: DEBUG neutron.api.rpc.handlers.resources_rpc [None req-ebd41fee-7cab-409f-a207-cd33e9c1ba34 admin admin] Pushing event updated for resources: {'Network': ['ID=9f3df260-dd42-41d5-b9bc-b68ada235787,revision_number=1']} {{(pid=114636) push /opt/stack/neutron/neutron/api/rpc/handlers/resources_rpc.py:237}}
Mar 08 08:51:09.957944 dv-cinder-804035-43-iscsi neutron-server[114637]: DEBUG neutron_lib.callbacks.manager [None req-ff582e39-3cab-4157-9547-8cef2a8613d2 admin admin] Publish callbacks [] for port (c06acc6c-8e36-48a1-831d-d630306d5f60), precommit_create {{(pid=114637) _notify_loop /usr/local/lib/python3.8/dist-packages/neutron_lib/callbacks/manager.py:176}}
Mar 08 08:51:09.968102 dv-cinder-804035-43-iscsi neutron-server[114638]: DEBUG neutron.plugins.ml2.rpc [None req-a1be2856-3f1f-4263-8147-9c59b6a713a6 None None] Network 9f3df260-dd42-41d5-b9bc-b68ada235787 details requested by agent ovs-agent-dv-cinder-804035-43-iscsi with host dv-cinder-804035-43-iscsi {{(pid=114638) get_network_details /opt/stack/neutron/neutron/plugins/ml2/rpc.py:248}}
Mar 08 08:51:09.974178 dv-cinder-804035-43-iscsi neutron-server[114636]: DEBUG neutron.pecan_wsgi.hooks.quota_enforcement [None req-923f7b82-72fc-450b-b157-950d6f6c4aaa admin admin] Made reservation on behalf of b9c90a5753ce4ed6abec830a5e79a662 for: {'subnet': 1} {{(pid=114636) before /opt/stack/neutron/neutron/pecan_wsgi/hooks/quota_enforcement.py:53}}
Mar 08 08:51:09.976733 dv-cinder-804035-43-iscsi neutron-server[114636]: DEBUG neutron_lib.callbacks.manager [None req-923f7b82-72fc-450b-b157-950d6f6c4aaa admin admin] Publish callbacks [] for subnet (None), before_create {{(pid=114636) _notify_loop /usr/local/lib/python3.8/dist-packages/neutron_lib/callbacks/manager.py:176}}
Mar 08 08:51:09.981538 dv-cinder-804035-43-iscsi neutron-server[114636]: DEBUG neutron.api.rpc.handlers.resources_rpc [None req-1975e9cb-9228-4f58-b667-ebca842ea3a9 admin admin] Pushing event updated for resources: {'SecurityGroup': ['ID=0565b4c9-ace1-48d6-bc6d-aa0f78e1747f,revision_number=1']} {{(pid=114636) push /opt/stack/neutron/neutron/api/rpc/handlers/resources_rpc.py:237}}
Mar 08 08:51:10.011599 dv-cinder-804035-43-iscsi neutron-server[114636]: DEBUG neutron_lib.callbacks.manager [None req-79c33061-26af-41d3-a0fa-3fcfd224226f admin admin] Publish callbacks ['neutron.plugins.ml2.ovo_rpc._ObjectChangeHandler.handle_event-536703609', 'neutron.api.rpc.agentnotifiers.dhcp_rpc_agent_api.DhcpAgentNotifyAPI._native_event_send_dhcp_notification-536455685'] for network (c244a616-759c-4d86-83dd-054a8fc1738f), after_create {{(pid=114636) _notify_loop /usr/local/lib/python3.8/dist-packages/neutron_lib/callbacks/manager.py:176}}
Mar 08 08:51:10.012726 dv-cinder-804035-43-iscsi neutron-server[114636]: DEBUG neutron.pecan_wsgi.hooks.policy_enforcement [None req-79c33061-26af-41d3-a0fa-3fcfd224226f admin admin] Attributes excluded by policy engine: ['standard_attr_id', 'vlan_transparent'] {{(pid=114636) _exclude_attributes_by_policy /opt/stack/neutron/neutron/pecan_wsgi/hooks/policy_enforcement.py:255}}
Mar 08 08:51:10.013349 dv-cinder-804035-43-iscsi neutron-server[114636]: DEBUG neutron_lib.callbacks.manager [None req-79c33061-26af-41d3-a0fa-3fcfd224226f admin admin] Publish callbacks ['neutron.api.rpc.agentnotifiers.dhcp_rpc_agent_api.DhcpAgentNotifyAPI._send_dhcp_notification-536455703'] for network (None), before_response {{(pid=114636) _notify_loop /usr/local/lib/python3.8/dist-packages/neutron_lib/callbacks/manager.py:176}}
Mar 08 08:51:10.093762 dv-cinder-804035-43-iscsi neutron-server[114636]: INFO neutron.wsgi [None req-79c33061-26af-41d3-a0fa-3fcfd224226f admin admin] 10.222.0.25 "POST /v2.0/networks HTTP/1.1" status: 201 len: 889 time: 2.2782125
Mar 08 08:51:10.100717 dv-cinder-804035-43-iscsi neutron-server[114636]: DEBUG neutron.wsgi [-] (114636) accepted ('10.222.0.25', 58216) {{(pid=114636) server /usr/local/lib/python3.8/dist-packages/eventlet/wsgi.py:1004}}
Mar 08 08:51:10.110149 dv-cinder-804035-43-iscsi neutron-server[114636]: DEBUG neutron.api.v2.base [None req-aba19be5-c23a-4dd1-a115-43e80b5d14a5 admin admin] Request body: {'subnet': {'network_id': 'c244a616-759c-4d86-83dd-054a8fc1738f', 'cidr': '172.20.0.0/28', 'name': 'tempest-AttachVolumeShelveTestJSON-765829045-subnet', 'tenant_id': 'ecc7ac7efe5b4888a775facf51dcbe42', 'enable_dhcp': True, 'ip_version': 4}} {{(pid=114636) prepare_request_body /opt/stack/neutron/neutron/api/v2/base.py:729}}
Mar 08 08:51:10.154236 dv-cinder-804035-43-iscsi neutron-server[114636]: DEBUG neutron.api.rpc.handlers.resources_rpc [None req-79c33061-26af-41d3-a0fa-3fcfd224226f admin admin] Pushing event updated for resources: {'Network': ['ID=c244a616-759c-4d86-83dd-054a8fc1738f,revision_number=1']} {{(pid=114636) push /opt/stack/neutron/neutron/api/rpc/handlers/resources_rpc.py:237}}
Mar 08 08:51:10.164864 dv-cinder-804035-43-iscsi neutron-server[114637]: DEBUG neutron_lib.callbacks.manager [None req-ff582e39-3cab-4157-9547-8cef2a8613d2 admin admin] Publish callbacks ['neutron.plugins.ml2.plugin.SecurityGroupServerNotifierRpcMixin._notify_sg_on_port_change-597904', 'neutron.plugins.ml2.ovo_rpc._ObjectChangeHandler.handle_event-224572', 'neutron.api.rpc.agentnotifiers.dhcp_rpc_agent_api.DhcpAgentNotifyAPI._native_event_send_dhcp_notification-536455685', 'neutron.db.l3_dvrscheduler_db._notify_l3_agent_new_port-8728178623169'] for port (c06acc6c-8e36-48a1-831d-d630306d5f60), after_create {{(pid=114637) _notify_loop /usr/local/lib/python3.8/dist-packages/neutron_lib/callbacks/manager.py:176}}
Mar 08 08:51:10.171017 dv-cinder-804035-43-iscsi neutron-server[114638]: DEBUG neutron.plugins.ml2.rpc [None req-a1be2856-3f1f-4263-8147-9c59b6a713a6 None None] Network c244a616-759c-4d86-83dd-054a8fc1738f details requested by agent ovs-agent-dv-cinder-804035-43-iscsi with host dv-cinder-804035-43-iscsi {{(pid=114638) get_network_details /opt/stack/neutron/neutron/plugins/ml2/rpc.py:248}}
Mar 08 08:51:10.173532 dv-cinder-804035-43-iscsi neutron-server[114636]: DEBUG neutron.pecan_wsgi.hooks.quota_enforcement [None req-aba19be5-c23a-4dd1-a115-43e80b5d14a5 admin admin] Made reservation on behalf of ecc7ac7efe5b4888a775facf51dcbe42 for: {'subnet': 1} {{(pid=114636) before /opt/stack/neutron/neutron/pecan_wsgi/hooks/quota_enforcement.py:53}}
Mar 08 08:51:10.176367 dv-cinder-804035-43-iscsi neutron-server[114636]: DEBUG neutron_lib.callbacks.manager [None req-aba19be5-c23a-4dd1-a115-43e80b5d14a5 admin admin] Publish callbacks [] for subnet (None), before_create {{(pid=114636) _notify_loop /usr/local/lib/python3.8/dist-packages/neutron_lib/callbacks/manager.py:176}}
Mar 08 08:51:10.190235 dv-cinder-804035-43-iscsi neutron-server[114637]: DEBUG neutron_lib.callbacks.manager [None req-0ee8e170-250a-4dc7-b037-dfd9c29e3924 admin admin] Publish callbacks ['neutron.plugins.ml2.ovo_rpc._ObjectChangeHandler.handle_event-133969', 'neutron.api.rpc.agentnotifiers.dhcp_rpc_agent_api.DhcpAgentNotifyAPI._native_event_send_dhcp_notification-536455685'] for subnet (bf24c895-cf51-4028-8414-034dd6511275), after_create {{(pid=114637) _notify_loop /usr/local/lib/python3.8/dist-packages/neutron_lib/callbacks/manager.py:176}}
Mar 08 08:51:10.197499 dv-cinder-804035-43-iscsi neutron-server[114637]: DEBUG neutron.pecan_wsgi.hooks.quota_enforcement [None req-d25fc47c-d27d-4f01-819a-5265afe3cfcd admin admin] Made reservation on behalf of 3b901e2564f347788d7d56bb7af5bb2f for: {'subnet': 1} {{(pid=114637) before /opt/stack/neutron/neutron/pecan_wsgi/hooks/quota_enforcement.py:53}}
Mar 08 08:51:10.199818 dv-cinder-804035-43-iscsi neutron-server[114637]: DEBUG neutron_lib.callbacks.manager [None req-d25fc47c-d27d-4f01-819a-5265afe3cfcd admin admin] Publish callbacks [] for subnet (None), before_create {{(pid=114637) _notify_loop /usr/local/lib/python3.8/dist-packages/neutron_lib/callbacks/manager.py:176}}
Mar 08 08:51:10.346660 dv-cinder-804035-43-iscsi neutron-server[114637]: DEBUG neutron.scheduler.dhcp_agent_scheduler [None req-ff582e39-3cab-4157-9547-8cef2a8613d2 admin admin] Network 55740dde-6099-4a24-b6cc-35fdb2d20e49 is already hosted by enough agents. {{(pid=114637) _get_dhcp_agents_hosting_network /opt/stack/neutron/neutron/scheduler/dhcp_agent_scheduler.py:275}}
Mar 08 08:51:10.373068 dv-cinder-804035-43-iscsi neutron-server[114636]: DEBUG neutron_lib.callbacks.manager [None req-923f7b82-72fc-450b-b157-950d6f6c4aaa admin admin] Publish callbacks ['neutron.plugins.ml2.ovo_rpc._ObjectChangeHandler.handle_event-133969', 'neutron.api.rpc.agentnotifiers.dhcp_rpc_agent_api.DhcpAgentNotifyAPI._native_event_send_dhcp_notification-536455685'] for subnet (3211a656-3dc7-4280-bca7-2b8d76455a5a), after_create {{(pid=114636) _notify_loop /usr/local/lib/python3.8/dist-packages/neutron_lib/callbacks/manager.py:176}}
Mar 08 08:51:10.421661 dv-cinder-804035-43-iscsi neutron-server[114637]: DEBUG neutron.scheduler.base_scheduler [None req-ff582e39-3cab-4157-9547-8cef2a8613d2 admin admin] Resources bound (agent type, host, resource id): {{(pid=114637) schedule /opt/stack/neutron/neutron/scheduler/base_scheduler.py:57}}
Mar 08 08:51:10.439655 dv-cinder-804035-43-iscsi neutron-server[114637]: DEBUG neutron.db.l3_dvrscheduler_db [None req-ff582e39-3cab-4157-9547-8cef2a8613d2 admin admin] Received port after_create {{(pid=114637) _notify_l3_agent_new_port /opt/stack/neutron/neutron/db/l3_dvrscheduler_db.py:536}}
Mar 08 08:51:10.448609 dv-cinder-804035-43-iscsi neutron-server[114637]: DEBUG neutron.api.rpc.handlers.resources_rpc [None req-0ee8e170-250a-4dc7-b037-dfd9c29e3924 admin admin] Pushing event updated for resources: {'Subnet': ['ID=bf24c895-cf51-4028-8414-034dd6511275,revision_number=0']} {{(pid=114637) push /opt/stack/neutron/neutron/api/rpc/handlers/resources_rpc.py:237}}
Mar 08 08:51:10.450593 dv-cinder-804035-43-iscsi neutron-server[114637]: DEBUG neutron.api.rpc.handlers.resources_rpc [None req-ff582e39-3cab-4157-9547-8cef2a8613d2 admin admin] Pushing event updated for resources: {'Port': ['ID=c06acc6c-8e36-48a1-831d-d630306d5f60,revision_number=1']} {{(pid=114637) push /opt/stack/neutron/neutron/api/rpc/handlers/resources_rpc.py:237}}
