Aug 10 12:57:17.329299 dv-cinder-804035-4-smb neutron-server[100453]: DEBUG neutron_lib.callbacks.manager [None req-4feff83e-5268-493f-8480-42773976aba6 admin admin] Notify callbacks [] for security_group, precommit_create {{(pid=100453) _notify_loop /usr/local/lib/python3.8/dist-packages/neutron_lib/callbacks/manager.py:192}}
Aug 10 12:57:17.496793 dv-cinder-804035-4-smb neutron-server[100453]: DEBUG neutron_lib.callbacks.manager [None req-4feff83e-5268-493f-8480-42773976aba6 admin admin] Notify callbacks ['neutron.plugins.ml2.ovo_rpc._ObjectChangeHandler.handle_event-463792'] for security_group, after_create {{(pid=100453) _notify_loop /usr/local/lib/python3.8/dist-packages/neutron_lib/callbacks/manager.py:192}}
Aug 10 12:57:17.539720 dv-cinder-804035-4-smb neutron-server[100453]: INFO neutron.wsgi [None req-4feff83e-5268-493f-8480-42773976aba6 admin admin] 10.222.0.16 "GET /v2.0/security-groups?tenant_id=00177139b9fb420c878d2bfaba112452&name=default HTTP/1.1" status: 200 len: 2979 time: 0.5979488
Aug 10 12:57:17.540569 dv-cinder-804035-4-smb neutron-server[100453]: DEBUG neutron.api.rpc.handlers.resources_rpc [None req-4feff83e-5268-493f-8480-42773976aba6 admin admin] Pushing event updated for resources: {'SecurityGroup': ['ID=4df66a41-5e0e-40ff-85bb-54560fd472f9,revision_number=1']} {{(pid=100453) push /opt/stack/neutron/neutron/api/rpc/handlers/resources_rpc.py:237}}
Aug 10 12:57:17.542523 dv-cinder-804035-4-smb neutron-server[100452]: DEBUG neutron.wsgi [-] (100452) accepted ('10.222.0.16', 43916) {{(pid=100452) server /usr/local/lib/python3.8/dist-packages/eventlet/wsgi.py:982}}
Aug 10 12:57:17.574544 dv-cinder-804035-4-smb neutron-server[100452]: DEBUG neutron_lib.callbacks.manager [None req-f0b15d3f-4e80-41fe-a3fe-a3bb07acb5f7 admin admin] Notify callbacks ['neutron.plugins.ml2.ovo_rpc._ObjectChangeHandler.handle_event-463792'] for security_group, after_delete {{(pid=100452) _notify_loop /usr/local/lib/python3.8/dist-packages/neutron_lib/callbacks/manager.py:192}}
Aug 10 12:57:17.574646 dv-cinder-804035-4-smb neutron-server[100452]: DEBUG neutron_lib.callbacks.manager [None req-f0b15d3f-4e80-41fe-a3fe-a3bb07acb5f7 admin admin] Notify callbacks [] for security_group, before_response {{(pid=100452) _notify_loop /usr/local/lib/python3.8/dist-packages/neutron_lib/callbacks/manager.py:192}}
Aug 10 12:57:17.578068 dv-cinder-804035-4-smb neutron-server[100452]: INFO neutron.wsgi [None req-f0b15d3f-4e80-41fe-a3fe-a3bb07acb5f7 admin admin] 10.222.0.16 "DELETE /v2.0/security-groups/440fa43c-1f42-485f-9d0f-88bd4d633546 HTTP/1.1" status: 204 len: 168 time: 0.3436315
Aug 10 12:57:17.592582 dv-cinder-804035-4-smb neutron-server[100452]: DEBUG neutron.api.rpc.handlers.resources_rpc [None req-f0b15d3f-4e80-41fe-a3fe-a3bb07acb5f7 admin admin] Pushing event deleted for resources: {'SecurityGroup': ['ID=440fa43c-1f42-485f-9d0f-88bd4d633546,revision_number=None']} {{(pid=100452) push /opt/stack/neutron/neutron/api/rpc/handlers/resources_rpc.py:237}}
Aug 10 12:57:17.606913 dv-cinder-804035-4-smb neutron-server[100452]: DEBUG neutron_lib.callbacks.manager [None req-8b45d258-9449-40f6-8ec7-7f5fac2cbfea admin admin] Notify callbacks [] for security_group, before_delete {{(pid=100452) _notify_loop /usr/local/lib/python3.8/dist-packages/neutron_lib/callbacks/manager.py:192}}
Aug 10 12:57:17.614399 dv-cinder-804035-4-smb neutron-server[100453]: DEBUG neutron.wsgi [-] (100453) accepted ('10.222.0.16', 43920) {{(pid=100453) server /usr/local/lib/python3.8/dist-packages/eventlet/wsgi.py:982}}
Aug 10 12:57:17.628952 dv-cinder-804035-4-smb neutron-server[100453]: DEBUG neutron_lib.callbacks.manager [None req-2bf1d79f-9c20-40a4-83d5-97a0edf4dab2 admin admin] Notify callbacks [] for security_group, before_create {{(pid=100453) _notify_loop /usr/local/lib/python3.8/dist-packages/neutron_lib/callbacks/manager.py:192}}
Aug 10 12:57:17.634965 dv-cinder-804035-4-smb neutron-server[100452]: DEBUG neutron_lib.callbacks.manager [None req-8b45d258-9449-40f6-8ec7-7f5fac2cbfea admin admin] Notify callbacks [] for security_group, precommit_delete {{(pid=100452) _notify_loop /usr/local/lib/python3.8/dist-packages/neutron_lib/callbacks/manager.py:192}}
Aug 10 12:57:17.736192 dv-cinder-804035-4-smb neutron-server[100453]: DEBUG neutron_lib.callbacks.manager [None req-2bf1d79f-9c20-40a4-83d5-97a0edf4dab2 admin admin] Notify callbacks [] for security_group, precommit_create {{(pid=100453) _notify_loop /usr/local/lib/python3.8/dist-packages/neutron_lib/callbacks/manager.py:192}}
Aug 10 12:57:17.755699 dv-cinder-804035-4-smb neutron-server[100452]: DEBUG neutron_lib.callbacks.manager [None req-8b45d258-9449-40f6-8ec7-7f5fac2cbfea admin admin] Notify callbacks ['neutron.plugins.ml2.ovo_rpc._ObjectChangeHandler.handle_event-463792'] for security_group, after_delete {{(pid=100452) _notify_loop /usr/local/lib/python3.8/dist-packages/neutron_lib/callbacks/manager.py:192}}
Aug 10 12:57:17.758266 dv-cinder-804035-4-smb neutron-server[100452]: DEBUG neutron_lib.callbacks.manager [None req-8b45d258-9449-40f6-8ec7-7f5fac2cbfea admin admin] Notify callbacks [] for security_group, before_response {{(pid=100452) _notify_loop /usr/local/lib/python3.8/dist-packages/neutron_lib/callbacks/manager.py:192}}
Aug 10 12:57:17.759423 dv-cinder-804035-4-smb neutron-server[100452]: INFO neutron.wsgi [None req-8b45d258-9449-40f6-8ec7-7f5fac2cbfea admin admin] 10.222.0.16 "DELETE /v2.0/security-groups/4df66a41-5e0e-40ff-85bb-54560fd472f9 HTTP/1.1" status: 204 len: 168 time: 0.2158902
Aug 10 12:57:17.768756 dv-cinder-804035-4-smb neutron-server[100452]: DEBUG neutron.api.rpc.handlers.resources_rpc [None req-8b45d258-9449-40f6-8ec7-7f5fac2cbfea admin admin] Pushing event deleted for resources: {'SecurityGroup': ['ID=4df66a41-5e0e-40ff-85bb-54560fd472f9,revision_number=None']} {{(pid=100452) push /opt/stack/neutron/neutron/api/rpc/handlers/resources_rpc.py:237}}
Aug 10 12:57:17.810919 dv-cinder-804035-4-smb neutron-server[100453]: DEBUG neutron_lib.callbacks.manager [None req-2bf1d79f-9c20-40a4-83d5-97a0edf4dab2 admin admin] Notify callbacks ['neutron.plugins.ml2.ovo_rpc._ObjectChangeHandler.handle_event-463792'] for security_group, after_create {{(pid=100453) _notify_loop /usr/local/lib/python3.8/dist-packages/neutron_lib/callbacks/manager.py:192}}
Aug 10 12:57:17.849871 dv-cinder-804035-4-smb neutron-server[100453]: INFO neutron.wsgi [None req-2bf1d79f-9c20-40a4-83d5-97a0edf4dab2 admin admin] 10.222.0.16 "GET /v2.0/security-groups?tenant_id=263568b14dc74bc982acc93082490a5b&name=default HTTP/1.1" status: 200 len: 2979 time: 0.2343900
Aug 10 12:57:17.851014 dv-cinder-804035-4-smb neutron-server[100453]: DEBUG neutron.api.rpc.handlers.resources_rpc [None req-2bf1d79f-9c20-40a4-83d5-97a0edf4dab2 admin admin] Pushing event updated for resources: {'SecurityGroup': ['ID=8d619ba3-8ec4-45a2-a291-2d62bc7f2816,revision_number=1']} {{(pid=100453) push /opt/stack/neutron/neutron/api/rpc/handlers/resources_rpc.py:237}}
Aug 10 12:57:17.852589 dv-cinder-804035-4-smb neutron-server[100452]: DEBUG neutron.wsgi [-] (100452) accepted ('10.222.0.16', 43926) {{(pid=100452) server /usr/local/lib/python3.8/dist-packages/eventlet/wsgi.py:982}}
Aug 10 12:57:17.904233 dv-cinder-804035-4-smb neutron-server[100452]: DEBUG neutron_lib.callbacks.manager [None req-f8e6a56f-7a4b-4580-805f-e2674452323f admin admin] Notify callbacks [] for security_group, before_delete {{(pid=100452) _notify_loop /usr/local/lib/python3.8/dist-packages/neutron_lib/callbacks/manager.py:192}}
Aug 10 12:57:17.926934 dv-cinder-804035-4-smb neutron-server[100452]: DEBUG neutron_lib.callbacks.manager [None req-f8e6a56f-7a4b-4580-805f-e2674452323f admin admin] Notify callbacks [] for security_group, precommit_delete {{(pid=100452) _notify_loop /usr/local/lib/python3.8/dist-packages/neutron_lib/callbacks/manager.py:192}}
Aug 10 12:57:18.087126 dv-cinder-804035-4-smb neutron-server[100452]: DEBUG neutron_lib.callbacks.manager [None req-f8e6a56f-7a4b-4580-805f-e2674452323f admin admin] Notify callbacks ['neutron.plugins.ml2.ovo_rpc._ObjectChangeHandler.handle_event-463792'] for security_group, after_delete {{(pid=100452) _notify_loop /usr/local/lib/python3.8/dist-packages/neutron_lib/callbacks/manager.py:192}}
Aug 10 12:57:18.090177 dv-cinder-804035-4-smb neutron-server[100452]: DEBUG neutron_lib.callbacks.manager [None req-f8e6a56f-7a4b-4580-805f-e2674452323f admin admin] Notify callbacks [] for security_group, before_response {{(pid=100452) _notify_loop /usr/local/lib/python3.8/dist-packages/neutron_lib/callbacks/manager.py:192}}
Aug 10 12:57:18.094596 dv-cinder-804035-4-smb neutron-server[100452]: INFO neutron.wsgi [None req-f8e6a56f-7a4b-4580-805f-e2674452323f admin admin] 10.222.0.16 "DELETE /v2.0/security-groups/8d619ba3-8ec4-45a2-a291-2d62bc7f2816 HTTP/1.1" status: 204 len: 168 time: 0.2406812
Aug 10 12:57:18.105881 dv-cinder-804035-4-smb neutron-server[100452]: DEBUG neutron.pecan_wsgi.hooks.policy_enforcement [req-5c0f58bb-b5f7-49cd-9145-23b0a26da5f8 req-22eb8110-0216-4966-a443-ca3d47958b34 tempest-AttachVolumeNegativeTest-520549645 tempest-AttachVolumeNegativeTest-520549645-project] Attributes excluded by policy engine: ['standard_attr_id', 'binding:profile', 'binding:host_id', 'binding:vif_type', 'binding:vif_details'] {{(pid=100452) _exclude_attributes_by_policy /opt/stack/neutron/neutron/pecan_wsgi/hooks/policy_enforcement.py:255}}
Aug 10 12:57:18.107603 dv-cinder-804035-4-smb neutron-server[100452]: INFO neutron.wsgi [req-5c0f58bb-b5f7-49cd-9145-23b0a26da5f8 req-22eb8110-0216-4966-a443-ca3d47958b34 tempest-AttachVolumeNegativeTest-520549645 tempest-AttachVolumeNegativeTest-520549645-project] 10.222.0.16 "GET /v2.0/ports?device_id=438001b4-6478-44e5-af1e-212a192d4f32 HTTP/1.1" status: 200 len: 943 time: 0.0621679
Aug 10 12:57:18.113649 dv-cinder-804035-4-smb neutron-server[100452]: DEBUG neutron.api.rpc.handlers.resources_rpc [None req-f8e6a56f-7a4b-4580-805f-e2674452323f admin admin] Pushing event deleted for resources: {'SecurityGroup': ['ID=8d619ba3-8ec4-45a2-a291-2d62bc7f2816,revision_number=None']} {{(pid=100452) push /opt/stack/neutron/neutron/api/rpc/handlers/resources_rpc.py:237}}
Aug 10 12:57:18.116184 dv-cinder-804035-4-smb neutron-server[100454]: DEBUG neutron.plugins.ml2.rpc [None req-25d81527-7a88-4985-9d87-403545d9b2ae None None] Device 0ebefb83-f305-4bd2-a3d5-e81c24376807 details requested by agent hyperv_hv-cinder-80403 with host hv-cinder-80403 {{(pid=100454) get_device_details /opt/stack/neutron/neutron/plugins/ml2/rpc.py:102}}
Aug 10 12:57:18.123765 dv-cinder-804035-4-smb neutron-server[100453]: DEBUG neutron.wsgi [-] (100453) accepted ('10.222.0.16', 43938) {{(pid=100453) server /usr/local/lib/python3.8/dist-packages/eventlet/wsgi.py:982}}
Aug 10 12:57:18.158859 dv-cinder-804035-4-smb neutron-server[100453]: DEBUG neutron_lib.callbacks.manager [None req-59aca253-fbed-470f-b419-d63846cd258f admin admin] Notify callbacks [] for security_group, before_create {{(pid=100453) _notify_loop /usr/local/lib/python3.8/dist-packages/neutron_lib/callbacks/manager.py:192}}
Aug 10 12:57:18.241450 dv-cinder-804035-4-smb neutron-server[100452]: INFO neutron.wsgi [req-5c0f58bb-b5f7-49cd-9145-23b0a26da5f8 req-a9a3bb69-db65-4c5f-b611-f59292fb4f1a tempest-AttachVolumeNegativeTest-520549645 tempest-AttachVolumeNegativeTest-520549645-project] 10.222.0.16 "GET /v2.0/security-groups?id=0bfc1d58-4f4f-40c5-bc02-77aa3dabc090&fields=id&fields=name HTTP/1.1" status: 200 len: 286 time: 0.1088727
Aug 10 12:57:18.295049 dv-cinder-804035-4-smb neutron-server[100453]: DEBUG neutron_lib.callbacks.manager [None req-59aca253-fbed-470f-b419-d63846cd258f admin admin] Notify callbacks [] for security_group, precommit_create {{(pid=100453) _notify_loop /usr/local/lib/python3.8/dist-packages/neutron_lib/callbacks/manager.py:192}}
Aug 10 12:57:18.314690 dv-cinder-804035-4-smb neutron-server[100454]: DEBUG neutron.plugins.ml2.db [None req-25d81527-7a88-4985-9d87-403545d9b2ae None None] For port 0ebefb83-f305-4bd2-a3d5-e81c24376807, host hv-cinder-80403, got binding levels [PortBindingLevel(driver='hyperv',host='hv-cinder-80403',level=0,port_id=0ebefb83-f305-4bd2-a3d5-e81c24376807,segment=NetworkSegment(96f7a05d-37c3-4688-b837-7f19f825b8a0),segment_id=96f7a05d-37c3-4688-b837-7f19f825b8a0)] {{(pid=100454) get_binding_level_objs /opt/stack/neutron/neutron/plugins/ml2/db.py:74}}
Aug 10 12:57:18.327717 dv-cinder-804035-4-smb neutron-server[100454]: DEBUG neutron.plugins.ml2.rpc [None req-25d81527-7a88-4985-9d87-403545d9b2ae None None] Returning: {'device': '0ebefb83-f305-4bd2-a3d5-e81c24376807', 'network_id': 'f7d949ec-e280-4b64-b290-b2b0c16dc386', 'port_id': '0ebefb83-f305-4bd2-a3d5-e81c24376807', 'mac_address': 'fa:16:3e:da:55:70', 'admin_state_up': True, 'network_type': 'vlan', 'segmentation_id': 777, 'physical_network': 'physnet1', 'mtu': 1500, 'fixed_ips': [{'subnet_id': '94fb316c-5972-41f7-b83d-3bf08c9bb391', 'ip_address': '172.20.0.5'}], 'device_owner': 'compute:nova', 'allowed_address_pairs': [], 'port_security_enabled': True, 'qos_policy_id': None, 'network_qos_policy_id': None, 'profile': {}, 'propagate_uplink_status': False} {{(pid=100454) _get_device_details /opt/stack/neutron/neutron/plugins/ml2/rpc.py:184}}
Aug 10 12:57:18.373867 dv-cinder-804035-4-smb neutron-server[100454]: DEBUG neutron_lib.callbacks.manager [None req-25d81527-7a88-4985-9d87-403545d9b2ae None None] Notify callbacks ['neutron.plugins.ml2.plugin.SecurityGroupDbMixin._ensure_default_security_group_handler-1472556'] for port, before_update {{(pid=100454) _notify_loop /usr/local/lib/python3.8/dist-packages/neutron_lib/callbacks/manager.py:192}}
Aug 10 12:57:18.387644 dv-cinder-804035-4-smb neutron-server[100454]: DEBUG neutron.notifiers.nova [None req-25d81527-7a88-4985-9d87-403545d9b2ae None None] Ignoring state change previous_port_status: DOWN current_port_status: BUILD port_id 0ebefb83-f305-4bd2-a3d5-e81c24376807 {{(pid=100454) record_port_status_changed /opt/stack/neutron/neutron/notifiers/nova.py:224}}
Aug 10 12:57:18.407946 dv-cinder-804035-4-smb neutron-server[100454]: DEBUG neutron.plugins.ml2.db [None req-25d81527-7a88-4985-9d87-403545d9b2ae None None] For port 0ebefb83-f305-4bd2-a3d5-e81c24376807, host hv-cinder-80403, got binding levels [PortBindingLevel(driver='hyperv',host='hv-cinder-80403',level=0,port_id=0ebefb83-f305-4bd2-a3d5-e81c24376807,segment=NetworkSegment(96f7a05d-37c3-4688-b837-7f19f825b8a0),segment_id=96f7a05d-37c3-4688-b837-7f19f825b8a0)] {{(pid=100454) get_binding_level_objs /opt/stack/neutron/neutron/plugins/ml2/db.py:74}}
Aug 10 12:57:18.464094 dv-cinder-804035-4-smb neutron-server[100453]: DEBUG neutron_lib.callbacks.manager [None req-59aca253-fbed-470f-b419-d63846cd258f admin admin] Notify callbacks ['neutron.plugins.ml2.ovo_rpc._ObjectChangeHandler.handle_event-463792'] for security_group, after_create {{(pid=100453) _notify_loop /usr/local/lib/python3.8/dist-packages/neutron_lib/callbacks/manager.py:192}}
Aug 10 12:57:18.503089 dv-cinder-804035-4-smb neutron-server[100453]: INFO neutron.wsgi [None req-59aca253-fbed-470f-b419-d63846cd258f admin admin] 10.222.0.16 "GET /v2.0/security-groups?tenant_id=5b4e90a4e6e54f1794cb0153b9314969&name=default HTTP/1.1" status: 200 len: 2979 time: 0.3781548
Aug 10 12:57:18.505219 dv-cinder-804035-4-smb neutron-server[100453]: DEBUG neutron.api.rpc.handlers.resources_rpc [None req-59aca253-fbed-470f-b419-d63846cd258f admin admin] Pushing event updated for resources: {'SecurityGroup': ['ID=2841c0e9-4b66-487e-bb3f-fff7abb7e519,revision_number=1']} {{(pid=100453) push /opt/stack/neutron/neutron/api/rpc/handlers/resources_rpc.py:237}}
Aug 10 12:57:18.506109 dv-cinder-804035-4-smb neutron-server[100452]: DEBUG neutron.wsgi [-] (100452) accepted ('10.222.0.16', 43952) {{(pid=100452) server /usr/local/lib/python3.8/dist-packages/eventlet/wsgi.py:982}}
Aug 10 12:57:18.510039 dv-cinder-804035-4-smb neutron-server[100454]: DEBUG neutron_lib.callbacks.manager [None req-25d81527-7a88-4985-9d87-403545d9b2ae None None] Notify callbacks ['neutron.plugins.ml2.plugin.SecurityGroupServerNotifierRpcMixin._notify_sg_on_port_change-1472386', 'neutron.plugins.ml2.ovo_rpc._ObjectChangeHandler.handle_event-179156', 'neutron.api.rpc.agentnotifiers.dhcp_rpc_agent_api.DhcpAgentNotifyAPI._native_event_send_dhcp_notification-1613571', 'neutron.db.l3_db.L3RpcNotifierMixin._notify_gateway_port_ip_changed-8758271799453', 'neutron.db.l3_dvrscheduler_db._notify_l3_agent_port_update-8758271410436', 'neutron.db.l3_hascheduler_db._notify_l3_agent_ha_port_update-8758271410454'] for port, after_update {{(pid=100454) _notify_loop /usr/local/lib/python3.8/dist-packages/neutron_lib/callbacks/manager.py:192}}
Aug 10 12:57:18.561693 dv-cinder-804035-4-smb neutron-server[100454]: DEBUG neutron.api.rpc.handlers.resources_rpc [None req-25d81527-7a88-4985-9d87-403545d9b2ae None None] Pushing event updated for resources: {'Port': ['ID=0ebefb83-f305-4bd2-a3d5-e81c24376807,revision_number=4']} {{(pid=100454) push /opt/stack/neutron/neutron/api/rpc/handlers/resources_rpc.py:237}}
Aug 10 12:57:18.567396 dv-cinder-804035-4-smb neutron-server[100452]: DEBUG neutron_lib.callbacks.manager [None req-0e6cc63d-3b27-4808-9e1b-3513fd173be5 admin admin] Notify callbacks [] for security_group, before_delete {{(pid=100452) _notify_loop /usr/local/lib/python3.8/dist-packages/neutron_lib/callbacks/manager.py:192}}
Aug 10 12:57:18.592498 dv-cinder-804035-4-smb neutron-server[100452]: DEBUG neutron_lib.callbacks.manager [None req-0e6cc63d-3b27-4808-9e1b-3513fd173be5 admin admin] Notify callbacks [] for security_group, precommit_delete {{(pid=100452) _notify_loop /usr/local/lib/python3.8/dist-packages/neutron_lib/callbacks/manager.py:192}}
Aug 10 12:57:18.725054 dv-cinder-804035-4-smb neutron-server[100452]: DEBUG neutron_lib.callbacks.manager [None req-0e6cc63d-3b27-4808-9e1b-3513fd173be5 admin admin] Notify callbacks ['neutron.plugins.ml2.ovo_rpc._ObjectChangeHandler.handle_event-463792'] for security_group, after_delete {{(pid=100452) _notify_loop /usr/local/lib/python3.8/dist-packages/neutron_lib/callbacks/manager.py:192}}
Aug 10 12:57:18.727658 dv-cinder-804035-4-smb neutron-server[100452]: DEBUG neutron_lib.callbacks.manager [None req-0e6cc63d-3b27-4808-9e1b-3513fd173be5 admin admin] Notify callbacks [] for security_group, before_response {{(pid=100452) _notify_loop /usr/local/lib/python3.8/dist-packages/neutron_lib/callbacks/manager.py:192}}
Aug 10 12:57:18.728807 dv-cinder-804035-4-smb neutron-server[100452]: INFO neutron.wsgi [None req-0e6cc63d-3b27-4808-9e1b-3513fd173be5 admin admin] 10.222.0.16 "DELETE /v2.0/security-groups/2841c0e9-4b66-487e-bb3f-fff7abb7e519 HTTP/1.1" status: 204 len: 168 time: 0.2215991
Aug 10 12:57:18.736573 dv-cinder-804035-4-smb neutron-server[100452]: DEBUG neutron.api.rpc.handlers.resources_rpc [None req-0e6cc63d-3b27-4808-9e1b-3513fd173be5 admin admin] Pushing event deleted for resources: {'SecurityGroup': ['ID=2841c0e9-4b66-487e-bb3f-fff7abb7e519,revision_number=None']} {{(pid=100452) push /opt/stack/neutron/neutron/api/rpc/handlers/resources_rpc.py:237}}
Aug 10 12:57:18.890868 dv-cinder-804035-4-smb neutron-server[100454]: DEBUG neutron.plugins.ml2.db [None req-25d81527-7a88-4985-9d87-403545d9b2ae None None] get_ports_and_sgs() called for port_ids ['0ebefb83-f305-4bd2-a3d5-e81c24376807'] {{(pid=100454) get_ports_and_sgs /opt/stack/neutron/neutron/plugins/ml2/db.py:156}}
Aug 10 12:57:18.927784 dv-cinder-804035-4-smb neutron-server[100452]: DEBUG neutron.pecan_wsgi.hooks.policy_enforcement [req-eb529387-245a-471e-97c4-555930d9a013 req-4747b7c2-9658-4cf4-bf15-9a682098d3b3 tempest-ServerRescueNegativeTestJSON-1939606557 tempest-ServerRescueNegativeTestJSON-1939606557-project] Attributes excluded by policy engine: ['standard_attr_id', 'binding:profile', 'binding:host_id', 'binding:vif_type', 'binding:vif_details'] {{(pid=100452) _exclude_attributes_by_policy /opt/stack/neutron/neutron/pecan_wsgi/hooks/policy_enforcement.py:255}}
Aug 10 12:57:18.929339 dv-cinder-804035-4-smb neutron-server[100452]: INFO neutron.wsgi [req-eb529387-245a-471e-97c4-555930d9a013 req-4747b7c2-9658-4cf4-bf15-9a682098d3b3 tempest-ServerRescueNegativeTestJSON-1939606557 tempest-ServerRescueNegativeTestJSON-1939606557-project] 10.222.0.16 "GET /v2.0/ports?device_id=71ba2f5d-6e63-4894-a018-7107fb44f0df HTTP/1.1" status: 200 len: 946 time: 0.0744445
Aug 10 12:57:18.971288 dv-cinder-804035-4-smb neutron-server[100452]: DEBUG neutron.pecan_wsgi.hooks.policy_enforcement [req-26fc0287-f1c9-4e68-affe-a30f074b73ae req-a569c238-981b-445b-ad61-f94fae5a08b4 service neutron] Attributes excluded by policy engine: ['standard_attr_id'] {{(pid=100452) _exclude_attributes_by_policy /opt/stack/neutron/neutron/pecan_wsgi/hooks/policy_enforcement.py:255}}
Aug 10 12:57:18.972811 dv-cinder-804035-4-smb neutron-server[100452]: INFO neutron.wsgi [req-26fc0287-f1c9-4e68-affe-a30f074b73ae req-a569c238-981b-445b-ad61-f94fae5a08b4 service neutron] 10.222.0.24 "GET /v2.0/ports?tenant_id=b40687b42ee747d19287d1f2aba6ab5e&device_id=71ba2f5d-6e63-4894-a018-7107fb44f0df HTTP/1.1" status: 200 len: 1099 time: 0.0801339
Aug 10 12:57:18.980649 dv-cinder-804035-4-smb neutron-server[100452]: INFO neutron.wsgi [req-eb529387-245a-471e-97c4-555930d9a013 req-be8ea829-0ae4-4148-a7bf-a81bb3bfd807 tempest-ServerRescueNegativeTestJSON-1939606557 tempest-ServerRescueNegativeTestJSON-1939606557-project] 10.222.0.16 "GET /v2.0/security-groups?id=dc4b5809-831e-4729-9f1a-77920b38191c&fields=id&fields=name HTTP/1.1" status: 200 len: 286 time: 0.0436335
Aug 10 12:57:19.027595 dv-cinder-804035-4-smb neutron-server[100453]: INFO neutron.wsgi [req-9042a3a6-5050-4467-9b29-566b23fdb888 req-405be655-9823-4b46-aebe-ee7ca09b7aa1 service neutron] 10.222.0.24 "GET /v2.0/ports?device_id=155c50c3-2557-423f-985b-8c4b15950212&fields=binding%3Ahost_id&fields=binding%3Avif_type HTTP/1.1" status: 200 len: 275 time: 0.0705633
Aug 10 12:57:19.036947 dv-cinder-804035-4-smb neutron-server[100453]: DEBUG neutron.wsgi [-] (100453) accepted ('10.222.0.16', 43970) {{(pid=100453) server /usr/local/lib/python3.8/dist-packages/eventlet/wsgi.py:982}}
Aug 10 12:57:19.053511 dv-cinder-804035-4-smb neutron-server[100453]: DEBUG neutron_lib.callbacks.manager [None req-4093bd00-74cb-469e-a3a3-8cbccde6d903 admin admin] Notify callbacks [] for security_group, before_create {{(pid=100453) _notify_loop /usr/local/lib/python3.8/dist-packages/neutron_lib/callbacks/manager.py:192}}
Aug 10 12:57:19.136221 dv-cinder-804035-4-smb neutron-server[100452]: DEBUG neutron.pecan_wsgi.hooks.policy_enforcement [req-26fc0287-f1c9-4e68-affe-a30f074b73ae req-ffc77c16-44e6-4396-8e77-118222486b2f service neutron] Attributes excluded by policy engine: ['standard_attr_id', 'vlan_transparent'] {{(pid=100452) _exclude_attributes_by_policy /opt/stack/neutron/neutron/pecan_wsgi/hooks/policy_enforcement.py:255}}
Aug 10 12:57:19.144699 dv-cinder-804035-4-smb neutron-server[100452]: INFO neutron.wsgi [req-26fc0287-f1c9-4e68-affe-a30f074b73ae req-ffc77c16-44e6-4396-8e77-118222486b2f service neutron] 10.222.0.24 "GET /v2.0/networks?id=59b3bd2d-6dbf-436f-a369-cfca7b948fdb HTTP/1.1" status: 200 len: 920 time: 0.1495037
Aug 10 12:57:19.180229 dv-cinder-804035-4-smb neutron-server[100453]: DEBUG neutron.pecan_wsgi.hooks.policy_enforcement [req-9042a3a6-5050-4467-9b29-566b23fdb888 req-150b51d8-0149-45fe-9a2a-b37b3487ed99 service neutron] Attributes excluded by policy engine: ['standard_attr_id'] {{(pid=100453) _exclude_attributes_by_policy /opt/stack/neutron/neutron/pecan_wsgi/hooks/policy_enforcement.py:255}}
Aug 10 12:57:19.180229 dv-cinder-804035-4-smb neutron-server[100453]: INFO neutron.wsgi [req-9042a3a6-5050-4467-9b29-566b23fdb888 req-150b51d8-0149-45fe-9a2a-b37b3487ed99 service neutron] 10.222.0.24 "GET /v2.0/ports?tenant_id=e78b654614974017b2bfbc6f540285a9&device_id=155c50c3-2557-423f-985b-8c4b15950212 HTTP/1.1" status: 200 len: 1099 time: 0.0736382
Aug 10 12:57:19.220987 dv-cinder-804035-4-smb neutron-server[100452]: INFO neutron.wsgi [req-26fc0287-f1c9-4e68-affe-a30f074b73ae req-4d1178cf-b9f9-40c2-b0bf-012ad1903b18 service neutron] 10.222.0.24 "GET /v2.0/floatingips?fixed_ip_address=172.20.0.12&port_id=e7dc78ac-d46b-4e21-9138-82058f0b4658 HTTP/1.1" status: 200 len: 217 time: 0.0696988
Aug 10 12:57:19.321343 dv-cinder-804035-4-smb neutron-server[100453]: DEBUG neutron_lib.callbacks.manager [None req-4093bd00-74cb-469e-a3a3-8cbccde6d903 admin admin] Notify callbacks [] for security_group, precommit_create {{(pid=100453) _notify_loop /usr/local/lib/python3.8/dist-packages/neutron_lib/callbacks/manager.py:192}}
Aug 10 12:57:19.419580 dv-cinder-804035-4-smb neutron-server[100453]: DEBUG neutron_lib.callbacks.manager [None req-4093bd00-74cb-469e-a3a3-8cbccde6d903 admin admin] Notify callbacks ['neutron.plugins.ml2.ovo_rpc._ObjectChangeHandler.handle_event-463792'] for security_group, after_create {{(pid=100453) _notify_loop /usr/local/lib/python3.8/dist-packages/neutron_lib/callbacks/manager.py:192}}
Aug 10 12:57:19.505288 dv-cinder-804035-4-smb neutron-server[100453]: DEBUG neutron.pecan_wsgi.hooks.policy_enforcement [req-9042a3a6-5050-4467-9b29-566b23fdb888 req-94560447-8c24-4c5f-b6e9-38995e69d232 service neutron] Attributes excluded by policy engine: ['standard_attr_id', 'vlan_transparent'] {{(pid=100453) _exclude_attributes_by_policy /opt/stack/neutron/neutron/pecan_wsgi/hooks/policy_enforcement.py:255}}
Aug 10 12:57:19.506820 dv-cinder-804035-4-smb neutron-server[100453]: INFO neutron.wsgi [req-9042a3a6-5050-4467-9b29-566b23fdb888 req-94560447-8c24-4c5f-b6e9-38995e69d232 service neutron] 10.222.0.24 "GET /v2.0/networks?id=f7d949ec-e280-4b64-b290-b2b0c16dc386 HTTP/1.1" status: 200 len: 915 time: 0.2955034
Aug 10 12:57:19.511955 dv-cinder-804035-4-smb neutron-server[100453]: INFO neutron.wsgi [None req-4093bd00-74cb-469e-a3a3-8cbccde6d903 admin admin] 10.222.0.16 "GET /v2.0/security-groups?tenant_id=da25df74214f41aa80723b89a1c62c20&name=default HTTP/1.1" status: 200 len: 2979 time: 0.4713748
Aug 10 12:57:19.511955 dv-cinder-804035-4-smb neutron-server[100453]: DEBUG neutron.api.rpc.handlers.resources_rpc [None req-4093bd00-74cb-469e-a3a3-8cbccde6d903 admin admin] Pushing event updated for resources: {'SecurityGroup': ['ID=717b80eb-1c1b-4148-a664-d6f2c818e977,revision_number=1']} {{(pid=100453) push /opt/stack/neutron/neutron/api/rpc/handlers/resources_rpc.py:237}}
Aug 10 12:57:19.516357 dv-cinder-804035-4-smb neutron-server[100453]: DEBUG neutron.wsgi [-] (100453) accepted ('10.222.0.16', 43994) {{(pid=100453) server /usr/local/lib/python3.8/dist-packages/eventlet/wsgi.py:982}}
Aug 10 12:57:19.586369 dv-cinder-804035-4-smb neutron-server[100453]: INFO neutron.wsgi [req-9042a3a6-5050-4467-9b29-566b23fdb888 req-63530cda-bbec-4566-92bf-f3c64206a28e service neutron] 10.222.0.24 "GET /v2.0/floatingips?fixed_ip_address=172.20.0.14&port_id=5d9cfeee-c6d1-446e-b380-4e9e5a846be1 HTTP/1.1" status: 200 len: 217 time: 0.0518560
Aug 10 12:57:19.594049 dv-cinder-804035-4-smb neutron-server[100452]: DEBUG neutron.pecan_wsgi.hooks.policy_enforcement [req-26fc0287-f1c9-4e68-affe-a30f074b73ae req-fe86611e-c735-4255-9320-7ea1a111f9aa service neutron] Attributes excluded by policy engine: ['standard_attr_id', 'shared', 'segment_id'] {{(pid=100452) _exclude_attributes_by_policy /opt/stack/neutron/neutron/pecan_wsgi/hooks/policy_enforcement.py:255}}
Aug 10 12:57:19.595608 dv-cinder-804035-4-smb neutron-server[100452]: INFO neutron.wsgi [req-26fc0287-f1c9-4e68-affe-a30f074b73ae req-fe86611e-c735-4255-9320-7ea1a111f9aa service neutron] 10.222.0.24 "GET /v2.0/subnets?id=cc97996f-050d-480d-9222-770c5d4ffdc7 HTTP/1.1" status: 200 len: 859 time: 0.3639641
Aug 10 12:57:19.679888 dv-cinder-804035-4-smb neutron-server[100452]: DEBUG neutron.pecan_wsgi.hooks.policy_enforcement [req-30d25661-1acb-449f-b3a5-dd4bc8a5b97e req-5012ff4d-7c56-41da-96f9-53d049cbe349 tempest-AttachVolumeNegativeTest-520549645 tempest-AttachVolumeNegativeTest-520549645-project] Attributes excluded by policy engine: ['standard_attr_id', 'binding:profile', 'binding:host_id', 'binding:vif_type', 'binding:vif_details'] {{(pid=100452) _exclude_attributes_by_policy /opt/stack/neutron/neutron/pecan_wsgi/hooks/policy_enforcement.py:255}}
Aug 10 12:57:19.681801 dv-cinder-804035-4-smb neutron-server[100452]: INFO neutron.wsgi [req-30d25661-1acb-449f-b3a5-dd4bc8a5b97e req-5012ff4d-7c56-41da-96f9-53d049cbe349 tempest-AttachVolumeNegativeTest-520549645 tempest-AttachVolumeNegativeTest-520549645-project] 10.222.0.16 "GET /v2.0/ports?device_id=438001b4-6478-44e5-af1e-212a192d4f32 HTTP/1.1" status: 200 len: 944 time: 0.1293645
Aug 10 12:57:19.685736 dv-cinder-804035-4-smb neutron-server[100452]: INFO neutron.wsgi [req-26fc0287-f1c9-4e68-affe-a30f074b73ae req-b814940f-6d3b-421e-97cd-b7a274ee0931 service neutron] 10.222.0.24 "GET /v2.0/ports?network_id=59b3bd2d-6dbf-436f-a369-cfca7b948fdb&device_owner=network%3Adhcp HTTP/1.1" status: 200 len: 210 time: 0.0794284
Aug 10 12:57:19.688072 dv-cinder-804035-4-smb neutron-server[100453]: DEBUG neutron_lib.callbacks.manager [None req-c8893d56-bed6-496f-9453-1e14aa0c97c2 admin admin] Notify callbacks [] for security_group, before_delete {{(pid=100453) _notify_loop /usr/local/lib/python3.8/dist-packages/neutron_lib/callbacks/manager.py:192}}
Aug 10 12:57:19.695994 dv-cinder-804035-4-smb neutron-server[100453]: DEBUG neutron.pecan_wsgi.hooks.policy_enforcement [req-9042a3a6-5050-4467-9b29-566b23fdb888 req-a1eeba44-5c38-4ec4-875c-2abb9eed00c5 service neutron] Attributes excluded by policy engine: ['standard_attr_id', 'shared', 'segment_id'] {{(pid=100453) _exclude_attributes_by_policy /opt/stack/neutron/neutron/pecan_wsgi/hooks/policy_enforcement.py:255}}
Aug 10 12:57:19.698719 dv-cinder-804035-4-smb neutron-server[100453]: INFO neutron.wsgi [req-9042a3a6-5050-4467-9b29-566b23fdb888 req-a1eeba44-5c38-4ec4-875c-2abb9eed00c5 service neutron] 10.222.0.24 "GET /v2.0/subnets?id=94fb316c-5972-41f7-b83d-3bf08c9bb391 HTTP/1.1" status: 200 len: 854 time: 0.1097224
Aug 10 12:57:19.745679 dv-cinder-804035-4-smb neutron-server[100453]: INFO neutron.wsgi [req-9042a3a6-5050-4467-9b29-566b23fdb888 req-77b5ab30-7907-4616-a947-0528caeb3ca3 service neutron] 10.222.0.24 "GET /v2.0/ports?network_id=f7d949ec-e280-4b64-b290-b2b0c16dc386&device_owner=network%3Adhcp HTTP/1.1" status: 200 len: 210 time: 0.0384130
Aug 10 12:57:19.773808 dv-cinder-804035-4-smb neutron-server[100453]: DEBUG neutron_lib.callbacks.manager [None req-c8893d56-bed6-496f-9453-1e14aa0c97c2 admin admin] Notify callbacks [] for security_group, precommit_delete {{(pid=100453) _notify_loop /usr/local/lib/python3.8/dist-packages/neutron_lib/callbacks/manager.py:192}}
Aug 10 12:57:19.810783 dv-cinder-804035-4-smb neutron-server[100452]: INFO neutron.wsgi [req-26fc0287-f1c9-4e68-affe-a30f074b73ae req-b2b9b3a8-02dc-46a8-be84-9d5afd00103d service neutron] 10.222.0.24 "GET /v2.0/networks/59b3bd2d-6dbf-436f-a369-cfca7b948fdb?fields=segments HTTP/1.1" status: 200 len: 212 time: 0.1157603
Aug 10 12:57:19.871023 dv-cinder-804035-4-smb neutron-server[100452]: INFO neutron.wsgi [req-30d25661-1acb-449f-b3a5-dd4bc8a5b97e req-a175446f-5e66-41e0-b8f3-647e4917680c tempest-AttachVolumeNegativeTest-520549645 tempest-AttachVolumeNegativeTest-520549645-project] 10.222.0.16 "GET /v2.0/security-groups?id=0bfc1d58-4f4f-40c5-bc02-77aa3dabc090&fields=id&fields=name HTTP/1.1" status: 200 len: 286 time: 0.1816506
Aug 10 12:57:19.880180 dv-cinder-804035-4-smb neutron-server[100453]: INFO neutron.wsgi [req-9042a3a6-5050-4467-9b29-566b23fdb888 req-c192bdd8-db3d-487d-9e06-b048e4b42446 service neutron] 10.222.0.24 "GET /v2.0/networks/f7d949ec-e280-4b64-b290-b2b0c16dc386?fields=segments HTTP/1.1" status: 200 len: 212 time: 0.1208711
Aug 10 12:57:19.949969 dv-cinder-804035-4-smb neutron-server[100452]: INFO neutron.wsgi [req-26fc0287-f1c9-4e68-affe-a30f074b73ae req-e22ccb44-97d3-4a72-9446-5537399c5d48 service neutron] 10.222.0.24 "GET /v2.0/networks/59b3bd2d-6dbf-436f-a369-cfca7b948fdb?fields=provider%3Aphysical_network&fields=provider%3Anetwork_type HTTP/1.1" status: 200 len: 281 time: 0.1273396
Aug 10 12:57:19.985740 dv-cinder-804035-4-smb neutron-server[100453]: DEBUG neutron_lib.callbacks.manager [None req-c8893d56-bed6-496f-9453-1e14aa0c97c2 admin admin] Notify callbacks ['neutron.plugins.ml2.ovo_rpc._ObjectChangeHandler.handle_event-463792'] for security_group, after_delete {{(pid=100453) _notify_loop /usr/local/lib/python3.8/dist-packages/neutron_lib/callbacks/manager.py:192}}
Aug 10 12:57:19.988646 dv-cinder-804035-4-smb neutron-server[100453]: DEBUG neutron_lib.callbacks.manager [None req-c8893d56-bed6-496f-9453-1e14aa0c97c2 admin admin] Notify callbacks [] for security_group, before_response {{(pid=100453) _notify_loop /usr/local/lib/python3.8/dist-packages/neutron_lib/callbacks/manager.py:192}}
Aug 10 12:57:19.990098 dv-cinder-804035-4-smb neutron-server[100453]: INFO neutron.wsgi [None req-c8893d56-bed6-496f-9453-1e14aa0c97c2 admin admin] 10.222.0.16 "DELETE /v2.0/security-groups/717b80eb-1c1b-4148-a664-d6f2c818e977 HTTP/1.1" status: 204 len: 168 time: 0.4753735
Aug 10 12:57:20.011573 dv-cinder-804035-4-smb neutron-server[100453]: DEBUG neutron.api.rpc.handlers.resources_rpc [None req-c8893d56-bed6-496f-9453-1e14aa0c97c2 admin admin] Pushing event deleted for resources: {'SecurityGroup': ['ID=717b80eb-1c1b-4148-a664-d6f2c818e977,revision_number=None']} {{(pid=100453) push /opt/stack/neutron/neutron/api/rpc/handlers/resources_rpc.py:237}}
Aug 10 12:57:20.025851 dv-cinder-804035-4-smb neutron-server[100453]: INFO neutron.wsgi [req-9042a3a6-5050-4467-9b29-566b23fdb888 req-22b029c1-15da-490d-97c8-7c0f59e7afed service neutron] 10.222.0.24 "GET /v2.0/networks/f7d949ec-e280-4b64-b290-b2b0c16dc386?fields=provider%3Aphysical_network&fields=provider%3Anetwork_type HTTP/1.1" status: 200 len: 281 time: 0.1371710
Aug 10 12:57:20.127805 dv-cinder-804035-4-smb neutron-server[100454]: DEBUG neutron.plugins.ml2.rpc [None req-25d81527-7a88-4985-9d87-403545d9b2ae None None] Device 0ebefb83-f305-4bd2-a3d5-e81c24376807 up at agent hyperv_hv-cinder-80403 {{(pid=100454) update_device_up /opt/stack/neutron/neutron/plugins/ml2/rpc.py:296}}
Aug 10 12:57:20.182233 dv-cinder-804035-4-smb neutron-server[100452]: DEBUG neutron.pecan_wsgi.hooks.policy_enforcement [req-322e3116-a715-4826-a468-6ecbdd856d1e req-007773bf-3e09-46a1-903d-5b612734442d tempest-ServerRescueNegativeTestJSON-1939606557 tempest-ServerRescueNegativeTestJSON-1939606557-project] Attributes excluded by policy engine: ['standard_attr_id', 'binding:profile', 'binding:host_id', 'binding:vif_type', 'binding:vif_details'] {{(pid=100452) _exclude_attributes_by_policy /opt/stack/neutron/neutron/pecan_wsgi/hooks/policy_enforcement.py:255}}
Aug 10 12:57:20.183866 dv-cinder-804035-4-smb neutron-server[100452]: INFO neutron.wsgi [req-322e3116-a715-4826-a468-6ecbdd856d1e req-007773bf-3e09-46a1-903d-5b612734442d tempest-ServerRescueNegativeTestJSON-1939606557 tempest-ServerRescueNegativeTestJSON-1939606557-project] 10.222.0.16 "GET /v2.0/ports?device_id=71ba2f5d-6e63-4894-a018-7107fb44f0df HTTP/1.1" status: 200 len: 946 time: 0.0885406
Aug 10 12:57:20.214666 dv-cinder-804035-4-smb neutron-server[100452]: DEBUG neutron.pecan_wsgi.hooks.policy_enforcement [req-a851ca04-b649-408d-bb29-2d67f7cace9d req-cb683e64-c1e4-422a-a7da-65a56280d3b9 tempest-VolumesActionsTest-528152965 tempest-VolumesActionsTest-528152965-project] Attributes excluded by policy engine: ['standard_attr_id', 'binding:profile', 'binding:host_id', 'binding:vif_type', 'binding:vif_details'] {{(pid=100452) _exclude_attributes_by_policy /opt/stack/neutron/neutron/pecan_wsgi/hooks/policy_enforcement.py:255}}
Aug 10 12:57:20.216213 dv-cinder-804035-4-smb neutron-server[100452]: INFO neutron.wsgi [req-a851ca04-b649-408d-bb29-2d67f7cace9d req-cb683e64-c1e4-422a-a7da-65a56280d3b9 tempest-VolumesActionsTest-528152965 tempest-VolumesActionsTest-528152965-project] 10.222.0.16 "GET /v2.0/ports?device_id=f9c728cb-b516-4276-a473-7f0de1323cb0 HTTP/1.1" status: 200 len: 945 time: 0.0807700
Aug 10 12:57:20.241496 dv-cinder-804035-4-smb neutron-server[100454]: DEBUG neutron.db.provisioning_blocks [None req-25d81527-7a88-4985-9d87-403545d9b2ae None None] Provisioning for port 0ebefb83-f305-4bd2-a3d5-e81c24376807 completed by entity L2. {{(pid=100454) provisioning_complete /opt/stack/neutron/neutron/db/provisioning_blocks.py:133}}
Aug 10 12:57:20.245704 dv-cinder-804035-4-smb neutron-server[100454]: DEBUG neutron.db.provisioning_blocks [None req-25d81527-7a88-4985-9d87-403545d9b2ae None None] Provisioning complete for port 0ebefb83-f305-4bd2-a3d5-e81c24376807 triggered by entity L2. {{(pid=100454) provisioning_complete /opt/stack/neutron/neutron/db/provisioning_blocks.py:139}}
Aug 10 12:57:20.246403 dv-cinder-804035-4-smb neutron-server[100454]: DEBUG neutron_lib.callbacks.manager [None req-25d81527-7a88-4985-9d87-403545d9b2ae None None] Notify callbacks ['neutron.plugins.ml2.plugin.Ml2Plugin._port_provisioned-1394020'] for port, provisioning_complete {{(pid=100454) _notify_loop /usr/local/lib/python3.8/dist-packages/neutron_lib/callbacks/manager.py:192}}
Aug 10 12:57:20.251344 dv-cinder-804035-4-smb neutron-server[100452]: INFO neutron.wsgi [req-322e3116-a715-4826-a468-6ecbdd856d1e req-a30b6351-d6c2-404a-811a-3bcb735de676 tempest-ServerRescueNegativeTestJSON-1939606557 tempest-ServerRescueNegativeTestJSON-1939606557-project] 10.222.0.16 "GET /v2.0/security-groups?id=dc4b5809-831e-4729-9f1a-77920b38191c&fields=id&fields=name HTTP/1.1" status: 200 len: 286 time: 0.0613859
Aug 10 12:57:20.273595 dv-cinder-804035-4-smb neutron-server[100452]: INFO neutron.wsgi [req-a851ca04-b649-408d-bb29-2d67f7cace9d req-7af3a2ee-122e-4700-9c23-b04069653599 tempest-VolumesActionsTest-528152965 tempest-VolumesActionsTest-528152965-project] 10.222.0.16 "GET /v2.0/security-groups?id=b08eb7b0-2c20-4b26-88d3-4d7f07b28138&fields=id&fields=name HTTP/1.1" status: 200 len: 286 time: 0.0493324
Aug 10 12:57:20.416101 dv-cinder-804035-4-smb neutron-server[100454]: DEBUG neutron_lib.callbacks.manager [None req-25d81527-7a88-4985-9d87-403545d9b2ae None None] Notify callbacks ['neutron.plugins.ml2.plugin.SecurityGroupDbMixin._ensure_default_security_group_handler-1472556'] for port, before_update {{(pid=100454) _notify_loop /usr/local/lib/python3.8/dist-packages/neutron_lib/callbacks/manager.py:192}}
Aug 10 12:57:20.444632 dv-cinder-804035-4-smb neutron-server[100454]: DEBUG neutron.notifiers.nova [-] Sending events: [{'server_uuid': '438001b4-6478-44e5-af1e-212a192d4f32', 'name': 'network-vif-plugged', 'status': 'completed', 'tag': '0ebefb83-f305-4bd2-a3d5-e81c24376807'}] {{(pid=100454) send_events /opt/stack/neutron/neutron/notifiers/nova.py:262}}
Aug 10 12:57:20.446899 dv-cinder-804035-4-smb neutron-server[100454]: DEBUG novaclient.v2.client [-] REQ: curl -g -i --cacert "/opt/stack/data/ca-bundle.pem" -X POST http://10.222.0.16/compute/v2.1/os-server-external-events -H "Accept: application/json" -H "Content-Type: application/json" -H "User-Agent: python-novaclient" -H "X-Auth-Token: {SHA256}c92412e9524aa486b82f33caf20f850ad0b2f3d50aa241faa2dc200a861ca9e0" -H "X-OpenStack-Nova-API-Version: 2.1" -H "X-OpenStack-Request-ID: req-98765468-a0e5-4188-aa19-c7ee34d1ddb3" -d '{"events": [{"server_uuid": "438001b4-6478-44e5-af1e-212a192d4f32", "name": "network-vif-plugged", "status": "completed", "tag": "0ebefb83-f305-4bd2-a3d5-e81c24376807"}]}' {{(pid=100454) _http_log_request /usr/local/lib/python3.8/dist-packages/keystoneauth1/session.py:519}}
Aug 10 12:57:20.487142 dv-cinder-804035-4-smb neutron-server[100454]: DEBUG neutron.plugins.ml2.db [None req-25d81527-7a88-4985-9d87-403545d9b2ae None None] For port 0ebefb83-f305-4bd2-a3d5-e81c24376807, host hv-cinder-80403, got binding levels [PortBindingLevel(driver='hyperv',host='hv-cinder-80403',level=0,port_id=0ebefb83-f305-4bd2-a3d5-e81c24376807,segment=NetworkSegment(96f7a05d-37c3-4688-b837-7f19f825b8a0),segment_id=96f7a05d-37c3-4688-b837-7f19f825b8a0)] {{(pid=100454) get_binding_level_objs /opt/stack/neutron/neutron/plugins/ml2/db.py:74}}
Aug 10 12:57:20.505282 dv-cinder-804035-4-smb neutron-server[100454]: DEBUG novaclient.v2.client [-] RESP: [200] Connection: close Content-Length: 183 Content-Type: application/json Date: Tue, 10 Aug 2021 12:57:20 GMT OpenStack-API-Version: compute 2.1 Server: Apache/2.4.41 (Ubuntu) Vary: OpenStack-API-Version,X-OpenStack-Nova-API-Version X-OpenStack-Nova-API-Version: 2.1 x-compute-request-id: req-683fb62c-5fa3-41b7-96a4-18ec8f48cdac x-openstack-request-id: req-683fb62c-5fa3-41b7-96a4-18ec8f48cdac {{(pid=100454) _http_log_response /usr/local/lib/python3.8/dist-packages/keystoneauth1/session.py:550}}
Aug 10 12:57:20.505568 dv-cinder-804035-4-smb neutron-server[100454]: DEBUG novaclient.v2.client [-] RESP BODY: {"events": [{"server_uuid": "438001b4-6478-44e5-af1e-212a192d4f32", "name": "network-vif-plugged", "status": "completed", "tag": "0ebefb83-f305-4bd2-a3d5-e81c24376807", "code": 200}]} {{(pid=100454) _http_log_response /usr/local/lib/python3.8/dist-packages/keystoneauth1/session.py:582}}
Aug 10 12:57:20.505813 dv-cinder-804035-4-smb neutron-server[100454]: DEBUG novaclient.v2.client [-] POST call to compute for http://10.222.0.16/compute/v2.1/os-server-external-events used request id req-683fb62c-5fa3-41b7-96a4-18ec8f48cdac {{(pid=100454) request /usr/local/lib/python3.8/dist-packages/keystoneauth1/session.py:954}}
Aug 10 12:57:20.506218 dv-cinder-804035-4-smb neutron-server[100454]: INFO neutron.notifiers.nova [-] Nova event response: {'server_uuid': '438001b4-6478-44e5-af1e-212a192d4f32', 'name': 'network-vif-plugged', 'status': 'completed', 'tag': '0ebefb83-f305-4bd2-a3d5-e81c24376807', 'code': 200}
Aug 10 12:57:20.584427 dv-cinder-804035-4-smb neutron-server[100454]: DEBUG neutron_lib.callbacks.manager [None req-25d81527-7a88-4985-9d87-403545d9b2ae None None] Notify callbacks ['neutron.plugins.ml2.plugin.SecurityGroupServerNotifierRpcMixin._notify_sg_on_port_change-1472386', 'neutron.plugins.ml2.ovo_rpc._ObjectChangeHandler.handle_event-179156', 'neutron.api.rpc.agentnotifiers.dhcp_rpc_agent_api.DhcpAgentNotifyAPI._native_event_send_dhcp_notification-1613571', 'neutron.db.l3_db.L3RpcNotifierMixin._notify_gateway_port_ip_changed-8758271799453', 'neutron.db.l3_dvrscheduler_db._notify_l3_agent_port_update-8758271410436', 'neutron.db.l3_hascheduler_db._notify_l3_agent_ha_port_update-8758271410454'] for port, after_update {{(pid=100454) _notify_loop /usr/local/lib/python3.8/dist-packages/neutron_lib/callbacks/manager.py:192}}
Aug 10 12:57:20.638759 dv-cinder-804035-4-smb neutron-server[100454]: DEBUG neutron.api.rpc.handlers.resources_rpc [None req-25d81527-7a88-4985-9d87-403545d9b2ae None None] Pushing event updated for resources: {'Port': ['ID=0ebefb83-f305-4bd2-a3d5-e81c24376807,revision_number=5']} {{(pid=100454) push /opt/stack/neutron/neutron/api/rpc/handlers/resources_rpc.py:237}}
Aug 10 12:57:20.907663 dv-cinder-804035-4-smb neutron-server[100453]: DEBUG neutron.pecan_wsgi.hooks.policy_enforcement [req-12fa749e-232d-45fc-b5d2-92103b301952 req-129b71eb-c13b-49a2-8620-5d160efd63a6 service neutron] Attributes excluded by policy engine: ['standard_attr_id'] {{(pid=100453) _exclude_attributes_by_policy /opt/stack/neutron/neutron/pecan_wsgi/hooks/policy_enforcement.py:255}}
Aug 10 12:57:20.909441 dv-cinder-804035-4-smb neutron-server[100453]: INFO neutron.wsgi [req-12fa749e-232d-45fc-b5d2-92103b301952 req-129b71eb-c13b-49a2-8620-5d160efd63a6 service neutron] 10.222.0.24 "GET /v2.0/ports?device_id=438001b4-6478-44e5-af1e-212a192d4f32 HTTP/1.1" status: 200 len: 1098 time: 0.0492198
Aug 10 12:57:20.960398 dv-cinder-804035-4-smb neutron-server[100453]: INFO neutron.wsgi [req-12fa749e-232d-45fc-b5d2-92103b301952 req-3a507824-70e5-4199-a8d9-ca5933a36af7 service neutron] 10.222.0.24 "GET /v2.0/security-groups?id=0bfc1d58-4f4f-40c5-bc02-77aa3dabc090&fields=id&fields=name HTTP/1.1" status: 200 len: 286 time: 0.0393171
Aug 10 12:57:20.993213 dv-cinder-804035-4-smb neutron-server[100452]: DEBUG neutron.pecan_wsgi.hooks.policy_enforcement [req-34be3987-cb9c-42de-95d8-6708be4de473 req-e0472e43-5011-4055-b456-7e8d119a4659 tempest-AttachVolumeNegativeTest-520549645 tempest-AttachVolumeNegativeTest-520549645-project] Attributes excluded by policy engine: ['standard_attr_id', 'binding:profile', 'binding:host_id', 'binding:vif_type', 'binding:vif_details'] {{(pid=100452) _exclude_attributes_by_policy /opt/stack/neutron/neutron/pecan_wsgi/hooks/policy_enforcement.py:255}}
Aug 10 12:57:20.994656 dv-cinder-804035-4-smb neutron-server[100452]: INFO neutron.wsgi [req-34be3987-cb9c-42de-95d8-6708be4de473 req-e0472e43-5011-4055-b456-7e8d119a4659 tempest-AttachVolumeNegativeTest-520549645 tempest-AttachVolumeNegativeTest-520549645-project] 10.222.0.16 "GET /v2.0/ports?device_id=438001b4-6478-44e5-af1e-212a192d4f32 HTTP/1.1" status: 200 len: 945 time: 0.0486779
Aug 10 12:57:21.037147 dv-cinder-804035-4-smb neutron-server[100452]: INFO neutron.wsgi [req-34be3987-cb9c-42de-95d8-6708be4de473 req-4a62261f-e412-4502-b4d8-f0241d2c6952 tempest-AttachVolumeNegativeTest-520549645 tempest-AttachVolumeNegativeTest-520549645-project] 10.222.0.16 "GET /v2.0/security-groups?id=0bfc1d58-4f4f-40c5-bc02-77aa3dabc090&fields=id&fields=name HTTP/1.1" status: 200 len: 286 time: 0.0364523
Aug 10 12:57:21.408760 dv-cinder-804035-4-smb neutron-server[100452]: DEBUG neutron.pecan_wsgi.hooks.policy_enforcement [req-ec4d856d-7754-42e2-b778-dc970626bea2 req-d1bd56be-7111-4c93-9bb4-32f8cfcb69db tempest-ServerRescueNegativeTestJSON-1939606557 tempest-ServerRescueNegativeTestJSON-1939606557-project] Attributes excluded by policy engine: ['standard_attr_id', 'binding:profile', 'binding:host_id', 'binding:vif_type', 'binding:vif_details'] {{(pid=100452) _exclude_attributes_by_policy /opt/stack/neutron/neutron/pecan_wsgi/hooks/policy_enforcement.py:255}}
Aug 10 12:57:21.411514 dv-cinder-804035-4-smb neutron-server[100452]: INFO neutron.wsgi [req-ec4d856d-7754-42e2-b778-dc970626bea2 req-d1bd56be-7111-4c93-9bb4-32f8cfcb69db tempest-ServerRescueNegativeTestJSON-1939606557 tempest-ServerRescueNegativeTestJSON-1939606557-project] 10.222.0.16 "GET /v2.0/ports?device_id=71ba2f5d-6e63-4894-a018-7107fb44f0df HTTP/1.1" status: 200 len: 946 time: 0.0849061
Aug 10 12:57:21.431671 dv-cinder-804035-4-smb neutron-server[100452]: DEBUG neutron.pecan_wsgi.hooks.policy_enforcement [req-86fed9f4-2c3f-4806-ba6e-c42333fa8c6c req-3fcb8591-0a6a-4d30-b5ab-4392d357da8d tempest-VolumesActionsTest-528152965 tempest-VolumesActionsTest-528152965-project] Attributes excluded by policy engine: ['standard_attr_id', 'binding:profile', 'binding:host_id', 'binding:vif_type', 'binding:vif_details'] {{(pid=100452) _exclude_attributes_by_policy /opt/stack/neutron/neutron/pecan_wsgi/hooks/policy_enforcement.py:255}}
Aug 10 12:57:21.433200 dv-cinder-804035-4-smb neutron-server[100452]: INFO neutron.wsgi [req-86fed9f4-2c3f-4806-ba6e-c42333fa8c6c req-3fcb8591-0a6a-4d30-b5ab-4392d357da8d tempest-VolumesActionsTest-528152965 tempest-VolumesActionsTest-528152965-project] 10.222.0.16 "GET /v2.0/ports?device_id=f9c728cb-b516-4276-a473-7f0de1323cb0 HTTP/1.1" status: 200 len: 945 time: 0.0773885
Aug 10 12:57:21.486080 dv-cinder-804035-4-smb neutron-server[100452]: INFO neutron.wsgi [req-ec4d856d-7754-42e2-b778-dc970626bea2 req-8486667a-d369-4d8e-b4e2-38af15b51f37 tempest-ServerRescueNegativeTestJSON-1939606557 tempest-ServerRescueNegativeTestJSON-1939606557-project] 10.222.0.16 "GET /v2.0/security-groups?id=dc4b5809-831e-4729-9f1a-77920b38191c&fields=id&fields=name HTTP/1.1" status: 200 len: 286 time: 0.0690706
Aug 10 12:57:21.494198 dv-cinder-804035-4-smb neutron-server[100452]: INFO neutron.wsgi [req-86fed9f4-2c3f-4806-ba6e-c42333fa8c6c req-a860db3b-41b2-4640-84ff-74cc21a30697 tempest-VolumesActionsTest-528152965 tempest-VolumesActionsTest-528152965-project] 10.222.0.16 "GET /v2.0/security-groups?id=b08eb7b0-2c20-4b26-88d3-4d7f07b28138&fields=id&fields=name HTTP/1.1" status: 200 len: 286 time: 0.0490816
Aug 10 12:57:22.172946 dv-cinder-804035-4-smb neutron-server[100452]: DEBUG neutron.pecan_wsgi.hooks.policy_enforcement [req-2981715c-60fe-47be-9e6e-3800e4766b02 req-f5a71c76-d795-4404-8bdb-d650681f77c4 tempest-AttachVolumeNegativeTest-520549645 tempest-AttachVolumeNegativeTest-520549645-project] Attributes excluded by policy engine: ['standard_attr_id', 'binding:profile', 'binding:host_id', 'binding:vif_type', 'binding:vif_details'] {{(pid=100452) _exclude_attributes_by_policy /opt/stack/neutron/neutron/pecan_wsgi/hooks/policy_enforcement.py:255}}
Aug 10 12:57:22.176265 dv-cinder-804035-4-smb neutron-server[100452]: INFO neutron.wsgi [req-2981715c-60fe-47be-9e6e-3800e4766b02 req-f5a71c76-d795-4404-8bdb-d650681f77c4 tempest-AttachVolumeNegativeTest-520549645 tempest-AttachVolumeNegativeTest-520549645-project] 10.222.0.16 "GET /v2.0/ports?device_id=438001b4-6478-44e5-af1e-212a192d4f32 HTTP/1.1" status: 200 len: 945 time: 0.0596004
Aug 10 12:57:22.226016 dv-cinder-804035-4-smb neutron-server[100452]: INFO neutron.wsgi [req-2981715c-60fe-47be-9e6e-3800e4766b02 req-bf0422d1-9e12-43e6-84aa-877d5c294d58 tempest-AttachVolumeNegativeTest-520549645 tempest-AttachVolumeNegativeTest-520549645-project] 10.222.0.16 "GET /v2.0/security-groups?id=0bfc1d58-4f4f-40c5-bc02-77aa3dabc090&fields=id&fields=name HTTP/1.1" status: 200 len: 286 time: 0.0434988
Aug 10 12:57:22.477804 dv-cinder-804035-4-smb neutron-server[100453]: DEBUG neutron.pecan_wsgi.hooks.policy_enforcement [req-35f29f33-0da6-4cad-8045-b717b6c08322 req-0d240446-1a05-4fab-8437-86207c4d912a tempest-VolumesActionsTest-528152965 tempest-VolumesActionsTest-528152965-project] Attributes excluded by policy engine: ['standard_attr_id', 'binding:profile', 'binding:host_id', 'binding:vif_type', 'binding:vif_details'] {{(pid=100453) _exclude_attributes_by_policy /opt/stack/neutron/neutron/pecan_wsgi/hooks/policy_enforcement.py:255}}
