Feb 17 12:53:43.367608 dv-cinder-804035-33-iscsi neutron-server[115114]: INFO neutron.wsgi [req-beb24757-d897-47c4-b2c5-db12dc2b2ca8 req-1712f5b6-df0e-4f53-ad12-5e9ffaea2707 tempest-AttachVolumeShelveTestJSON-818001804 tempest-AttachVolumeShelveTestJSON-818001804-project] 10.222.0.67 "GET /v2.0/security-groups?id=f7561c35-f172-4771-8e1d-fcd0e1a30e7a&fields=id&fields=name HTTP/1.1" status: 200 len: 312 time: 0.0462463
Feb 17 12:53:43.374190 dv-cinder-804035-33-iscsi neutron-server[115115]: DEBUG neutron.wsgi [-] (115115) accepted ('10.222.0.67', 44480) {{(pid=115115) server /usr/local/lib/python3.8/dist-packages/eventlet/wsgi.py:1004}}
Feb 17 12:53:43.393105 dv-cinder-804035-33-iscsi neutron-server[115115]: DEBUG neutron_lib.callbacks.manager [None req-a8bb7750-96cb-4175-baae-ce9f17593b29 admin admin] Publish callbacks [] for security_group (None), before_create {{(pid=115115) _notify_loop /usr/local/lib/python3.8/dist-packages/neutron_lib/callbacks/manager.py:176}}
Feb 17 12:53:43.480587 dv-cinder-804035-33-iscsi neutron-server[115115]: DEBUG neutron_lib.callbacks.manager [None req-a8bb7750-96cb-4175-baae-ce9f17593b29 admin admin] Publish callbacks [] for security_group (eb9e69af-ceb8-462a-9a67-9aded3e05405), precommit_create {{(pid=115115) _notify_loop /usr/local/lib/python3.8/dist-packages/neutron_lib/callbacks/manager.py:176}}
Feb 17 12:53:43.546946 dv-cinder-804035-33-iscsi neutron-server[115115]: DEBUG neutron.pecan_wsgi.hooks.policy_enforcement [req-fac24164-b10f-49a6-8db5-81a22968de2e req-4bc8c47e-df24-4b36-a5b2-bf66e414a50e tempest-AttachVolumeTestJSON-1970838903 tempest-AttachVolumeTestJSON-1970838903-project] Attributes excluded by policy engine: ['standard_attr_id', 'binding:profile', 'binding:host_id', 'binding:vif_type', 'binding:vif_details'] {{(pid=115115) _exclude_attributes_by_policy /opt/stack/neutron/neutron/pecan_wsgi/hooks/policy_enforcement.py:255}}
Feb 17 12:53:43.548421 dv-cinder-804035-33-iscsi neutron-server[115115]: INFO neutron.wsgi [req-fac24164-b10f-49a6-8db5-81a22968de2e req-4bc8c47e-df24-4b36-a5b2-bf66e414a50e tempest-AttachVolumeTestJSON-1970838903 tempest-AttachVolumeTestJSON-1970838903-project] 10.222.0.67 "GET /v2.0/ports?device_id=325e896b-f985-4c07-8cd0-0a76af281a59 HTTP/1.1" status: 200 len: 944 time: 0.0541322
Feb 17 12:53:43.571109 dv-cinder-804035-33-iscsi neutron-server[115115]: DEBUG neutron_lib.callbacks.manager [None req-a8bb7750-96cb-4175-baae-ce9f17593b29 admin admin] Publish callbacks ['neutron.plugins.ml2.ovo_rpc._ObjectChangeHandler.handle_event-581850'] for security_group (eb9e69af-ceb8-462a-9a67-9aded3e05405), after_create {{(pid=115115) _notify_loop /usr/local/lib/python3.8/dist-packages/neutron_lib/callbacks/manager.py:176}}
Feb 17 12:53:43.628369 dv-cinder-804035-33-iscsi neutron-server[115115]: INFO neutron.wsgi [None req-a8bb7750-96cb-4175-baae-ce9f17593b29 admin admin] 10.222.0.67 "GET /v2.0/security-groups?tenant_id=b7dd212dea9046ac931e58ad22025ec7&name=default HTTP/1.1" status: 200 len: 2996 time: 0.2529333
Feb 17 12:53:43.631383 dv-cinder-804035-33-iscsi neutron-server[115114]: DEBUG neutron.wsgi [-] (115114) accepted ('10.222.0.67', 44484) {{(pid=115114) server /usr/local/lib/python3.8/dist-packages/eventlet/wsgi.py:1004}}
Feb 17 12:53:43.632202 dv-cinder-804035-33-iscsi neutron-server[115115]: DEBUG neutron.api.rpc.handlers.resources_rpc [None req-a8bb7750-96cb-4175-baae-ce9f17593b29 admin admin] Pushing event updated for resources: {'SecurityGroup': ['ID=eb9e69af-ceb8-462a-9a67-9aded3e05405,revision_number=1']} {{(pid=115115) push /opt/stack/neutron/neutron/api/rpc/handlers/resources_rpc.py:237}}
Feb 17 12:53:43.639627 dv-cinder-804035-33-iscsi neutron-server[115115]: INFO neutron.wsgi [req-fac24164-b10f-49a6-8db5-81a22968de2e req-5c9203a2-2d1a-44bf-aaa5-428446f25db5 tempest-AttachVolumeTestJSON-1970838903 tempest-AttachVolumeTestJSON-1970838903-project] 10.222.0.67 "GET /v2.0/security-groups?id=6c77f1a8-6d31-4276-9701-27b5e260d202&fields=id&fields=name HTTP/1.1" status: 200 len: 312 time: 0.0855930
Feb 17 12:53:43.696669 dv-cinder-804035-33-iscsi neutron-server[115114]: DEBUG neutron_lib.callbacks.manager [None req-d1ce3fcb-3978-459e-9197-1426a6388a86 admin admin] Publish callbacks [] for security_group (eb9e69af-ceb8-462a-9a67-9aded3e05405), before_delete {{(pid=115114) _notify_loop /usr/local/lib/python3.8/dist-packages/neutron_lib/callbacks/manager.py:176}}
Feb 17 12:53:43.718232 dv-cinder-804035-33-iscsi neutron-server[115114]: DEBUG neutron_lib.callbacks.manager [None req-d1ce3fcb-3978-459e-9197-1426a6388a86 admin admin] Publish callbacks [] for security_group (eb9e69af-ceb8-462a-9a67-9aded3e05405), precommit_delete {{(pid=115114) _notify_loop /usr/local/lib/python3.8/dist-packages/neutron_lib/callbacks/manager.py:176}}
Feb 17 12:53:43.850139 dv-cinder-804035-33-iscsi neutron-server[115114]: DEBUG neutron_lib.callbacks.manager [None req-d1ce3fcb-3978-459e-9197-1426a6388a86 admin admin] Publish callbacks ['neutron.plugins.ml2.ovo_rpc._ObjectChangeHandler.handle_event-581850'] for security_group (eb9e69af-ceb8-462a-9a67-9aded3e05405), after_delete {{(pid=115114) _notify_loop /usr/local/lib/python3.8/dist-packages/neutron_lib/callbacks/manager.py:176}}
Feb 17 12:53:43.852798 dv-cinder-804035-33-iscsi neutron-server[115114]: DEBUG neutron_lib.callbacks.manager [None req-d1ce3fcb-3978-459e-9197-1426a6388a86 admin admin] Publish callbacks [] for security_group (None), before_response {{(pid=115114) _notify_loop /usr/local/lib/python3.8/dist-packages/neutron_lib/callbacks/manager.py:176}}
Feb 17 12:53:43.854446 dv-cinder-804035-33-iscsi neutron-server[115114]: INFO neutron.wsgi [None req-d1ce3fcb-3978-459e-9197-1426a6388a86 admin admin] 10.222.0.67 "DELETE /v2.0/security-groups/eb9e69af-ceb8-462a-9a67-9aded3e05405 HTTP/1.1" status: 204 len: 168 time: 0.2209644
Feb 17 12:53:43.867949 dv-cinder-804035-33-iscsi neutron-server[115114]: DEBUG neutron.api.rpc.handlers.resources_rpc [None req-d1ce3fcb-3978-459e-9197-1426a6388a86 admin admin] Pushing event deleted for resources: {'SecurityGroup': ['ID=eb9e69af-ceb8-462a-9a67-9aded3e05405,revision_number=None']} {{(pid=115114) push /opt/stack/neutron/neutron/api/rpc/handlers/resources_rpc.py:237}}
Feb 17 12:53:43.880125 dv-cinder-804035-33-iscsi neutron-server[115114]: DEBUG neutron.pecan_wsgi.hooks.policy_enforcement [req-497a0b5f-4f39-4972-952e-03f3c743c6b0 req-96e1220e-a469-44a1-83fc-4bfb62d50fc4 tempest-DeleteServersTestJSON-1809716748 tempest-DeleteServersTestJSON-1809716748-project] Attributes excluded by policy engine: ['standard_attr_id', 'binding:profile', 'binding:host_id', 'binding:vif_type', 'binding:vif_details'] {{(pid=115114) _exclude_attributes_by_policy /opt/stack/neutron/neutron/pecan_wsgi/hooks/policy_enforcement.py:255}}
Feb 17 12:53:43.881059 dv-cinder-804035-33-iscsi neutron-server[115114]: INFO neutron.wsgi [req-497a0b5f-4f39-4972-952e-03f3c743c6b0 req-96e1220e-a469-44a1-83fc-4bfb62d50fc4 tempest-DeleteServersTestJSON-1809716748 tempest-DeleteServersTestJSON-1809716748-project] 10.222.0.67 "GET /v2.0/ports?device_id=44c56a99-84e6-4320-a1d8-c28fdde17d5f HTTP/1.1" status: 200 len: 944 time: 0.0723410
Feb 17 12:53:43.889926 dv-cinder-804035-33-iscsi neutron-server[115115]: DEBUG neutron.pecan_wsgi.hooks.policy_enforcement [req-e98a8cf4-139a-4e92-aeea-6feb70b1fe15 req-b12826c6-a9ca-400e-af3e-7dceba96c024 tempest-ServerRescueNegativeTestJSON-963205679 tempest-ServerRescueNegativeTestJSON-963205679-project] Attributes excluded by policy engine: ['standard_attr_id', 'binding:profile', 'binding:host_id', 'binding:vif_type', 'binding:vif_details'] {{(pid=115115) _exclude_attributes_by_policy /opt/stack/neutron/neutron/pecan_wsgi/hooks/policy_enforcement.py:255}}
Feb 17 12:53:43.897454 dv-cinder-804035-33-iscsi neutron-server[115115]: INFO neutron.wsgi [req-e98a8cf4-139a-4e92-aeea-6feb70b1fe15 req-b12826c6-a9ca-400e-af3e-7dceba96c024 tempest-ServerRescueNegativeTestJSON-963205679 tempest-ServerRescueNegativeTestJSON-963205679-project] 10.222.0.67 "GET /v2.0/ports?device_id=6cd1087f-2476-4ac7-8aae-d744444dbb5c HTTP/1.1" status: 200 len: 943 time: 0.0782375
Feb 17 12:53:43.943759 dv-cinder-804035-33-iscsi neutron-server[115114]: INFO neutron.wsgi [req-497a0b5f-4f39-4972-952e-03f3c743c6b0 req-6389e04b-53db-4351-94a4-dfc823d9de0d tempest-DeleteServersTestJSON-1809716748 tempest-DeleteServersTestJSON-1809716748-project] 10.222.0.67 "GET /v2.0/security-groups?id=b88b6d5e-adf1-4f3f-854c-c0ed4c63927c&fields=id&fields=name HTTP/1.1" status: 200 len: 286 time: 0.0549545
Feb 17 12:53:43.952391 dv-cinder-804035-33-iscsi neutron-server[115115]: INFO neutron.wsgi [req-e98a8cf4-139a-4e92-aeea-6feb70b1fe15 req-ad3748f6-404a-40fa-a737-71fa7505f668 tempest-ServerRescueNegativeTestJSON-963205679 tempest-ServerRescueNegativeTestJSON-963205679-project] 10.222.0.67 "GET /v2.0/security-groups?id=089f0749-0638-4991-8979-6f350b60f604&fields=id&fields=name HTTP/1.1" status: 200 len: 286 time: 0.0546756
Feb 17 12:53:44.064806 dv-cinder-804035-33-iscsi neutron-server[115115]: DEBUG neutron.pecan_wsgi.hooks.policy_enforcement [req-cae6ee86-93d2-4853-8015-df9558e5159a req-b296c893-acf1-4ce9-96e7-4d960e6b5da6 tempest-AttachVolumeNegativeTest-270684817 tempest-AttachVolumeNegativeTest-270684817-project] Attributes excluded by policy engine: ['standard_attr_id', 'binding:profile', 'binding:host_id', 'binding:vif_type', 'binding:vif_details'] {{(pid=115115) _exclude_attributes_by_policy /opt/stack/neutron/neutron/pecan_wsgi/hooks/policy_enforcement.py:255}}
Feb 17 12:53:44.066493 dv-cinder-804035-33-iscsi neutron-server[115115]: INFO neutron.wsgi [req-cae6ee86-93d2-4853-8015-df9558e5159a req-b296c893-acf1-4ce9-96e7-4d960e6b5da6 tempest-AttachVolumeNegativeTest-270684817 tempest-AttachVolumeNegativeTest-270684817-project] 10.222.0.67 "GET /v2.0/ports?device_id=d4922ca4-e2bd-4360-ac24-412d3ae1bcc8 HTTP/1.1" status: 200 len: 945 time: 0.0547318
Feb 17 12:53:44.124854 dv-cinder-804035-33-iscsi neutron-server[115115]: INFO neutron.wsgi [req-cae6ee86-93d2-4853-8015-df9558e5159a req-42dc6392-1bce-4fc8-9de9-d94693ccf36d tempest-AttachVolumeNegativeTest-270684817 tempest-AttachVolumeNegativeTest-270684817-project] 10.222.0.67 "GET /v2.0/security-groups?id=16c3c913-4ae2-4de2-9156-5a09717dd6b6&fields=id&fields=name HTTP/1.1" status: 200 len: 286 time: 0.0520613
Feb 17 12:53:44.505767 dv-cinder-804035-33-iscsi neutron-server[115114]: DEBUG neutron.pecan_wsgi.hooks.policy_enforcement [req-d19dcab5-004a-4ce4-8908-a74bd77ac25f req-d927a170-6109-44f3-a7e8-ec1ab529dec7 tempest-AttachVolumeShelveTestJSON-818001804 tempest-AttachVolumeShelveTestJSON-818001804-project] Attributes excluded by policy engine: ['standard_attr_id', 'binding:profile', 'binding:host_id', 'binding:vif_type', 'binding:vif_details'] {{(pid=115114) _exclude_attributes_by_policy /opt/stack/neutron/neutron/pecan_wsgi/hooks/policy_enforcement.py:255}}
Feb 17 12:53:44.507492 dv-cinder-804035-33-iscsi neutron-server[115114]: INFO neutron.wsgi [req-d19dcab5-004a-4ce4-8908-a74bd77ac25f req-d927a170-6109-44f3-a7e8-ec1ab529dec7 tempest-AttachVolumeShelveTestJSON-818001804 tempest-AttachVolumeShelveTestJSON-818001804-project] 10.222.0.67 "GET /v2.0/ports?device_id=8ddf11e8-1cb1-4637-b6af-a9a8f5122272 HTTP/1.1" status: 200 len: 944 time: 0.0593534
Feb 17 12:53:44.567731 dv-cinder-804035-33-iscsi neutron-server[115114]: INFO neutron.wsgi [req-d19dcab5-004a-4ce4-8908-a74bd77ac25f req-cc5b56b0-edbf-4f80-b3a1-070d1fa77ccb tempest-AttachVolumeShelveTestJSON-818001804 tempest-AttachVolumeShelveTestJSON-818001804-project] 10.222.0.67 "GET /v2.0/security-groups?id=f7561c35-f172-4771-8e1d-fcd0e1a30e7a&fields=id&fields=name HTTP/1.1" status: 200 len: 312 time: 0.0533593
Feb 17 12:53:44.785841 dv-cinder-804035-33-iscsi neutron-server[115115]: DEBUG neutron.pecan_wsgi.hooks.policy_enforcement [req-891f67d7-5638-42b6-b673-bdb15a2921e8 req-08fbb023-37b1-4119-9f56-835299737e7f tempest-AttachVolumeTestJSON-1970838903 tempest-AttachVolumeTestJSON-1970838903-project] Attributes excluded by policy engine: ['standard_attr_id', 'binding:profile', 'binding:host_id', 'binding:vif_type', 'binding:vif_details'] {{(pid=115115) _exclude_attributes_by_policy /opt/stack/neutron/neutron/pecan_wsgi/hooks/policy_enforcement.py:255}}
Feb 17 12:53:44.787513 dv-cinder-804035-33-iscsi neutron-server[115115]: INFO neutron.wsgi [req-891f67d7-5638-42b6-b673-bdb15a2921e8 req-08fbb023-37b1-4119-9f56-835299737e7f tempest-AttachVolumeTestJSON-1970838903 tempest-AttachVolumeTestJSON-1970838903-project] 10.222.0.67 "GET /v2.0/ports?device_id=325e896b-f985-4c07-8cd0-0a76af281a59 HTTP/1.1" status: 200 len: 944 time: 0.0654283
Feb 17 12:53:44.835657 dv-cinder-804035-33-iscsi neutron-server[115115]: INFO neutron.wsgi [req-891f67d7-5638-42b6-b673-bdb15a2921e8 req-8efa3039-7e71-400a-9ee3-7e9d996ef2cc tempest-AttachVolumeTestJSON-1970838903 tempest-AttachVolumeTestJSON-1970838903-project] 10.222.0.67 "GET /v2.0/security-groups?id=6c77f1a8-6d31-4276-9701-27b5e260d202&fields=id&fields=name HTTP/1.1" status: 200 len: 312 time: 0.0422251
Feb 17 12:53:45.087630 dv-cinder-804035-33-iscsi neutron-server[115115]: DEBUG neutron.pecan_wsgi.hooks.policy_enforcement [req-04db7e72-0695-42a5-8724-ff82504a6d52 req-72981d16-04ee-411c-b7a3-3e74ba62e59c tempest-ServerRescueNegativeTestJSON-963205679 tempest-ServerRescueNegativeTestJSON-963205679-project] Attributes excluded by policy engine: ['standard_attr_id', 'binding:profile', 'binding:host_id', 'binding:vif_type', 'binding:vif_details'] {{(pid=115115) _exclude_attributes_by_policy /opt/stack/neutron/neutron/pecan_wsgi/hooks/policy_enforcement.py:255}}
Feb 17 12:53:45.089220 dv-cinder-804035-33-iscsi neutron-server[115115]: INFO neutron.wsgi [req-04db7e72-0695-42a5-8724-ff82504a6d52 req-72981d16-04ee-411c-b7a3-3e74ba62e59c tempest-ServerRescueNegativeTestJSON-963205679 tempest-ServerRescueNegativeTestJSON-963205679-project] 10.222.0.67 "GET /v2.0/ports?device_id=6cd1087f-2476-4ac7-8aae-d744444dbb5c HTTP/1.1" status: 200 len: 943 time: 0.0575812
Feb 17 12:53:45.093635 dv-cinder-804035-33-iscsi neutron-server[115114]: DEBUG neutron.pecan_wsgi.hooks.policy_enforcement [req-c446ca8b-84b9-47c9-a38f-d8ea8b9c70cc req-b8eeb354-e886-43e5-8963-0a28bd9ee0f3 tempest-DeleteServersTestJSON-1809716748 tempest-DeleteServersTestJSON-1809716748-project] Attributes excluded by policy engine: ['standard_attr_id', 'binding:profile', 'binding:host_id', 'binding:vif_type', 'binding:vif_details'] {{(pid=115114) _exclude_attributes_by_policy /opt/stack/neutron/neutron/pecan_wsgi/hooks/policy_enforcement.py:255}}
Feb 17 12:53:45.095638 dv-cinder-804035-33-iscsi neutron-server[115114]: INFO neutron.wsgi [req-c446ca8b-84b9-47c9-a38f-d8ea8b9c70cc req-b8eeb354-e886-43e5-8963-0a28bd9ee0f3 tempest-DeleteServersTestJSON-1809716748 tempest-DeleteServersTestJSON-1809716748-project] 10.222.0.67 "GET /v2.0/ports?device_id=44c56a99-84e6-4320-a1d8-c28fdde17d5f HTTP/1.1" status: 200 len: 944 time: 0.0550861
Feb 17 12:53:45.151658 dv-cinder-804035-33-iscsi neutron-server[115114]: INFO neutron.wsgi [req-c446ca8b-84b9-47c9-a38f-d8ea8b9c70cc req-3e16cdc3-76ae-47ed-afeb-045f7496028a tempest-DeleteServersTestJSON-1809716748 tempest-DeleteServersTestJSON-1809716748-project] 10.222.0.67 "GET /v2.0/security-groups?id=b88b6d5e-adf1-4f3f-854c-c0ed4c63927c&fields=id&fields=name HTTP/1.1" status: 200 len: 286 time: 0.0502360
Feb 17 12:53:45.171272 dv-cinder-804035-33-iscsi neutron-server[115115]: INFO neutron.wsgi [req-04db7e72-0695-42a5-8724-ff82504a6d52 req-fbbbcda5-ae63-4515-83bc-9f85181219e0 tempest-ServerRescueNegativeTestJSON-963205679 tempest-ServerRescueNegativeTestJSON-963205679-project] 10.222.0.67 "GET /v2.0/security-groups?id=089f0749-0638-4991-8979-6f350b60f604&fields=id&fields=name HTTP/1.1" status: 200 len: 286 time: 0.0730333
Feb 17 12:53:45.264018 dv-cinder-804035-33-iscsi neutron-server[115114]: DEBUG neutron.pecan_wsgi.hooks.policy_enforcement [req-ccc05fbf-6099-4561-ba4a-83e79c9244dd req-0e0901eb-f452-4419-8df5-d01f4192a45e tempest-AttachVolumeNegativeTest-270684817 tempest-AttachVolumeNegativeTest-270684817-project] Attributes excluded by policy engine: ['standard_attr_id', 'binding:profile', 'binding:host_id', 'binding:vif_type', 'binding:vif_details'] {{(pid=115114) _exclude_attributes_by_policy /opt/stack/neutron/neutron/pecan_wsgi/hooks/policy_enforcement.py:255}}
Feb 17 12:53:45.265561 dv-cinder-804035-33-iscsi neutron-server[115114]: INFO neutron.wsgi [req-ccc05fbf-6099-4561-ba4a-83e79c9244dd req-0e0901eb-f452-4419-8df5-d01f4192a45e tempest-AttachVolumeNegativeTest-270684817 tempest-AttachVolumeNegativeTest-270684817-project] 10.222.0.67 "GET /v2.0/ports?device_id=d4922ca4-e2bd-4360-ac24-412d3ae1bcc8 HTTP/1.1" status: 200 len: 945 time: 0.0547867
Feb 17 12:53:45.320279 dv-cinder-804035-33-iscsi neutron-server[115114]: INFO neutron.wsgi [req-ccc05fbf-6099-4561-ba4a-83e79c9244dd req-1ba50e5d-c160-4f5a-806a-db935282d82a tempest-AttachVolumeNegativeTest-270684817 tempest-AttachVolumeNegativeTest-270684817-project] 10.222.0.67 "GET /v2.0/security-groups?id=16c3c913-4ae2-4de2-9156-5a09717dd6b6&fields=id&fields=name HTTP/1.1" status: 200 len: 286 time: 0.0483413
Feb 17 12:53:45.634082 dv-cinder-804035-33-iscsi neutron-server[115116]: DEBUG neutron_lib.callbacks.manager [None req-07d2cbaf-0811-4d29-873e-fbfbf117eee0 None None] Publish callbacks ['neutron.services.segments.db._update_segment_host_mapping_for_agent-8751681451129', 'neutron.plugins.ml2.plugin.Ml2Plugin._retry_binding_revived_agents-3895277'] for agent (b1464266-3b02-4ddf-a55c-55e32359f7ee), after_update {{(pid=115116) _notify_loop /usr/local/lib/python3.8/dist-packages/neutron_lib/callbacks/manager.py:176}}
Feb 17 12:53:45.723361 dv-cinder-804035-33-iscsi neutron-server[115115]: DEBUG neutron.pecan_wsgi.hooks.policy_enforcement [req-cca90a3f-099f-4a2f-aac6-e39d5231a036 req-538cb056-a46a-4d1c-83a9-c74cecfffa6d tempest-AttachVolumeShelveTestJSON-818001804 tempest-AttachVolumeShelveTestJSON-818001804-project] Attributes excluded by policy engine: ['standard_attr_id', 'binding:profile', 'binding:host_id', 'binding:vif_type', 'binding:vif_details'] {{(pid=115115) _exclude_attributes_by_policy /opt/stack/neutron/neutron/pecan_wsgi/hooks/policy_enforcement.py:255}}
Feb 17 12:53:45.725002 dv-cinder-804035-33-iscsi neutron-server[115115]: INFO neutron.wsgi [req-cca90a3f-099f-4a2f-aac6-e39d5231a036 req-538cb056-a46a-4d1c-83a9-c74cecfffa6d tempest-AttachVolumeShelveTestJSON-818001804 tempest-AttachVolumeShelveTestJSON-818001804-project] 10.222.0.67 "GET /v2.0/ports?device_id=8ddf11e8-1cb1-4637-b6af-a9a8f5122272 HTTP/1.1" status: 200 len: 944 time: 0.0688071
Feb 17 12:53:45.789041 dv-cinder-804035-33-iscsi neutron-server[115115]: INFO neutron.wsgi [req-cca90a3f-099f-4a2f-aac6-e39d5231a036 req-985b45d9-844e-4fba-8b4f-a18eb679c54f tempest-AttachVolumeShelveTestJSON-818001804 tempest-AttachVolumeShelveTestJSON-818001804-project] 10.222.0.67 "GET /v2.0/security-groups?id=f7561c35-f172-4771-8e1d-fcd0e1a30e7a&fields=id&fields=name HTTP/1.1" status: 200 len: 312 time: 0.0557516
Feb 17 12:53:45.976636 dv-cinder-804035-33-iscsi neutron-server[115114]: DEBUG neutron.pecan_wsgi.hooks.policy_enforcement [req-7e07c9e4-a9cf-4701-848e-2ceb3cdb255c req-9d67565d-a4ca-45b7-9552-02f63eba26a1 tempest-AttachVolumeTestJSON-1970838903 tempest-AttachVolumeTestJSON-1970838903-project] Attributes excluded by policy engine: ['standard_attr_id', 'binding:profile', 'binding:host_id', 'binding:vif_type', 'binding:vif_details'] {{(pid=115114) _exclude_attributes_by_policy /opt/stack/neutron/neutron/pecan_wsgi/hooks/policy_enforcement.py:255}}
Feb 17 12:53:45.978287 dv-cinder-804035-33-iscsi neutron-server[115114]: INFO neutron.wsgi [req-7e07c9e4-a9cf-4701-848e-2ceb3cdb255c req-9d67565d-a4ca-45b7-9552-02f63eba26a1 tempest-AttachVolumeTestJSON-1970838903 tempest-AttachVolumeTestJSON-1970838903-project] 10.222.0.67 "GET /v2.0/ports?device_id=325e896b-f985-4c07-8cd0-0a76af281a59 HTTP/1.1" status: 200 len: 944 time: 0.0628395
Feb 17 12:53:46.053747 dv-cinder-804035-33-iscsi neutron-server[115114]: INFO neutron.wsgi [req-7e07c9e4-a9cf-4701-848e-2ceb3cdb255c req-f113ed76-4e66-4765-93c0-694f146492e9 tempest-AttachVolumeTestJSON-1970838903 tempest-AttachVolumeTestJSON-1970838903-project] 10.222.0.67 "GET /v2.0/security-groups?id=6c77f1a8-6d31-4276-9701-27b5e260d202&fields=id&fields=name HTTP/1.1" status: 200 len: 312 time: 0.0686271
Feb 17 12:53:46.293882 dv-cinder-804035-33-iscsi neutron-server[115115]: DEBUG neutron.pecan_wsgi.hooks.policy_enforcement [req-18b22a9c-639d-4c0f-af02-d8c7408316f5 req-03da375f-c954-4f58-a2b1-c1f741dcded9 tempest-DeleteServersTestJSON-1809716748 tempest-DeleteServersTestJSON-1809716748-project] Attributes excluded by policy engine: ['standard_attr_id', 'binding:profile', 'binding:host_id', 'binding:vif_type', 'binding:vif_details'] {{(pid=115115) _exclude_attributes_by_policy /opt/stack/neutron/neutron/pecan_wsgi/hooks/policy_enforcement.py:255}}
Feb 17 12:53:46.295401 dv-cinder-804035-33-iscsi neutron-server[115115]: INFO neutron.wsgi [req-18b22a9c-639d-4c0f-af02-d8c7408316f5 req-03da375f-c954-4f58-a2b1-c1f741dcded9 tempest-DeleteServersTestJSON-1809716748 tempest-DeleteServersTestJSON-1809716748-project] 10.222.0.67 "GET /v2.0/ports?device_id=44c56a99-84e6-4320-a1d8-c28fdde17d5f HTTP/1.1" status: 200 len: 944 time: 0.0658762
Feb 17 12:53:46.299899 dv-cinder-804035-33-iscsi neutron-server[115114]: DEBUG neutron.pecan_wsgi.hooks.policy_enforcement [req-a55dae55-29d0-4eab-ac32-d544682d1498 req-42e2c9b2-c52b-44a9-bd7e-ed67ae7b92ae tempest-ServerRescueNegativeTestJSON-963205679 tempest-ServerRescueNegativeTestJSON-963205679-project] Attributes excluded by policy engine: ['standard_attr_id', 'binding:profile', 'binding:host_id', 'binding:vif_type', 'binding:vif_details'] {{(pid=115114) _exclude_attributes_by_policy /opt/stack/neutron/neutron/pecan_wsgi/hooks/policy_enforcement.py:255}}
Feb 17 12:53:46.302469 dv-cinder-804035-33-iscsi neutron-server[115114]: INFO neutron.wsgi [req-a55dae55-29d0-4eab-ac32-d544682d1498 req-42e2c9b2-c52b-44a9-bd7e-ed67ae7b92ae tempest-ServerRescueNegativeTestJSON-963205679 tempest-ServerRescueNegativeTestJSON-963205679-project] 10.222.0.67 "GET /v2.0/ports?device_id=6cd1087f-2476-4ac7-8aae-d744444dbb5c HTTP/1.1" status: 200 len: 943 time: 0.0651240
Feb 17 12:53:46.370547 dv-cinder-804035-33-iscsi neutron-server[115115]: INFO neutron.wsgi [req-18b22a9c-639d-4c0f-af02-d8c7408316f5 req-1675314a-343f-469c-af28-212cf4826558 tempest-DeleteServersTestJSON-1809716748 tempest-DeleteServersTestJSON-1809716748-project] 10.222.0.67 "GET /v2.0/security-groups?id=b88b6d5e-adf1-4f3f-854c-c0ed4c63927c&fields=id&fields=name HTTP/1.1" status: 200 len: 286 time: 0.0636897
Feb 17 12:53:46.376256 dv-cinder-804035-33-iscsi neutron-server[115114]: INFO neutron.wsgi [req-a55dae55-29d0-4eab-ac32-d544682d1498 req-76b3715b-1815-4d85-88b1-7143970ef3e9 tempest-ServerRescueNegativeTestJSON-963205679 tempest-ServerRescueNegativeTestJSON-963205679-project] 10.222.0.67 "GET /v2.0/security-groups?id=089f0749-0638-4991-8979-6f350b60f604&fields=id&fields=name HTTP/1.1" status: 200 len: 286 time: 0.0678327
Feb 17 12:53:46.523457 dv-cinder-804035-33-iscsi neutron-server[115115]: DEBUG neutron.pecan_wsgi.hooks.policy_enforcement [req-cb84b901-01d0-43ec-ac5d-14047a730562 req-c41b3efe-3770-441e-8bf6-3e3967a1547b tempest-AttachVolumeNegativeTest-270684817 tempest-AttachVolumeNegativeTest-270684817-project] Attributes excluded by policy engine: ['standard_attr_id', 'binding:profile', 'binding:host_id', 'binding:vif_type', 'binding:vif_details'] {{(pid=115115) _exclude_attributes_by_policy /opt/stack/neutron/neutron/pecan_wsgi/hooks/policy_enforcement.py:255}}
Feb 17 12:53:46.523457 dv-cinder-804035-33-iscsi neutron-server[115115]: INFO neutron.wsgi [req-cb84b901-01d0-43ec-ac5d-14047a730562 req-c41b3efe-3770-441e-8bf6-3e3967a1547b tempest-AttachVolumeNegativeTest-270684817 tempest-AttachVolumeNegativeTest-270684817-project] 10.222.0.67 "GET /v2.0/ports?device_id=d4922ca4-e2bd-4360-ac24-412d3ae1bcc8 HTTP/1.1" status: 200 len: 945 time: 0.0643623
Feb 17 12:53:46.573933 dv-cinder-804035-33-iscsi neutron-server[115115]: INFO neutron.wsgi [req-cb84b901-01d0-43ec-ac5d-14047a730562 req-f6c465a8-b04b-4497-b9e5-b5fb4a7e3e27 tempest-AttachVolumeNegativeTest-270684817 tempest-AttachVolumeNegativeTest-270684817-project] 10.222.0.67 "GET /v2.0/security-groups?id=16c3c913-4ae2-4de2-9156-5a09717dd6b6&fields=id&fields=name HTTP/1.1" status: 200 len: 286 time: 0.0565531
Feb 17 12:53:46.957795 dv-cinder-804035-33-iscsi neutron-server[115114]: DEBUG neutron.pecan_wsgi.hooks.policy_enforcement [req-a9409034-dc09-484d-aeec-226b67e1ff94 req-841fda09-d12f-4378-be2a-8c16465e2997 tempest-AttachVolumeShelveTestJSON-818001804 tempest-AttachVolumeShelveTestJSON-818001804-project] Attributes excluded by policy engine: ['standard_attr_id', 'binding:profile', 'binding:host_id', 'binding:vif_type', 'binding:vif_details'] {{(pid=115114) _exclude_attributes_by_policy /opt/stack/neutron/neutron/pecan_wsgi/hooks/policy_enforcement.py:255}}
Feb 17 12:53:46.959464 dv-cinder-804035-33-iscsi neutron-server[115114]: INFO neutron.wsgi [req-a9409034-dc09-484d-aeec-226b67e1ff94 req-841fda09-d12f-4378-be2a-8c16465e2997 tempest-AttachVolumeShelveTestJSON-818001804 tempest-AttachVolumeShelveTestJSON-818001804-project] 10.222.0.67 "GET /v2.0/ports?device_id=8ddf11e8-1cb1-4637-b6af-a9a8f5122272 HTTP/1.1" status: 200 len: 944 time: 0.0750747
Feb 17 12:53:47.015114 dv-cinder-804035-33-iscsi neutron-server[115114]: INFO neutron.wsgi [req-a9409034-dc09-484d-aeec-226b67e1ff94 req-cf8bfcf2-29c0-476b-a677-688e69be7dbe tempest-AttachVolumeShelveTestJSON-818001804 tempest-AttachVolumeShelveTestJSON-818001804-project] 10.222.0.67 "GET /v2.0/security-groups?id=f7561c35-f172-4771-8e1d-fcd0e1a30e7a&fields=id&fields=name HTTP/1.1" status: 200 len: 312 time: 0.0488932
Feb 17 12:53:47.189288 dv-cinder-804035-33-iscsi neutron-server[115115]: DEBUG neutron.pecan_wsgi.hooks.policy_enforcement [req-197f4f49-7989-4e1d-9098-da0d1080eb55 req-3df51802-b3d4-4cd9-bd1b-85efe399d7a4 tempest-AttachVolumeTestJSON-1970838903 tempest-AttachVolumeTestJSON-1970838903-project] Attributes excluded by policy engine: ['standard_attr_id', 'binding:profile', 'binding:host_id', 'binding:vif_type', 'binding:vif_details'] {{(pid=115115) _exclude_attributes_by_policy /opt/stack/neutron/neutron/pecan_wsgi/hooks/policy_enforcement.py:255}}
Feb 17 12:53:47.190913 dv-cinder-804035-33-iscsi neutron-server[115115]: INFO neutron.wsgi [req-197f4f49-7989-4e1d-9098-da0d1080eb55 req-3df51802-b3d4-4cd9-bd1b-85efe399d7a4 tempest-AttachVolumeTestJSON-1970838903 tempest-AttachVolumeTestJSON-1970838903-project] 10.222.0.67 "GET /v2.0/ports?device_id=325e896b-f985-4c07-8cd0-0a76af281a59 HTTP/1.1" status: 200 len: 944 time: 0.0638313
Feb 17 12:53:47.244405 dv-cinder-804035-33-iscsi neutron-server[115115]: INFO neutron.wsgi [req-197f4f49-7989-4e1d-9098-da0d1080eb55 req-4e5b77eb-0f08-45ba-8afc-aa9726344299 tempest-AttachVolumeTestJSON-1970838903 tempest-AttachVolumeTestJSON-1970838903-project] 10.222.0.67 "GET /v2.0/security-groups?id=6c77f1a8-6d31-4276-9701-27b5e260d202&fields=id&fields=name HTTP/1.1" status: 200 len: 312 time: 0.0476363
Feb 17 12:53:47.356434 dv-cinder-804035-33-iscsi neutron-server[115114]: DEBUG neutron.wsgi [-] (115114) accepted ('10.222.0.67', 44606) {{(pid=115114) server /usr/local/lib/python3.8/dist-packages/eventlet/wsgi.py:1004}}
Feb 17 12:53:47.509988 dv-cinder-804035-33-iscsi neutron-server[115114]: DEBUG neutron_lib.callbacks.manager [None req-ba8d6c01-e90f-4b56-b28c-27281c45015c admin admin] Publish callbacks [] for security_group (None), before_create {{(pid=115114) _notify_loop /usr/local/lib/python3.8/dist-packages/neutron_lib/callbacks/manager.py:176}}
Feb 17 12:53:47.548003 dv-cinder-804035-33-iscsi neutron-server[115115]: DEBUG neutron.pecan_wsgi.hooks.policy_enforcement [req-47e8b3de-d37e-49c2-89f0-957c362bc03e req-ff6927bd-a418-40e8-862b-9e7a2f0e2e00 tempest-ServerRescueNegativeTestJSON-963205679 tempest-ServerRescueNegativeTestJSON-963205679-project] Attributes excluded by policy engine: ['standard_attr_id', 'binding:profile', 'binding:host_id', 'binding:vif_type', 'binding:vif_details'] {{(pid=115115) _exclude_attributes_by_policy /opt/stack/neutron/neutron/pecan_wsgi/hooks/policy_enforcement.py:255}}
Feb 17 12:53:47.550000 dv-cinder-804035-33-iscsi neutron-server[115115]: INFO neutron.wsgi [req-47e8b3de-d37e-49c2-89f0-957c362bc03e req-ff6927bd-a418-40e8-862b-9e7a2f0e2e00 tempest-ServerRescueNegativeTestJSON-963205679 tempest-ServerRescueNegativeTestJSON-963205679-project] 10.222.0.67 "GET /v2.0/ports?device_id=6cd1087f-2476-4ac7-8aae-d744444dbb5c HTTP/1.1" status: 200 len: 943 time: 0.0746603
Feb 17 12:53:47.608337 dv-cinder-804035-33-iscsi neutron-server[115114]: DEBUG neutron.pecan_wsgi.hooks.policy_enforcement [req-b1e944ee-6f66-43e7-9ce9-91ed54d15688 req-4e606e45-7f1a-4768-9105-654905319c3d tempest-DeleteServersTestJSON-1809716748 tempest-DeleteServersTestJSON-1809716748-project] Attributes excluded by policy engine: ['standard_attr_id', 'binding:profile', 'binding:host_id', 'binding:vif_type', 'binding:vif_details'] {{(pid=115114) _exclude_attributes_by_policy /opt/stack/neutron/neutron/pecan_wsgi/hooks/policy_enforcement.py:255}}
Feb 17 12:53:47.611979 dv-cinder-804035-33-iscsi neutron-server[115114]: INFO neutron.wsgi [req-b1e944ee-6f66-43e7-9ce9-91ed54d15688 req-4e606e45-7f1a-4768-9105-654905319c3d tempest-DeleteServersTestJSON-1809716748 tempest-DeleteServersTestJSON-1809716748-project] 10.222.0.67 "GET /v2.0/ports?device_id=44c56a99-84e6-4320-a1d8-c28fdde17d5f HTTP/1.1" status: 200 len: 944 time: 0.1181734
Feb 17 12:53:47.619874 dv-cinder-804035-33-iscsi neutron-server[115115]: INFO neutron.wsgi [req-47e8b3de-d37e-49c2-89f0-957c362bc03e req-60a91fcd-b1e9-4913-abe0-da2d29149dc2 tempest-ServerRescueNegativeTestJSON-963205679 tempest-ServerRescueNegativeTestJSON-963205679-project] 10.222.0.67 "GET /v2.0/security-groups?id=089f0749-0638-4991-8979-6f350b60f604&fields=id&fields=name HTTP/1.1" status: 200 len: 286 time: 0.0633278
Feb 17 12:53:47.727290 dv-cinder-804035-33-iscsi neutron-server[115114]: INFO neutron.wsgi [req-b1e944ee-6f66-43e7-9ce9-91ed54d15688 req-77d902c8-9a40-4b24-92bb-ceeb0b3c7509 tempest-DeleteServersTestJSON-1809716748 tempest-DeleteServersTestJSON-1809716748-project] 10.222.0.67 "GET /v2.0/security-groups?id=b88b6d5e-adf1-4f3f-854c-c0ed4c63927c&fields=id&fields=name HTTP/1.1" status: 200 len: 286 time: 0.1088517
Feb 17 12:53:47.749548 dv-cinder-804035-33-iscsi neutron-server[115114]: DEBUG neutron_lib.callbacks.manager [None req-ba8d6c01-e90f-4b56-b28c-27281c45015c admin admin] Publish callbacks [] for security_group (8409e4c0-9bf6-4342-b8e1-5e88ea585df6), precommit_create {{(pid=115114) _notify_loop /usr/local/lib/python3.8/dist-packages/neutron_lib/callbacks/manager.py:176}}
Feb 17 12:53:47.759671 dv-cinder-804035-33-iscsi neutron-server[115115]: DEBUG neutron.pecan_wsgi.hooks.policy_enforcement [req-d9ec190a-15c5-4c93-b4f1-4a3602783a87 req-05bd3c8a-0797-4e4c-b5dc-b277c433e728 tempest-AttachVolumeNegativeTest-270684817 tempest-AttachVolumeNegativeTest-270684817-project] Attributes excluded by policy engine: ['standard_attr_id', 'binding:profile', 'binding:host_id', 'binding:vif_type', 'binding:vif_details'] {{(pid=115115) _exclude_attributes_by_policy /opt/stack/neutron/neutron/pecan_wsgi/hooks/policy_enforcement.py:255}}
Feb 17 12:53:47.762677 dv-cinder-804035-33-iscsi neutron-server[115115]: INFO neutron.wsgi [req-d9ec190a-15c5-4c93-b4f1-4a3602783a87 req-05bd3c8a-0797-4e4c-b5dc-b277c433e728 tempest-AttachVolumeNegativeTest-270684817 tempest-AttachVolumeNegativeTest-270684817-project] 10.222.0.67 "GET /v2.0/ports?device_id=d4922ca4-e2bd-4360-ac24-412d3ae1bcc8 HTTP/1.1" status: 200 len: 945 time: 0.0675163
Feb 17 12:53:47.810333 dv-cinder-804035-33-iscsi neutron-server[115114]: DEBUG neutron_lib.callbacks.manager [None req-ba8d6c01-e90f-4b56-b28c-27281c45015c admin admin] Publish callbacks ['neutron.plugins.ml2.ovo_rpc._ObjectChangeHandler.handle_event-581850'] for security_group (8409e4c0-9bf6-4342-b8e1-5e88ea585df6), after_create {{(pid=115114) _notify_loop /usr/local/lib/python3.8/dist-packages/neutron_lib/callbacks/manager.py:176}}
Feb 17 12:53:47.822170 dv-cinder-804035-33-iscsi neutron-server[115115]: INFO neutron.wsgi [req-d9ec190a-15c5-4c93-b4f1-4a3602783a87 req-ed956ddf-b99e-46e9-8a28-2afded070b40 tempest-AttachVolumeNegativeTest-270684817 tempest-AttachVolumeNegativeTest-270684817-project] 10.222.0.67 "GET /v2.0/security-groups?id=16c3c913-4ae2-4de2-9156-5a09717dd6b6&fields=id&fields=name HTTP/1.1" status: 200 len: 286 time: 0.0507915
Feb 17 12:53:47.891125 dv-cinder-804035-33-iscsi neutron-server[115114]: INFO neutron.wsgi [None req-ba8d6c01-e90f-4b56-b28c-27281c45015c admin admin] 10.222.0.67 "GET /v2.0/security-groups?tenant_id=ea8a4655cd834154af26d116c2ea170c&name=default HTTP/1.1" status: 200 len: 2996 time: 0.5331178
Feb 17 12:53:47.892621 dv-cinder-804035-33-iscsi neutron-server[115114]: DEBUG neutron.api.rpc.handlers.resources_rpc [None req-ba8d6c01-e90f-4b56-b28c-27281c45015c admin admin] Pushing event updated for resources: {'SecurityGroup': ['ID=8409e4c0-9bf6-4342-b8e1-5e88ea585df6,revision_number=1']} {{(pid=115114) push /opt/stack/neutron/neutron/api/rpc/handlers/resources_rpc.py:237}}
Feb 17 12:53:47.893667 dv-cinder-804035-33-iscsi neutron-server[115115]: DEBUG neutron.wsgi [-] (115115) accepted ('10.222.0.67', 44620) {{(pid=115115) server /usr/local/lib/python3.8/dist-packages/eventlet/wsgi.py:1004}}
Feb 17 12:53:47.908944 dv-cinder-804035-33-iscsi neutron-server[115114]: DEBUG neutron.api.rpc.callbacks.version_manager [None req-ba8d6c01-e90f-4b56-b28c-27281c45015c admin admin] Version for resource type AddressGroup changed None to 1.2 on consumer Open vSwitch agent@dv-cinder-804035-33-iscsi {{(pid=115114) _set_version /opt/stack/neutron/neutron/api/rpc/callbacks/version_manager.py:113}}
Feb 17 12:53:47.909355 dv-cinder-804035-33-iscsi neutron-server[115114]: DEBUG neutron.api.rpc.callbacks.version_manager [None req-ba8d6c01-e90f-4b56-b28c-27281c45015c admin admin] Version for resource type ConntrackHelper changed None to 1.0 on consumer Open vSwitch agent@dv-cinder-804035-33-iscsi {{(pid=115114) _set_version /opt/stack/neutron/neutron/api/rpc/callbacks/version_manager.py:113}}
Feb 17 12:53:47.909917 dv-cinder-804035-33-iscsi neutron-server[115114]: DEBUG neutron.api.rpc.callbacks.version_manager [None req-ba8d6c01-e90f-4b56-b28c-27281c45015c admin admin] Version for resource type LocalIPAssociation changed None to 1.0 on consumer Open vSwitch agent@dv-cinder-804035-33-iscsi {{(pid=115114) _set_version /opt/stack/neutron/neutron/api/rpc/callbacks/version_manager.py:113}}
Feb 17 12:53:47.910523 dv-cinder-804035-33-iscsi neutron-server[115114]: DEBUG neutron.api.rpc.callbacks.version_manager [None req-ba8d6c01-e90f-4b56-b28c-27281c45015c admin admin] Version for resource type Log changed None to 1.0 on consumer Open vSwitch agent@dv-cinder-804035-33-iscsi {{(pid=115114) _set_version /opt/stack/neutron/neutron/api/rpc/callbacks/version_manager.py:113}}
Feb 17 12:53:47.911151 dv-cinder-804035-33-iscsi neutron-server[115114]: DEBUG neutron.api.rpc.callbacks.version_manager [None req-ba8d6c01-e90f-4b56-b28c-27281c45015c admin admin] Version for resource type Network changed None to 1.1 on consumer Open vSwitch agent@dv-cinder-804035-33-iscsi {{(pid=115114) _set_version /opt/stack/neutron/neutron/api/rpc/callbacks/version_manager.py:113}}
Feb 17 12:53:47.911722 dv-cinder-804035-33-iscsi neutron-server[115114]: DEBUG neutron.api.rpc.callbacks.version_manager [None req-ba8d6c01-e90f-4b56-b28c-27281c45015c admin admin] Version for resource type Port changed None to 1.7 on consumer Open vSwitch agent@dv-cinder-804035-33-iscsi {{(pid=115114) _set_version /opt/stack/neutron/neutron/api/rpc/callbacks/version_manager.py:113}}
Feb 17 12:53:47.912301 dv-cinder-804035-33-iscsi neutron-server[115114]: DEBUG neutron.api.rpc.callbacks.version_manager [None req-ba8d6c01-e90f-4b56-b28c-27281c45015c admin admin] Version for resource type PortForwarding changed None to 1.2 on consumer Open vSwitch agent@dv-cinder-804035-33-iscsi {{(pid=115114) _set_version /opt/stack/neutron/neutron/api/rpc/callbacks/version_manager.py:113}}
Feb 17 12:53:47.912894 dv-cinder-804035-33-iscsi neutron-server[115114]: DEBUG neutron.api.rpc.callbacks.version_manager [None req-ba8d6c01-e90f-4b56-b28c-27281c45015c admin admin] Version for resource type QosPolicy changed None to 1.10 on consumer Open vSwitch agent@dv-cinder-804035-33-iscsi {{(pid=115114) _set_version /opt/stack/neutron/neutron/api/rpc/callbacks/version_manager.py:113}}
Feb 17 12:53:47.913478 dv-cinder-804035-33-iscsi neutron-server[115114]: DEBUG neutron.api.rpc.callbacks.version_manager [None req-ba8d6c01-e90f-4b56-b28c-27281c45015c admin admin] Version for resource type SecurityGroup changed None to 1.5 on consumer Open vSwitch agent@dv-cinder-804035-33-iscsi {{(pid=115114) _set_version /opt/stack/neutron/neutron/api/rpc/callbacks/version_manager.py:113}}
Feb 17 12:53:47.914074 dv-cinder-804035-33-iscsi neutron-server[115114]: DEBUG neutron.api.rpc.callbacks.version_manager [None req-ba8d6c01-e90f-4b56-b28c-27281c45015c admin admin] Version for resource type SecurityGroupRule changed None to 1.2 on consumer Open vSwitch agent@dv-cinder-804035-33-iscsi {{(pid=115114) _set_version /opt/stack/neutron/neutron/api/rpc/callbacks/version_manager.py:113}}
Feb 17 12:53:47.914644 dv-cinder-804035-33-iscsi neutron-server[115114]: DEBUG neutron.api.rpc.callbacks.version_manager [None req-ba8d6c01-e90f-4b56-b28c-27281c45015c admin admin] Version for resource type SubPort changed None to 1.0 on consumer Open vSwitch agent@dv-cinder-804035-33-iscsi {{(pid=115114) _set_version /opt/stack/neutron/neutron/api/rpc/callbacks/version_manager.py:113}}
Feb 17 12:53:47.915136 dv-cinder-804035-33-iscsi neutron-server[115114]: DEBUG neutron.api.rpc.callbacks.version_manager [None req-ba8d6c01-e90f-4b56-b28c-27281c45015c admin admin] Version for resource type Subnet changed None to 1.1 on consumer Open vSwitch agent@dv-cinder-804035-33-iscsi {{(pid=115114) _set_version /opt/stack/neutron/neutron/api/rpc/callbacks/version_manager.py:113}}
Feb 17 12:53:47.915590 dv-cinder-804035-33-iscsi neutron-server[115114]: DEBUG neutron.api.rpc.callbacks.version_manager [None req-ba8d6c01-e90f-4b56-b28c-27281c45015c admin admin] Version for resource type Trunk changed None to 1.1 on consumer Open vSwitch agent@dv-cinder-804035-33-iscsi {{(pid=115114) _set_version /opt/stack/neutron/neutron/api/rpc/callbacks/version_manager.py:113}}
Feb 17 12:53:47.959007 dv-cinder-804035-33-iscsi neutron-server[115115]: DEBUG neutron_lib.callbacks.manager [None req-7b322a58-6963-4813-9589-2998ef74ca62 admin admin] Publish callbacks [] for security_group (8409e4c0-9bf6-4342-b8e1-5e88ea585df6), before_delete {{(pid=115115) _notify_loop /usr/local/lib/python3.8/dist-packages/neutron_lib/callbacks/manager.py:176}}
Feb 17 12:53:47.983467 dv-cinder-804035-33-iscsi neutron-server[115115]: DEBUG neutron_lib.callbacks.manager [None req-7b322a58-6963-4813-9589-2998ef74ca62 admin admin] Publish callbacks [] for security_group (8409e4c0-9bf6-4342-b8e1-5e88ea585df6), precommit_delete {{(pid=115115) _notify_loop /usr/local/lib/python3.8/dist-packages/neutron_lib/callbacks/manager.py:176}}
Feb 17 12:53:48.130419 dv-cinder-804035-33-iscsi neutron-server[115115]: DEBUG neutron_lib.callbacks.manager [None req-7b322a58-6963-4813-9589-2998ef74ca62 admin admin] Publish callbacks ['neutron.plugins.ml2.ovo_rpc._ObjectChangeHandler.handle_event-581850'] for security_group (8409e4c0-9bf6-4342-b8e1-5e88ea585df6), after_delete {{(pid=115115) _notify_loop /usr/local/lib/python3.8/dist-packages/neutron_lib/callbacks/manager.py:176}}
Feb 17 12:53:48.133712 dv-cinder-804035-33-iscsi neutron-server[115115]: DEBUG neutron_lib.callbacks.manager [None req-7b322a58-6963-4813-9589-2998ef74ca62 admin admin] Publish callbacks [] for security_group (None), before_response {{(pid=115115) _notify_loop /usr/local/lib/python3.8/dist-packages/neutron_lib/callbacks/manager.py:176}}
Feb 17 12:53:48.134977 dv-cinder-804035-33-iscsi neutron-server[115115]: INFO neutron.wsgi [None req-7b322a58-6963-4813-9589-2998ef74ca62 admin admin] 10.222.0.67 "DELETE /v2.0/security-groups/8409e4c0-9bf6-4342-b8e1-5e88ea585df6 HTTP/1.1" status: 204 len: 168 time: 0.2396405
Feb 17 12:53:48.147081 dv-cinder-804035-33-iscsi neutron-server[115115]: DEBUG neutron.api.rpc.handlers.resources_rpc [None req-7b322a58-6963-4813-9589-2998ef74ca62 admin admin] Pushing event deleted for resources: {'SecurityGroup': ['ID=8409e4c0-9bf6-4342-b8e1-5e88ea585df6,revision_number=None']} {{(pid=115115) push /opt/stack/neutron/neutron/api/rpc/handlers/resources_rpc.py:237}}
Feb 17 12:53:48.156170 dv-cinder-804035-33-iscsi neutron-server[115115]: DEBUG neutron.api.rpc.callbacks.version_manager [None req-7b322a58-6963-4813-9589-2998ef74ca62 admin admin] Version for resource type AddressGroup changed None to 1.2 on consumer Open vSwitch agent@dv-cinder-804035-33-iscsi {{(pid=115115) _set_version /opt/stack/neutron/neutron/api/rpc/callbacks/version_manager.py:113}}
Feb 17 12:53:48.156753 dv-cinder-804035-33-iscsi neutron-server[115115]: DEBUG neutron.api.rpc.callbacks.version_manager [None req-7b322a58-6963-4813-9589-2998ef74ca62 admin admin] Version for resource type ConntrackHelper changed None to 1.0 on consumer Open vSwitch agent@dv-cinder-804035-33-iscsi {{(pid=115115) _set_version /opt/stack/neutron/neutron/api/rpc/callbacks/version_manager.py:113}}
Feb 17 12:53:48.157107 dv-cinder-804035-33-iscsi neutron-server[115115]: DEBUG neutron.api.rpc.callbacks.version_manager [None req-7b322a58-6963-4813-9589-2998ef74ca62 admin admin] Version for resource type LocalIPAssociation changed None to 1.0 on consumer Open vSwitch agent@dv-cinder-804035-33-iscsi {{(pid=115115) _set_version /opt/stack/neutron/neutron/api/rpc/callbacks/version_manager.py:113}}
Feb 17 12:53:48.157450 dv-cinder-804035-33-iscsi neutron-server[115115]: DEBUG neutron.api.rpc.callbacks.version_manager [None req-7b322a58-6963-4813-9589-2998ef74ca62 admin admin] Version for resource type Log changed None to 1.0 on consumer Open vSwitch agent@dv-cinder-804035-33-iscsi {{(pid=115115) _set_version /opt/stack/neutron/neutron/api/rpc/callbacks/version_manager.py:113}}
Feb 17 12:53:48.157788 dv-cinder-804035-33-iscsi neutron-server[115115]: DEBUG neutron.api.rpc.callbacks.version_manager [None req-7b322a58-6963-4813-9589-2998ef74ca62 admin admin] Version for resource type Network changed None to 1.1 on consumer Open vSwitch agent@dv-cinder-804035-33-iscsi {{(pid=115115) _set_version /opt/stack/neutron/neutron/api/rpc/callbacks/version_manager.py:113}}
Feb 17 12:53:48.158119 dv-cinder-804035-33-iscsi neutron-server[115115]: DEBUG neutron.api.rpc.callbacks.version_manager [None req-7b322a58-6963-4813-9589-2998ef74ca62 admin admin] Version for resource type Port changed None to 1.7 on consumer Open vSwitch agent@dv-cinder-804035-33-iscsi {{(pid=115115) _set_version /opt/stack/neutron/neutron/api/rpc/callbacks/version_manager.py:113}}
Feb 17 12:53:48.158499 dv-cinder-804035-33-iscsi neutron-server[115115]: DEBUG neutron.api.rpc.callbacks.version_manager [None req-7b322a58-6963-4813-9589-2998ef74ca62 admin admin] Version for resource type PortForwarding changed None to 1.2 on consumer Open vSwitch agent@dv-cinder-804035-33-iscsi {{(pid=115115) _set_version /opt/stack/neutron/neutron/api/rpc/callbacks/version_manager.py:113}}
Feb 17 12:53:48.158854 dv-cinder-804035-33-iscsi neutron-server[115115]: DEBUG neutron.api.rpc.callbacks.version_manager [None req-7b322a58-6963-4813-9589-2998ef74ca62 admin admin] Version for resource type QosPolicy changed None to 1.10 on consumer Open vSwitch agent@dv-cinder-804035-33-iscsi {{(pid=115115) _set_version /opt/stack/neutron/neutron/api/rpc/callbacks/version_manager.py:113}}
Feb 17 12:53:48.159211 dv-cinder-804035-33-iscsi neutron-server[115115]: DEBUG neutron.api.rpc.callbacks.version_manager [None req-7b322a58-6963-4813-9589-2998ef74ca62 admin admin] Version for resource type SecurityGroup changed None to 1.5 on consumer Open vSwitch agent@dv-cinder-804035-33-iscsi {{(pid=115115) _set_version /opt/stack/neutron/neutron/api/rpc/callbacks/version_manager.py:113}}
Feb 17 12:53:48.159565 dv-cinder-804035-33-iscsi neutron-server[115115]: DEBUG neutron.api.rpc.callbacks.version_manager [None req-7b322a58-6963-4813-9589-2998ef74ca62 admin admin] Version for resource type SecurityGroupRule changed None to 1.2 on consumer Open vSwitch agent@dv-cinder-804035-33-iscsi {{(pid=115115) _set_version /opt/stack/neutron/neutron/api/rpc/callbacks/version_manager.py:113}}
Feb 17 12:53:48.159886 dv-cinder-804035-33-iscsi neutron-server[115115]: DEBUG neutron.api.rpc.callbacks.version_manager [None req-7b322a58-6963-4813-9589-2998ef74ca62 admin admin] Version for resource type SubPort changed None to 1.0 on consumer Open vSwitch agent@dv-cinder-804035-33-iscsi {{(pid=115115) _set_version /opt/stack/neutron/neutron/api/rpc/callbacks/version_manager.py:113}}
Feb 17 12:53:48.160214 dv-cinder-804035-33-iscsi neutron-server[115115]: DEBUG neutron.api.rpc.callbacks.version_manager [None req-7b322a58-6963-4813-9589-2998ef74ca62 admin admin] Version for resource type Subnet changed None to 1.1 on consumer Open vSwitch agent@dv-cinder-804035-33-iscsi {{(pid=115115) _set_version /opt/stack/neutron/neutron/api/rpc/callbacks/version_manager.py:113}}
Feb 17 12:53:48.160539 dv-cinder-804035-33-iscsi neutron-server[115115]: DEBUG neutron.api.rpc.callbacks.version_manager [None req-7b322a58-6963-4813-9589-2998ef74ca62 admin admin] Version for resource type Trunk changed None to 1.1 on consumer Open vSwitch agent@dv-cinder-804035-33-iscsi {{(pid=115115) _set_version /opt/stack/neutron/neutron/api/rpc/callbacks/version_manager.py:113}}
Feb 17 12:53:48.169051 dv-cinder-804035-33-iscsi neutron-server[115114]: DEBUG neutron.pecan_wsgi.hooks.policy_enforcement [req-ed777199-707a-4817-9752-e9fb29667429 req-d513e000-f6e0-452c-824e-59475db46da3 tempest-AttachVolumeShelveTestJSON-818001804 tempest-AttachVolumeShelveTestJSON-818001804-project] Attributes excluded by policy engine: ['standard_attr_id', 'binding:profile', 'binding:host_id', 'binding:vif_type', 'binding:vif_details'] {{(pid=115114) _exclude_attributes_by_policy /opt/stack/neutron/neutron/pecan_wsgi/hooks/policy_enforcement.py:255}}
Feb 17 12:53:48.171404 dv-cinder-804035-33-iscsi neutron-server[115114]: INFO neutron.wsgi [req-ed777199-707a-4817-9752-e9fb29667429 req-d513e000-f6e0-452c-824e-59475db46da3 tempest-AttachVolumeShelveTestJSON-818001804 tempest-AttachVolumeShelveTestJSON-818001804-project] 10.222.0.67 "GET /v2.0/ports?device_id=8ddf11e8-1cb1-4637-b6af-a9a8f5122272 HTTP/1.1" status: 200 len: 944 time: 0.0795712
Feb 17 12:53:48.243820 dv-cinder-804035-33-iscsi neutron-server[115114]: INFO neutron.wsgi [req-ed777199-707a-4817-9752-e9fb29667429 req-a2f971d5-9741-46b1-9305-768da30dc079 tempest-AttachVolumeShelveTestJSON-818001804 tempest-AttachVolumeShelveTestJSON-818001804-project] 10.222.0.67 "GET /v2.0/security-groups?id=f7561c35-f172-4771-8e1d-fcd0e1a30e7a&fields=id&fields=name HTTP/1.1" status: 200 len: 312 time: 0.0630603
Feb 17 12:53:48.379941 dv-cinder-804035-33-iscsi neutron-server[115115]: DEBUG neutron.pecan_wsgi.hooks.policy_enforcement [req-bf8e14e2-3955-4391-a3c6-143d81d50e11 req-d3f47c06-291a-4426-a19f-a0effc0bec1f tempest-AttachVolumeTestJSON-1970838903 tempest-AttachVolumeTestJSON-1970838903-project] Attributes excluded by policy engine: ['standard_attr_id', 'binding:profile', 'binding:host_id', 'binding:vif_type', 'binding:vif_details'] {{(pid=115115) _exclude_attributes_by_policy /opt/stack/neutron/neutron/pecan_wsgi/hooks/policy_enforcement.py:255}}
Feb 17 12:53:48.381703 dv-cinder-804035-33-iscsi neutron-server[115115]: INFO neutron.wsgi [req-bf8e14e2-3955-4391-a3c6-143d81d50e11 req-d3f47c06-291a-4426-a19f-a0effc0bec1f tempest-AttachVolumeTestJSON-1970838903 tempest-AttachVolumeTestJSON-1970838903-project] 10.222.0.67 "GET /v2.0/ports?device_id=325e896b-f985-4c07-8cd0-0a76af281a59 HTTP/1.1" status: 200 len: 944 time: 0.0629754
Feb 17 12:53:48.393286 dv-cinder-804035-33-iscsi neutron-server[115116]: DEBUG neutron_lib.callbacks.manager [None req-b68b3413-55c4-41d6-b353-9950443c02b7 None None] Publish callbacks ['neutron.services.segments.db._update_segment_host_mapping_for_agent-8751681451129', 'neutron.plugins.ml2.plugin.Ml2Plugin._retry_binding_revived_agents-3895277'] for agent (ca8a97af-ae59-4b5e-bc17-04ec1aeafd60), after_update {{(pid=115116) _notify_loop /usr/local/lib/python3.8/dist-packages/neutron_lib/callbacks/manager.py:176}}
Feb 17 12:53:48.437563 dv-cinder-804035-33-iscsi neutron-server[115115]: INFO neutron.wsgi [req-bf8e14e2-3955-4391-a3c6-143d81d50e11 req-5f9a0504-0862-4073-b378-381b4653de23 tempest-AttachVolumeTestJSON-1970838903 tempest-AttachVolumeTestJSON-1970838903-project] 10.222.0.67 "GET /v2.0/security-groups?id=6c77f1a8-6d31-4276-9701-27b5e260d202&fields=id&fields=name HTTP/1.1" status: 200 len: 312 time: 0.0486517
Feb 17 12:53:48.772766 dv-cinder-804035-33-iscsi neutron-server[115114]: DEBUG neutron.pecan_wsgi.hooks.policy_enforcement [req-dcce3261-40c3-4f36-a398-525d875c176d req-c266dde0-a8bf-4344-908f-a32c92015a71 tempest-ServerRescueNegativeTestJSON-963205679 tempest-ServerRescueNegativeTestJSON-963205679-project] Attributes excluded by policy engine: ['standard_attr_id', 'binding:profile', 'binding:host_id', 'binding:vif_type', 'binding:vif_details'] {{(pid=115114) _exclude_attributes_by_policy /opt/stack/neutron/neutron/pecan_wsgi/hooks/policy_enforcement.py:255}}
