Feb 16 15:06:35.728673 dv-cinder-804035-31-smb devstack@c-api.service[109633]: DEBUG cinder.api.openstack.wsgi [None req-c673aa00-5bbd-424a-97fc-fbcdf38ab8c8 tempest-GroupSnapshotsTest-1834651372 tempest-GroupSnapshotsTest-1834651372-project] Action: 'update', calling method: version_select, body: {"group": {"remove_volumes": "1ac8d5db-022e-4d9f-a21b-f84b6c08f3f6"}} {{(pid=109633) _process_stack /opt/stack/cinder/cinder/api/openstack/wsgi.py:866}}
Feb 16 15:06:35.742339 dv-cinder-804035-31-smb devstack@c-api.service[109633]: DEBUG cinder.api.v3.groups [None req-c673aa00-5bbd-424a-97fc-fbcdf38ab8c8 tempest-GroupSnapshotsTest-1834651372 tempest-GroupSnapshotsTest-1834651372-project] Update called for group e60537ff-0f2f-4627-a817-a479582cf939. {{(pid=109633) update /opt/stack/cinder/cinder/api/v3/groups.py:302}}
Feb 16 15:06:35.752517 dv-cinder-804035-31-smb devstack@c-api.service[109633]: INFO cinder.api.v3.groups [None req-c673aa00-5bbd-424a-97fc-fbcdf38ab8c8 tempest-GroupSnapshotsTest-1834651372 tempest-GroupSnapshotsTest-1834651372-project] Updating group e60537ff-0f2f-4627-a817-a479582cf939 with name None description: None add_volumes: None remove_volumes: 1ac8d5db-022e-4d9f-a21b-f84b6c08f3f6.
Feb 16 15:06:35.766190 dv-cinder-804035-31-smb devstack@c-api.service[109632]: INFO cinder.api.openstack.wsgi [None req-af40e9fd-f39a-4627-b1b4-f5c4f749bb7a tempest-SnapshotsActionsTest-1505446714 tempest-SnapshotsActionsTest-1505446714-project] GET http://10.222.0.47/volume/v3/6ec18dcbf4dc427889cd16f86b90cfaa/snapshots/dd00fd01-c3e1-48a9-8153-e12dc8b367e1
Feb 16 15:06:35.766881 dv-cinder-804035-31-smb devstack@c-api.service[109632]: DEBUG cinder.api.openstack.wsgi [None req-af40e9fd-f39a-4627-b1b4-f5c4f749bb7a tempest-SnapshotsActionsTest-1505446714 tempest-SnapshotsActionsTest-1505446714-project] Empty body provided in request {{(pid=109632) get_body /opt/stack/cinder/cinder/api/openstack/wsgi.py:715}}
Feb 16 15:06:35.767622 dv-cinder-804035-31-smb devstack@c-api.service[109632]: DEBUG cinder.api.openstack.wsgi [None req-af40e9fd-f39a-4627-b1b4-f5c4f749bb7a tempest-SnapshotsActionsTest-1505446714 tempest-SnapshotsActionsTest-1505446714-project] Calling method 'show' {{(pid=109632) _process_stack /opt/stack/cinder/cinder/api/openstack/wsgi.py:868}}
Feb 16 15:06:35.768287 dv-cinder-804035-31-smb devstack@c-api.service[109633]: /usr/local/lib/python3.8/dist-packages/oslo_context/context.py:105: DeprecationWarning: Policy enforcement is depending on the value of is_admin. This key is deprecated. Please update your policy file to use the standard policy values.
Feb 16 15:06:35.768287 dv-cinder-804035-31-smb devstack@c-api.service[109633]: warnings.warn('Policy enforcement is depending on the value of '
Feb 16 15:06:35.782171 dv-cinder-804035-31-smb devstack@c-api.service[109632]: INFO cinder.api.openstack.wsgi [None req-af40e9fd-f39a-4627-b1b4-f5c4f749bb7a tempest-SnapshotsActionsTest-1505446714 tempest-SnapshotsActionsTest-1505446714-project] http://10.222.0.47/volume/v3/6ec18dcbf4dc427889cd16f86b90cfaa/snapshots/dd00fd01-c3e1-48a9-8153-e12dc8b367e1 returned with HTTP 404
Feb 16 15:06:35.783725 dv-cinder-804035-31-smb devstack@c-api.service[109632]: [pid: 109632|app: 0|req: 73/157] 10.222.0.47 () {58 vars in 1330 bytes} [Wed Feb 16 15:06:35 2022] GET /volume/v3/6ec18dcbf4dc427889cd16f86b90cfaa/snapshots/dd00fd01-c3e1-48a9-8153-e12dc8b367e1 => generated 111 bytes in 24 msecs (HTTP/1.1 404) 7 headers in 292 bytes (2 switches on core 0)
Feb 16 15:06:35.792849 dv-cinder-804035-31-smb devstack@c-api.service[109632]: INFO cinder.api.openstack.wsgi [None req-208cfd6c-e9cc-4c76-86aa-0b0762e07507 tempest-SnapshotsActionsTest-1505446714 tempest-SnapshotsActionsTest-1505446714-project] DELETE http://10.222.0.47/volume/v3/6ec18dcbf4dc427889cd16f86b90cfaa/volumes/2ea2c7fc-0c18-4f5c-b1ae-c10c88eb626e
Feb 16 15:06:35.793934 dv-cinder-804035-31-smb devstack@c-api.service[109632]: DEBUG cinder.api.openstack.wsgi [None req-208cfd6c-e9cc-4c76-86aa-0b0762e07507 tempest-SnapshotsActionsTest-1505446714 tempest-SnapshotsActionsTest-1505446714-project] Empty body provided in request {{(pid=109632) get_body /opt/stack/cinder/cinder/api/openstack/wsgi.py:715}}
Feb 16 15:06:35.795171 dv-cinder-804035-31-smb devstack@c-api.service[109632]: DEBUG cinder.api.openstack.wsgi [None req-208cfd6c-e9cc-4c76-86aa-0b0762e07507 tempest-SnapshotsActionsTest-1505446714 tempest-SnapshotsActionsTest-1505446714-project] Calling method 'delete' {{(pid=109632) _process_stack /opt/stack/cinder/cinder/api/openstack/wsgi.py:868}}
Feb 16 15:06:35.798977 dv-cinder-804035-31-smb devstack@c-api.service[109632]: INFO cinder.api.v3.volumes [None req-208cfd6c-e9cc-4c76-86aa-0b0762e07507 tempest-SnapshotsActionsTest-1505446714 tempest-SnapshotsActionsTest-1505446714-project] Delete volume with id: 2ea2c7fc-0c18-4f5c-b1ae-c10c88eb626e
Feb 16 15:06:35.826298 dv-cinder-804035-31-smb devstack@c-api.service[109632]: /usr/local/lib/python3.8/dist-packages/oslo_context/context.py:105: DeprecationWarning: Policy enforcement is depending on the value of is_admin. This key is deprecated. Please update your policy file to use the standard policy values.
Feb 16 15:06:35.826298 dv-cinder-804035-31-smb devstack@c-api.service[109632]: warnings.warn('Policy enforcement is depending on the value of '
Feb 16 15:06:35.829776 dv-cinder-804035-31-smb devstack@c-api.service[109632]: INFO cinder.volume.api [None req-208cfd6c-e9cc-4c76-86aa-0b0762e07507 tempest-SnapshotsActionsTest-1505446714 tempest-SnapshotsActionsTest-1505446714-project] Volume info retrieved successfully.
Feb 16 15:06:35.878559 dv-cinder-804035-31-smb devstack@c-api.service[109633]: INFO cinder.api.openstack.wsgi [None req-c673aa00-5bbd-424a-97fc-fbcdf38ab8c8 tempest-GroupSnapshotsTest-1834651372 tempest-GroupSnapshotsTest-1834651372-project] http://10.222.0.47/volume/v3/9c41cdd2260e40038350d3c906c2daa1/groups/e60537ff-0f2f-4627-a817-a479582cf939 returned with HTTP 202
Feb 16 15:06:35.880092 dv-cinder-804035-31-smb devstack@c-api.service[109633]: [pid: 109633|app: 0|req: 85/158] 10.222.0.47 () {62 vars in 1382 bytes} [Wed Feb 16 15:06:35 2022] PUT /volume/v3/9c41cdd2260e40038350d3c906c2daa1/groups/e60537ff-0f2f-4627-a817-a479582cf939 => generated 0 bytes in 158 msecs (HTTP/1.1 202) 6 headers in 234 bytes (1 switches on core 0)
Feb 16 15:06:35.895395 dv-cinder-804035-31-smb devstack@c-api.service[109633]: INFO cinder.api.openstack.wsgi [None req-34b63f5f-8a36-425e-b930-eeb68690b4f6 tempest-GroupSnapshotsTest-1834651372 tempest-GroupSnapshotsTest-1834651372-project] GET http://10.222.0.47/volume/v3/9c41cdd2260e40038350d3c906c2daa1/groups/e60537ff-0f2f-4627-a817-a479582cf939
Feb 16 15:06:35.900047 dv-cinder-804035-31-smb devstack@c-api.service[109633]: DEBUG cinder.api.openstack.wsgi [None req-34b63f5f-8a36-425e-b930-eeb68690b4f6 tempest-GroupSnapshotsTest-1834651372 tempest-GroupSnapshotsTest-1834651372-project] Empty body provided in request {{(pid=109633) get_body /opt/stack/cinder/cinder/api/openstack/wsgi.py:715}}
Feb 16 15:06:35.903609 dv-cinder-804035-31-smb devstack@c-api.service[109633]: DEBUG cinder.api.openstack.wsgi [None req-34b63f5f-8a36-425e-b930-eeb68690b4f6 tempest-GroupSnapshotsTest-1834651372 tempest-GroupSnapshotsTest-1834651372-project] Calling method 'version_select' {{(pid=109633) _process_stack /opt/stack/cinder/cinder/api/openstack/wsgi.py:868}}
Feb 16 15:06:35.904335 dv-cinder-804035-31-smb devstack@c-api.service[109633]: DEBUG cinder.api.v3.groups [None req-34b63f5f-8a36-425e-b930-eeb68690b4f6 tempest-GroupSnapshotsTest-1834651372 tempest-GroupSnapshotsTest-1834651372-project] show called for member e60537ff-0f2f-4627-a817-a479582cf939 {{(pid=109633) show /opt/stack/cinder/cinder/api/v3/groups.py:58}}
Feb 16 15:06:35.918775 dv-cinder-804035-31-smb devstack@c-api.service[109633]: /usr/local/lib/python3.8/dist-packages/oslo_context/context.py:105: DeprecationWarning: Policy enforcement is depending on the value of is_admin. This key is deprecated. Please update your policy file to use the standard policy values.
Feb 16 15:06:35.918775 dv-cinder-804035-31-smb devstack@c-api.service[109633]: warnings.warn('Policy enforcement is depending on the value of '
Feb 16 15:06:35.924063 dv-cinder-804035-31-smb devstack@c-api.service[109632]: INFO cinder.volume.api [None req-208cfd6c-e9cc-4c76-86aa-0b0762e07507 tempest-SnapshotsActionsTest-1505446714 tempest-SnapshotsActionsTest-1505446714-project] Delete volume request issued successfully.
Feb 16 15:06:35.924869 dv-cinder-804035-31-smb devstack@c-api.service[109632]: INFO cinder.api.openstack.wsgi [None req-208cfd6c-e9cc-4c76-86aa-0b0762e07507 tempest-SnapshotsActionsTest-1505446714 tempest-SnapshotsActionsTest-1505446714-project] http://10.222.0.47/volume/v3/6ec18dcbf4dc427889cd16f86b90cfaa/volumes/2ea2c7fc-0c18-4f5c-b1ae-c10c88eb626e returned with HTTP 202
Feb 16 15:06:35.930842 dv-cinder-804035-31-smb devstack@c-api.service[109632]: [pid: 109632|app: 0|req: 74/159] 10.222.0.47 () {58 vars in 1327 bytes} [Wed Feb 16 15:06:35 2022] DELETE /volume/v3/6ec18dcbf4dc427889cd16f86b90cfaa/volumes/2ea2c7fc-0c18-4f5c-b1ae-c10c88eb626e => generated 0 bytes in 144 msecs (HTTP/1.1 202) 6 headers in 233 bytes (2 switches on core 0)
Feb 16 15:06:35.941451 dv-cinder-804035-31-smb devstack@c-api.service[109632]: INFO cinder.api.openstack.wsgi [None req-d8ce9655-38ea-4a18-804f-d6dce7b651a5 tempest-SnapshotsActionsTest-1505446714 tempest-SnapshotsActionsTest-1505446714-project] GET http://10.222.0.47/volume/v3/6ec18dcbf4dc427889cd16f86b90cfaa/volumes/2ea2c7fc-0c18-4f5c-b1ae-c10c88eb626e
Feb 16 15:06:35.942519 dv-cinder-804035-31-smb devstack@c-api.service[109632]: DEBUG cinder.api.openstack.wsgi [None req-d8ce9655-38ea-4a18-804f-d6dce7b651a5 tempest-SnapshotsActionsTest-1505446714 tempest-SnapshotsActionsTest-1505446714-project] Empty body provided in request {{(pid=109632) get_body /opt/stack/cinder/cinder/api/openstack/wsgi.py:715}}
Feb 16 15:06:35.945094 dv-cinder-804035-31-smb devstack@c-api.service[109632]: DEBUG cinder.api.openstack.wsgi [None req-d8ce9655-38ea-4a18-804f-d6dce7b651a5 tempest-SnapshotsActionsTest-1505446714 tempest-SnapshotsActionsTest-1505446714-project] Calling method 'show' {{(pid=109632) _process_stack /opt/stack/cinder/cinder/api/openstack/wsgi.py:868}}
Feb 16 15:06:35.957472 dv-cinder-804035-31-smb devstack@c-api.service[109633]: INFO cinder.api.openstack.wsgi [None req-34b63f5f-8a36-425e-b930-eeb68690b4f6 tempest-GroupSnapshotsTest-1834651372 tempest-GroupSnapshotsTest-1834651372-project] http://10.222.0.47/volume/v3/9c41cdd2260e40038350d3c906c2daa1/groups/e60537ff-0f2f-4627-a817-a479582cf939 returned with HTTP 200
Feb 16 15:06:35.966517 dv-cinder-804035-31-smb devstack@c-api.service[109633]: [pid: 109633|app: 0|req: 86/160] 10.222.0.47 () {60 vars in 1362 bytes} [Wed Feb 16 15:06:35 2022] GET /volume/v3/9c41cdd2260e40038350d3c906c2daa1/groups/e60537ff-0f2f-4627-a817-a479582cf939 => generated 391 bytes in 83 msecs (HTTP/1.1 200) 7 headers in 286 bytes (1 switches on core 0)
Feb 16 15:06:36.000016 dv-cinder-804035-31-smb devstack@c-api.service[109632]: /usr/local/lib/python3.8/dist-packages/oslo_context/context.py:105: DeprecationWarning: Policy enforcement is depending on the value of is_admin. This key is deprecated. Please update your policy file to use the standard policy values.
Feb 16 15:06:36.000016 dv-cinder-804035-31-smb devstack@c-api.service[109632]: warnings.warn('Policy enforcement is depending on the value of '
Feb 16 15:06:36.053757 dv-cinder-804035-31-smb devstack@c-api.service[109632]: INFO cinder.volume.api [None req-d8ce9655-38ea-4a18-804f-d6dce7b651a5 tempest-SnapshotsActionsTest-1505446714 tempest-SnapshotsActionsTest-1505446714-project] Volume info retrieved successfully.
Feb 16 15:06:36.092281 dv-cinder-804035-31-smb devstack@c-api.service[109632]: INFO cinder.api.openstack.wsgi [None req-d8ce9655-38ea-4a18-804f-d6dce7b651a5 tempest-SnapshotsActionsTest-1505446714 tempest-SnapshotsActionsTest-1505446714-project] http://10.222.0.47/volume/v3/6ec18dcbf4dc427889cd16f86b90cfaa/volumes/2ea2c7fc-0c18-4f5c-b1ae-c10c88eb626e returned with HTTP 200
Feb 16 15:06:36.094492 dv-cinder-804035-31-smb devstack@c-api.service[109632]: [pid: 109632|app: 0|req: 75/161] 10.222.0.47 () {58 vars in 1324 bytes} [Wed Feb 16 15:06:35 2022] GET /volume/v3/6ec18dcbf4dc427889cd16f86b90cfaa/volumes/2ea2c7fc-0c18-4f5c-b1ae-c10c88eb626e => generated 912 bytes in 162 msecs (HTTP/1.1 200) 7 headers in 285 bytes (1 switches on core 0)
Feb 16 15:06:36.608896 dv-cinder-804035-31-smb devstack@c-api.service[109633]: INFO cinder.api.openstack.wsgi [None req-e0c8b250-000d-4a6e-9526-e344fcdac7cf tempest-GroupsTest-1991463427 tempest-GroupsTest-1991463427-project] GET http://10.222.0.47/volume/v3/4f97ac73b24c48dea4f67792e9120cc7/groups/1d336072-8214-4545-bc3a-75284b16589a
Feb 16 15:06:36.609727 dv-cinder-804035-31-smb devstack@c-api.service[109633]: DEBUG cinder.api.openstack.wsgi [None req-e0c8b250-000d-4a6e-9526-e344fcdac7cf tempest-GroupsTest-1991463427 tempest-GroupsTest-1991463427-project] Empty body provided in request {{(pid=109633) get_body /opt/stack/cinder/cinder/api/openstack/wsgi.py:715}}
Feb 16 15:06:36.611932 dv-cinder-804035-31-smb devstack@c-api.service[109633]: DEBUG cinder.api.openstack.wsgi [None req-e0c8b250-000d-4a6e-9526-e344fcdac7cf tempest-GroupsTest-1991463427 tempest-GroupsTest-1991463427-project] Calling method 'version_select' {{(pid=109633) _process_stack /opt/stack/cinder/cinder/api/openstack/wsgi.py:868}}
Feb 16 15:06:36.612842 dv-cinder-804035-31-smb devstack@c-api.service[109633]: DEBUG cinder.api.v3.groups [None req-e0c8b250-000d-4a6e-9526-e344fcdac7cf tempest-GroupsTest-1991463427 tempest-GroupsTest-1991463427-project] show called for member 1d336072-8214-4545-bc3a-75284b16589a {{(pid=109633) show /opt/stack/cinder/cinder/api/v3/groups.py:58}}
Feb 16 15:06:36.626849 dv-cinder-804035-31-smb devstack@c-api.service[109633]: /usr/local/lib/python3.8/dist-packages/oslo_context/context.py:105: DeprecationWarning: Policy enforcement is depending on the value of is_admin. This key is deprecated. Please update your policy file to use the standard policy values.
Feb 16 15:06:36.626849 dv-cinder-804035-31-smb devstack@c-api.service[109633]: warnings.warn('Policy enforcement is depending on the value of '
Feb 16 15:06:36.688509 dv-cinder-804035-31-smb devstack@c-api.service[109633]: INFO cinder.api.openstack.wsgi [None req-e0c8b250-000d-4a6e-9526-e344fcdac7cf tempest-GroupsTest-1991463427 tempest-GroupsTest-1991463427-project] http://10.222.0.47/volume/v3/4f97ac73b24c48dea4f67792e9120cc7/groups/1d336072-8214-4545-bc3a-75284b16589a returned with HTTP 200
Feb 16 15:06:36.689753 dv-cinder-804035-31-smb devstack@c-api.service[109633]: [pid: 109633|app: 0|req: 87/162] 10.222.0.47 () {60 vars in 1362 bytes} [Wed Feb 16 15:06:36 2022] GET /volume/v3/4f97ac73b24c48dea4f67792e9120cc7/groups/1d336072-8214-4545-bc3a-75284b16589a => generated 323 bytes in 87 msecs (HTTP/1.1 200) 7 headers in 286 bytes (1 switches on core 0)
Feb 16 15:06:36.702628 dv-cinder-804035-31-smb devstack@c-api.service[109632]: INFO cinder.api.openstack.wsgi [None req-46627de9-079e-483d-a30e-e60752be6e71 tempest-GroupsTest-1991463427 tempest-GroupsTest-1991463427-project] POST http://10.222.0.47/volume/v3/4f97ac73b24c48dea4f67792e9120cc7/groups
Feb 16 15:06:36.703589 dv-cinder-804035-31-smb devstack@c-api.service[109632]: DEBUG cinder.api.openstack.wsgi [None req-46627de9-079e-483d-a30e-e60752be6e71 tempest-GroupsTest-1991463427 tempest-GroupsTest-1991463427-project] Action: 'create', calling method: version_select, body: {"group": {"group_type": "f72d82a2-870c-4696-a71f-ea21b11a2c50", "volume_types": ["9faa2f71-eb89-4062-9ce8-564206a50f5d"], "name": "tempest-Group2-589150930"}} {{(pid=109632) _process_stack /opt/stack/cinder/cinder/api/openstack/wsgi.py:866}}
Feb 16 15:06:36.704723 dv-cinder-804035-31-smb devstack@c-api.service[109632]: DEBUG cinder.api.v3.groups [None req-46627de9-079e-483d-a30e-e60752be6e71 tempest-GroupsTest-1991463427 tempest-GroupsTest-1991463427-project] Creating new group {'group': {'group_type': 'f72d82a2-870c-4696-a71f-ea21b11a2c50', 'volume_types': ['9faa2f71-eb89-4062-9ce8-564206a50f5d'], 'name': 'tempest-Group2-589150930'}} {{(pid=109632) create /opt/stack/cinder/cinder/api/v3/groups.py:190}}
Feb 16 15:06:36.720847 dv-cinder-804035-31-smb devstack@c-api.service[109632]: INFO cinder.api.v3.groups [None req-46627de9-079e-483d-a30e-e60752be6e71 tempest-GroupsTest-1991463427 tempest-GroupsTest-1991463427-project] Creating group tempest-Group2-589150930.
Feb 16 15:06:36.758402 dv-cinder-804035-31-smb devstack@c-api.service[109632]: INFO cinder.volume.api [None req-46627de9-079e-483d-a30e-e60752be6e71 tempest-GroupsTest-1991463427 tempest-GroupsTest-1991463427-project] Availability Zones retrieved successfully.
Feb 16 15:06:36.803946 dv-cinder-804035-31-smb devstack@c-api.service[109632]: DEBUG cinder.quota [None req-46627de9-079e-483d-a30e-e60752be6e71 tempest-GroupsTest-1991463427 tempest-GroupsTest-1991463427-project] Created reservations ['341c32aa-27e1-499b-95aa-418e46fa2018'] {{(pid=109632) reserve /opt/stack/cinder/cinder/quota.py:755}}
Feb 16 15:06:36.866521 dv-cinder-804035-31-smb devstack@c-api.service[109632]: INFO cinder.api.openstack.wsgi [None req-46627de9-079e-483d-a30e-e60752be6e71 tempest-GroupsTest-1991463427 tempest-GroupsTest-1991463427-project] http://10.222.0.47/volume/v3/4f97ac73b24c48dea4f67792e9120cc7/groups returned with HTTP 202
Feb 16 15:06:36.870403 dv-cinder-804035-31-smb devstack@c-api.service[109632]: [pid: 109632|app: 0|req: 76/163] 10.222.0.47 () {62 vars in 1273 bytes} [Wed Feb 16 15:06:36 2022] POST /volume/v3/4f97ac73b24c48dea4f67792e9120cc7/groups => generated 93 bytes in 173 msecs (HTTP/1.1 202) 7 headers in 291 bytes (1 switches on core 0)
Feb 16 15:06:36.877568 dv-cinder-804035-31-smb devstack@c-api.service[109633]: INFO cinder.api.openstack.wsgi [None req-1fd43f25-dcf6-48e3-a901-c7e572088f49 tempest-GroupsTest-1991463427 tempest-GroupsTest-1991463427-project] GET http://10.222.0.47/volume/v3/4f97ac73b24c48dea4f67792e9120cc7/groups/e8cb66cb-8ecf-4219-b720-1e77ed711340
Feb 16 15:06:36.878106 dv-cinder-804035-31-smb devstack@c-api.service[109633]: DEBUG cinder.api.openstack.wsgi [None req-1fd43f25-dcf6-48e3-a901-c7e572088f49 tempest-GroupsTest-1991463427 tempest-GroupsTest-1991463427-project] Empty body provided in request {{(pid=109633) get_body /opt/stack/cinder/cinder/api/openstack/wsgi.py:715}}
Feb 16 15:06:36.879093 dv-cinder-804035-31-smb devstack@c-api.service[109633]: DEBUG cinder.api.openstack.wsgi [None req-1fd43f25-dcf6-48e3-a901-c7e572088f49 tempest-GroupsTest-1991463427 tempest-GroupsTest-1991463427-project] Calling method 'version_select' {{(pid=109633) _process_stack /opt/stack/cinder/cinder/api/openstack/wsgi.py:868}}
Feb 16 15:06:36.879745 dv-cinder-804035-31-smb devstack@c-api.service[109633]: DEBUG cinder.api.v3.groups [None req-1fd43f25-dcf6-48e3-a901-c7e572088f49 tempest-GroupsTest-1991463427 tempest-GroupsTest-1991463427-project] show called for member e8cb66cb-8ecf-4219-b720-1e77ed711340 {{(pid=109633) show /opt/stack/cinder/cinder/api/v3/groups.py:58}}
Feb 16 15:06:36.905453 dv-cinder-804035-31-smb devstack@c-api.service[109633]: /usr/local/lib/python3.8/dist-packages/oslo_context/context.py:105: DeprecationWarning: Policy enforcement is depending on the value of is_admin. This key is deprecated. Please update your policy file to use the standard policy values.
Feb 16 15:06:36.905453 dv-cinder-804035-31-smb devstack@c-api.service[109633]: warnings.warn('Policy enforcement is depending on the value of '
Feb 16 15:06:36.969256 dv-cinder-804035-31-smb devstack@c-api.service[109632]: INFO cinder.api.openstack.wsgi [None req-814413c8-8418-4226-b64e-21d584c676ea tempest-GroupSnapshotsTest-1834651372 tempest-GroupSnapshotsTest-1834651372-project] GET http://10.222.0.47/volume/v3/9c41cdd2260e40038350d3c906c2daa1/groups/e60537ff-0f2f-4627-a817-a479582cf939
Feb 16 15:06:36.969901 dv-cinder-804035-31-smb devstack@c-api.service[109632]: DEBUG cinder.api.openstack.wsgi [None req-814413c8-8418-4226-b64e-21d584c676ea tempest-GroupSnapshotsTest-1834651372 tempest-GroupSnapshotsTest-1834651372-project] Empty body provided in request {{(pid=109632) get_body /opt/stack/cinder/cinder/api/openstack/wsgi.py:715}}
Feb 16 15:06:36.970430 dv-cinder-804035-31-smb devstack@c-api.service[109632]: DEBUG cinder.api.openstack.wsgi [None req-814413c8-8418-4226-b64e-21d584c676ea tempest-GroupSnapshotsTest-1834651372 tempest-GroupSnapshotsTest-1834651372-project] Calling method 'version_select' {{(pid=109632) _process_stack /opt/stack/cinder/cinder/api/openstack/wsgi.py:868}}
Feb 16 15:06:36.970845 dv-cinder-804035-31-smb devstack@c-api.service[109632]: DEBUG cinder.api.v3.groups [None req-814413c8-8418-4226-b64e-21d584c676ea tempest-GroupSnapshotsTest-1834651372 tempest-GroupSnapshotsTest-1834651372-project] show called for member e60537ff-0f2f-4627-a817-a479582cf939 {{(pid=109632) show /opt/stack/cinder/cinder/api/v3/groups.py:58}}
Feb 16 15:06:36.985745 dv-cinder-804035-31-smb devstack@c-api.service[109632]: /usr/local/lib/python3.8/dist-packages/oslo_context/context.py:105: DeprecationWarning: Policy enforcement is depending on the value of is_admin. This key is deprecated. Please update your policy file to use the standard policy values.
Feb 16 15:06:36.985745 dv-cinder-804035-31-smb devstack@c-api.service[109632]: warnings.warn('Policy enforcement is depending on the value of '
Feb 16 15:06:36.991158 dv-cinder-804035-31-smb devstack@c-api.service[109633]: INFO cinder.api.openstack.wsgi [None req-1fd43f25-dcf6-48e3-a901-c7e572088f49 tempest-GroupsTest-1991463427 tempest-GroupsTest-1991463427-project] http://10.222.0.47/volume/v3/4f97ac73b24c48dea4f67792e9120cc7/groups/e8cb66cb-8ecf-4219-b720-1e77ed711340 returned with HTTP 200
Feb 16 15:06:36.991924 dv-cinder-804035-31-smb devstack@c-api.service[109633]: [pid: 109633|app: 0|req: 88/164] 10.222.0.47 () {60 vars in 1362 bytes} [Wed Feb 16 15:06:36 2022] GET /volume/v3/4f97ac73b24c48dea4f67792e9120cc7/groups/e8cb66cb-8ecf-4219-b720-1e77ed711340 => generated 321 bytes in 120 msecs (HTTP/1.1 200) 7 headers in 286 bytes (1 switches on core 0)
Feb 16 15:06:37.038834 dv-cinder-804035-31-smb devstack@c-api.service[109632]: INFO cinder.api.openstack.wsgi [None req-814413c8-8418-4226-b64e-21d584c676ea tempest-GroupSnapshotsTest-1834651372 tempest-GroupSnapshotsTest-1834651372-project] http://10.222.0.47/volume/v3/9c41cdd2260e40038350d3c906c2daa1/groups/e60537ff-0f2f-4627-a817-a479582cf939 returned with HTTP 200
Feb 16 15:06:37.044808 dv-cinder-804035-31-smb devstack@c-api.service[109632]: [pid: 109632|app: 0|req: 77/165] 10.222.0.47 () {60 vars in 1362 bytes} [Wed Feb 16 15:06:36 2022] GET /volume/v3/9c41cdd2260e40038350d3c906c2daa1/groups/e60537ff-0f2f-4627-a817-a479582cf939 => generated 392 bytes in 79 msecs (HTTP/1.1 200) 7 headers in 286 bytes (1 switches on core 0)
Feb 16 15:06:37.056791 dv-cinder-804035-31-smb devstack@c-api.service[109633]: INFO cinder.api.openstack.wsgi [None req-89e764de-54b2-4379-9230-a8ccf65c8617 tempest-GroupSnapshotsTest-1834651372 tempest-GroupSnapshotsTest-1834651372-project] PUT http://10.222.0.47/volume/v3/9c41cdd2260e40038350d3c906c2daa1/groups/e60537ff-0f2f-4627-a817-a479582cf939
Feb 16 15:06:37.059252 dv-cinder-804035-31-smb devstack@c-api.service[109633]: DEBUG cinder.api.openstack.wsgi [None req-89e764de-54b2-4379-9230-a8ccf65c8617 tempest-GroupSnapshotsTest-1834651372 tempest-GroupSnapshotsTest-1834651372-project] Action: 'update', calling method: version_select, body: {"group": {"add_volumes": "1ac8d5db-022e-4d9f-a21b-f84b6c08f3f6"}} {{(pid=109633) _process_stack /opt/stack/cinder/cinder/api/openstack/wsgi.py:866}}
Feb 16 15:06:37.060494 dv-cinder-804035-31-smb devstack@c-api.service[109633]: DEBUG cinder.api.v3.groups [None req-89e764de-54b2-4379-9230-a8ccf65c8617 tempest-GroupSnapshotsTest-1834651372 tempest-GroupSnapshotsTest-1834651372-project] Update called for group e60537ff-0f2f-4627-a817-a479582cf939. {{(pid=109633) update /opt/stack/cinder/cinder/api/v3/groups.py:302}}
Feb 16 15:06:37.061009 dv-cinder-804035-31-smb devstack@c-api.service[109633]: INFO cinder.api.v3.groups [None req-89e764de-54b2-4379-9230-a8ccf65c8617 tempest-GroupSnapshotsTest-1834651372 tempest-GroupSnapshotsTest-1834651372-project] Updating group e60537ff-0f2f-4627-a817-a479582cf939 with name None description: None add_volumes: 1ac8d5db-022e-4d9f-a21b-f84b6c08f3f6 remove_volumes: None.
Feb 16 15:06:37.071703 dv-cinder-804035-31-smb devstack@c-api.service[109633]: /usr/local/lib/python3.8/dist-packages/oslo_context/context.py:105: DeprecationWarning: Policy enforcement is depending on the value of is_admin. This key is deprecated. Please update your policy file to use the standard policy values.
Feb 16 15:06:37.071703 dv-cinder-804035-31-smb devstack@c-api.service[109633]: warnings.warn('Policy enforcement is depending on the value of '
Feb 16 15:06:37.115130 dv-cinder-804035-31-smb devstack@c-api.service[109632]: INFO cinder.api.openstack.wsgi [None req-5a502d89-b89e-47f8-9df2-411a678830eb tempest-SnapshotsActionsTest-1505446714 tempest-SnapshotsActionsTest-1505446714-project] GET http://10.222.0.47/volume/v3/6ec18dcbf4dc427889cd16f86b90cfaa/volumes/2ea2c7fc-0c18-4f5c-b1ae-c10c88eb626e
Feb 16 15:06:37.116132 dv-cinder-804035-31-smb devstack@c-api.service[109632]: DEBUG cinder.api.openstack.wsgi [None req-5a502d89-b89e-47f8-9df2-411a678830eb tempest-SnapshotsActionsTest-1505446714 tempest-SnapshotsActionsTest-1505446714-project] Empty body provided in request {{(pid=109632) get_body /opt/stack/cinder/cinder/api/openstack/wsgi.py:715}}
Feb 16 15:06:37.117102 dv-cinder-804035-31-smb devstack@c-api.service[109632]: DEBUG cinder.api.openstack.wsgi [None req-5a502d89-b89e-47f8-9df2-411a678830eb tempest-SnapshotsActionsTest-1505446714 tempest-SnapshotsActionsTest-1505446714-project] Calling method 'show' {{(pid=109632) _process_stack /opt/stack/cinder/cinder/api/openstack/wsgi.py:868}}
Feb 16 15:06:37.144608 dv-cinder-804035-31-smb devstack@c-api.service[109632]: INFO cinder.api.openstack.wsgi [None req-5a502d89-b89e-47f8-9df2-411a678830eb tempest-SnapshotsActionsTest-1505446714 tempest-SnapshotsActionsTest-1505446714-project] http://10.222.0.47/volume/v3/6ec18dcbf4dc427889cd16f86b90cfaa/volumes/2ea2c7fc-0c18-4f5c-b1ae-c10c88eb626e returned with HTTP 404
Feb 16 15:06:37.164952 dv-cinder-804035-31-smb devstack@c-api.service[109632]: [pid: 109632|app: 0|req: 78/166] 10.222.0.47 () {58 vars in 1324 bytes} [Wed Feb 16 15:06:37 2022] GET /volume/v3/6ec18dcbf4dc427889cd16f86b90cfaa/volumes/2ea2c7fc-0c18-4f5c-b1ae-c10c88eb626e => generated 109 bytes in 57 msecs (HTTP/1.1 404) 7 headers in 292 bytes (1 switches on core 0)
Feb 16 15:06:37.225033 dv-cinder-804035-31-smb devstack@c-api.service[109633]: INFO cinder.api.openstack.wsgi [None req-89e764de-54b2-4379-9230-a8ccf65c8617 tempest-GroupSnapshotsTest-1834651372 tempest-GroupSnapshotsTest-1834651372-project] http://10.222.0.47/volume/v3/9c41cdd2260e40038350d3c906c2daa1/groups/e60537ff-0f2f-4627-a817-a479582cf939 returned with HTTP 202
Feb 16 15:06:37.229734 dv-cinder-804035-31-smb devstack@c-api.service[109633]: [pid: 109633|app: 0|req: 89/167] 10.222.0.47 () {62 vars in 1382 bytes} [Wed Feb 16 15:06:37 2022] PUT /volume/v3/9c41cdd2260e40038350d3c906c2daa1/groups/e60537ff-0f2f-4627-a817-a479582cf939 => generated 0 bytes in 175 msecs (HTTP/1.1 202) 6 headers in 234 bytes (1 switches on core 0)
Feb 16 15:06:37.236659 dv-cinder-804035-31-smb devstack@c-api.service[109632]: INFO cinder.api.openstack.wsgi [None req-fac39a32-1e53-4780-92e9-4f7a619067b3 tempest-GroupSnapshotsTest-1834651372 tempest-GroupSnapshotsTest-1834651372-project] GET http://10.222.0.47/volume/v3/9c41cdd2260e40038350d3c906c2daa1/groups/e60537ff-0f2f-4627-a817-a479582cf939
Feb 16 15:06:37.237339 dv-cinder-804035-31-smb devstack@c-api.service[109632]: DEBUG cinder.api.openstack.wsgi [None req-fac39a32-1e53-4780-92e9-4f7a619067b3 tempest-GroupSnapshotsTest-1834651372 tempest-GroupSnapshotsTest-1834651372-project] Empty body provided in request {{(pid=109632) get_body /opt/stack/cinder/cinder/api/openstack/wsgi.py:715}}
Feb 16 15:06:37.237871 dv-cinder-804035-31-smb devstack@c-api.service[109632]: DEBUG cinder.api.openstack.wsgi [None req-fac39a32-1e53-4780-92e9-4f7a619067b3 tempest-GroupSnapshotsTest-1834651372 tempest-GroupSnapshotsTest-1834651372-project] Calling method 'version_select' {{(pid=109632) _process_stack /opt/stack/cinder/cinder/api/openstack/wsgi.py:868}}
Feb 16 15:06:37.238308 dv-cinder-804035-31-smb devstack@c-api.service[109632]: DEBUG cinder.api.v3.groups [None req-fac39a32-1e53-4780-92e9-4f7a619067b3 tempest-GroupSnapshotsTest-1834651372 tempest-GroupSnapshotsTest-1834651372-project] show called for member e60537ff-0f2f-4627-a817-a479582cf939 {{(pid=109632) show /opt/stack/cinder/cinder/api/v3/groups.py:58}}
Feb 16 15:06:37.250549 dv-cinder-804035-31-smb devstack@c-api.service[109632]: /usr/local/lib/python3.8/dist-packages/oslo_context/context.py:105: DeprecationWarning: Policy enforcement is depending on the value of is_admin. This key is deprecated. Please update your policy file to use the standard policy values.
Feb 16 15:06:37.250549 dv-cinder-804035-31-smb devstack@c-api.service[109632]: warnings.warn('Policy enforcement is depending on the value of '
Feb 16 15:06:37.302435 dv-cinder-804035-31-smb devstack@c-api.service[109632]: INFO cinder.api.openstack.wsgi [None req-fac39a32-1e53-4780-92e9-4f7a619067b3 tempest-GroupSnapshotsTest-1834651372 tempest-GroupSnapshotsTest-1834651372-project] http://10.222.0.47/volume/v3/9c41cdd2260e40038350d3c906c2daa1/groups/e60537ff-0f2f-4627-a817-a479582cf939 returned with HTTP 200
Feb 16 15:06:37.309346 dv-cinder-804035-31-smb devstack@c-api.service[109632]: [pid: 109632|app: 0|req: 79/168] 10.222.0.47 () {60 vars in 1362 bytes} [Wed Feb 16 15:06:37 2022] GET /volume/v3/9c41cdd2260e40038350d3c906c2daa1/groups/e60537ff-0f2f-4627-a817-a479582cf939 => generated 391 bytes in 77 msecs (HTTP/1.1 200) 7 headers in 286 bytes (1 switches on core 0)
Feb 16 15:06:38.003561 dv-cinder-804035-31-smb devstack@c-api.service[109633]: INFO cinder.api.openstack.wsgi [None req-b5d73a84-a5ce-4235-a3c5-fb4ff68e7641 tempest-GroupsTest-1991463427 tempest-GroupsTest-1991463427-project] GET http://10.222.0.47/volume/v3/4f97ac73b24c48dea4f67792e9120cc7/groups/e8cb66cb-8ecf-4219-b720-1e77ed711340
Feb 16 15:06:38.004920 dv-cinder-804035-31-smb devstack@c-api.service[109633]: DEBUG cinder.api.openstack.wsgi [None req-b5d73a84-a5ce-4235-a3c5-fb4ff68e7641 tempest-GroupsTest-1991463427 tempest-GroupsTest-1991463427-project] Empty body provided in request {{(pid=109633) get_body /opt/stack/cinder/cinder/api/openstack/wsgi.py:715}}
Feb 16 15:06:38.005546 dv-cinder-804035-31-smb devstack@c-api.service[109633]: DEBUG cinder.api.openstack.wsgi [None req-b5d73a84-a5ce-4235-a3c5-fb4ff68e7641 tempest-GroupsTest-1991463427 tempest-GroupsTest-1991463427-project] Calling method 'version_select' {{(pid=109633) _process_stack /opt/stack/cinder/cinder/api/openstack/wsgi.py:868}}
Feb 16 15:06:38.006083 dv-cinder-804035-31-smb devstack@c-api.service[109633]: DEBUG cinder.api.v3.groups [None req-b5d73a84-a5ce-4235-a3c5-fb4ff68e7641 tempest-GroupsTest-1991463427 tempest-GroupsTest-1991463427-project] show called for member e8cb66cb-8ecf-4219-b720-1e77ed711340 {{(pid=109633) show /opt/stack/cinder/cinder/api/v3/groups.py:58}}
Feb 16 15:06:38.028879 dv-cinder-804035-31-smb devstack@c-api.service[109633]: /usr/local/lib/python3.8/dist-packages/oslo_context/context.py:105: DeprecationWarning: Policy enforcement is depending on the value of is_admin. This key is deprecated. Please update your policy file to use the standard policy values.
Feb 16 15:06:38.028879 dv-cinder-804035-31-smb devstack@c-api.service[109633]: warnings.warn('Policy enforcement is depending on the value of '
Feb 16 15:06:38.078698 dv-cinder-804035-31-smb devstack@c-api.service[109633]: INFO cinder.api.openstack.wsgi [None req-b5d73a84-a5ce-4235-a3c5-fb4ff68e7641 tempest-GroupsTest-1991463427 tempest-GroupsTest-1991463427-project] http://10.222.0.47/volume/v3/4f97ac73b24c48dea4f67792e9120cc7/groups/e8cb66cb-8ecf-4219-b720-1e77ed711340 returned with HTTP 200
Feb 16 15:06:38.081666 dv-cinder-804035-31-smb devstack@c-api.service[109633]: [pid: 109633|app: 0|req: 90/169] 10.222.0.47 () {60 vars in 1362 bytes} [Wed Feb 16 15:06:37 2022] GET /volume/v3/4f97ac73b24c48dea4f67792e9120cc7/groups/e8cb66cb-8ecf-4219-b720-1e77ed711340 => generated 322 bytes in 82 msecs (HTTP/1.1 200) 7 headers in 286 bytes (1 switches on core 0)
Feb 16 15:06:38.092168 dv-cinder-804035-31-smb devstack@c-api.service[109632]: INFO cinder.api.openstack.wsgi [None req-f20471a6-f86b-4f9a-a1ef-db8757e3c756 tempest-GroupsTest-1991463427 tempest-GroupsTest-1991463427-project] POST http://10.222.0.47/volume/v3/4f97ac73b24c48dea4f67792e9120cc7/volumes
Feb 16 15:06:38.093790 dv-cinder-804035-31-smb devstack@c-api.service[109632]: DEBUG cinder.api.openstack.wsgi [None req-f20471a6-f86b-4f9a-a1ef-db8757e3c756 tempest-GroupsTest-1991463427 tempest-GroupsTest-1991463427-project] Action: 'create', calling method: create, body: {"volume": {"name": "tempest-volume-143713854", "volume_type": "9faa2f71-eb89-4062-9ce8-564206a50f5d", "group_id": "1d336072-8214-4545-bc3a-75284b16589a", "size": 1}} {{(pid=109632) _process_stack /opt/stack/cinder/cinder/api/openstack/wsgi.py:866}}
Feb 16 15:06:38.095337 dv-cinder-804035-31-smb devstack@c-api.service[109632]: DEBUG cinder.api.v3.volumes [None req-f20471a6-f86b-4f9a-a1ef-db8757e3c756 tempest-GroupsTest-1991463427 tempest-GroupsTest-1991463427-project] Create volume request body: {'volume': {'name': 'tempest-volume-143713854', 'volume_type': '9faa2f71-eb89-4062-9ce8-564206a50f5d', 'group_id': '1d336072-8214-4545-bc3a-75284b16589a', 'size': 1}} {{(pid=109632) create /opt/stack/cinder/cinder/api/v3/volumes.py:298}}
Feb 16 15:06:38.126259 dv-cinder-804035-31-smb devstack@c-api.service[109632]: /usr/local/lib/python3.8/dist-packages/oslo_context/context.py:105: DeprecationWarning: Policy enforcement is depending on the value of is_admin. This key is deprecated. Please update your policy file to use the standard policy values.
Feb 16 15:06:38.126259 dv-cinder-804035-31-smb devstack@c-api.service[109632]: warnings.warn('Policy enforcement is depending on the value of '
Feb 16 15:06:38.128970 dv-cinder-804035-31-smb devstack@c-api.service[109632]: INFO cinder.api.v3.volumes [None req-f20471a6-f86b-4f9a-a1ef-db8757e3c756 tempest-GroupsTest-1991463427 tempest-GroupsTest-1991463427-project] Create volume of 1 GB
Feb 16 15:06:38.175458 dv-cinder-804035-31-smb devstack@c-api.service[109632]: INFO cinder.volume.api [None req-f20471a6-f86b-4f9a-a1ef-db8757e3c756 tempest-GroupsTest-1991463427 tempest-GroupsTest-1991463427-project] Availability Zones retrieved successfully.
Feb 16 15:06:38.243355 dv-cinder-804035-31-smb devstack@c-api.service[109632]: DEBUG cinder.volume.api [None req-f20471a6-f86b-4f9a-a1ef-db8757e3c756 tempest-GroupsTest-1991463427 tempest-GroupsTest-1991463427-project] Flow 'volume_create_api' (d5142c03-e2e6-4cc4-b87e-ae3ada6650e5) transitioned into state 'RUNNING' from state 'PENDING' {{(pid=109632) _flow_receiver /usr/local/lib/python3.8/dist-packages/taskflow/listeners/logging.py:141}}
Feb 16 15:06:38.246097 dv-cinder-804035-31-smb devstack@c-api.service[109632]: DEBUG cinder.volume.api [None req-f20471a6-f86b-4f9a-a1ef-db8757e3c756 tempest-GroupsTest-1991463427 tempest-GroupsTest-1991463427-project] Task 'cinder.volume.flows.api.create_volume.ExtractVolumeRequestTask;volume:create' (a4dd3c51-86df-4f0e-81fa-4dcda6903d0f) transitioned into state 'RUNNING' from state 'PENDING' {{(pid=109632) _task_receiver /usr/local/lib/python3.8/dist-packages/taskflow/listeners/logging.py:190}}
Feb 16 15:06:38.247895 dv-cinder-804035-31-smb devstack@c-api.service[109632]: /usr/local/lib/python3.8/dist-packages/oslo_context/context.py:105: DeprecationWarning: Policy enforcement is depending on the value of is_admin. This key is deprecated. Please update your policy file to use the standard policy values.
Feb 16 15:06:38.247895 dv-cinder-804035-31-smb devstack@c-api.service[109632]: warnings.warn('Policy enforcement is depending on the value of '
Feb 16 15:06:38.249055 dv-cinder-804035-31-smb devstack@c-api.service[109632]: DEBUG cinder.volume.flows.api.create_volume [None req-f20471a6-f86b-4f9a-a1ef-db8757e3c756 tempest-GroupsTest-1991463427 tempest-GroupsTest-1991463427-project] Validating volume size '1' using validate_int {{(pid=109632) _extract_size /opt/stack/cinder/cinder/volume/flows/api/create_volume.py:225}}
Feb 16 15:06:38.315781 dv-cinder-804035-31-smb devstack@c-api.service[109633]: INFO cinder.api.openstack.wsgi [None req-31721330-c218-49b1-adc1-72576ebbf860 tempest-GroupSnapshotsTest-1834651372 tempest-GroupSnapshotsTest-1834651372-project] GET http://10.222.0.47/volume/v3/9c41cdd2260e40038350d3c906c2daa1/groups/e60537ff-0f2f-4627-a817-a479582cf939
Feb 16 15:06:38.316337 dv-cinder-804035-31-smb devstack@c-api.service[109633]: DEBUG cinder.api.openstack.wsgi [None req-31721330-c218-49b1-adc1-72576ebbf860 tempest-GroupSnapshotsTest-1834651372 tempest-GroupSnapshotsTest-1834651372-project] Empty body provided in request {{(pid=109633) get_body /opt/stack/cinder/cinder/api/openstack/wsgi.py:715}}
Feb 16 15:06:38.316945 dv-cinder-804035-31-smb devstack@c-api.service[109633]: DEBUG cinder.api.openstack.wsgi [None req-31721330-c218-49b1-adc1-72576ebbf860 tempest-GroupSnapshotsTest-1834651372 tempest-GroupSnapshotsTest-1834651372-project] Calling method 'version_select' {{(pid=109633) _process_stack /opt/stack/cinder/cinder/api/openstack/wsgi.py:868}}
Feb 16 15:06:38.317241 dv-cinder-804035-31-smb devstack@c-api.service[109633]: DEBUG cinder.api.v3.groups [None req-31721330-c218-49b1-adc1-72576ebbf860 tempest-GroupSnapshotsTest-1834651372 tempest-GroupSnapshotsTest-1834651372-project] show called for member e60537ff-0f2f-4627-a817-a479582cf939 {{(pid=109633) show /opt/stack/cinder/cinder/api/v3/groups.py:58}}
Feb 16 15:06:38.330436 dv-cinder-804035-31-smb devstack@c-api.service[109633]: /usr/local/lib/python3.8/dist-packages/oslo_context/context.py:105: DeprecationWarning: Policy enforcement is depending on the value of is_admin. This key is deprecated. Please update your policy file to use the standard policy values.
Feb 16 15:06:38.330436 dv-cinder-804035-31-smb devstack@c-api.service[109633]: warnings.warn('Policy enforcement is depending on the value of '
Feb 16 15:06:38.364032 dv-cinder-804035-31-smb devstack@c-api.service[109632]: DEBUG cinder.volume.api [None req-f20471a6-f86b-4f9a-a1ef-db8757e3c756 tempest-GroupsTest-1991463427 tempest-GroupsTest-1991463427-project] Task 'cinder.volume.flows.api.create_volume.ExtractVolumeRequestTask;volume:create' (a4dd3c51-86df-4f0e-81fa-4dcda6903d0f) transitioned into state 'SUCCESS' from state 'RUNNING' with result '{'size': 1, 'snapshot_id': None, 'source_volid': None, 'volume_type': VolumeType(created_at=2022-02-16T15:06:35Z,deleted=False,deleted_at=None,description=None,extra_specs={},id=9faa2f71-eb89-4062-9ce8-564206a50f5d,is_public=True,name='tempest-GroupsTest-volume-type-1880114365',projects=[],qos_specs=,qos_specs_id=None,updated_at=None), 'volume_type_id': '9faa2f71-eb89-4062-9ce8-564206a50f5d', 'encryption_key_id': None, 'qos_specs': None, 'consistencygroup_id': None, 'cgsnapshot_id': None, 'group_id': '1d336072-8214-4545-bc3a-75284b16589a', 'replication_status': 'disabled', 'refresh_az': False, 'backup_id': None, 'multiattach': False, 'availability_zones': ['nova']}' {{(pid=109632) _task_receiver /usr/local/lib/python3.8/dist-packages/taskflow/listeners/logging.py:178}}
Feb 16 15:06:38.366381 dv-cinder-804035-31-smb devstack@c-api.service[109632]: DEBUG cinder.volume.api [None req-f20471a6-f86b-4f9a-a1ef-db8757e3c756 tempest-GroupsTest-1991463427 tempest-GroupsTest-1991463427-project] Task 'cinder.volume.flows.api.create_volume.QuotaReserveTask;volume:create' (ae3c4d1d-8cc0-4926-b52f-8beb71e17ad9) transitioned into state 'RUNNING' from state 'PENDING' {{(pid=109632) _task_receiver /usr/local/lib/python3.8/dist-packages/taskflow/listeners/logging.py:190}}
Feb 16 15:06:38.387014 dv-cinder-804035-31-smb devstack@c-api.service[109633]: INFO cinder.api.openstack.wsgi [None req-31721330-c218-49b1-adc1-72576ebbf860 tempest-GroupSnapshotsTest-1834651372 tempest-GroupSnapshotsTest-1834651372-project] http://10.222.0.47/volume/v3/9c41cdd2260e40038350d3c906c2daa1/groups/e60537ff-0f2f-4627-a817-a479582cf939 returned with HTTP 200
Feb 16 15:06:38.387823 dv-cinder-804035-31-smb devstack@c-api.service[109633]: [pid: 109633|app: 0|req: 91/170] 10.222.0.47 () {60 vars in 1362 bytes} [Wed Feb 16 15:06:38 2022] GET /volume/v3/9c41cdd2260e40038350d3c906c2daa1/groups/e60537ff-0f2f-4627-a817-a479582cf939 => generated 392 bytes in 76 msecs (HTTP/1.1 200) 7 headers in 286 bytes (2 switches on core 0)
Feb 16 15:06:38.400678 dv-cinder-804035-31-smb devstack@c-api.service[109633]: INFO cinder.api.openstack.wsgi [None req-c43cc792-c4cd-4ee0-b94a-4d2f5b1fdc4d tempest-GroupSnapshotsTest-1834651372 tempest-GroupSnapshotsTest-1834651372-project] PUT http://10.222.0.47/volume/v3/9c41cdd2260e40038350d3c906c2daa1/groups/e60537ff-0f2f-4627-a817-a479582cf939
Feb 16 15:06:38.401602 dv-cinder-804035-31-smb devstack@c-api.service[109633]: DEBUG cinder.api.openstack.wsgi [None req-c43cc792-c4cd-4ee0-b94a-4d2f5b1fdc4d tempest-GroupSnapshotsTest-1834651372 tempest-GroupSnapshotsTest-1834651372-project] Action: 'update', calling method: version_select, body: {"group": {"remove_volumes": "801e3519-a810-4266-86d8-d1ef9a041fd5"}} {{(pid=109633) _process_stack /opt/stack/cinder/cinder/api/openstack/wsgi.py:866}}
Feb 16 15:06:38.402553 dv-cinder-804035-31-smb devstack@c-api.service[109633]: DEBUG cinder.api.v3.groups [None req-c43cc792-c4cd-4ee0-b94a-4d2f5b1fdc4d tempest-GroupSnapshotsTest-1834651372 tempest-GroupSnapshotsTest-1834651372-project] Update called for group e60537ff-0f2f-4627-a817-a479582cf939. {{(pid=109633) update /opt/stack/cinder/cinder/api/v3/groups.py:302}}
Feb 16 15:06:38.402958 dv-cinder-804035-31-smb devstack@c-api.service[109633]: INFO cinder.api.v3.groups [None req-c43cc792-c4cd-4ee0-b94a-4d2f5b1fdc4d tempest-GroupSnapshotsTest-1834651372 tempest-GroupSnapshotsTest-1834651372-project] Updating group e60537ff-0f2f-4627-a817-a479582cf939 with name None description: None add_volumes: None remove_volumes: 801e3519-a810-4266-86d8-d1ef9a041fd5.
Feb 16 15:06:38.433625 dv-cinder-804035-31-smb devstack@c-api.service[109633]: /usr/local/lib/python3.8/dist-packages/oslo_context/context.py:105: DeprecationWarning: Policy enforcement is depending on the value of is_admin. This key is deprecated. Please update your policy file to use the standard policy values.
Feb 16 15:06:38.433625 dv-cinder-804035-31-smb devstack@c-api.service[109633]: warnings.warn('Policy enforcement is depending on the value of '
Feb 16 15:06:38.504297 dv-cinder-804035-31-smb devstack@c-api.service[109632]: WARNING cinder.quota [None req-f20471a6-f86b-4f9a-a1ef-db8757e3c756 tempest-GroupsTest-1991463427 tempest-GroupsTest-1991463427-project] Deprecated: Default quota for resource: volumes_tempest-GroupsTest-volume-type-1880114365 is set by the default quota flag: quota_volumes_tempest-GroupsTest-volume-type-1880114365, it is now deprecated. Please use the default quota class for default quota.
Feb 16 15:06:38.504883 dv-cinder-804035-31-smb devstack@c-api.service[109632]: WARNING cinder.quota [None req-f20471a6-f86b-4f9a-a1ef-db8757e3c756 tempest-GroupsTest-1991463427 tempest-GroupsTest-1991463427-project] Deprecated: Default quota for resource: gigabytes_tempest-GroupsTest-volume-type-1880114365 is set by the default quota flag: quota_gigabytes_tempest-GroupsTest-volume-type-1880114365, it is now deprecated. Please use the default quota class for default quota.
Feb 16 15:06:38.538410 dv-cinder-804035-31-smb devstack@c-api.service[109633]: INFO cinder.api.openstack.wsgi [None req-c43cc792-c4cd-4ee0-b94a-4d2f5b1fdc4d tempest-GroupSnapshotsTest-1834651372 tempest-GroupSnapshotsTest-1834651372-project] http://10.222.0.47/volume/v3/9c41cdd2260e40038350d3c906c2daa1/groups/e60537ff-0f2f-4627-a817-a479582cf939 returned with HTTP 202
Feb 16 15:06:38.540428 dv-cinder-804035-31-smb devstack@c-api.service[109633]: [pid: 109633|app: 0|req: 92/171] 10.222.0.47 () {62 vars in 1382 bytes} [Wed Feb 16 15:06:38 2022] PUT /volume/v3/9c41cdd2260e40038350d3c906c2daa1/groups/e60537ff-0f2f-4627-a817-a479582cf939 => generated 0 bytes in 145 msecs (HTTP/1.1 202) 6 headers in 234 bytes (1 switches on core 0)
Feb 16 15:06:38.556428 dv-cinder-804035-31-smb devstack@c-api.service[109633]: INFO cinder.api.openstack.wsgi [None req-1a268bfb-8f1a-48e1-9027-294f876515d5 tempest-GroupSnapshotsTest-1834651372 tempest-GroupSnapshotsTest-1834651372-project] GET http://10.222.0.47/volume/v3/9c41cdd2260e40038350d3c906c2daa1/groups/e60537ff-0f2f-4627-a817-a479582cf939
Feb 16 15:06:38.574427 dv-cinder-804035-31-smb devstack@c-api.service[109633]: DEBUG cinder.api.openstack.wsgi [None req-1a268bfb-8f1a-48e1-9027-294f876515d5 tempest-GroupSnapshotsTest-1834651372 tempest-GroupSnapshotsTest-1834651372-project] Empty body provided in request {{(pid=109633) get_body /opt/stack/cinder/cinder/api/openstack/wsgi.py:715}}
Feb 16 15:06:38.575368 dv-cinder-804035-31-smb devstack@c-api.service[109633]: DEBUG cinder.api.openstack.wsgi [None req-1a268bfb-8f1a-48e1-9027-294f876515d5 tempest-GroupSnapshotsTest-1834651372 tempest-GroupSnapshotsTest-1834651372-project] Calling method 'version_select' {{(pid=109633) _process_stack /opt/stack/cinder/cinder/api/openstack/wsgi.py:868}}
Feb 16 15:06:38.577821 dv-cinder-804035-31-smb devstack@c-api.service[109633]: DEBUG cinder.api.v3.groups [None req-1a268bfb-8f1a-48e1-9027-294f876515d5 tempest-GroupSnapshotsTest-1834651372 tempest-GroupSnapshotsTest-1834651372-project] show called for member e60537ff-0f2f-4627-a817-a479582cf939 {{(pid=109633) show /opt/stack/cinder/cinder/api/v3/groups.py:58}}
Feb 16 15:06:38.605808 dv-cinder-804035-31-smb devstack@c-api.service[109633]: /usr/local/lib/python3.8/dist-packages/oslo_context/context.py:105: DeprecationWarning: Policy enforcement is depending on the value of is_admin. This key is deprecated. Please update your policy file to use the standard policy values.
Feb 16 15:06:38.605808 dv-cinder-804035-31-smb devstack@c-api.service[109633]: warnings.warn('Policy enforcement is depending on the value of '
Feb 16 15:06:38.674166 dv-cinder-804035-31-smb devstack@c-api.service[109633]: INFO cinder.api.openstack.wsgi [None req-1a268bfb-8f1a-48e1-9027-294f876515d5 tempest-GroupSnapshotsTest-1834651372 tempest-GroupSnapshotsTest-1834651372-project] http://10.222.0.47/volume/v3/9c41cdd2260e40038350d3c906c2daa1/groups/e60537ff-0f2f-4627-a817-a479582cf939 returned with HTTP 200
Feb 16 15:06:38.679140 dv-cinder-804035-31-smb devstack@c-api.service[109633]: [pid: 109633|app: 0|req: 93/172] 10.222.0.47 () {60 vars in 1362 bytes} [Wed Feb 16 15:06:38 2022] GET /volume/v3/9c41cdd2260e40038350d3c906c2daa1/groups/e60537ff-0f2f-4627-a817-a479582cf939 => generated 391 bytes in 134 msecs (HTTP/1.1 200) 7 headers in 286 bytes (1 switches on core 0)
Feb 16 15:06:38.713970 dv-cinder-804035-31-smb devstack@c-api.service[109632]: DEBUG cinder.quota [None req-f20471a6-f86b-4f9a-a1ef-db8757e3c756 tempest-GroupsTest-1991463427 tempest-GroupsTest-1991463427-project] Created reservations ['c1107acf-2415-4f86-a20e-6187fe47a91e', '7dd79838-8991-4b56-a90d-685ca91737c8', '742f41c0-de88-4690-9c35-3b944a58bd35', 'ceb49426-c571-4425-b664-62cb63e4c7ea'] {{(pid=109632) reserve /opt/stack/cinder/cinder/quota.py:755}}
Feb 16 15:06:38.716187 dv-cinder-804035-31-smb devstack@c-api.service[109632]: DEBUG cinder.volume.api [None req-f20471a6-f86b-4f9a-a1ef-db8757e3c756 tempest-GroupsTest-1991463427 tempest-GroupsTest-1991463427-project] Task 'cinder.volume.flows.api.create_volume.QuotaReserveTask;volume:create' (ae3c4d1d-8cc0-4926-b52f-8beb71e17ad9) transitioned into state 'SUCCESS' from state 'RUNNING' with result '{'reservations': ['c1107acf-2415-4f86-a20e-6187fe47a91e', '7dd79838-8991-4b56-a90d-685ca91737c8', '742f41c0-de88-4690-9c35-3b944a58bd35', 'ceb49426-c571-4425-b664-62cb63e4c7ea']}' {{(pid=109632) _task_receiver /usr/local/lib/python3.8/dist-packages/taskflow/listeners/logging.py:178}}
Feb 16 15:06:38.718857 dv-cinder-804035-31-smb devstack@c-api.service[109632]: DEBUG cinder.volume.api [None req-f20471a6-f86b-4f9a-a1ef-db8757e3c756 tempest-GroupsTest-1991463427 tempest-GroupsTest-1991463427-project] Task 'cinder.volume.flows.api.create_volume.EntryCreateTask;volume:create' (5955f1cc-257c-4318-9534-be69bad2f823) transitioned into state 'RUNNING' from state 'PENDING' {{(pid=109632) _task_receiver /usr/local/lib/python3.8/dist-packages/taskflow/listeners/logging.py:190}}
