Aug 10 10:26:06.756244 dv-cinder-804035-3-iscsi devstack@c-api.service[100103]: warnings.warn('Policy enforcement is depending on the value of '
Aug 10 10:26:06.768035 dv-cinder-804035-3-iscsi devstack@c-api.service[100103]: INFO cinder.volume.api [None req-1d194632-30e3-457f-b59a-47607e18222e tempest-VolumeQuotasAdminTestJSON-734501355 tempest-VolumeQuotasAdminTestJSON-734501355-project] Volume info retrieved successfully.
Aug 10 10:26:06.798485 dv-cinder-804035-3-iscsi devstack@c-api.service[100103]: INFO cinder.api.openstack.wsgi [None req-1d194632-30e3-457f-b59a-47607e18222e tempest-VolumeQuotasAdminTestJSON-734501355 tempest-VolumeQuotasAdminTestJSON-734501355-project] http://10.222.0.10/volume/v3/3d56dfb8343246a79a85dc1a0895979c/volumes/c28ff958-759a-4240-b7ec-53835455b7b4 returned with HTTP 200
Aug 10 10:26:06.799401 dv-cinder-804035-3-iscsi devstack@c-api.service[100103]: [pid: 100103|app: 0|req: 122/253] 10.222.0.10 () {58 vars in 1325 bytes} [Tue Aug 10 10:26:06 2021] GET /volume/v3/3d56dfb8343246a79a85dc1a0895979c/volumes/c28ff958-759a-4240-b7ec-53835455b7b4 => generated 891 bytes in 88 msecs (HTTP/1.1 200) 7 headers in 285 bytes (1 switches on core 0)
Aug 10 10:26:06.822323 dv-cinder-804035-3-iscsi devstack@c-api.service[100104]: DEBUG cinder.quota [None req-3f901cee-68bd-40a5-ad09-764388e0ca35 tempest-VolumeQuotasNegativeTestJSON-2013311563 tempest-VolumeQuotasNegativeTestJSON-2013311563-project] Created reservations ['c48648b3-bef1-481b-9258-e9c3684abb4a', 'a59768da-58fa-4b37-b589-250f03e08195', 'd6c663f6-9826-4521-b397-c2d2a4a30e1e', '457dddd0-c7c1-4b98-a7d6-05a0a1fb1332'] {{(pid=100104) reserve /opt/stack/cinder/cinder/quota.py:755}}
Aug 10 10:26:06.824332 dv-cinder-804035-3-iscsi devstack@c-api.service[100104]: DEBUG cinder.volume.api [None req-3f901cee-68bd-40a5-ad09-764388e0ca35 tempest-VolumeQuotasNegativeTestJSON-2013311563 tempest-VolumeQuotasNegativeTestJSON-2013311563-project] Task 'cinder.volume.flows.api.create_volume.QuotaReserveTask;volume:create' (2e89eec2-6001-454a-ac19-5fddaa55bfda) transitioned into state 'SUCCESS' from state 'RUNNING' with result '{'reservations': ['c48648b3-bef1-481b-9258-e9c3684abb4a', 'a59768da-58fa-4b37-b589-250f03e08195', 'd6c663f6-9826-4521-b397-c2d2a4a30e1e', '457dddd0-c7c1-4b98-a7d6-05a0a1fb1332']}' {{(pid=100104) _task_receiver /usr/local/lib/python3.8/dist-packages/taskflow/listeners/logging.py:178}}
Aug 10 10:26:06.835736 dv-cinder-804035-3-iscsi devstack@c-api.service[100104]: DEBUG cinder.volume.api [None req-3f901cee-68bd-40a5-ad09-764388e0ca35 tempest-VolumeQuotasNegativeTestJSON-2013311563 tempest-VolumeQuotasNegativeTestJSON-2013311563-project] Task 'cinder.volume.flows.api.create_volume.EntryCreateTask;volume:create' (ad17b55e-4410-4a94-ba82-3ee4472c2a21) transitioned into state 'RUNNING' from state 'PENDING' {{(pid=100104) _task_receiver /usr/local/lib/python3.8/dist-packages/taskflow/listeners/logging.py:190}}
Aug 10 10:26:06.873283 dv-cinder-804035-3-iscsi devstack@c-api.service[100104]: DEBUG cinder.volume.api [None req-3f901cee-68bd-40a5-ad09-764388e0ca35 tempest-VolumeQuotasNegativeTestJSON-2013311563 tempest-VolumeQuotasNegativeTestJSON-2013311563-project] Task 'cinder.volume.flows.api.create_volume.EntryCreateTask;volume:create' (ad17b55e-4410-4a94-ba82-3ee4472c2a21) transitioned into state 'SUCCESS' from state 'RUNNING' with result '{'volume_id': 'b72ebb29-efa2-4688-90d0-dfff7888fea9', 'volume_properties': VolumeProperties(attach_status='detached',availability_zone='nova',cgsnapshot_id=None,consistencygroup_id=None,display_description=None,display_name='tempest-VolumeQuotasNegativeTestJSON-Volume-1991286704',encryption_key_id=None,group_id=None,group_type_id=,metadata={},multiattach=False,project_id='4a0f127187f842fd98d2f8d94411b539',qos_specs=None,replication_status=,reservations=['c48648b3-bef1-481b-9258-e9c3684abb4a','a59768da-58fa-4b37-b589-250f03e08195','d6c663f6-9826-4521-b397-c2d2a4a30e1e','457dddd0-c7c1-4b98-a7d6-05a0a1fb1332'],size=1,snapshot_id=None,source_replicaid=,source_volid=None,status='creating',user_id='ace82715fc014816885f5c0ce9a7e1f3',volume_type_id=cc187bda-5db6-4942-9cad-2c842b71891b), 'volume': Volume(_name_id=None,admin_metadata=,attach_status='detached',availability_zone='nova',bootable=False,cluster=,cluster_name=None,consistencygroup=,consistencygroup_id=None,created_at=2021-08-10T10:26:06Z,deleted=False,deleted_at=None,display_description=None,display_name='tempest-VolumeQuotasNegativeTestJSON-Volume-1991286704',ec2_id=None,encryption_key_id=None,glance_metadata=,group=,group_id=None,host=None,id=b72ebb29-efa2-4688-90d0-dfff7888fea9,launched_at=None,metadata={},migration_status=None,multiattach=False,previous_status=None,project_id='4a0f127187f842fd98d2f8d94411b539',provider_auth=None,provider_geometry=None,provider_id=None,provider_location=None,replication_driver_data=None,replication_extended_status=None,replication_status=None,scheduled_at=None,service_uuid=None,shared_targets=True,size=1,snapshot_id=None,snapshots=,source_volid=None,status='creating',terminated_at=None,updated_at=None,user_id='ace82715fc014816885f5c0ce9a7e1f3',volume_attachment=,volume_type=VolumeType(cc187bda-5db6-4942-9cad-2c842b71891b),volume_type_id=cc187bda-5db6-4942-9cad-2c842b71891b)}' {{(pid=100104) _task_receiver /usr/local/lib/python3.8/dist-packages/taskflow/listeners/logging.py:178}}
Aug 10 10:26:06.875961 dv-cinder-804035-3-iscsi devstack@c-api.service[100104]: DEBUG cinder.volume.api [None req-3f901cee-68bd-40a5-ad09-764388e0ca35 tempest-VolumeQuotasNegativeTestJSON-2013311563 tempest-VolumeQuotasNegativeTestJSON-2013311563-project] Task 'cinder.volume.flows.api.create_volume.QuotaCommitTask;volume:create' (2609629a-6faf-48fa-8512-77fb0e8b0363) transitioned into state 'RUNNING' from state 'PENDING' {{(pid=100104) _task_receiver /usr/local/lib/python3.8/dist-packages/taskflow/listeners/logging.py:190}}
Aug 10 10:26:06.914983 dv-cinder-804035-3-iscsi devstack@c-api.service[100104]: DEBUG cinder.volume.api [None req-3f901cee-68bd-40a5-ad09-764388e0ca35 tempest-VolumeQuotasNegativeTestJSON-2013311563 tempest-VolumeQuotasNegativeTestJSON-2013311563-project] Task 'cinder.volume.flows.api.create_volume.QuotaCommitTask;volume:create' (2609629a-6faf-48fa-8512-77fb0e8b0363) transitioned into state 'SUCCESS' from state 'RUNNING' with result '{'volume_properties': VolumeProperties(attach_status='detached',availability_zone='nova',cgsnapshot_id=None,consistencygroup_id=None,display_description=None,display_name='tempest-VolumeQuotasNegativeTestJSON-Volume-1991286704',encryption_key_id=None,group_id=None,group_type_id=,metadata={},multiattach=False,project_id='4a0f127187f842fd98d2f8d94411b539',qos_specs=None,replication_status=,reservations=['c48648b3-bef1-481b-9258-e9c3684abb4a','a59768da-58fa-4b37-b589-250f03e08195','d6c663f6-9826-4521-b397-c2d2a4a30e1e','457dddd0-c7c1-4b98-a7d6-05a0a1fb1332'],size=1,snapshot_id=None,source_replicaid=,source_volid=None,status='creating',user_id='ace82715fc014816885f5c0ce9a7e1f3',volume_type_id=cc187bda-5db6-4942-9cad-2c842b71891b)}' {{(pid=100104) _task_receiver /usr/local/lib/python3.8/dist-packages/taskflow/listeners/logging.py:178}}
Aug 10 10:26:06.917743 dv-cinder-804035-3-iscsi devstack@c-api.service[100104]: DEBUG cinder.volume.api [None req-3f901cee-68bd-40a5-ad09-764388e0ca35 tempest-VolumeQuotasNegativeTestJSON-2013311563 tempest-VolumeQuotasNegativeTestJSON-2013311563-project] Task 'cinder.volume.flows.api.create_volume.VolumeCastTask;volume:create' (41d5476b-2ff4-40ac-8300-7b6f655af440) transitioned into state 'RUNNING' from state 'PENDING' {{(pid=100104) _task_receiver /usr/local/lib/python3.8/dist-packages/taskflow/listeners/logging.py:190}}
Aug 10 10:26:06.938953 dv-cinder-804035-3-iscsi devstack@c-api.service[100104]: DEBUG cinder.volume.api [None req-3f901cee-68bd-40a5-ad09-764388e0ca35 tempest-VolumeQuotasNegativeTestJSON-2013311563 tempest-VolumeQuotasNegativeTestJSON-2013311563-project] Task 'cinder.volume.flows.api.create_volume.VolumeCastTask;volume:create' (41d5476b-2ff4-40ac-8300-7b6f655af440) transitioned into state 'SUCCESS' from state 'RUNNING' with result 'None' {{(pid=100104) _task_receiver /usr/local/lib/python3.8/dist-packages/taskflow/listeners/logging.py:178}}
Aug 10 10:26:06.941450 dv-cinder-804035-3-iscsi devstack@c-api.service[100104]: DEBUG cinder.volume.api [None req-3f901cee-68bd-40a5-ad09-764388e0ca35 tempest-VolumeQuotasNegativeTestJSON-2013311563 tempest-VolumeQuotasNegativeTestJSON-2013311563-project] Flow 'volume_create_api' (b5190043-970b-4bda-8814-e176979681dc) transitioned into state 'SUCCESS' from state 'RUNNING' {{(pid=100104) _flow_receiver /usr/local/lib/python3.8/dist-packages/taskflow/listeners/logging.py:141}}
Aug 10 10:26:06.942138 dv-cinder-804035-3-iscsi devstack@c-api.service[100104]: INFO cinder.volume.api [None req-3f901cee-68bd-40a5-ad09-764388e0ca35 tempest-VolumeQuotasNegativeTestJSON-2013311563 tempest-VolumeQuotasNegativeTestJSON-2013311563-project] Create volume request issued successfully.
Aug 10 10:26:06.950570 dv-cinder-804035-3-iscsi devstack@c-api.service[100104]: INFO cinder.api.openstack.wsgi [None req-3f901cee-68bd-40a5-ad09-764388e0ca35 tempest-VolumeQuotasNegativeTestJSON-2013311563 tempest-VolumeQuotasNegativeTestJSON-2013311563-project] http://10.222.0.10/volume/v3/4a0f127187f842fd98d2f8d94411b539/volumes returned with HTTP 202
Aug 10 10:26:06.961418 dv-cinder-804035-3-iscsi devstack@c-api.service[100104]: [pid: 100104|app: 0|req: 132/254] 10.222.0.10 () {60 vars in 1235 bytes} [Tue Aug 10 10:26:06 2021] POST /volume/v3/4a0f127187f842fd98d2f8d94411b539/volumes => generated 828 bytes in 660 msecs (HTTP/1.1 202) 7 headers in 291 bytes (1 switches on core 0)
Aug 10 10:26:06.966896 dv-cinder-804035-3-iscsi devstack@c-api.service[100103]: INFO cinder.api.openstack.wsgi [None req-0942eb40-946f-4301-8e85-0aeb772ad251 tempest-VolumeQuotasNegativeTestJSON-2013311563 tempest-VolumeQuotasNegativeTestJSON-2013311563-project] GET http://10.222.0.10/volume/v3/4a0f127187f842fd98d2f8d94411b539/volumes/b72ebb29-efa2-4688-90d0-dfff7888fea9
Aug 10 10:26:06.967355 dv-cinder-804035-3-iscsi devstack@c-api.service[100103]: DEBUG cinder.api.openstack.wsgi [None req-0942eb40-946f-4301-8e85-0aeb772ad251 tempest-VolumeQuotasNegativeTestJSON-2013311563 tempest-VolumeQuotasNegativeTestJSON-2013311563-project] Empty body provided in request {{(pid=100103) get_body /opt/stack/cinder/cinder/api/openstack/wsgi.py:703}}
Aug 10 10:26:06.967554 dv-cinder-804035-3-iscsi devstack@c-api.service[100103]: /usr/local/lib/python3.8/dist-packages/webob/acceptparse.py:1047: DeprecationWarning: The behavior of AcceptValidHeader.best_match is currently being maintained for backward compatibility, but it will be deprecated in the future, as it does not conform to the RFC.
Aug 10 10:26:06.967554 dv-cinder-804035-3-iscsi devstack@c-api.service[100103]: warnings.warn(
Aug 10 10:26:06.971832 dv-cinder-804035-3-iscsi devstack@c-api.service[100103]: DEBUG cinder.api.openstack.wsgi [None req-0942eb40-946f-4301-8e85-0aeb772ad251 tempest-VolumeQuotasNegativeTestJSON-2013311563 tempest-VolumeQuotasNegativeTestJSON-2013311563-project] Calling method 'show' {{(pid=100103) _process_stack /opt/stack/cinder/cinder/api/openstack/wsgi.py:856}}
Aug 10 10:26:06.999235 dv-cinder-804035-3-iscsi devstack@c-api.service[100103]: /usr/local/lib/python3.8/dist-packages/oslo_context/context.py:105: DeprecationWarning: Policy enforcement is depending on the value of is_admin. This key is deprecated. Please update your policy file to use the standard policy values.
Aug 10 10:26:06.999235 dv-cinder-804035-3-iscsi devstack@c-api.service[100103]: warnings.warn('Policy enforcement is depending on the value of '
Aug 10 10:26:07.018116 dv-cinder-804035-3-iscsi devstack@c-api.service[100103]: INFO cinder.volume.api [None req-0942eb40-946f-4301-8e85-0aeb772ad251 tempest-VolumeQuotasNegativeTestJSON-2013311563 tempest-VolumeQuotasNegativeTestJSON-2013311563-project] Volume info retrieved successfully.
Aug 10 10:26:07.040960 dv-cinder-804035-3-iscsi devstack@c-api.service[100103]: INFO cinder.api.openstack.wsgi [None req-0942eb40-946f-4301-8e85-0aeb772ad251 tempest-VolumeQuotasNegativeTestJSON-2013311563 tempest-VolumeQuotasNegativeTestJSON-2013311563-project] http://10.222.0.10/volume/v3/4a0f127187f842fd98d2f8d94411b539/volumes/b72ebb29-efa2-4688-90d0-dfff7888fea9 returned with HTTP 200
Aug 10 10:26:07.042135 dv-cinder-804035-3-iscsi devstack@c-api.service[100103]: [pid: 100103|app: 0|req: 123/255] 10.222.0.10 () {58 vars in 1325 bytes} [Tue Aug 10 10:26:06 2021] GET /volume/v3/4a0f127187f842fd98d2f8d94411b539/volumes/b72ebb29-efa2-4688-90d0-dfff7888fea9 => generated 896 bytes in 79 msecs (HTTP/1.1 200) 7 headers in 285 bytes (1 switches on core 0)
Aug 10 10:26:07.361750 dv-cinder-804035-3-iscsi devstack@c-api.service[100104]: INFO cinder.api.openstack.wsgi [None req-766e0853-d98f-4f40-9778-a1764be5be0c tempest-VolumesActionsTest-1098005520 tempest-VolumesActionsTest-1098005520-project] GET http://10.222.0.10/volume/v3/e458fd87fe6048fa9080735d04695139/volumes/d9376083-ad9a-4a4e-98ac-2914ded8cd16
Aug 10 10:26:07.362275 dv-cinder-804035-3-iscsi devstack@c-api.service[100104]: DEBUG cinder.api.openstack.wsgi [None req-766e0853-d98f-4f40-9778-a1764be5be0c tempest-VolumesActionsTest-1098005520 tempest-VolumesActionsTest-1098005520-project] Empty body provided in request {{(pid=100104) get_body /opt/stack/cinder/cinder/api/openstack/wsgi.py:703}}
Aug 10 10:26:07.362419 dv-cinder-804035-3-iscsi devstack@c-api.service[100104]: /usr/local/lib/python3.8/dist-packages/webob/acceptparse.py:1047: DeprecationWarning: The behavior of AcceptValidHeader.best_match is currently being maintained for backward compatibility, but it will be deprecated in the future, as it does not conform to the RFC.
Aug 10 10:26:07.362419 dv-cinder-804035-3-iscsi devstack@c-api.service[100104]: warnings.warn(
Aug 10 10:26:07.362733 dv-cinder-804035-3-iscsi devstack@c-api.service[100104]: DEBUG cinder.api.openstack.wsgi [None req-766e0853-d98f-4f40-9778-a1764be5be0c tempest-VolumesActionsTest-1098005520 tempest-VolumesActionsTest-1098005520-project] Calling method 'show' {{(pid=100104) _process_stack /opt/stack/cinder/cinder/api/openstack/wsgi.py:856}}
Aug 10 10:26:07.382177 dv-cinder-804035-3-iscsi devstack@c-api.service[100104]: INFO cinder.api.openstack.wsgi [None req-766e0853-d98f-4f40-9778-a1764be5be0c tempest-VolumesActionsTest-1098005520 tempest-VolumesActionsTest-1098005520-project] http://10.222.0.10/volume/v3/e458fd87fe6048fa9080735d04695139/volumes/d9376083-ad9a-4a4e-98ac-2914ded8cd16 returned with HTTP 404
Aug 10 10:26:07.383323 dv-cinder-804035-3-iscsi devstack@c-api.service[100104]: [pid: 100104|app: 0|req: 133/256] 10.222.0.10 () {58 vars in 1325 bytes} [Tue Aug 10 10:26:07 2021] GET /volume/v3/e458fd87fe6048fa9080735d04695139/volumes/d9376083-ad9a-4a4e-98ac-2914ded8cd16 => generated 109 bytes in 26 msecs (HTTP/1.1 404) 7 headers in 292 bytes (2 switches on core 0)
Aug 10 10:26:07.392401 dv-cinder-804035-3-iscsi devstack@c-api.service[100103]: INFO cinder.api.openstack.wsgi [None req-d55d19bf-dc85-4f9d-a5b2-ff64e3b58ecf tempest-VolumesActionsTest-1098005520 tempest-VolumesActionsTest-1098005520-project] POST http://10.222.0.10/volume/v3/e458fd87fe6048fa9080735d04695139/volumes
Aug 10 10:26:07.392992 dv-cinder-804035-3-iscsi devstack@c-api.service[100103]: /usr/local/lib/python3.8/dist-packages/webob/acceptparse.py:1047: DeprecationWarning: The behavior of AcceptValidHeader.best_match is currently being maintained for backward compatibility, but it will be deprecated in the future, as it does not conform to the RFC.
Aug 10 10:26:07.392992 dv-cinder-804035-3-iscsi devstack@c-api.service[100103]: warnings.warn(
Aug 10 10:26:07.393174 dv-cinder-804035-3-iscsi devstack@c-api.service[100103]: DEBUG cinder.api.openstack.wsgi [None req-d55d19bf-dc85-4f9d-a5b2-ff64e3b58ecf tempest-VolumesActionsTest-1098005520 tempest-VolumesActionsTest-1098005520-project] Action: 'create', calling method: create, body: {"volume": {"size": 1, "name": "tempest-VolumesActionsTest-Volume-666640697"}} {{(pid=100103) _process_stack /opt/stack/cinder/cinder/api/openstack/wsgi.py:854}}
Aug 10 10:26:07.394424 dv-cinder-804035-3-iscsi devstack@c-api.service[100103]: DEBUG cinder.api.v3.volumes [None req-d55d19bf-dc85-4f9d-a5b2-ff64e3b58ecf tempest-VolumesActionsTest-1098005520 tempest-VolumesActionsTest-1098005520-project] Create volume request body: {'volume': {'size': 1, 'name': 'tempest-VolumesActionsTest-Volume-666640697'}} {{(pid=100103) create /opt/stack/cinder/cinder/api/v3/volumes.py:290}}
Aug 10 10:26:07.394786 dv-cinder-804035-3-iscsi devstack@c-api.service[100103]: INFO cinder.api.v3.volumes [None req-d55d19bf-dc85-4f9d-a5b2-ff64e3b58ecf tempest-VolumesActionsTest-1098005520 tempest-VolumesActionsTest-1098005520-project] Create volume of 1 GB
Aug 10 10:26:07.401527 dv-cinder-804035-3-iscsi devstack@c-api.service[100104]: INFO cinder.api.openstack.wsgi [None req-f0bcf782-c295-400f-a290-252760d965f1 tempest-GroupSnapshotsTest-1177039002 tempest-GroupSnapshotsTest-1177039002-project] GET http://10.222.0.10/volume/v3/71f0dd69fa544c2caa17e6921c65075e/snapshots/59b88626-eb40-4793-aa2c-e806a22423f8
Aug 10 10:26:07.402089 dv-cinder-804035-3-iscsi devstack@c-api.service[100104]: DEBUG cinder.api.openstack.wsgi [None req-f0bcf782-c295-400f-a290-252760d965f1 tempest-GroupSnapshotsTest-1177039002 tempest-GroupSnapshotsTest-1177039002-project] Empty body provided in request {{(pid=100104) get_body /opt/stack/cinder/cinder/api/openstack/wsgi.py:703}}
Aug 10 10:26:07.402642 dv-cinder-804035-3-iscsi devstack@c-api.service[100104]: DEBUG cinder.api.openstack.wsgi [None req-f0bcf782-c295-400f-a290-252760d965f1 tempest-GroupSnapshotsTest-1177039002 tempest-GroupSnapshotsTest-1177039002-project] Calling method 'show' {{(pid=100104) _process_stack /opt/stack/cinder/cinder/api/openstack/wsgi.py:856}}
Aug 10 10:26:07.410949 dv-cinder-804035-3-iscsi devstack@c-api.service[100104]: INFO cinder.api.openstack.wsgi [None req-f0bcf782-c295-400f-a290-252760d965f1 tempest-GroupSnapshotsTest-1177039002 tempest-GroupSnapshotsTest-1177039002-project] http://10.222.0.10/volume/v3/71f0dd69fa544c2caa17e6921c65075e/snapshots/59b88626-eb40-4793-aa2c-e806a22423f8 returned with HTTP 404
Aug 10 10:26:07.412186 dv-cinder-804035-3-iscsi devstack@c-api.service[100104]: [pid: 100104|app: 0|req: 134/257] 10.222.0.10 () {58 vars in 1331 bytes} [Tue Aug 10 10:26:07 2021] GET /volume/v3/71f0dd69fa544c2caa17e6921c65075e/snapshots/59b88626-eb40-4793-aa2c-e806a22423f8 => generated 111 bytes in 15 msecs (HTTP/1.1 404) 7 headers in 292 bytes (1 switches on core 0)
Aug 10 10:26:07.415142 dv-cinder-804035-3-iscsi devstack@c-api.service[100103]: INFO cinder.volume.api [None req-d55d19bf-dc85-4f9d-a5b2-ff64e3b58ecf tempest-VolumesActionsTest-1098005520 tempest-VolumesActionsTest-1098005520-project] Availability Zones retrieved successfully.
Aug 10 10:26:07.420735 dv-cinder-804035-3-iscsi devstack@c-api.service[100104]: INFO cinder.api.openstack.wsgi [None req-f3f56750-3009-4ecb-bb32-21a8c9d1b7a1 tempest-GroupSnapshotsTest-1177039002 tempest-GroupSnapshotsTest-1177039002-project] GET http://10.222.0.10/volume/v3/71f0dd69fa544c2caa17e6921c65075e/snapshots/2022afc7-28bc-4d83-a489-f8bb63c7ec15
Aug 10 10:26:07.421433 dv-cinder-804035-3-iscsi devstack@c-api.service[100104]: DEBUG cinder.api.openstack.wsgi [None req-f3f56750-3009-4ecb-bb32-21a8c9d1b7a1 tempest-GroupSnapshotsTest-1177039002 tempest-GroupSnapshotsTest-1177039002-project] Empty body provided in request {{(pid=100104) get_body /opt/stack/cinder/cinder/api/openstack/wsgi.py:703}}
Aug 10 10:26:07.422028 dv-cinder-804035-3-iscsi devstack@c-api.service[100104]: DEBUG cinder.api.openstack.wsgi [None req-f3f56750-3009-4ecb-bb32-21a8c9d1b7a1 tempest-GroupSnapshotsTest-1177039002 tempest-GroupSnapshotsTest-1177039002-project] Calling method 'show' {{(pid=100104) _process_stack /opt/stack/cinder/cinder/api/openstack/wsgi.py:856}}
Aug 10 10:26:07.430545 dv-cinder-804035-3-iscsi devstack@c-api.service[100104]: INFO cinder.api.openstack.wsgi [None req-f3f56750-3009-4ecb-bb32-21a8c9d1b7a1 tempest-GroupSnapshotsTest-1177039002 tempest-GroupSnapshotsTest-1177039002-project] http://10.222.0.10/volume/v3/71f0dd69fa544c2caa17e6921c65075e/snapshots/2022afc7-28bc-4d83-a489-f8bb63c7ec15 returned with HTTP 404
Aug 10 10:26:07.432106 dv-cinder-804035-3-iscsi devstack@c-api.service[100104]: [pid: 100104|app: 0|req: 135/258] 10.222.0.10 () {58 vars in 1331 bytes} [Tue Aug 10 10:26:07 2021] GET /volume/v3/71f0dd69fa544c2caa17e6921c65075e/snapshots/2022afc7-28bc-4d83-a489-f8bb63c7ec15 => generated 111 bytes in 17 msecs (HTTP/1.1 404) 7 headers in 292 bytes (2 switches on core 0)
Aug 10 10:26:07.439385 dv-cinder-804035-3-iscsi devstack@c-api.service[100104]: INFO cinder.api.openstack.wsgi [None req-4962288e-53ab-42d7-a98d-229ccd502bbd tempest-GroupSnapshotsTest-1177039002 tempest-GroupSnapshotsTest-1177039002-project] GET http://10.222.0.10/volume/v3/71f0dd69fa544c2caa17e6921c65075e/group_snapshots/ee526379-8dbc-4b41-b996-7f12a515f40c
Aug 10 10:26:07.440047 dv-cinder-804035-3-iscsi devstack@c-api.service[100104]: DEBUG cinder.api.openstack.wsgi [None req-4962288e-53ab-42d7-a98d-229ccd502bbd tempest-GroupSnapshotsTest-1177039002 tempest-GroupSnapshotsTest-1177039002-project] Empty body provided in request {{(pid=100104) get_body /opt/stack/cinder/cinder/api/openstack/wsgi.py:703}}
Aug 10 10:26:07.440610 dv-cinder-804035-3-iscsi devstack@c-api.service[100104]: DEBUG cinder.api.openstack.wsgi [None req-4962288e-53ab-42d7-a98d-229ccd502bbd tempest-GroupSnapshotsTest-1177039002 tempest-GroupSnapshotsTest-1177039002-project] Calling method 'version_select' {{(pid=100104) _process_stack /opt/stack/cinder/cinder/api/openstack/wsgi.py:856}}
Aug 10 10:26:07.441101 dv-cinder-804035-3-iscsi devstack@c-api.service[100104]: DEBUG cinder.api.v3.group_snapshots [None req-4962288e-53ab-42d7-a98d-229ccd502bbd tempest-GroupSnapshotsTest-1177039002 tempest-GroupSnapshotsTest-1177039002-project] show called for member ee526379-8dbc-4b41-b996-7f12a515f40c {{(pid=100104) show /opt/stack/cinder/cinder/api/v3/group_snapshots.py:58}}
Aug 10 10:26:07.445229 dv-cinder-804035-3-iscsi devstack@c-api.service[100104]: INFO cinder.api.openstack.wsgi [None req-4962288e-53ab-42d7-a98d-229ccd502bbd tempest-GroupSnapshotsTest-1177039002 tempest-GroupSnapshotsTest-1177039002-project] http://10.222.0.10/volume/v3/71f0dd69fa544c2caa17e6921c65075e/group_snapshots/ee526379-8dbc-4b41-b996-7f12a515f40c returned with HTTP 404
Aug 10 10:26:07.445477 dv-cinder-804035-3-iscsi devstack@c-api.service[100103]: DEBUG cinder.volume.api [None req-d55d19bf-dc85-4f9d-a5b2-ff64e3b58ecf tempest-VolumesActionsTest-1098005520 tempest-VolumesActionsTest-1098005520-project] Flow 'volume_create_api' (50422a0b-4669-4515-949b-32ee6efea082) transitioned into state 'RUNNING' from state 'PENDING' {{(pid=100103) _flow_receiver /usr/local/lib/python3.8/dist-packages/taskflow/listeners/logging.py:141}}
Aug 10 10:26:07.446061 dv-cinder-804035-3-iscsi devstack@c-api.service[100104]: [pid: 100104|app: 0|req: 136/259] 10.222.0.10 () {60 vars in 1390 bytes} [Tue Aug 10 10:26:07 2021] GET /volume/v3/71f0dd69fa544c2caa17e6921c65075e/group_snapshots/ee526379-8dbc-4b41-b996-7f12a515f40c => generated 116 bytes in 10 msecs (HTTP/1.1 404) 7 headers in 293 bytes (1 switches on core 0)
Aug 10 10:26:07.448055 dv-cinder-804035-3-iscsi devstack@c-api.service[100103]: DEBUG cinder.volume.api [None req-d55d19bf-dc85-4f9d-a5b2-ff64e3b58ecf tempest-VolumesActionsTest-1098005520 tempest-VolumesActionsTest-1098005520-project] Task 'cinder.volume.flows.api.create_volume.ExtractVolumeRequestTask;volume:create' (8846b49d-8907-44cd-92c1-d75d8398c2ab) transitioned into state 'RUNNING' from state 'PENDING' {{(pid=100103) _task_receiver /usr/local/lib/python3.8/dist-packages/taskflow/listeners/logging.py:190}}
Aug 10 10:26:07.449974 dv-cinder-804035-3-iscsi devstack@c-api.service[100103]: DEBUG cinder.volume.flows.api.create_volume [None req-d55d19bf-dc85-4f9d-a5b2-ff64e3b58ecf tempest-VolumesActionsTest-1098005520 tempest-VolumesActionsTest-1098005520-project] Validating volume size '1' using validate_int {{(pid=100103) _extract_size /opt/stack/cinder/cinder/volume/flows/api/create_volume.py:201}}
Aug 10 10:26:07.453538 dv-cinder-804035-3-iscsi devstack@c-api.service[100104]: INFO cinder.api.openstack.wsgi [None req-7c99bda2-ec4a-4080-b3a7-0f6959285224 tempest-GroupSnapshotsTest-1177039002 tempest-GroupSnapshotsTest-1177039002-project] DELETE http://10.222.0.10/volume/v3/71f0dd69fa544c2caa17e6921c65075e/group_snapshots/ee526379-8dbc-4b41-b996-7f12a515f40c
Aug 10 10:26:07.454021 dv-cinder-804035-3-iscsi devstack@c-api.service[100104]: DEBUG cinder.api.openstack.wsgi [None req-7c99bda2-ec4a-4080-b3a7-0f6959285224 tempest-GroupSnapshotsTest-1177039002 tempest-GroupSnapshotsTest-1177039002-project] Empty body provided in request {{(pid=100104) get_body /opt/stack/cinder/cinder/api/openstack/wsgi.py:703}}
Aug 10 10:26:07.454632 dv-cinder-804035-3-iscsi devstack@c-api.service[100104]: DEBUG cinder.api.openstack.wsgi [None req-7c99bda2-ec4a-4080-b3a7-0f6959285224 tempest-GroupSnapshotsTest-1177039002 tempest-GroupSnapshotsTest-1177039002-project] Calling method 'version_select' {{(pid=100104) _process_stack /opt/stack/cinder/cinder/api/openstack/wsgi.py:856}}
Aug 10 10:26:07.454974 dv-cinder-804035-3-iscsi devstack@c-api.service[100104]: DEBUG cinder.api.v3.group_snapshots [None req-7c99bda2-ec4a-4080-b3a7-0f6959285224 tempest-GroupSnapshotsTest-1177039002 tempest-GroupSnapshotsTest-1177039002-project] delete called for member ee526379-8dbc-4b41-b996-7f12a515f40c {{(pid=100104) delete /opt/stack/cinder/cinder/api/v3/group_snapshots.py:72}}
Aug 10 10:26:07.455249 dv-cinder-804035-3-iscsi devstack@c-api.service[100104]: INFO cinder.api.v3.group_snapshots [None req-7c99bda2-ec4a-4080-b3a7-0f6959285224 tempest-GroupSnapshotsTest-1177039002 tempest-GroupSnapshotsTest-1177039002-project] Delete group_snapshot with id: ee526379-8dbc-4b41-b996-7f12a515f40c
Aug 10 10:26:07.462288 dv-cinder-804035-3-iscsi devstack@c-api.service[100104]: INFO cinder.api.openstack.wsgi [None req-7c99bda2-ec4a-4080-b3a7-0f6959285224 tempest-GroupSnapshotsTest-1177039002 tempest-GroupSnapshotsTest-1177039002-project] http://10.222.0.10/volume/v3/71f0dd69fa544c2caa17e6921c65075e/group_snapshots/ee526379-8dbc-4b41-b996-7f12a515f40c returned with HTTP 404
Aug 10 10:26:07.467011 dv-cinder-804035-3-iscsi devstack@c-api.service[100104]: [pid: 100104|app: 0|req: 137/260] 10.222.0.10 () {60 vars in 1393 bytes} [Tue Aug 10 10:26:07 2021] DELETE /volume/v3/71f0dd69fa544c2caa17e6921c65075e/group_snapshots/ee526379-8dbc-4b41-b996-7f12a515f40c => generated 116 bytes in 14 msecs (HTTP/1.1 404) 7 headers in 293 bytes (1 switches on core 0)
Aug 10 10:26:07.471116 dv-cinder-804035-3-iscsi devstack@c-api.service[100104]: INFO cinder.api.openstack.wsgi [None req-c4a236ce-d120-45c6-80fd-a6bae0d2ee30 tempest-GroupSnapshotsTest-1177039002 tempest-GroupSnapshotsTest-1177039002-project] GET http://10.222.0.10/volume/v3/71f0dd69fa544c2caa17e6921c65075e/volumes/detail
Aug 10 10:26:07.471622 dv-cinder-804035-3-iscsi devstack@c-api.service[100104]: DEBUG cinder.api.openstack.wsgi [None req-c4a236ce-d120-45c6-80fd-a6bae0d2ee30 tempest-GroupSnapshotsTest-1177039002 tempest-GroupSnapshotsTest-1177039002-project] Empty body provided in request {{(pid=100104) get_body /opt/stack/cinder/cinder/api/openstack/wsgi.py:703}}
Aug 10 10:26:07.472155 dv-cinder-804035-3-iscsi devstack@c-api.service[100104]: DEBUG cinder.api.openstack.wsgi [None req-c4a236ce-d120-45c6-80fd-a6bae0d2ee30 tempest-GroupSnapshotsTest-1177039002 tempest-GroupSnapshotsTest-1177039002-project] Calling method 'detail' {{(pid=100104) _process_stack /opt/stack/cinder/cinder/api/openstack/wsgi.py:856}}
Aug 10 10:26:07.472781 dv-cinder-804035-3-iscsi devstack@c-api.service[100104]: DEBUG cinder.api.api_utils [None req-c4a236ce-d120-45c6-80fd-a6bae0d2ee30 tempest-GroupSnapshotsTest-1177039002 tempest-GroupSnapshotsTest-1177039002-project] Removing options '' from query. {{(pid=100104) remove_invalid_filter_options /opt/stack/cinder/cinder/api/api_utils.py:73}}
Aug 10 10:26:07.473518 dv-cinder-804035-3-iscsi devstack@c-api.service[100104]: /usr/local/lib/python3.8/dist-packages/oslo_context/context.py:105: DeprecationWarning: Policy enforcement is depending on the value of is_admin. This key is deprecated. Please update your policy file to use the standard policy values.
Aug 10 10:26:07.473518 dv-cinder-804035-3-iscsi devstack@c-api.service[100104]: warnings.warn('Policy enforcement is depending on the value of '
Aug 10 10:26:07.475384 dv-cinder-804035-3-iscsi devstack@c-api.service[100104]: DEBUG cinder.volume.api [None req-c4a236ce-d120-45c6-80fd-a6bae0d2ee30 tempest-GroupSnapshotsTest-1177039002 tempest-GroupSnapshotsTest-1177039002-project] Searching by: MultiDict([('no_migration_targets', True)]). {{(pid=100104) get_all /opt/stack/cinder/cinder/volume/api.py:619}}
Aug 10 10:26:07.509037 dv-cinder-804035-3-iscsi devstack@c-api.service[100103]: DEBUG cinder.volume.api [None req-d55d19bf-dc85-4f9d-a5b2-ff64e3b58ecf tempest-VolumesActionsTest-1098005520 tempest-VolumesActionsTest-1098005520-project] Task 'cinder.volume.flows.api.create_volume.ExtractVolumeRequestTask;volume:create' (8846b49d-8907-44cd-92c1-d75d8398c2ab) transitioned into state 'SUCCESS' from state 'RUNNING' with result '{'size': 1, 'snapshot_id': None, 'source_volid': None, 'volume_type': VolumeType(created_at=2021-08-10T10:16:16Z,deleted=False,deleted_at=None,description='Default Volume Type',extra_specs={},id=cc187bda-5db6-4942-9cad-2c842b71891b,is_public=True,name='__DEFAULT__',projects=[],qos_specs=,qos_specs_id=None,updated_at=2021-08-10T10:16:16Z), 'volume_type_id': 'cc187bda-5db6-4942-9cad-2c842b71891b', 'encryption_key_id': None, 'qos_specs': None, 'consistencygroup_id': None, 'cgsnapshot_id': None, 'group_id': None, 'replication_status': 'disabled', 'refresh_az': False, 'backup_id': None, 'multiattach': False, 'availability_zones': ['nova']}' {{(pid=100103) _task_receiver /usr/local/lib/python3.8/dist-packages/taskflow/listeners/logging.py:178}}
Aug 10 10:26:07.511232 dv-cinder-804035-3-iscsi devstack@c-api.service[100103]: DEBUG cinder.volume.api [None req-d55d19bf-dc85-4f9d-a5b2-ff64e3b58ecf tempest-VolumesActionsTest-1098005520 tempest-VolumesActionsTest-1098005520-project] Task 'cinder.volume.flows.api.create_volume.QuotaReserveTask;volume:create' (8842d949-fc05-456b-8d48-809acf1ad443) transitioned into state 'RUNNING' from state 'PENDING' {{(pid=100103) _task_receiver /usr/local/lib/python3.8/dist-packages/taskflow/listeners/logging.py:190}}
Aug 10 10:26:07.533797 dv-cinder-804035-3-iscsi devstack@c-api.service[100104]: INFO cinder.volume.api [None req-c4a236ce-d120-45c6-80fd-a6bae0d2ee30 tempest-GroupSnapshotsTest-1177039002 tempest-GroupSnapshotsTest-1177039002-project] Get all volumes completed successfully.
Aug 10 10:26:07.535181 dv-cinder-804035-3-iscsi devstack@c-api.service[100104]: WARNING stevedore.named [None req-c4a236ce-d120-45c6-80fd-a6bae0d2ee30 tempest-GroupSnapshotsTest-1177039002 tempest-GroupSnapshotsTest-1177039002-project] Could not load cinder.keymgr.conf_key_mgr.ConfKeyManager
Aug 10 10:26:07.535581 dv-cinder-804035-3-iscsi devstack@c-api.service[100104]: WARNING castellan.key_manager [None req-c4a236ce-d120-45c6-80fd-a6bae0d2ee30 tempest-GroupSnapshotsTest-1177039002 tempest-GroupSnapshotsTest-1177039002-project] Deprecation Warning : cinder.keymgr.conf_key_mgr.ConfKeyManager is not a stevedore based driver, trying to load it as a class: stevedore.exception.NoMatches: No 'castellan.drivers' driver found, looking for 'cinder.keymgr.conf_key_mgr.ConfKeyManager'
Aug 10 10:26:07.548882 dv-cinder-804035-3-iscsi devstack@c-api.service[100104]: DEBUG oslo_db.sqlalchemy.engines [None req-c4a236ce-d120-45c6-80fd-a6bae0d2ee30 tempest-GroupSnapshotsTest-1177039002 tempest-GroupSnapshotsTest-1177039002-project] MySQL server mode set to STRICT_TRANS_TABLES,STRICT_ALL_TABLES,NO_ZERO_IN_DATE,NO_ZERO_DATE,ERROR_FOR_DIVISION_BY_ZERO,TRADITIONAL,NO_ENGINE_SUBSTITUTION {{(pid=100104) _check_effective_sql_mode /usr/local/lib/python3.8/dist-packages/oslo_db/sqlalchemy/engines.py:314}}
Aug 10 10:26:07.557370 dv-cinder-804035-3-iscsi devstack@c-api.service[100104]: /usr/local/lib/python3.8/dist-packages/oslo_context/context.py:105: DeprecationWarning: Policy enforcement is depending on the value of is_admin. This key is deprecated. Please update your policy file to use the standard policy values.
Aug 10 10:26:07.557370 dv-cinder-804035-3-iscsi devstack@c-api.service[100104]: warnings.warn('Policy enforcement is depending on the value of '
Aug 10 10:26:07.565780 dv-cinder-804035-3-iscsi devstack@c-api.service[100103]: DEBUG cinder.quota [None req-d55d19bf-dc85-4f9d-a5b2-ff64e3b58ecf tempest-VolumesActionsTest-1098005520 tempest-VolumesActionsTest-1098005520-project] Created reservations ['9d124288-a56e-4faa-8564-c3eced89064c', 'dc3086e2-004f-4e54-ac97-528ead3aca11', '78bc4e7a-6177-4e74-b13b-5ff74b59c06f', '8e9a6c91-1b2b-4399-be49-8d509ae81dfe'] {{(pid=100103) reserve /opt/stack/cinder/cinder/quota.py:755}}
Aug 10 10:26:07.566595 dv-cinder-804035-3-iscsi devstack@c-api.service[100104]: WARNING stevedore.named [None req-c4a236ce-d120-45c6-80fd-a6bae0d2ee30 tempest-GroupSnapshotsTest-1177039002 tempest-GroupSnapshotsTest-1177039002-project] Could not load cinder.keymgr.conf_key_mgr.ConfKeyManager
Aug 10 10:26:07.566980 dv-cinder-804035-3-iscsi devstack@c-api.service[100104]: WARNING castellan.key_manager [None req-c4a236ce-d120-45c6-80fd-a6bae0d2ee30 tempest-GroupSnapshotsTest-1177039002 tempest-GroupSnapshotsTest-1177039002-project] Deprecation Warning : cinder.keymgr.conf_key_mgr.ConfKeyManager is not a stevedore based driver, trying to load it as a class: stevedore.exception.NoMatches: No 'castellan.drivers' driver found, looking for 'cinder.keymgr.conf_key_mgr.ConfKeyManager'
Aug 10 10:26:07.567699 dv-cinder-804035-3-iscsi devstack@c-api.service[100103]: DEBUG cinder.volume.api [None req-d55d19bf-dc85-4f9d-a5b2-ff64e3b58ecf tempest-VolumesActionsTest-1098005520 tempest-VolumesActionsTest-1098005520-project] Task 'cinder.volume.flows.api.create_volume.QuotaReserveTask;volume:create' (8842d949-fc05-456b-8d48-809acf1ad443) transitioned into state 'SUCCESS' from state 'RUNNING' with result '{'reservations': ['9d124288-a56e-4faa-8564-c3eced89064c', 'dc3086e2-004f-4e54-ac97-528ead3aca11', '78bc4e7a-6177-4e74-b13b-5ff74b59c06f', '8e9a6c91-1b2b-4399-be49-8d509ae81dfe']}' {{(pid=100103) _task_receiver /usr/local/lib/python3.8/dist-packages/taskflow/listeners/logging.py:178}}
Aug 10 10:26:07.569882 dv-cinder-804035-3-iscsi devstack@c-api.service[100103]: DEBUG cinder.volume.api [None req-d55d19bf-dc85-4f9d-a5b2-ff64e3b58ecf tempest-VolumesActionsTest-1098005520 tempest-VolumesActionsTest-1098005520-project] Task 'cinder.volume.flows.api.create_volume.EntryCreateTask;volume:create' (72f33587-48c2-4bed-9e09-42fc6751c205) transitioned into state 'RUNNING' from state 'PENDING' {{(pid=100103) _task_receiver /usr/local/lib/python3.8/dist-packages/taskflow/listeners/logging.py:190}}
Aug 10 10:26:07.574705 dv-cinder-804035-3-iscsi devstack@c-api.service[100104]: DEBUG oslo_db.sqlalchemy.engines [None req-c4a236ce-d120-45c6-80fd-a6bae0d2ee30 tempest-GroupSnapshotsTest-1177039002 tempest-GroupSnapshotsTest-1177039002-project] MySQL server mode set to STRICT_TRANS_TABLES,STRICT_ALL_TABLES,NO_ZERO_IN_DATE,NO_ZERO_DATE,ERROR_FOR_DIVISION_BY_ZERO,TRADITIONAL,NO_ENGINE_SUBSTITUTION {{(pid=100104) _check_effective_sql_mode /usr/local/lib/python3.8/dist-packages/oslo_db/sqlalchemy/engines.py:314}}
Aug 10 10:26:07.581270 dv-cinder-804035-3-iscsi devstack@c-api.service[100104]: /usr/local/lib/python3.8/dist-packages/oslo_context/context.py:105: DeprecationWarning: Policy enforcement is depending on the value of is_admin. This key is deprecated. Please update your policy file to use the standard policy values.
Aug 10 10:26:07.581270 dv-cinder-804035-3-iscsi devstack@c-api.service[100104]: warnings.warn('Policy enforcement is depending on the value of '
Aug 10 10:26:07.596394 dv-cinder-804035-3-iscsi devstack@c-api.service[100104]: INFO cinder.api.openstack.wsgi [None req-c4a236ce-d120-45c6-80fd-a6bae0d2ee30 tempest-GroupSnapshotsTest-1177039002 tempest-GroupSnapshotsTest-1177039002-project] http://10.222.0.10/volume/v3/71f0dd69fa544c2caa17e6921c65075e/volumes/detail returned with HTTP 200
Aug 10 10:26:07.597425 dv-cinder-804035-3-iscsi devstack@c-api.service[100104]: [pid: 100104|app: 0|req: 138/261] 10.222.0.10 () {60 vars in 1276 bytes} [Tue Aug 10 10:26:07 2021] GET /volume/v3/71f0dd69fa544c2caa17e6921c65075e/volumes/detail => generated 1991 bytes in 130 msecs (HTTP/1.1 200) 7 headers in 287 bytes (1 switches on core 0)
Aug 10 10:26:07.597541 dv-cinder-804035-3-iscsi devstack@c-api.service[100103]: DEBUG cinder.volume.api [None req-d55d19bf-dc85-4f9d-a5b2-ff64e3b58ecf tempest-VolumesActionsTest-1098005520 tempest-VolumesActionsTest-1098005520-project] Task 'cinder.volume.flows.api.create_volume.EntryCreateTask;volume:create' (72f33587-48c2-4bed-9e09-42fc6751c205) transitioned into state 'SUCCESS' from state 'RUNNING' with result '{'volume_id': 'cac65c06-9c0a-4d06-b9c4-646773c7f0f0', 'volume_properties': VolumeProperties(attach_status='detached',availability_zone='nova',cgsnapshot_id=None,consistencygroup_id=None,display_description=None,display_name='tempest-VolumesActionsTest-Volume-666640697',encryption_key_id=None,group_id=None,group_type_id=,metadata={},multiattach=False,project_id='e458fd87fe6048fa9080735d04695139',qos_specs=None,replication_status=,reservations=['9d124288-a56e-4faa-8564-c3eced89064c','dc3086e2-004f-4e54-ac97-528ead3aca11','78bc4e7a-6177-4e74-b13b-5ff74b59c06f','8e9a6c91-1b2b-4399-be49-8d509ae81dfe'],size=1,snapshot_id=None,source_replicaid=,source_volid=None,status='creating',user_id='f67d0018aace4d9faec3629780a3e730',volume_type_id=cc187bda-5db6-4942-9cad-2c842b71891b), 'volume': Volume(_name_id=None,admin_metadata=,attach_status='detached',availability_zone='nova',bootable=False,cluster=,cluster_name=None,consistencygroup=,consistencygroup_id=None,created_at=2021-08-10T10:26:07Z,deleted=False,deleted_at=None,display_description=None,display_name='tempest-VolumesActionsTest-Volume-666640697',ec2_id=None,encryption_key_id=None,glance_metadata=,group=,group_id=None,host=None,id=cac65c06-9c0a-4d06-b9c4-646773c7f0f0,launched_at=None,metadata={},migration_status=None,multiattach=False,previous_status=None,project_id='e458fd87fe6048fa9080735d04695139',provider_auth=None,provider_geometry=None,provider_id=None,provider_location=None,replication_driver_data=None,replication_extended_status=None,replication_status=None,scheduled_at=None,service_uuid=None,shared_targets=True,size=1,snapshot_id=None,snapshots=,source_volid=None,status='creating',terminated_at=None,updated_at=None,user_id='f67d0018aace4d9faec3629780a3e730',volume_attachment=,volume_type=VolumeType(cc187bda-5db6-4942-9cad-2c842b71891b),volume_type_id=cc187bda-5db6-4942-9cad-2c842b71891b)}' {{(pid=100103) _task_receiver /usr/local/lib/python3.8/dist-packages/taskflow/listeners/logging.py:178}}
Aug 10 10:26:07.599528 dv-cinder-804035-3-iscsi devstack@c-api.service[100103]: DEBUG cinder.volume.api [None req-d55d19bf-dc85-4f9d-a5b2-ff64e3b58ecf tempest-VolumesActionsTest-1098005520 tempest-VolumesActionsTest-1098005520-project] Task 'cinder.volume.flows.api.create_volume.QuotaCommitTask;volume:create' (7d2ed1e8-1440-4adb-8223-b7ffc10bb1bd) transitioned into state 'RUNNING' from state 'PENDING' {{(pid=100103) _task_receiver /usr/local/lib/python3.8/dist-packages/taskflow/listeners/logging.py:190}}
Aug 10 10:26:07.632270 dv-cinder-804035-3-iscsi devstack@c-api.service[100103]: DEBUG cinder.volume.api [None req-d55d19bf-dc85-4f9d-a5b2-ff64e3b58ecf tempest-VolumesActionsTest-1098005520 tempest-VolumesActionsTest-1098005520-project] Task 'cinder.volume.flows.api.create_volume.QuotaCommitTask;volume:create' (7d2ed1e8-1440-4adb-8223-b7ffc10bb1bd) transitioned into state 'SUCCESS' from state 'RUNNING' with result '{'volume_properties': VolumeProperties(attach_status='detached',availability_zone='nova',cgsnapshot_id=None,consistencygroup_id=None,display_description=None,display_name='tempest-VolumesActionsTest-Volume-666640697',encryption_key_id=None,group_id=None,group_type_id=,metadata={},multiattach=False,project_id='e458fd87fe6048fa9080735d04695139',qos_specs=None,replication_status=,reservations=['9d124288-a56e-4faa-8564-c3eced89064c','dc3086e2-004f-4e54-ac97-528ead3aca11','78bc4e7a-6177-4e74-b13b-5ff74b59c06f','8e9a6c91-1b2b-4399-be49-8d509ae81dfe'],size=1,snapshot_id=None,source_replicaid=,source_volid=None,status='creating',user_id='f67d0018aace4d9faec3629780a3e730',volume_type_id=cc187bda-5db6-4942-9cad-2c842b71891b)}' {{(pid=100103) _task_receiver /usr/local/lib/python3.8/dist-packages/taskflow/listeners/logging.py:178}}
Aug 10 10:26:07.634043 dv-cinder-804035-3-iscsi devstack@c-api.service[100103]: DEBUG cinder.volume.api [None req-d55d19bf-dc85-4f9d-a5b2-ff64e3b58ecf tempest-VolumesActionsTest-1098005520 tempest-VolumesActionsTest-1098005520-project] Task 'cinder.volume.flows.api.create_volume.VolumeCastTask;volume:create' (b283c62b-cbcf-4fcb-a4bc-da32950f4b92) transitioned into state 'RUNNING' from state 'PENDING' {{(pid=100103) _task_receiver /usr/local/lib/python3.8/dist-packages/taskflow/listeners/logging.py:190}}
Aug 10 10:26:07.651567 dv-cinder-804035-3-iscsi devstack@c-api.service[100103]: DEBUG cinder.volume.api [None req-d55d19bf-dc85-4f9d-a5b2-ff64e3b58ecf tempest-VolumesActionsTest-1098005520 tempest-VolumesActionsTest-1098005520-project] Task 'cinder.volume.flows.api.create_volume.VolumeCastTask;volume:create' (b283c62b-cbcf-4fcb-a4bc-da32950f4b92) transitioned into state 'SUCCESS' from state 'RUNNING' with result 'None' {{(pid=100103) _task_receiver /usr/local/lib/python3.8/dist-packages/taskflow/listeners/logging.py:178}}
Aug 10 10:26:07.654266 dv-cinder-804035-3-iscsi devstack@c-api.service[100103]: DEBUG cinder.volume.api [None req-d55d19bf-dc85-4f9d-a5b2-ff64e3b58ecf tempest-VolumesActionsTest-1098005520 tempest-VolumesActionsTest-1098005520-project] Flow 'volume_create_api' (50422a0b-4669-4515-949b-32ee6efea082) transitioned into state 'SUCCESS' from state 'RUNNING' {{(pid=100103) _flow_receiver /usr/local/lib/python3.8/dist-packages/taskflow/listeners/logging.py:141}}
Aug 10 10:26:07.654956 dv-cinder-804035-3-iscsi devstack@c-api.service[100103]: INFO cinder.volume.api [None req-d55d19bf-dc85-4f9d-a5b2-ff64e3b58ecf tempest-VolumesActionsTest-1098005520 tempest-VolumesActionsTest-1098005520-project] Create volume request issued successfully.
Aug 10 10:26:07.662860 dv-cinder-804035-3-iscsi devstack@c-api.service[100103]: INFO cinder.api.openstack.wsgi [None req-d55d19bf-dc85-4f9d-a5b2-ff64e3b58ecf tempest-VolumesActionsTest-1098005520 tempest-VolumesActionsTest-1098005520-project] http://10.222.0.10/volume/v3/e458fd87fe6048fa9080735d04695139/volumes returned with HTTP 202
Aug 10 10:26:07.664251 dv-cinder-804035-3-iscsi devstack@c-api.service[100103]: [pid: 100103|app: 0|req: 124/262] 10.222.0.10 () {60 vars in 1235 bytes} [Tue Aug 10 10:26:07 2021] POST /volume/v3/e458fd87fe6048fa9080735d04695139/volumes => generated 817 bytes in 275 msecs (HTTP/1.1 202) 7 headers in 291 bytes (1 switches on core 0)
Aug 10 10:26:07.669442 dv-cinder-804035-3-iscsi devstack@c-api.service[100103]: INFO cinder.api.openstack.wsgi [None req-dc215557-af72-49d5-9bd8-e15d03bf994a tempest-GroupSnapshotsTest-1177039002 tempest-GroupSnapshotsTest-1177039002-project] POST http://10.222.0.10/volume/v3/71f0dd69fa544c2caa17e6921c65075e/groups/9d715376-d21e-4eaa-8acc-3844ada57234/action
Aug 10 10:26:07.669886 dv-cinder-804035-3-iscsi devstack@c-api.service[100103]: /usr/local/lib/python3.8/dist-packages/webob/acceptparse.py:1047: DeprecationWarning: The behavior of AcceptValidHeader.best_match is currently being maintained for backward compatibility, but it will be deprecated in the future, as it does not conform to the RFC.
Aug 10 10:26:07.669886 dv-cinder-804035-3-iscsi devstack@c-api.service[100103]: warnings.warn(
Aug 10 10:26:07.670484 dv-cinder-804035-3-iscsi devstack@c-api.service[100103]: DEBUG cinder.api.openstack.wsgi [None req-dc215557-af72-49d5-9bd8-e15d03bf994a tempest-GroupSnapshotsTest-1177039002 tempest-GroupSnapshotsTest-1177039002-project] Action body: b'{"delete": {"delete-volumes": true}}' {{(pid=100103) get_method /opt/stack/cinder/cinder/api/openstack/wsgi.py:971}}
Aug 10 10:26:07.670806 dv-cinder-804035-3-iscsi devstack@c-api.service[100103]: DEBUG cinder.api.openstack.wsgi [None req-dc215557-af72-49d5-9bd8-e15d03bf994a tempest-GroupSnapshotsTest-1177039002 tempest-GroupSnapshotsTest-1177039002-project] Action: 'action', calling method: delete_group, body: {"delete": {"delete-volumes": true}} {{(pid=100103) _process_stack /opt/stack/cinder/cinder/api/openstack/wsgi.py:854}}
Aug 10 10:26:07.671699 dv-cinder-804035-3-iscsi devstack@c-api.service[100103]: DEBUG cinder.api.v3.groups [None req-dc215557-af72-49d5-9bd8-e15d03bf994a tempest-GroupSnapshotsTest-1177039002 tempest-GroupSnapshotsTest-1177039002-project] delete called for group 9d715376-d21e-4eaa-8acc-3844ada57234 {{(pid=100103) _delete /opt/stack/cinder/cinder/api/v3/groups.py:117}}
Aug 10 10:26:07.672174 dv-cinder-804035-3-iscsi devstack@c-api.service[100103]: INFO cinder.api.v3.groups [None req-dc215557-af72-49d5-9bd8-e15d03bf994a tempest-GroupSnapshotsTest-1177039002 tempest-GroupSnapshotsTest-1177039002-project] Delete group with id: 9d715376-d21e-4eaa-8acc-3844ada57234
Aug 10 10:26:07.678710 dv-cinder-804035-3-iscsi devstack@c-api.service[100103]: /usr/local/lib/python3.8/dist-packages/oslo_context/context.py:105: DeprecationWarning: Policy enforcement is depending on the value of is_admin. This key is deprecated. Please update your policy file to use the standard policy values.
Aug 10 10:26:07.678710 dv-cinder-804035-3-iscsi devstack@c-api.service[100103]: warnings.warn('Policy enforcement is depending on the value of '
Aug 10 10:26:07.749130 dv-cinder-804035-3-iscsi devstack@c-api.service[100104]: INFO cinder.api.openstack.wsgi [None req-b016ebf3-2c05-4cb1-8fd9-70380acfe867 tempest-VolumeRetypeWithoutMigrationTest-151965665 tempest-VolumeRetypeWithoutMigrationTest-151965665-project-admin] POST http://10.222.0.10/volume/v3/21f01c08970643d7b1484f0f29a5aa06/types
Aug 10 10:26:07.749890 dv-cinder-804035-3-iscsi devstack@c-api.service[100104]: /usr/local/lib/python3.8/dist-packages/webob/acceptparse.py:1047: DeprecationWarning: The behavior of AcceptValidHeader.best_match is currently being maintained for backward compatibility, but it will be deprecated in the future, as it does not conform to the RFC.
Aug 10 10:26:07.749890 dv-cinder-804035-3-iscsi devstack@c-api.service[100104]: warnings.warn(
Aug 10 10:26:07.751248 dv-cinder-804035-3-iscsi devstack@c-api.service[100104]: DEBUG cinder.api.openstack.wsgi [None req-b016ebf3-2c05-4cb1-8fd9-70380acfe867 tempest-VolumeRetypeWithoutMigrationTest-151965665 tempest-VolumeRetypeWithoutMigrationTest-151965665-project-admin] Action: 'create', calling method: _create, body: {"volume_type": {"name": "volume-type-1"}} {{(pid=100104) _process_stack /opt/stack/cinder/cinder/api/openstack/wsgi.py:854}}
Aug 10 10:26:07.781393 dv-cinder-804035-3-iscsi devstack@c-api.service[100103]: INFO cinder.api.openstack.wsgi [None req-dc215557-af72-49d5-9bd8-e15d03bf994a tempest-GroupSnapshotsTest-1177039002 tempest-GroupSnapshotsTest-1177039002-project] http://10.222.0.10/volume/v3/71f0dd69fa544c2caa17e6921c65075e/groups/9d715376-d21e-4eaa-8acc-3844ada57234/action returned with HTTP 202
Aug 10 10:26:07.782640 dv-cinder-804035-3-iscsi devstack@c-api.service[100103]: [pid: 100103|app: 0|req: 125/263] 10.222.0.10 () {62 vars in 1405 bytes} [Tue Aug 10 10:26:07 2021] POST /volume/v3/71f0dd69fa544c2caa17e6921c65075e/groups/9d715376-d21e-4eaa-8acc-3844ada57234/action => generated 0 bytes in 118 msecs (HTTP/1.1 202) 6 headers in 234 bytes (1 switches on core 0)
Aug 10 10:26:07.783862 dv-cinder-804035-3-iscsi devstack@c-api.service[100104]: INFO cinder.api.openstack.wsgi [None req-b016ebf3-2c05-4cb1-8fd9-70380acfe867 tempest-VolumeRetypeWithoutMigrationTest-151965665 tempest-VolumeRetypeWithoutMigrationTest-151965665-project-admin] http://10.222.0.10/volume/v3/21f01c08970643d7b1484f0f29a5aa06/types returned with HTTP 200
Aug 10 10:26:07.787857 dv-cinder-804035-3-iscsi devstack@c-api.service[100104]: [pid: 100104|app: 0|req: 139/264] 10.222.0.10 () {60 vars in 1229 bytes} [Tue Aug 10 10:26:07 2021] POST /volume/v3/21f01c08970643d7b1484f0f29a5aa06/types => generated 188 bytes in 190 msecs (HTTP/1.1 200) 7 headers in 285 bytes (1 switches on core 0)
Aug 10 10:26:07.788345 dv-cinder-804035-3-iscsi devstack@c-api.service[100103]: INFO cinder.api.openstack.wsgi [None req-62f0302f-9760-4097-b75d-991e38725161 tempest-VolumesActionsTest-1098005520 tempest-VolumesActionsTest-1098005520-project] GET http://10.222.0.10/volume/v3/e458fd87fe6048fa9080735d04695139/volumes/cac65c06-9c0a-4d06-b9c4-646773c7f0f0
Aug 10 10:26:07.790165 dv-cinder-804035-3-iscsi devstack@c-api.service[100103]: DEBUG cinder.api.openstack.wsgi [None req-62f0302f-9760-4097-b75d-991e38725161 tempest-VolumesActionsTest-1098005520 tempest-VolumesActionsTest-1098005520-project] Empty body provided in request {{(pid=100103) get_body /opt/stack/cinder/cinder/api/openstack/wsgi.py:703}}
