Feb 08 14:39:25.667102 dv-cinder-804035-29-iscsi devstack@c-api.service[116641]: INFO cinder.api.openstack.wsgi [None req-0c53db2b-05e4-490b-93ad-64b4b996e89b tempest-VolumeRetypeWithoutMigrationTest-1962429181 tempest-VolumeRetypeWithoutMigrationTest-1962429181-project] GET http://10.222.0.81/volume/v3/56c1924094b94685a9a9e58bed4fab91/volumes/99284078-e0b6-4c21-b5f8-4d35475c36be
Feb 08 14:39:25.667943 dv-cinder-804035-29-iscsi devstack@c-api.service[116641]: DEBUG cinder.api.openstack.wsgi [None req-0c53db2b-05e4-490b-93ad-64b4b996e89b tempest-VolumeRetypeWithoutMigrationTest-1962429181 tempest-VolumeRetypeWithoutMigrationTest-1962429181-project] Empty body provided in request {{(pid=116641) get_body /opt/stack/cinder/cinder/api/openstack/wsgi.py:715}}
Feb 08 14:39:25.669198 dv-cinder-804035-29-iscsi devstack@c-api.service[116641]: DEBUG cinder.api.openstack.wsgi [None req-0c53db2b-05e4-490b-93ad-64b4b996e89b tempest-VolumeRetypeWithoutMigrationTest-1962429181 tempest-VolumeRetypeWithoutMigrationTest-1962429181-project] Calling method 'show' {{(pid=116641) _process_stack /opt/stack/cinder/cinder/api/openstack/wsgi.py:868}}
Feb 08 14:39:25.674885 dv-cinder-804035-29-iscsi devstack@c-api.service[116642]: INFO cinder.api.openstack.wsgi [None req-354797cc-f95d-45d0-9928-f1fe14f54743 tempest-VolumesImageMetadata-1062068046 tempest-VolumesImageMetadata-1062068046-project] GET http://10.222.0.81/volume/v3/aa222b44553a4e3bb0b162ed26fc4145/volumes/cacb5089-fa71-43ce-b85e-f44fde9998f8
Feb 08 14:39:25.675923 dv-cinder-804035-29-iscsi devstack@c-api.service[116642]: DEBUG cinder.api.openstack.wsgi [None req-354797cc-f95d-45d0-9928-f1fe14f54743 tempest-VolumesImageMetadata-1062068046 tempest-VolumesImageMetadata-1062068046-project] Empty body provided in request {{(pid=116642) get_body /opt/stack/cinder/cinder/api/openstack/wsgi.py:715}}
Feb 08 14:39:25.676972 dv-cinder-804035-29-iscsi devstack@c-api.service[116642]: DEBUG cinder.api.openstack.wsgi [None req-354797cc-f95d-45d0-9928-f1fe14f54743 tempest-VolumesImageMetadata-1062068046 tempest-VolumesImageMetadata-1062068046-project] Calling method 'show' {{(pid=116642) _process_stack /opt/stack/cinder/cinder/api/openstack/wsgi.py:868}}
Feb 08 14:39:25.695328 dv-cinder-804035-29-iscsi devstack@c-api.service[116641]: /usr/local/lib/python3.8/dist-packages/oslo_context/context.py:105: DeprecationWarning: Policy enforcement is depending on the value of is_admin. This key is deprecated. Please update your policy file to use the standard policy values.
Feb 08 14:39:25.695328 dv-cinder-804035-29-iscsi devstack@c-api.service[116641]: warnings.warn('Policy enforcement is depending on the value of '
Feb 08 14:39:25.704839 dv-cinder-804035-29-iscsi devstack@c-api.service[116641]: INFO cinder.volume.api [None req-0c53db2b-05e4-490b-93ad-64b4b996e89b tempest-VolumeRetypeWithoutMigrationTest-1962429181 tempest-VolumeRetypeWithoutMigrationTest-1962429181-project] Volume info retrieved successfully.
Feb 08 14:39:25.714492 dv-cinder-804035-29-iscsi devstack@c-api.service[116642]: /usr/local/lib/python3.8/dist-packages/oslo_context/context.py:105: DeprecationWarning: Policy enforcement is depending on the value of is_admin. This key is deprecated. Please update your policy file to use the standard policy values.
Feb 08 14:39:25.714492 dv-cinder-804035-29-iscsi devstack@c-api.service[116642]: warnings.warn('Policy enforcement is depending on the value of '
Feb 08 14:39:25.720127 dv-cinder-804035-29-iscsi devstack@c-api.service[116641]: INFO cinder.api.openstack.wsgi [None req-0c53db2b-05e4-490b-93ad-64b4b996e89b tempest-VolumeRetypeWithoutMigrationTest-1962429181 tempest-VolumeRetypeWithoutMigrationTest-1962429181-project] http://10.222.0.81/volume/v3/56c1924094b94685a9a9e58bed4fab91/volumes/99284078-e0b6-4c21-b5f8-4d35475c36be returned with HTTP 200
Feb 08 14:39:25.728081 dv-cinder-804035-29-iscsi devstack@c-api.service[116641]: [pid: 116641|app: 0|req: 184/354] 10.222.0.81 () {58 vars in 1324 bytes} [Tue Feb 8 14:39:25 2022] GET /volume/v3/56c1924094b94685a9a9e58bed4fab91/volumes/99284078-e0b6-4c21-b5f8-4d35475c36be => generated 925 bytes in 65 msecs (HTTP/1.1 200) 7 headers in 285 bytes (1 switches on core 0)
Feb 08 14:39:25.730753 dv-cinder-804035-29-iscsi devstack@c-api.service[116642]: INFO cinder.volume.api [None req-354797cc-f95d-45d0-9928-f1fe14f54743 tempest-VolumesImageMetadata-1062068046 tempest-VolumesImageMetadata-1062068046-project] Volume info retrieved successfully.
Feb 08 14:39:25.743986 dv-cinder-804035-29-iscsi devstack@c-api.service[116642]: INFO cinder.api.openstack.wsgi [None req-354797cc-f95d-45d0-9928-f1fe14f54743 tempest-VolumesImageMetadata-1062068046 tempest-VolumesImageMetadata-1062068046-project] http://10.222.0.81/volume/v3/aa222b44553a4e3bb0b162ed26fc4145/volumes/cacb5089-fa71-43ce-b85e-f44fde9998f8 returned with HTTP 200
Feb 08 14:39:25.746408 dv-cinder-804035-29-iscsi devstack@c-api.service[116642]: [pid: 116642|app: 0|req: 171/355] 10.222.0.81 () {58 vars in 1324 bytes} [Tue Feb 8 14:39:25 2022] GET /volume/v3/aa222b44553a4e3bb0b162ed26fc4145/volumes/cacb5089-fa71-43ce-b85e-f44fde9998f8 => generated 912 bytes in 76 msecs (HTTP/1.1 200) 7 headers in 285 bytes (2 switches on core 0)
Feb 08 14:39:26.077482 dv-cinder-804035-29-iscsi devstack@c-api.service[116641]: INFO cinder.api.openstack.wsgi [None req-8723a898-813b-42ae-96ed-17cf76f50281 tempest-VolumesCloneTest-692482127 tempest-VolumesCloneTest-692482127-project] GET http://10.222.0.81/volume/v3/35b35baf9d7f429abd8d99d87c959fff/volumes/0fea5d79-421a-403d-af1c-bd2543484b16
Feb 08 14:39:26.078301 dv-cinder-804035-29-iscsi devstack@c-api.service[116641]: DEBUG cinder.api.openstack.wsgi [None req-8723a898-813b-42ae-96ed-17cf76f50281 tempest-VolumesCloneTest-692482127 tempest-VolumesCloneTest-692482127-project] Empty body provided in request {{(pid=116641) get_body /opt/stack/cinder/cinder/api/openstack/wsgi.py:715}}
Feb 08 14:39:26.079116 dv-cinder-804035-29-iscsi devstack@c-api.service[116641]: DEBUG cinder.api.openstack.wsgi [None req-8723a898-813b-42ae-96ed-17cf76f50281 tempest-VolumesCloneTest-692482127 tempest-VolumesCloneTest-692482127-project] Calling method 'show' {{(pid=116641) _process_stack /opt/stack/cinder/cinder/api/openstack/wsgi.py:868}}
Feb 08 14:39:26.108126 dv-cinder-804035-29-iscsi devstack@c-api.service[116641]: /usr/local/lib/python3.8/dist-packages/oslo_context/context.py:105: DeprecationWarning: Policy enforcement is depending on the value of is_admin. This key is deprecated. Please update your policy file to use the standard policy values.
Feb 08 14:39:26.108126 dv-cinder-804035-29-iscsi devstack@c-api.service[116641]: warnings.warn('Policy enforcement is depending on the value of '
Feb 08 14:39:26.122826 dv-cinder-804035-29-iscsi devstack@c-api.service[116641]: INFO cinder.volume.api [None req-8723a898-813b-42ae-96ed-17cf76f50281 tempest-VolumesCloneTest-692482127 tempest-VolumesCloneTest-692482127-project] Volume info retrieved successfully.
Feb 08 14:39:26.138630 dv-cinder-804035-29-iscsi devstack@c-api.service[116641]: INFO cinder.api.openstack.wsgi [None req-8723a898-813b-42ae-96ed-17cf76f50281 tempest-VolumesCloneTest-692482127 tempest-VolumesCloneTest-692482127-project] http://10.222.0.81/volume/v3/35b35baf9d7f429abd8d99d87c959fff/volumes/0fea5d79-421a-403d-af1c-bd2543484b16 returned with HTTP 200
Feb 08 14:39:26.140325 dv-cinder-804035-29-iscsi devstack@c-api.service[116641]: [pid: 116641|app: 0|req: 185/356] 10.222.0.81 () {58 vars in 1324 bytes} [Tue Feb 8 14:39:26 2022] GET /volume/v3/35b35baf9d7f429abd8d99d87c959fff/volumes/0fea5d79-421a-403d-af1c-bd2543484b16 => generated 908 bytes in 69 msecs (HTTP/1.1 200) 7 headers in 285 bytes (1 switches on core 0)
Feb 08 14:39:26.743455 dv-cinder-804035-29-iscsi devstack@c-api.service[116642]: INFO cinder.api.openstack.wsgi [None req-f30311d1-b5df-4a25-ac78-79a86913ab34 tempest-VolumeRetypeWithoutMigrationTest-1962429181 tempest-VolumeRetypeWithoutMigrationTest-1962429181-project] GET http://10.222.0.81/volume/v3/56c1924094b94685a9a9e58bed4fab91/volumes/99284078-e0b6-4c21-b5f8-4d35475c36be
Feb 08 14:39:26.744378 dv-cinder-804035-29-iscsi devstack@c-api.service[116642]: DEBUG cinder.api.openstack.wsgi [None req-f30311d1-b5df-4a25-ac78-79a86913ab34 tempest-VolumeRetypeWithoutMigrationTest-1962429181 tempest-VolumeRetypeWithoutMigrationTest-1962429181-project] Empty body provided in request {{(pid=116642) get_body /opt/stack/cinder/cinder/api/openstack/wsgi.py:715}}
Feb 08 14:39:26.745001 dv-cinder-804035-29-iscsi devstack@c-api.service[116642]: DEBUG cinder.api.openstack.wsgi [None req-f30311d1-b5df-4a25-ac78-79a86913ab34 tempest-VolumeRetypeWithoutMigrationTest-1962429181 tempest-VolumeRetypeWithoutMigrationTest-1962429181-project] Calling method 'show' {{(pid=116642) _process_stack /opt/stack/cinder/cinder/api/openstack/wsgi.py:868}}
Feb 08 14:39:26.762161 dv-cinder-804035-29-iscsi devstack@c-api.service[116641]: INFO cinder.api.openstack.wsgi [None req-49edd374-82dc-4519-98d1-0f9e73ffc7ca tempest-VolumesImageMetadata-1062068046 tempest-VolumesImageMetadata-1062068046-project] GET http://10.222.0.81/volume/v3/aa222b44553a4e3bb0b162ed26fc4145/volumes/cacb5089-fa71-43ce-b85e-f44fde9998f8
Feb 08 14:39:26.764067 dv-cinder-804035-29-iscsi devstack@c-api.service[116641]: DEBUG cinder.api.openstack.wsgi [None req-49edd374-82dc-4519-98d1-0f9e73ffc7ca tempest-VolumesImageMetadata-1062068046 tempest-VolumesImageMetadata-1062068046-project] Empty body provided in request {{(pid=116641) get_body /opt/stack/cinder/cinder/api/openstack/wsgi.py:715}}
Feb 08 14:39:26.765533 dv-cinder-804035-29-iscsi devstack@c-api.service[116641]: DEBUG cinder.api.openstack.wsgi [None req-49edd374-82dc-4519-98d1-0f9e73ffc7ca tempest-VolumesImageMetadata-1062068046 tempest-VolumesImageMetadata-1062068046-project] Calling method 'show' {{(pid=116641) _process_stack /opt/stack/cinder/cinder/api/openstack/wsgi.py:868}}
Feb 08 14:39:26.766798 dv-cinder-804035-29-iscsi devstack@c-api.service[116642]: INFO cinder.api.openstack.wsgi [None req-f30311d1-b5df-4a25-ac78-79a86913ab34 tempest-VolumeRetypeWithoutMigrationTest-1962429181 tempest-VolumeRetypeWithoutMigrationTest-1962429181-project] http://10.222.0.81/volume/v3/56c1924094b94685a9a9e58bed4fab91/volumes/99284078-e0b6-4c21-b5f8-4d35475c36be returned with HTTP 404
Feb 08 14:39:26.771568 dv-cinder-804035-29-iscsi devstack@c-api.service[116642]: [pid: 116642|app: 0|req: 172/357] 10.222.0.81 () {58 vars in 1324 bytes} [Tue Feb 8 14:39:26 2022] GET /volume/v3/56c1924094b94685a9a9e58bed4fab91/volumes/99284078-e0b6-4c21-b5f8-4d35475c36be => generated 109 bytes in 33 msecs (HTTP/1.1 404) 7 headers in 292 bytes (1 switches on core 0)
Feb 08 14:39:26.784204 dv-cinder-804035-29-iscsi devstack@c-api.service[116642]: INFO cinder.api.openstack.wsgi [None req-f68f1bb3-2b78-485d-9f59-dee4cd426ef5 tempest-VolumeRetypeWithoutMigrationTest-1279186824 tempest-VolumeRetypeWithoutMigrationTest-1279186824-project-admin] DELETE http://10.222.0.81/volume/v3/ef8a6d85e64d46f8a228a2a8b8784638/types/51fcdf27-3674-4af6-a48f-a4adf70ab9b4
Feb 08 14:39:26.794668 dv-cinder-804035-29-iscsi devstack@c-api.service[116642]: DEBUG cinder.api.openstack.wsgi [None req-f68f1bb3-2b78-485d-9f59-dee4cd426ef5 tempest-VolumeRetypeWithoutMigrationTest-1279186824 tempest-VolumeRetypeWithoutMigrationTest-1279186824-project-admin] Empty body provided in request {{(pid=116642) get_body /opt/stack/cinder/cinder/api/openstack/wsgi.py:715}}
Feb 08 14:39:26.794668 dv-cinder-804035-29-iscsi devstack@c-api.service[116642]: DEBUG cinder.api.openstack.wsgi [None req-f68f1bb3-2b78-485d-9f59-dee4cd426ef5 tempest-VolumeRetypeWithoutMigrationTest-1279186824 tempest-VolumeRetypeWithoutMigrationTest-1279186824-project-admin] Calling method '_delete' {{(pid=116642) _process_stack /opt/stack/cinder/cinder/api/openstack/wsgi.py:868}}
Feb 08 14:39:26.799296 dv-cinder-804035-29-iscsi devstack@c-api.service[116641]: /usr/local/lib/python3.8/dist-packages/oslo_context/context.py:105: DeprecationWarning: Policy enforcement is depending on the value of is_admin. This key is deprecated. Please update your policy file to use the standard policy values.
Feb 08 14:39:26.799296 dv-cinder-804035-29-iscsi devstack@c-api.service[116641]: warnings.warn('Policy enforcement is depending on the value of '
Feb 08 14:39:26.809196 dv-cinder-804035-29-iscsi devstack@c-api.service[116641]: INFO cinder.volume.api [None req-49edd374-82dc-4519-98d1-0f9e73ffc7ca tempest-VolumesImageMetadata-1062068046 tempest-VolumesImageMetadata-1062068046-project] Volume info retrieved successfully.
Feb 08 14:39:26.825542 dv-cinder-804035-29-iscsi devstack@c-api.service[116641]: INFO cinder.api.openstack.wsgi [None req-49edd374-82dc-4519-98d1-0f9e73ffc7ca tempest-VolumesImageMetadata-1062068046 tempest-VolumesImageMetadata-1062068046-project] http://10.222.0.81/volume/v3/aa222b44553a4e3bb0b162ed26fc4145/volumes/cacb5089-fa71-43ce-b85e-f44fde9998f8 returned with HTTP 200
Feb 08 14:39:26.826620 dv-cinder-804035-29-iscsi devstack@c-api.service[116641]: [pid: 116641|app: 0|req: 186/358] 10.222.0.81 () {58 vars in 1324 bytes} [Tue Feb 8 14:39:26 2022] GET /volume/v3/aa222b44553a4e3bb0b162ed26fc4145/volumes/cacb5089-fa71-43ce-b85e-f44fde9998f8 => generated 912 bytes in 69 msecs (HTTP/1.1 200) 7 headers in 285 bytes (2 switches on core 0)
Feb 08 14:39:26.929836 dv-cinder-804035-29-iscsi devstack@c-api.service[116642]: INFO cinder.api.openstack.wsgi [None req-f68f1bb3-2b78-485d-9f59-dee4cd426ef5 tempest-VolumeRetypeWithoutMigrationTest-1279186824 tempest-VolumeRetypeWithoutMigrationTest-1279186824-project-admin] http://10.222.0.81/volume/v3/ef8a6d85e64d46f8a228a2a8b8784638/types/51fcdf27-3674-4af6-a48f-a4adf70ab9b4 returned with HTTP 202
Feb 08 14:39:26.930723 dv-cinder-804035-29-iscsi devstack@c-api.service[116642]: [pid: 116642|app: 0|req: 173/359] 10.222.0.81 () {58 vars in 1321 bytes} [Tue Feb 8 14:39:26 2022] DELETE /volume/v3/ef8a6d85e64d46f8a228a2a8b8784638/types/51fcdf27-3674-4af6-a48f-a4adf70ab9b4 => generated 0 bytes in 152 msecs (HTTP/1.1 202) 6 headers in 233 bytes (1 switches on core 0)
Feb 08 14:39:26.942359 dv-cinder-804035-29-iscsi devstack@c-api.service[116641]: INFO cinder.api.openstack.wsgi [None req-533d2ba9-070a-4903-9028-78a150aadc14 tempest-VolumeRetypeWithoutMigrationTest-1279186824 tempest-VolumeRetypeWithoutMigrationTest-1279186824-project-admin] GET http://10.222.0.81/volume/v3/ef8a6d85e64d46f8a228a2a8b8784638/types/51fcdf27-3674-4af6-a48f-a4adf70ab9b4
Feb 08 14:39:26.943969 dv-cinder-804035-29-iscsi devstack@c-api.service[116641]: DEBUG cinder.api.openstack.wsgi [None req-533d2ba9-070a-4903-9028-78a150aadc14 tempest-VolumeRetypeWithoutMigrationTest-1279186824 tempest-VolumeRetypeWithoutMigrationTest-1279186824-project-admin] Empty body provided in request {{(pid=116641) get_body /opt/stack/cinder/cinder/api/openstack/wsgi.py:715}}
Feb 08 14:39:26.944638 dv-cinder-804035-29-iscsi devstack@c-api.service[116641]: DEBUG cinder.api.openstack.wsgi [None req-533d2ba9-070a-4903-9028-78a150aadc14 tempest-VolumeRetypeWithoutMigrationTest-1279186824 tempest-VolumeRetypeWithoutMigrationTest-1279186824-project-admin] Calling method 'show' {{(pid=116641) _process_stack /opt/stack/cinder/cinder/api/openstack/wsgi.py:868}}
Feb 08 14:39:26.950789 dv-cinder-804035-29-iscsi devstack@c-api.service[116641]: INFO cinder.api.openstack.wsgi [None req-533d2ba9-070a-4903-9028-78a150aadc14 tempest-VolumeRetypeWithoutMigrationTest-1279186824 tempest-VolumeRetypeWithoutMigrationTest-1279186824-project-admin] http://10.222.0.81/volume/v3/ef8a6d85e64d46f8a228a2a8b8784638/types/51fcdf27-3674-4af6-a48f-a4adf70ab9b4 returned with HTTP 404
Feb 08 14:39:26.955263 dv-cinder-804035-29-iscsi devstack@c-api.service[116641]: [pid: 116641|app: 0|req: 187/360] 10.222.0.81 () {58 vars in 1318 bytes} [Tue Feb 8 14:39:26 2022] GET /volume/v3/ef8a6d85e64d46f8a228a2a8b8784638/types/51fcdf27-3674-4af6-a48f-a4adf70ab9b4 => generated 114 bytes in 20 msecs (HTTP/1.1 404) 7 headers in 292 bytes (1 switches on core 0)
Feb 08 14:39:26.961357 dv-cinder-804035-29-iscsi devstack@c-api.service[116642]: INFO cinder.api.openstack.wsgi [None req-1859d85c-e598-4f65-9c4d-67ddbee9370e tempest-VolumeRetypeWithoutMigrationTest-1279186824 tempest-VolumeRetypeWithoutMigrationTest-1279186824-project-admin] DELETE http://10.222.0.81/volume/v3/ef8a6d85e64d46f8a228a2a8b8784638/types/ce40bc89-ee5f-4446-87f3-3df4d57a4fbf
Feb 08 14:39:26.962052 dv-cinder-804035-29-iscsi devstack@c-api.service[116642]: DEBUG cinder.api.openstack.wsgi [None req-1859d85c-e598-4f65-9c4d-67ddbee9370e tempest-VolumeRetypeWithoutMigrationTest-1279186824 tempest-VolumeRetypeWithoutMigrationTest-1279186824-project-admin] Empty body provided in request {{(pid=116642) get_body /opt/stack/cinder/cinder/api/openstack/wsgi.py:715}}
Feb 08 14:39:26.962565 dv-cinder-804035-29-iscsi devstack@c-api.service[116642]: DEBUG cinder.api.openstack.wsgi [None req-1859d85c-e598-4f65-9c4d-67ddbee9370e tempest-VolumeRetypeWithoutMigrationTest-1279186824 tempest-VolumeRetypeWithoutMigrationTest-1279186824-project-admin] Calling method '_delete' {{(pid=116642) _process_stack /opt/stack/cinder/cinder/api/openstack/wsgi.py:868}}
Feb 08 14:39:27.134340 dv-cinder-804035-29-iscsi devstack@c-api.service[116642]: INFO cinder.api.openstack.wsgi [None req-1859d85c-e598-4f65-9c4d-67ddbee9370e tempest-VolumeRetypeWithoutMigrationTest-1279186824 tempest-VolumeRetypeWithoutMigrationTest-1279186824-project-admin] http://10.222.0.81/volume/v3/ef8a6d85e64d46f8a228a2a8b8784638/types/ce40bc89-ee5f-4446-87f3-3df4d57a4fbf returned with HTTP 202
Feb 08 14:39:27.135616 dv-cinder-804035-29-iscsi devstack@c-api.service[116642]: [pid: 116642|app: 0|req: 174/361] 10.222.0.81 () {58 vars in 1321 bytes} [Tue Feb 8 14:39:26 2022] DELETE /volume/v3/ef8a6d85e64d46f8a228a2a8b8784638/types/ce40bc89-ee5f-4446-87f3-3df4d57a4fbf => generated 0 bytes in 180 msecs (HTTP/1.1 202) 6 headers in 233 bytes (1 switches on core 0)
Feb 08 14:39:27.149150 dv-cinder-804035-29-iscsi devstack@c-api.service[116641]: INFO cinder.api.openstack.wsgi [None req-85ce712d-5a86-4618-af8e-930f41ed51b9 tempest-VolumeRetypeWithoutMigrationTest-1279186824 tempest-VolumeRetypeWithoutMigrationTest-1279186824-project-admin] GET http://10.222.0.81/volume/v3/ef8a6d85e64d46f8a228a2a8b8784638/types/ce40bc89-ee5f-4446-87f3-3df4d57a4fbf
Feb 08 14:39:27.155875 dv-cinder-804035-29-iscsi devstack@c-api.service[116641]: DEBUG cinder.api.openstack.wsgi [None req-85ce712d-5a86-4618-af8e-930f41ed51b9 tempest-VolumeRetypeWithoutMigrationTest-1279186824 tempest-VolumeRetypeWithoutMigrationTest-1279186824-project-admin] Empty body provided in request {{(pid=116641) get_body /opt/stack/cinder/cinder/api/openstack/wsgi.py:715}}
Feb 08 14:39:27.155875 dv-cinder-804035-29-iscsi devstack@c-api.service[116641]: DEBUG cinder.api.openstack.wsgi [None req-85ce712d-5a86-4618-af8e-930f41ed51b9 tempest-VolumeRetypeWithoutMigrationTest-1279186824 tempest-VolumeRetypeWithoutMigrationTest-1279186824-project-admin] Calling method 'show' {{(pid=116641) _process_stack /opt/stack/cinder/cinder/api/openstack/wsgi.py:868}}
Feb 08 14:39:27.156928 dv-cinder-804035-29-iscsi devstack@c-api.service[116642]: INFO cinder.api.openstack.wsgi [None req-1670a147-0cfd-4bbe-86a5-49cc06c3a028 tempest-VolumesCloneTest-692482127 tempest-VolumesCloneTest-692482127-project] GET http://10.222.0.81/volume/v3/35b35baf9d7f429abd8d99d87c959fff/volumes/0fea5d79-421a-403d-af1c-bd2543484b16
Feb 08 14:39:27.157601 dv-cinder-804035-29-iscsi devstack@c-api.service[116641]: INFO cinder.api.openstack.wsgi [None req-85ce712d-5a86-4618-af8e-930f41ed51b9 tempest-VolumeRetypeWithoutMigrationTest-1279186824 tempest-VolumeRetypeWithoutMigrationTest-1279186824-project-admin] http://10.222.0.81/volume/v3/ef8a6d85e64d46f8a228a2a8b8784638/types/ce40bc89-ee5f-4446-87f3-3df4d57a4fbf returned with HTTP 404
Feb 08 14:39:27.158097 dv-cinder-804035-29-iscsi devstack@c-api.service[116642]: DEBUG cinder.api.openstack.wsgi [None req-1670a147-0cfd-4bbe-86a5-49cc06c3a028 tempest-VolumesCloneTest-692482127 tempest-VolumesCloneTest-692482127-project] Empty body provided in request {{(pid=116642) get_body /opt/stack/cinder/cinder/api/openstack/wsgi.py:715}}
Feb 08 14:39:27.158748 dv-cinder-804035-29-iscsi devstack@c-api.service[116641]: [pid: 116641|app: 0|req: 188/362] 10.222.0.81 () {58 vars in 1318 bytes} [Tue Feb 8 14:39:27 2022] GET /volume/v3/ef8a6d85e64d46f8a228a2a8b8784638/types/ce40bc89-ee5f-4446-87f3-3df4d57a4fbf => generated 114 bytes in 17 msecs (HTTP/1.1 404) 7 headers in 292 bytes (1 switches on core 0)
Feb 08 14:39:27.158898 dv-cinder-804035-29-iscsi devstack@c-api.service[116642]: DEBUG cinder.api.openstack.wsgi [None req-1670a147-0cfd-4bbe-86a5-49cc06c3a028 tempest-VolumesCloneTest-692482127 tempest-VolumesCloneTest-692482127-project] Calling method 'show' {{(pid=116642) _process_stack /opt/stack/cinder/cinder/api/openstack/wsgi.py:868}}
Feb 08 14:39:27.179802 dv-cinder-804035-29-iscsi devstack@c-api.service[116642]: /usr/local/lib/python3.8/dist-packages/oslo_context/context.py:105: DeprecationWarning: Policy enforcement is depending on the value of is_admin. This key is deprecated. Please update your policy file to use the standard policy values.
Feb 08 14:39:27.179802 dv-cinder-804035-29-iscsi devstack@c-api.service[116642]: warnings.warn('Policy enforcement is depending on the value of '
Feb 08 14:39:27.187667 dv-cinder-804035-29-iscsi devstack@c-api.service[116642]: INFO cinder.volume.api [None req-1670a147-0cfd-4bbe-86a5-49cc06c3a028 tempest-VolumesCloneTest-692482127 tempest-VolumesCloneTest-692482127-project] Volume info retrieved successfully.
Feb 08 14:39:27.197144 dv-cinder-804035-29-iscsi devstack@c-api.service[116642]: INFO cinder.api.openstack.wsgi [None req-1670a147-0cfd-4bbe-86a5-49cc06c3a028 tempest-VolumesCloneTest-692482127 tempest-VolumesCloneTest-692482127-project] http://10.222.0.81/volume/v3/35b35baf9d7f429abd8d99d87c959fff/volumes/0fea5d79-421a-403d-af1c-bd2543484b16 returned with HTTP 200
Feb 08 14:39:27.198007 dv-cinder-804035-29-iscsi devstack@c-api.service[116642]: [pid: 116642|app: 0|req: 175/363] 10.222.0.81 () {58 vars in 1324 bytes} [Tue Feb 8 14:39:27 2022] GET /volume/v3/35b35baf9d7f429abd8d99d87c959fff/volumes/0fea5d79-421a-403d-af1c-bd2543484b16 => generated 908 bytes in 45 msecs (HTTP/1.1 200) 7 headers in 285 bytes (2 switches on core 0)
Feb 08 14:39:27.852240 dv-cinder-804035-29-iscsi devstack@c-api.service[116641]: INFO cinder.api.openstack.wsgi [None req-7058ef03-cdff-42cb-8868-ebf98b843d3f tempest-VolumesImageMetadata-1062068046 tempest-VolumesImageMetadata-1062068046-project] GET http://10.222.0.81/volume/v3/aa222b44553a4e3bb0b162ed26fc4145/volumes/cacb5089-fa71-43ce-b85e-f44fde9998f8
Feb 08 14:39:27.853068 dv-cinder-804035-29-iscsi devstack@c-api.service[116641]: DEBUG cinder.api.openstack.wsgi [None req-7058ef03-cdff-42cb-8868-ebf98b843d3f tempest-VolumesImageMetadata-1062068046 tempest-VolumesImageMetadata-1062068046-project] Empty body provided in request {{(pid=116641) get_body /opt/stack/cinder/cinder/api/openstack/wsgi.py:715}}
Feb 08 14:39:27.854307 dv-cinder-804035-29-iscsi devstack@c-api.service[116641]: DEBUG cinder.api.openstack.wsgi [None req-7058ef03-cdff-42cb-8868-ebf98b843d3f tempest-VolumesImageMetadata-1062068046 tempest-VolumesImageMetadata-1062068046-project] Calling method 'show' {{(pid=116641) _process_stack /opt/stack/cinder/cinder/api/openstack/wsgi.py:868}}
Feb 08 14:39:27.883101 dv-cinder-804035-29-iscsi devstack@c-api.service[116641]: /usr/local/lib/python3.8/dist-packages/oslo_context/context.py:105: DeprecationWarning: Policy enforcement is depending on the value of is_admin. This key is deprecated. Please update your policy file to use the standard policy values.
Feb 08 14:39:27.883101 dv-cinder-804035-29-iscsi devstack@c-api.service[116641]: warnings.warn('Policy enforcement is depending on the value of '
Feb 08 14:39:27.918076 dv-cinder-804035-29-iscsi devstack@c-api.service[116641]: INFO cinder.volume.api [None req-7058ef03-cdff-42cb-8868-ebf98b843d3f tempest-VolumesImageMetadata-1062068046 tempest-VolumesImageMetadata-1062068046-project] Volume info retrieved successfully.
Feb 08 14:39:27.938869 dv-cinder-804035-29-iscsi devstack@c-api.service[116641]: INFO cinder.api.openstack.wsgi [None req-7058ef03-cdff-42cb-8868-ebf98b843d3f tempest-VolumesImageMetadata-1062068046 tempest-VolumesImageMetadata-1062068046-project] http://10.222.0.81/volume/v3/aa222b44553a4e3bb0b162ed26fc4145/volumes/cacb5089-fa71-43ce-b85e-f44fde9998f8 returned with HTTP 200
Feb 08 14:39:27.947405 dv-cinder-804035-29-iscsi devstack@c-api.service[116641]: [pid: 116641|app: 0|req: 189/364] 10.222.0.81 () {58 vars in 1324 bytes} [Tue Feb 8 14:39:27 2022] GET /volume/v3/aa222b44553a4e3bb0b162ed26fc4145/volumes/cacb5089-fa71-43ce-b85e-f44fde9998f8 => generated 912 bytes in 101 msecs (HTTP/1.1 200) 7 headers in 285 bytes (1 switches on core 0)
Feb 08 14:39:28.213251 dv-cinder-804035-29-iscsi devstack@c-api.service[116642]: INFO cinder.api.openstack.wsgi [None req-263e1646-c333-46f5-be20-2405eb0a6999 tempest-VolumesCloneTest-692482127 tempest-VolumesCloneTest-692482127-project] GET http://10.222.0.81/volume/v3/35b35baf9d7f429abd8d99d87c959fff/volumes/0fea5d79-421a-403d-af1c-bd2543484b16
Feb 08 14:39:28.215400 dv-cinder-804035-29-iscsi devstack@c-api.service[116642]: DEBUG cinder.api.openstack.wsgi [None req-263e1646-c333-46f5-be20-2405eb0a6999 tempest-VolumesCloneTest-692482127 tempest-VolumesCloneTest-692482127-project] Empty body provided in request {{(pid=116642) get_body /opt/stack/cinder/cinder/api/openstack/wsgi.py:715}}
Feb 08 14:39:28.215400 dv-cinder-804035-29-iscsi devstack@c-api.service[116642]: DEBUG cinder.api.openstack.wsgi [None req-263e1646-c333-46f5-be20-2405eb0a6999 tempest-VolumesCloneTest-692482127 tempest-VolumesCloneTest-692482127-project] Calling method 'show' {{(pid=116642) _process_stack /opt/stack/cinder/cinder/api/openstack/wsgi.py:868}}
Feb 08 14:39:28.244881 dv-cinder-804035-29-iscsi devstack@c-api.service[116642]: /usr/local/lib/python3.8/dist-packages/oslo_context/context.py:105: DeprecationWarning: Policy enforcement is depending on the value of is_admin. This key is deprecated. Please update your policy file to use the standard policy values.
Feb 08 14:39:28.244881 dv-cinder-804035-29-iscsi devstack@c-api.service[116642]: warnings.warn('Policy enforcement is depending on the value of '
Feb 08 14:39:28.256235 dv-cinder-804035-29-iscsi devstack@c-api.service[116642]: INFO cinder.volume.api [None req-263e1646-c333-46f5-be20-2405eb0a6999 tempest-VolumesCloneTest-692482127 tempest-VolumesCloneTest-692482127-project] Volume info retrieved successfully.
Feb 08 14:39:28.266327 dv-cinder-804035-29-iscsi devstack@c-api.service[116642]: INFO cinder.api.openstack.wsgi [None req-263e1646-c333-46f5-be20-2405eb0a6999 tempest-VolumesCloneTest-692482127 tempest-VolumesCloneTest-692482127-project] http://10.222.0.81/volume/v3/35b35baf9d7f429abd8d99d87c959fff/volumes/0fea5d79-421a-403d-af1c-bd2543484b16 returned with HTTP 200
Feb 08 14:39:28.267929 dv-cinder-804035-29-iscsi devstack@c-api.service[116642]: [pid: 116642|app: 0|req: 176/365] 10.222.0.81 () {58 vars in 1324 bytes} [Tue Feb 8 14:39:28 2022] GET /volume/v3/35b35baf9d7f429abd8d99d87c959fff/volumes/0fea5d79-421a-403d-af1c-bd2543484b16 => generated 908 bytes in 58 msecs (HTTP/1.1 200) 7 headers in 285 bytes (1 switches on core 0)
Feb 08 14:39:28.965480 dv-cinder-804035-29-iscsi devstack@c-api.service[116641]: INFO cinder.api.openstack.wsgi [None req-6fbe6411-d86e-46b2-8055-569413e9e1b3 tempest-VolumesImageMetadata-1062068046 tempest-VolumesImageMetadata-1062068046-project] GET http://10.222.0.81/volume/v3/aa222b44553a4e3bb0b162ed26fc4145/volumes/cacb5089-fa71-43ce-b85e-f44fde9998f8
Feb 08 14:39:28.966631 dv-cinder-804035-29-iscsi devstack@c-api.service[116641]: DEBUG cinder.api.openstack.wsgi [None req-6fbe6411-d86e-46b2-8055-569413e9e1b3 tempest-VolumesImageMetadata-1062068046 tempest-VolumesImageMetadata-1062068046-project] Empty body provided in request {{(pid=116641) get_body /opt/stack/cinder/cinder/api/openstack/wsgi.py:715}}
Feb 08 14:39:28.967550 dv-cinder-804035-29-iscsi devstack@c-api.service[116641]: DEBUG cinder.api.openstack.wsgi [None req-6fbe6411-d86e-46b2-8055-569413e9e1b3 tempest-VolumesImageMetadata-1062068046 tempest-VolumesImageMetadata-1062068046-project] Calling method 'show' {{(pid=116641) _process_stack /opt/stack/cinder/cinder/api/openstack/wsgi.py:868}}
Feb 08 14:39:28.987627 dv-cinder-804035-29-iscsi devstack@c-api.service[116641]: /usr/local/lib/python3.8/dist-packages/oslo_context/context.py:105: DeprecationWarning: Policy enforcement is depending on the value of is_admin. This key is deprecated. Please update your policy file to use the standard policy values.
Feb 08 14:39:28.987627 dv-cinder-804035-29-iscsi devstack@c-api.service[116641]: warnings.warn('Policy enforcement is depending on the value of '
Feb 08 14:39:28.997798 dv-cinder-804035-29-iscsi devstack@c-api.service[116641]: INFO cinder.volume.api [None req-6fbe6411-d86e-46b2-8055-569413e9e1b3 tempest-VolumesImageMetadata-1062068046 tempest-VolumesImageMetadata-1062068046-project] Volume info retrieved successfully.
Feb 08 14:39:29.030181 dv-cinder-804035-29-iscsi devstack@c-api.service[116641]: INFO cinder.api.openstack.wsgi [None req-6fbe6411-d86e-46b2-8055-569413e9e1b3 tempest-VolumesImageMetadata-1062068046 tempest-VolumesImageMetadata-1062068046-project] http://10.222.0.81/volume/v3/aa222b44553a4e3bb0b162ed26fc4145/volumes/cacb5089-fa71-43ce-b85e-f44fde9998f8 returned with HTTP 200
Feb 08 14:39:29.044437 dv-cinder-804035-29-iscsi devstack@c-api.service[116641]: [pid: 116641|app: 0|req: 190/366] 10.222.0.81 () {58 vars in 1324 bytes} [Tue Feb 8 14:39:28 2022] GET /volume/v3/aa222b44553a4e3bb0b162ed26fc4145/volumes/cacb5089-fa71-43ce-b85e-f44fde9998f8 => generated 912 bytes in 76 msecs (HTTP/1.1 200) 7 headers in 285 bytes (1 switches on core 0)
Feb 08 14:39:29.287395 dv-cinder-804035-29-iscsi devstack@c-api.service[116641]: INFO cinder.api.openstack.wsgi [None req-a3378b6c-e2da-4c63-bf62-4f3928673e80 tempest-VolumesCloneTest-692482127 tempest-VolumesCloneTest-692482127-project] GET http://10.222.0.81/volume/v3/35b35baf9d7f429abd8d99d87c959fff/volumes/0fea5d79-421a-403d-af1c-bd2543484b16
Feb 08 14:39:29.288700 dv-cinder-804035-29-iscsi devstack@c-api.service[116641]: DEBUG cinder.api.openstack.wsgi [None req-a3378b6c-e2da-4c63-bf62-4f3928673e80 tempest-VolumesCloneTest-692482127 tempest-VolumesCloneTest-692482127-project] Empty body provided in request {{(pid=116641) get_body /opt/stack/cinder/cinder/api/openstack/wsgi.py:715}}
Feb 08 14:39:29.289989 dv-cinder-804035-29-iscsi devstack@c-api.service[116641]: DEBUG cinder.api.openstack.wsgi [None req-a3378b6c-e2da-4c63-bf62-4f3928673e80 tempest-VolumesCloneTest-692482127 tempest-VolumesCloneTest-692482127-project] Calling method 'show' {{(pid=116641) _process_stack /opt/stack/cinder/cinder/api/openstack/wsgi.py:868}}
Feb 08 14:39:29.336653 dv-cinder-804035-29-iscsi devstack@c-api.service[116641]: /usr/local/lib/python3.8/dist-packages/oslo_context/context.py:105: DeprecationWarning: Policy enforcement is depending on the value of is_admin. This key is deprecated. Please update your policy file to use the standard policy values.
Feb 08 14:39:29.336653 dv-cinder-804035-29-iscsi devstack@c-api.service[116641]: warnings.warn('Policy enforcement is depending on the value of '
Feb 08 14:39:29.336955 dv-cinder-804035-29-iscsi devstack@c-api.service[116642]: INFO cinder.api.openstack.wsgi [None req-7d1f2ec6-d277-4f20-9311-3ca77c87102d tempest-AbsoluteLimitsTests-1356504454 tempest-AbsoluteLimitsTests-1356504454-project] POST http://10.222.0.81/volume/v3/9efaa5598626423fbea9b9c19996f188/volumes
Feb 08 14:39:29.338380 dv-cinder-804035-29-iscsi devstack@c-api.service[116642]: DEBUG cinder.api.openstack.wsgi [None req-7d1f2ec6-d277-4f20-9311-3ca77c87102d tempest-AbsoluteLimitsTests-1356504454 tempest-AbsoluteLimitsTests-1356504454-project] Action: 'create', calling method: create, body: {"volume": {"size": 1, "name": "tempest-AbsoluteLimitsTests-Volume-1179126984"}} {{(pid=116642) _process_stack /opt/stack/cinder/cinder/api/openstack/wsgi.py:866}}
Feb 08 14:39:29.339570 dv-cinder-804035-29-iscsi devstack@c-api.service[116642]: DEBUG cinder.api.v3.volumes [None req-7d1f2ec6-d277-4f20-9311-3ca77c87102d tempest-AbsoluteLimitsTests-1356504454 tempest-AbsoluteLimitsTests-1356504454-project] Create volume request body: {'volume': {'size': 1, 'name': 'tempest-AbsoluteLimitsTests-Volume-1179126984'}} {{(pid=116642) create /opt/stack/cinder/cinder/api/v3/volumes.py:298}}
Feb 08 14:39:29.342715 dv-cinder-804035-29-iscsi devstack@c-api.service[116642]: INFO cinder.api.v3.volumes [None req-7d1f2ec6-d277-4f20-9311-3ca77c87102d tempest-AbsoluteLimitsTests-1356504454 tempest-AbsoluteLimitsTests-1356504454-project] Create volume of 1 GB
Feb 08 14:39:29.347820 dv-cinder-804035-29-iscsi devstack@c-api.service[116642]: INFO cinder.volume.api [None req-7d1f2ec6-d277-4f20-9311-3ca77c87102d tempest-AbsoluteLimitsTests-1356504454 tempest-AbsoluteLimitsTests-1356504454-project] Availability Zones retrieved successfully.
Feb 08 14:39:29.352975 dv-cinder-804035-29-iscsi devstack@c-api.service[116641]: INFO cinder.volume.api [None req-a3378b6c-e2da-4c63-bf62-4f3928673e80 tempest-VolumesCloneTest-692482127 tempest-VolumesCloneTest-692482127-project] Volume info retrieved successfully.
Feb 08 14:39:29.365186 dv-cinder-804035-29-iscsi devstack@c-api.service[116642]: DEBUG cinder.volume.api [None req-7d1f2ec6-d277-4f20-9311-3ca77c87102d tempest-AbsoluteLimitsTests-1356504454 tempest-AbsoluteLimitsTests-1356504454-project] Flow 'volume_create_api' (cb76be1a-8433-4c22-8b2c-34897b5b98bd) transitioned into state 'RUNNING' from state 'PENDING' {{(pid=116642) _flow_receiver /usr/local/lib/python3.8/dist-packages/taskflow/listeners/logging.py:141}}
Feb 08 14:39:29.368408 dv-cinder-804035-29-iscsi devstack@c-api.service[116642]: DEBUG cinder.volume.api [None req-7d1f2ec6-d277-4f20-9311-3ca77c87102d tempest-AbsoluteLimitsTests-1356504454 tempest-AbsoluteLimitsTests-1356504454-project] Task 'cinder.volume.flows.api.create_volume.ExtractVolumeRequestTask;volume:create' (f310b86d-3dac-4039-9cbd-43c5256cbfa1) transitioned into state 'RUNNING' from state 'PENDING' {{(pid=116642) _task_receiver /usr/local/lib/python3.8/dist-packages/taskflow/listeners/logging.py:190}}
Feb 08 14:39:29.370924 dv-cinder-804035-29-iscsi devstack@c-api.service[116642]: DEBUG cinder.volume.flows.api.create_volume [None req-7d1f2ec6-d277-4f20-9311-3ca77c87102d tempest-AbsoluteLimitsTests-1356504454 tempest-AbsoluteLimitsTests-1356504454-project] Validating volume size '1' using validate_int {{(pid=116642) _extract_size /opt/stack/cinder/cinder/volume/flows/api/create_volume.py:225}}
Feb 08 14:39:29.375455 dv-cinder-804035-29-iscsi devstack@c-api.service[116641]: INFO cinder.api.openstack.wsgi [None req-a3378b6c-e2da-4c63-bf62-4f3928673e80 tempest-VolumesCloneTest-692482127 tempest-VolumesCloneTest-692482127-project] http://10.222.0.81/volume/v3/35b35baf9d7f429abd8d99d87c959fff/volumes/0fea5d79-421a-403d-af1c-bd2543484b16 returned with HTTP 200
Feb 08 14:39:29.386491 dv-cinder-804035-29-iscsi devstack@c-api.service[116641]: [pid: 116641|app: 0|req: 191/367] 10.222.0.81 () {58 vars in 1324 bytes} [Tue Feb 8 14:39:29 2022] GET /volume/v3/35b35baf9d7f429abd8d99d87c959fff/volumes/0fea5d79-421a-403d-af1c-bd2543484b16 => generated 908 bytes in 97 msecs (HTTP/1.1 200) 7 headers in 285 bytes (1 switches on core 0)
Feb 08 14:39:29.420404 dv-cinder-804035-29-iscsi devstack@c-api.service[116642]: DEBUG cinder.volume.api [None req-7d1f2ec6-d277-4f20-9311-3ca77c87102d tempest-AbsoluteLimitsTests-1356504454 tempest-AbsoluteLimitsTests-1356504454-project] Task 'cinder.volume.flows.api.create_volume.ExtractVolumeRequestTask;volume:create' (f310b86d-3dac-4039-9cbd-43c5256cbfa1) transitioned into state 'SUCCESS' from state 'RUNNING' with result '{'size': 1, 'snapshot_id': None, 'source_volid': None, 'volume_type': VolumeType(created_at=2022-02-08T14:22:10Z,deleted=False,deleted_at=None,description='Default Volume Type',extra_specs={},id=625a2531-8d61-4b90-8b64-bdfd5f6d1555,is_public=True,name='__DEFAULT__',projects=[],qos_specs=,qos_specs_id=None,updated_at=2022-02-08T14:22:10Z), 'volume_type_id': '625a2531-8d61-4b90-8b64-bdfd5f6d1555', 'encryption_key_id': None, 'qos_specs': None, 'consistencygroup_id': None, 'cgsnapshot_id': None, 'group_id': None, 'replication_status': 'disabled', 'refresh_az': False, 'backup_id': None, 'multiattach': False, 'availability_zones': ['nova']}' {{(pid=116642) _task_receiver /usr/local/lib/python3.8/dist-packages/taskflow/listeners/logging.py:178}}
Feb 08 14:39:29.424205 dv-cinder-804035-29-iscsi devstack@c-api.service[116642]: DEBUG cinder.volume.api [None req-7d1f2ec6-d277-4f20-9311-3ca77c87102d tempest-AbsoluteLimitsTests-1356504454 tempest-AbsoluteLimitsTests-1356504454-project] Task 'cinder.volume.flows.api.create_volume.QuotaReserveTask;volume:create' (9349e47a-6820-4231-a8d3-731f30e985c7) transitioned into state 'RUNNING' from state 'PENDING' {{(pid=116642) _task_receiver /usr/local/lib/python3.8/dist-packages/taskflow/listeners/logging.py:190}}
Feb 08 14:39:29.728787 dv-cinder-804035-29-iscsi devstack@c-api.service[116642]: DEBUG cinder.quota [None req-7d1f2ec6-d277-4f20-9311-3ca77c87102d tempest-AbsoluteLimitsTests-1356504454 tempest-AbsoluteLimitsTests-1356504454-project] Created reservations ['182481c7-7324-43a6-9bcf-c371dceeaeec', 'fa8bbbdd-0664-43eb-bd29-23836aac445c', 'd8582a7b-8761-43f6-96d4-f9347719984e', '7df548bd-26c0-4f42-b5b7-6b4719569352'] {{(pid=116642) reserve /opt/stack/cinder/cinder/quota.py:755}}
Feb 08 14:39:29.733162 dv-cinder-804035-29-iscsi devstack@c-api.service[116642]: DEBUG cinder.volume.api [None req-7d1f2ec6-d277-4f20-9311-3ca77c87102d tempest-AbsoluteLimitsTests-1356504454 tempest-AbsoluteLimitsTests-1356504454-project] Task 'cinder.volume.flows.api.create_volume.QuotaReserveTask;volume:create' (9349e47a-6820-4231-a8d3-731f30e985c7) transitioned into state 'SUCCESS' from state 'RUNNING' with result '{'reservations': ['182481c7-7324-43a6-9bcf-c371dceeaeec', 'fa8bbbdd-0664-43eb-bd29-23836aac445c', 'd8582a7b-8761-43f6-96d4-f9347719984e', '7df548bd-26c0-4f42-b5b7-6b4719569352']}' {{(pid=116642) _task_receiver /usr/local/lib/python3.8/dist-packages/taskflow/listeners/logging.py:178}}
Feb 08 14:39:29.738606 dv-cinder-804035-29-iscsi devstack@c-api.service[116642]: DEBUG cinder.volume.api [None req-7d1f2ec6-d277-4f20-9311-3ca77c87102d tempest-AbsoluteLimitsTests-1356504454 tempest-AbsoluteLimitsTests-1356504454-project] Task 'cinder.volume.flows.api.create_volume.EntryCreateTask;volume:create' (faed4887-78e7-4870-9217-6dc854d0e61b) transitioned into state 'RUNNING' from state 'PENDING' {{(pid=116642) _task_receiver /usr/local/lib/python3.8/dist-packages/taskflow/listeners/logging.py:190}}
Feb 08 14:39:29.859997 dv-cinder-804035-29-iscsi devstack@c-api.service[116642]: DEBUG cinder.volume.api [None req-7d1f2ec6-d277-4f20-9311-3ca77c87102d tempest-AbsoluteLimitsTests-1356504454 tempest-AbsoluteLimitsTests-1356504454-project] Task 'cinder.volume.flows.api.create_volume.EntryCreateTask;volume:create' (faed4887-78e7-4870-9217-6dc854d0e61b) transitioned into state 'SUCCESS' from state 'RUNNING' with result '{'volume_id': 'c37e5ef2-e7ff-4e9f-bdcc-3b5c2c4332e8', 'volume_properties': VolumeProperties(attach_status='detached',availability_zone='nova',cgsnapshot_id=None,consistencygroup_id=None,display_description=None,display_name='tempest-AbsoluteLimitsTests-Volume-1179126984',encryption_key_id=None,group_id=None,group_type_id=,metadata={},multiattach=False,project_id='9efaa5598626423fbea9b9c19996f188',qos_specs=None,replication_status=,reservations=['182481c7-7324-43a6-9bcf-c371dceeaeec','fa8bbbdd-0664-43eb-bd29-23836aac445c','d8582a7b-8761-43f6-96d4-f9347719984e','7df548bd-26c0-4f42-b5b7-6b4719569352'],size=1,snapshot_id=None,source_replicaid=,source_volid=None,status='creating',user_id='ef1407fe96fd4ca4ae6d9cc24a181a77',volume_type_id=625a2531-8d61-4b90-8b64-bdfd5f6d1555), 'volume': Volume(_name_id=None,admin_metadata=,attach_status='detached',availability_zone='nova',bootable=False,cluster=,cluster_name=None,consistencygroup=,consistencygroup_id=None,created_at=2022-02-08T14:39:29Z,deleted=False,deleted_at=None,display_description=None,display_name='tempest-AbsoluteLimitsTests-Volume-1179126984',ec2_id=None,encryption_key_id=None,glance_metadata=,group=,group_id=None,host=None,id=c37e5ef2-e7ff-4e9f-bdcc-3b5c2c4332e8,launched_at=None,metadata={},migration_status=None,multiattach=False,previous_status=None,project_id='9efaa5598626423fbea9b9c19996f188',provider_auth=None,provider_geometry=None,provider_id=None,provider_location=None,replication_driver_data=None,replication_extended_status=None,replication_status=None,scheduled_at=None,service_uuid=None,shared_targets=True,size=1,snapshot_id=None,snapshots=,source_volid=None,status='creating',terminated_at=None,updated_at=None,use_quota=True,user_id='ef1407fe96fd4ca4ae6d9cc24a181a77',volume_attachment=VolumeAttachmentList,volume_type=VolumeType(625a2531-8d61-4b90-8b64-bdfd5f6d1555),volume_type_id=625a2531-8d61-4b90-8b64-bdfd5f6d1555)}' {{(pid=116642) _task_receiver /usr/local/lib/python3.8/dist-packages/taskflow/listeners/logging.py:178}}
Feb 08 14:39:29.861947 dv-cinder-804035-29-iscsi devstack@c-api.service[116642]: DEBUG cinder.volume.api [None req-7d1f2ec6-d277-4f20-9311-3ca77c87102d tempest-AbsoluteLimitsTests-1356504454 tempest-AbsoluteLimitsTests-1356504454-project] Task 'cinder.volume.flows.api.create_volume.QuotaCommitTask;volume:create' (b8dd084d-415a-4ebc-9490-b92a22d0d7f7) transitioned into state 'RUNNING' from state 'PENDING' {{(pid=116642) _task_receiver /usr/local/lib/python3.8/dist-packages/taskflow/listeners/logging.py:190}}
Feb 08 14:39:29.923374 dv-cinder-804035-29-iscsi devstack@c-api.service[116641]: INFO cinder.api.openstack.wsgi [req-8ea6590c-b617-4f5d-b79a-27ac65c05abe req-b1d2c9a4-3b94-4b48-89de-0ad37bc90768 tempest-DeleteServersTestJSON-1741736336 tempest-DeleteServersTestJSON-1741736336-project] DELETE http://10.222.0.81/volume/v3/07ee4f97324b4572b4fcb078cd992a35/attachments/0f863b06-52e3-4003-b4f2-424a8d8028e7
Feb 08 14:39:29.923930 dv-cinder-804035-29-iscsi devstack@c-api.service[116641]: DEBUG cinder.api.openstack.wsgi [req-8ea6590c-b617-4f5d-b79a-27ac65c05abe req-b1d2c9a4-3b94-4b48-89de-0ad37bc90768 tempest-DeleteServersTestJSON-1741736336 tempest-DeleteServersTestJSON-1741736336-project] Empty body provided in request {{(pid=116641) get_body /opt/stack/cinder/cinder/api/openstack/wsgi.py:715}}
Feb 08 14:39:29.924690 dv-cinder-804035-29-iscsi devstack@c-api.service[116641]: DEBUG cinder.api.openstack.wsgi [req-8ea6590c-b617-4f5d-b79a-27ac65c05abe req-b1d2c9a4-3b94-4b48-89de-0ad37bc90768 tempest-DeleteServersTestJSON-1741736336 tempest-DeleteServersTestJSON-1741736336-project] Calling method 'version_select' {{(pid=116641) _process_stack /opt/stack/cinder/cinder/api/openstack/wsgi.py:868}}
Feb 08 14:39:29.938916 dv-cinder-804035-29-iscsi devstack@c-api.service[116641]: /usr/local/lib/python3.8/dist-packages/oslo_context/context.py:105: DeprecationWarning: Policy enforcement is depending on the value of is_admin. This key is deprecated. Please update your policy file to use the standard policy values.
Feb 08 14:39:29.938916 dv-cinder-804035-29-iscsi devstack@c-api.service[116641]: warnings.warn('Policy enforcement is depending on the value of '
Feb 08 14:39:29.965030 dv-cinder-804035-29-iscsi devstack@c-api.service[116642]: DEBUG cinder.volume.api [None req-7d1f2ec6-d277-4f20-9311-3ca77c87102d tempest-AbsoluteLimitsTests-1356504454 tempest-AbsoluteLimitsTests-1356504454-project] Task 'cinder.volume.flows.api.create_volume.QuotaCommitTask;volume:create' (b8dd084d-415a-4ebc-9490-b92a22d0d7f7) transitioned into state 'SUCCESS' from state 'RUNNING' with result '{'volume_properties': VolumeProperties(attach_status='detached',availability_zone='nova',cgsnapshot_id=None,consistencygroup_id=None,display_description=None,display_name='tempest-AbsoluteLimitsTests-Volume-1179126984',encryption_key_id=None,group_id=None,group_type_id=,metadata={},multiattach=False,project_id='9efaa5598626423fbea9b9c19996f188',qos_specs=None,replication_status=,reservations=['182481c7-7324-43a6-9bcf-c371dceeaeec','fa8bbbdd-0664-43eb-bd29-23836aac445c','d8582a7b-8761-43f6-96d4-f9347719984e','7df548bd-26c0-4f42-b5b7-6b4719569352'],size=1,snapshot_id=None,source_replicaid=,source_volid=None,status='creating',user_id='ef1407fe96fd4ca4ae6d9cc24a181a77',volume_type_id=625a2531-8d61-4b90-8b64-bdfd5f6d1555)}' {{(pid=116642) _task_receiver /usr/local/lib/python3.8/dist-packages/taskflow/listeners/logging.py:178}}
Feb 08 14:39:29.966592 dv-cinder-804035-29-iscsi devstack@c-api.service[116642]: DEBUG cinder.volume.api [None req-7d1f2ec6-d277-4f20-9311-3ca77c87102d tempest-AbsoluteLimitsTests-1356504454 tempest-AbsoluteLimitsTests-1356504454-project] Task 'cinder.volume.flows.api.create_volume.VolumeCastTask;volume:create' (eaf7c60b-6aa3-4f7d-80f4-f4835e67c164) transitioned into state 'RUNNING' from state 'PENDING' {{(pid=116642) _task_receiver /usr/local/lib/python3.8/dist-packages/taskflow/listeners/logging.py:190}}
Feb 08 14:39:30.096450 dv-cinder-804035-29-iscsi devstack@c-api.service[116642]: DEBUG cinder.volume.api [None req-7d1f2ec6-d277-4f20-9311-3ca77c87102d tempest-AbsoluteLimitsTests-1356504454 tempest-AbsoluteLimitsTests-1356504454-project] Task 'cinder.volume.flows.api.create_volume.VolumeCastTask;volume:create' (eaf7c60b-6aa3-4f7d-80f4-f4835e67c164) transitioned into state 'SUCCESS' from state 'RUNNING' with result 'None' {{(pid=116642) _task_receiver /usr/local/lib/python3.8/dist-packages/taskflow/listeners/logging.py:178}}
Feb 08 14:39:30.104623 dv-cinder-804035-29-iscsi devstack@c-api.service[116642]: DEBUG cinder.volume.api [None req-7d1f2ec6-d277-4f20-9311-3ca77c87102d tempest-AbsoluteLimitsTests-1356504454 tempest-AbsoluteLimitsTests-1356504454-project] Flow 'volume_create_api' (cb76be1a-8433-4c22-8b2c-34897b5b98bd) transitioned into state 'SUCCESS' from state 'RUNNING' {{(pid=116642) _flow_receiver /usr/local/lib/python3.8/dist-packages/taskflow/listeners/logging.py:141}}
Feb 08 14:39:30.105981 dv-cinder-804035-29-iscsi devstack@c-api.service[116642]: INFO cinder.volume.api [None req-7d1f2ec6-d277-4f20-9311-3ca77c87102d tempest-AbsoluteLimitsTests-1356504454 tempest-AbsoluteLimitsTests-1356504454-project] Create volume request issued successfully.
Feb 08 14:39:30.109468 dv-cinder-804035-29-iscsi devstack@c-api.service[116642]: INFO cinder.api.openstack.wsgi [None req-7d1f2ec6-d277-4f20-9311-3ca77c87102d tempest-AbsoluteLimitsTests-1356504454 tempest-AbsoluteLimitsTests-1356504454-project] http://10.222.0.81/volume/v3/9efaa5598626423fbea9b9c19996f188/volumes returned with HTTP 202
Feb 08 14:39:30.112192 dv-cinder-804035-29-iscsi devstack@c-api.service[116642]: [pid: 116642|app: 0|req: 177/368] 10.222.0.81 () {60 vars in 1234 bytes} [Tue Feb 8 14:39:29 2022] POST /volume/v3/9efaa5598626423fbea9b9c19996f188/volumes => generated 819 bytes in 988 msecs (HTTP/1.1 202) 7 headers in 291 bytes (1 switches on core 0)
Feb 08 14:39:30.116482 dv-cinder-804035-29-iscsi devstack@c-api.service[116642]: INFO cinder.api.openstack.wsgi [None req-1d171763-a972-4f48-9937-bc7ac9a376e5 tempest-VolumesImageMetadata-1062068046 tempest-VolumesImageMetadata-1062068046-project] GET http://10.222.0.81/volume/v3/aa222b44553a4e3bb0b162ed26fc4145/volumes/cacb5089-fa71-43ce-b85e-f44fde9998f8
Feb 08 14:39:30.117013 dv-cinder-804035-29-iscsi devstack@c-api.service[116642]: DEBUG cinder.api.openstack.wsgi [None req-1d171763-a972-4f48-9937-bc7ac9a376e5 tempest-VolumesImageMetadata-1062068046 tempest-VolumesImageMetadata-1062068046-project] Empty body provided in request {{(pid=116642) get_body /opt/stack/cinder/cinder/api/openstack/wsgi.py:715}}
Feb 08 14:39:30.119706 dv-cinder-804035-29-iscsi devstack@c-api.service[116642]: DEBUG cinder.api.openstack.wsgi [None req-1d171763-a972-4f48-9937-bc7ac9a376e5 tempest-VolumesImageMetadata-1062068046 tempest-VolumesImageMetadata-1062068046-project] Calling method 'show' {{(pid=116642) _process_stack /opt/stack/cinder/cinder/api/openstack/wsgi.py:868}}
Feb 08 14:39:30.145323 dv-cinder-804035-29-iscsi devstack@c-api.service[116642]: /usr/local/lib/python3.8/dist-packages/oslo_context/context.py:105: DeprecationWarning: Policy enforcement is depending on the value of is_admin. This key is deprecated. Please update your policy file to use the standard policy values.
Feb 08 14:39:30.145323 dv-cinder-804035-29-iscsi devstack@c-api.service[116642]: warnings.warn('Policy enforcement is depending on the value of '
Feb 08 14:39:30.159251 dv-cinder-804035-29-iscsi devstack@c-api.service[116642]: INFO cinder.volume.api [None req-1d171763-a972-4f48-9937-bc7ac9a376e5 tempest-VolumesImageMetadata-1062068046 tempest-VolumesImageMetadata-1062068046-project] Volume info retrieved successfully.
Feb 08 14:39:30.173559 dv-cinder-804035-29-iscsi devstack@c-api.service[116642]: INFO cinder.api.openstack.wsgi [None req-1d171763-a972-4f48-9937-bc7ac9a376e5 tempest-VolumesImageMetadata-1062068046 tempest-VolumesImageMetadata-1062068046-project] http://10.222.0.81/volume/v3/aa222b44553a4e3bb0b162ed26fc4145/volumes/cacb5089-fa71-43ce-b85e-f44fde9998f8 returned with HTTP 200
Feb 08 14:39:30.174492 dv-cinder-804035-29-iscsi devstack@c-api.service[116642]: [pid: 116642|app: 0|req: 178/369] 10.222.0.81 () {58 vars in 1324 bytes} [Tue Feb 8 14:39:30 2022] GET /volume/v3/aa222b44553a4e3bb0b162ed26fc4145/volumes/cacb5089-fa71-43ce-b85e-f44fde9998f8 => generated 912 bytes in 62 msecs (HTTP/1.1 200) 7 headers in 285 bytes (1 switches on core 0)
