Feb 08 14:39:16.189421 dv-cinder-804035-29-iscsi devstack@c-api.service[116642]: DEBUG cinder.api.openstack.wsgi [None req-54aacc3c-58b8-42c6-8128-6946cd49e2cd tempest-AttachVolumeShelveTestJSON-551249063 tempest-AttachVolumeShelveTestJSON-551249063-project] Empty body provided in request {{(pid=116642) get_body /opt/stack/cinder/cinder/api/openstack/wsgi.py:715}}
Feb 08 14:39:16.189911 dv-cinder-804035-29-iscsi devstack@c-api.service[116642]: DEBUG cinder.api.openstack.wsgi [None req-54aacc3c-58b8-42c6-8128-6946cd49e2cd tempest-AttachVolumeShelveTestJSON-551249063 tempest-AttachVolumeShelveTestJSON-551249063-project] Calling method 'show' {{(pid=116642) _process_stack /opt/stack/cinder/cinder/api/openstack/wsgi.py:868}}
Feb 08 14:39:16.202837 dv-cinder-804035-29-iscsi devstack@c-api.service[116641]: /usr/local/lib/python3.8/dist-packages/oslo_context/context.py:105: DeprecationWarning: Policy enforcement is depending on the value of is_admin. This key is deprecated. Please update your policy file to use the standard policy values.
Feb 08 14:39:16.202837 dv-cinder-804035-29-iscsi devstack@c-api.service[116641]: warnings.warn('Policy enforcement is depending on the value of '
Feb 08 14:39:16.206430 dv-cinder-804035-29-iscsi devstack@c-api.service[116642]: /usr/local/lib/python3.8/dist-packages/oslo_context/context.py:105: DeprecationWarning: Policy enforcement is depending on the value of is_admin. This key is deprecated. Please update your policy file to use the standard policy values.
Feb 08 14:39:16.206430 dv-cinder-804035-29-iscsi devstack@c-api.service[116642]: warnings.warn('Policy enforcement is depending on the value of '
Feb 08 14:39:16.211198 dv-cinder-804035-29-iscsi devstack@c-api.service[116641]: INFO cinder.volume.api [None req-8ed09a5a-d900-4a0d-b77a-524bf93bd2e6 tempest-VolumesCloneTest-692482127 tempest-VolumesCloneTest-692482127-project] Volume info retrieved successfully.
Feb 08 14:39:16.215401 dv-cinder-804035-29-iscsi devstack@c-api.service[116642]: INFO cinder.volume.api [None req-54aacc3c-58b8-42c6-8128-6946cd49e2cd tempest-AttachVolumeShelveTestJSON-551249063 tempest-AttachVolumeShelveTestJSON-551249063-project] Volume info retrieved successfully.
Feb 08 14:39:16.222878 dv-cinder-804035-29-iscsi devstack@c-api.service[116641]: INFO cinder.api.openstack.wsgi [None req-8ed09a5a-d900-4a0d-b77a-524bf93bd2e6 tempest-VolumesCloneTest-692482127 tempest-VolumesCloneTest-692482127-project] http://10.222.0.81/volume/v3/35b35baf9d7f429abd8d99d87c959fff/volumes/0fea5d79-421a-403d-af1c-bd2543484b16 returned with HTTP 200
Feb 08 14:39:16.223707 dv-cinder-804035-29-iscsi devstack@c-api.service[116641]: [pid: 116641|app: 0|req: 157/303] 10.222.0.81 () {58 vars in 1324 bytes} [Tue Feb 8 14:39:16 2022] GET /volume/v3/35b35baf9d7f429abd8d99d87c959fff/volumes/0fea5d79-421a-403d-af1c-bd2543484b16 => generated 884 bytes in 43 msecs (HTTP/1.1 200) 7 headers in 285 bytes (1 switches on core 0)
Feb 08 14:39:16.225054 dv-cinder-804035-29-iscsi devstack@c-api.service[116642]: INFO cinder.api.openstack.wsgi [None req-54aacc3c-58b8-42c6-8128-6946cd49e2cd tempest-AttachVolumeShelveTestJSON-551249063 tempest-AttachVolumeShelveTestJSON-551249063-project] http://10.222.0.81/volume/v3/fb0c5bc1d1774ea5b8fbad96b5a52600/volumes/58801de1-f366-4160-bc3a-a47226c3c9cc returned with HTTP 200
Feb 08 14:39:16.225783 dv-cinder-804035-29-iscsi devstack@c-api.service[116642]: [pid: 116642|app: 0|req: 147/304] 10.222.0.81 () {58 vars in 1324 bytes} [Tue Feb 8 14:39:16 2022] GET /volume/v3/fb0c5bc1d1774ea5b8fbad96b5a52600/volumes/58801de1-f366-4160-bc3a-a47226c3c9cc => generated 919 bytes in 43 msecs (HTTP/1.1 200) 7 headers in 285 bytes (1 switches on core 0)
Feb 08 14:39:16.445015 dv-cinder-804035-29-iscsi devstack@c-api.service[116641]: INFO cinder.api.openstack.wsgi [None req-b33fd47d-85ce-4196-9474-dd1da1529ba1 tempest-DeleteServersTestJSON-1741736336 tempest-DeleteServersTestJSON-1741736336-project] GET http://10.222.0.81/volume/v3/07ee4f97324b4572b4fcb078cd992a35/volumes/951f10bf-5db2-4f15-84c2-a8827c5250a2
Feb 08 14:39:16.445467 dv-cinder-804035-29-iscsi devstack@c-api.service[116641]: DEBUG cinder.api.openstack.wsgi [None req-b33fd47d-85ce-4196-9474-dd1da1529ba1 tempest-DeleteServersTestJSON-1741736336 tempest-DeleteServersTestJSON-1741736336-project] Empty body provided in request {{(pid=116641) get_body /opt/stack/cinder/cinder/api/openstack/wsgi.py:715}}
Feb 08 14:39:16.445923 dv-cinder-804035-29-iscsi devstack@c-api.service[116641]: DEBUG cinder.api.openstack.wsgi [None req-b33fd47d-85ce-4196-9474-dd1da1529ba1 tempest-DeleteServersTestJSON-1741736336 tempest-DeleteServersTestJSON-1741736336-project] Calling method 'show' {{(pid=116641) _process_stack /opt/stack/cinder/cinder/api/openstack/wsgi.py:868}}
Feb 08 14:39:16.466057 dv-cinder-804035-29-iscsi devstack@c-api.service[116641]: /usr/local/lib/python3.8/dist-packages/oslo_context/context.py:105: DeprecationWarning: Policy enforcement is depending on the value of is_admin. This key is deprecated. Please update your policy file to use the standard policy values.
Feb 08 14:39:16.466057 dv-cinder-804035-29-iscsi devstack@c-api.service[116641]: warnings.warn('Policy enforcement is depending on the value of '
Feb 08 14:39:16.478405 dv-cinder-804035-29-iscsi devstack@c-api.service[116641]: INFO cinder.volume.api [None req-b33fd47d-85ce-4196-9474-dd1da1529ba1 tempest-DeleteServersTestJSON-1741736336 tempest-DeleteServersTestJSON-1741736336-project] Volume info retrieved successfully.
Feb 08 14:39:16.497551 dv-cinder-804035-29-iscsi devstack@c-api.service[116641]: INFO cinder.api.openstack.wsgi [None req-b33fd47d-85ce-4196-9474-dd1da1529ba1 tempest-DeleteServersTestJSON-1741736336 tempest-DeleteServersTestJSON-1741736336-project] http://10.222.0.81/volume/v3/07ee4f97324b4572b4fcb078cd992a35/volumes/951f10bf-5db2-4f15-84c2-a8827c5250a2 returned with HTTP 200
Feb 08 14:39:16.509699 dv-cinder-804035-29-iscsi devstack@c-api.service[116641]: [pid: 116641|app: 0|req: 158/305] 10.222.0.81 () {58 vars in 1324 bytes} [Tue Feb 8 14:39:16 2022] GET /volume/v3/07ee4f97324b4572b4fcb078cd992a35/volumes/951f10bf-5db2-4f15-84c2-a8827c5250a2 => generated 912 bytes in 58 msecs (HTTP/1.1 200) 7 headers in 285 bytes (1 switches on core 0)
Feb 08 14:39:16.772000 dv-cinder-804035-29-iscsi devstack@c-api.service[116642]: INFO cinder.api.openstack.wsgi [req-6a836e73-f61a-4124-aa75-a888e3495938 req-48dac784-f11d-45a6-9d37-187af8a00174 tempest-AttachVolumeNegativeTest-1441247481 tempest-AttachVolumeNegativeTest-1441247481-project] POST http://10.222.0.81/volume/v3/3f02d46068b540e683b2c80d1dc7b9ac/attachments/e6b1f89c-9f46-4cad-b529-51252cf099a7/action
Feb 08 14:39:16.772962 dv-cinder-804035-29-iscsi devstack@c-api.service[116642]: DEBUG cinder.api.openstack.wsgi [req-6a836e73-f61a-4124-aa75-a888e3495938 req-48dac784-f11d-45a6-9d37-187af8a00174 tempest-AttachVolumeNegativeTest-1441247481 tempest-AttachVolumeNegativeTest-1441247481-project] Action body: b'{"os-complete": null}' {{(pid=116642) get_method /opt/stack/cinder/cinder/api/openstack/wsgi.py:983}}
Feb 08 14:39:16.773297 dv-cinder-804035-29-iscsi devstack@c-api.service[116642]: DEBUG cinder.api.openstack.wsgi [req-6a836e73-f61a-4124-aa75-a888e3495938 req-48dac784-f11d-45a6-9d37-187af8a00174 tempest-AttachVolumeNegativeTest-1441247481 tempest-AttachVolumeNegativeTest-1441247481-project] Action: 'action', calling method: version_select, body: {"os-complete": null} {{(pid=116642) _process_stack /opt/stack/cinder/cinder/api/openstack/wsgi.py:866}}
Feb 08 14:39:16.820413 dv-cinder-804035-29-iscsi devstack@c-api.service[116642]: /usr/local/lib/python3.8/dist-packages/oslo_context/context.py:105: DeprecationWarning: Policy enforcement is depending on the value of is_admin. This key is deprecated. Please update your policy file to use the standard policy values.
Feb 08 14:39:16.820413 dv-cinder-804035-29-iscsi devstack@c-api.service[116642]: warnings.warn('Policy enforcement is depending on the value of '
Feb 08 14:39:16.841912 dv-cinder-804035-29-iscsi devstack@c-api.service[116641]: INFO cinder.api.openstack.wsgi [None req-715c73b6-e938-4c8d-b539-db72c089e1f2 tempest-AttachVolumeNegativeTest-1441247481 tempest-AttachVolumeNegativeTest-1441247481-project] GET http://10.222.0.81/volume/v3/3f02d46068b540e683b2c80d1dc7b9ac/volumes/7d409d5d-cd95-461e-9dd8-a080350b2740
Feb 08 14:39:16.842749 dv-cinder-804035-29-iscsi devstack@c-api.service[116641]: DEBUG cinder.api.openstack.wsgi [None req-715c73b6-e938-4c8d-b539-db72c089e1f2 tempest-AttachVolumeNegativeTest-1441247481 tempest-AttachVolumeNegativeTest-1441247481-project] Empty body provided in request {{(pid=116641) get_body /opt/stack/cinder/cinder/api/openstack/wsgi.py:715}}
Feb 08 14:39:16.842890 dv-cinder-804035-29-iscsi devstack@c-api.service[116641]: DEBUG cinder.api.openstack.wsgi [None req-715c73b6-e938-4c8d-b539-db72c089e1f2 tempest-AttachVolumeNegativeTest-1441247481 tempest-AttachVolumeNegativeTest-1441247481-project] Calling method 'show' {{(pid=116641) _process_stack /opt/stack/cinder/cinder/api/openstack/wsgi.py:868}}
Feb 08 14:39:16.878037 dv-cinder-804035-29-iscsi devstack@c-api.service[116641]: /usr/local/lib/python3.8/dist-packages/oslo_context/context.py:105: DeprecationWarning: Policy enforcement is depending on the value of is_admin. This key is deprecated. Please update your policy file to use the standard policy values.
Feb 08 14:39:16.878037 dv-cinder-804035-29-iscsi devstack@c-api.service[116641]: warnings.warn('Policy enforcement is depending on the value of '
Feb 08 14:39:16.898509 dv-cinder-804035-29-iscsi devstack@c-api.service[116641]: INFO cinder.volume.api [None req-715c73b6-e938-4c8d-b539-db72c089e1f2 tempest-AttachVolumeNegativeTest-1441247481 tempest-AttachVolumeNegativeTest-1441247481-project] Volume info retrieved successfully.
Feb 08 14:39:16.924141 dv-cinder-804035-29-iscsi devstack@c-api.service[116641]: INFO cinder.api.openstack.wsgi [None req-715c73b6-e938-4c8d-b539-db72c089e1f2 tempest-AttachVolumeNegativeTest-1441247481 tempest-AttachVolumeNegativeTest-1441247481-project] http://10.222.0.81/volume/v3/3f02d46068b540e683b2c80d1dc7b9ac/volumes/7d409d5d-cd95-461e-9dd8-a080350b2740 returned with HTTP 200
Feb 08 14:39:16.926934 dv-cinder-804035-29-iscsi devstack@c-api.service[116641]: [pid: 116641|app: 0|req: 159/306] 10.222.0.81 () {58 vars in 1324 bytes} [Tue Feb 8 14:39:16 2022] GET /volume/v3/3f02d46068b540e683b2c80d1dc7b9ac/volumes/7d409d5d-cd95-461e-9dd8-a080350b2740 => generated 917 bytes in 89 msecs (HTTP/1.1 200) 7 headers in 285 bytes (1 switches on core 0)
Feb 08 14:39:17.009847 dv-cinder-804035-29-iscsi devstack@c-api.service[116642]: INFO cinder.api.openstack.wsgi [req-6a836e73-f61a-4124-aa75-a888e3495938 req-48dac784-f11d-45a6-9d37-187af8a00174 tempest-AttachVolumeNegativeTest-1441247481 tempest-AttachVolumeNegativeTest-1441247481-project] http://10.222.0.81/volume/v3/3f02d46068b540e683b2c80d1dc7b9ac/attachments/e6b1f89c-9f46-4cad-b529-51252cf099a7/action returned with HTTP 204
Feb 08 14:39:17.012182 dv-cinder-804035-29-iscsi devstack@c-api.service[116642]: [pid: 116642|app: 0|req: 148/307] 10.222.0.72 () {64 vars in 1498 bytes} [Tue Feb 8 14:39:16 2022] POST /volume/v3/3f02d46068b540e683b2c80d1dc7b9ac/attachments/e6b1f89c-9f46-4cad-b529-51252cf099a7/action => generated 0 bytes in 248 msecs (HTTP/1.1 204) 7 headers in 292 bytes (1 switches on core 0)
Feb 08 14:39:17.044571 dv-cinder-804035-29-iscsi devstack@c-api.service[116641]: INFO cinder.api.openstack.wsgi [req-9cda7f52-f1f2-4cdc-863a-d1f1e1c61a6c req-bb500749-8c9d-4b3d-b3a3-0abb500779eb tempest-DeleteServersTestJSON-1741736336 tempest-DeleteServersTestJSON-1741736336-project] PUT http://10.222.0.81/volume/v3/07ee4f97324b4572b4fcb078cd992a35/attachments/0f863b06-52e3-4003-b4f2-424a8d8028e7
Feb 08 14:39:17.047319 dv-cinder-804035-29-iscsi devstack@c-api.service[116641]: DEBUG cinder.api.openstack.wsgi [req-9cda7f52-f1f2-4cdc-863a-d1f1e1c61a6c req-bb500749-8c9d-4b3d-b3a3-0abb500779eb tempest-DeleteServersTestJSON-1741736336 tempest-DeleteServersTestJSON-1741736336-project] Action: 'update', calling method: version_select, body: {"attachment": {"connector": {"platform": "AMD64", "os_type": "win32", "ip": "10.222.0.72", "host": "hv-cinder-80403", "multipath": false, "initiator": "iqn.1991-05.com.microsoft:hv-cinder-80403", "mountpoint": "/dev/sdb"}}} {{(pid=116641) _process_stack /opt/stack/cinder/cinder/api/openstack/wsgi.py:866}}
Feb 08 14:39:17.104252 dv-cinder-804035-29-iscsi devstack@c-api.service[116641]: /usr/local/lib/python3.8/dist-packages/tenacity/__init__.py:333: DeprecationWarning: "retry" function must accept single "retry_state" parameter, please update tooz._retry.retry..
Feb 08 14:39:17.104252 dv-cinder-804035-29-iscsi devstack@c-api.service[116641]: return self(f, *args, **kw)
Feb 08 14:39:17.110388 dv-cinder-804035-29-iscsi devstack@c-api.service[116641]: DEBUG cinder.coordination [req-9cda7f52-f1f2-4cdc-863a-d1f1e1c61a6c req-bb500749-8c9d-4b3d-b3a3-0abb500779eb tempest-DeleteServersTestJSON-1741736336 tempest-DeleteServersTestJSON-1741736336-project] Lock "b'cinder-attachment_update-951f10bf-5db2-4f15-84c2-a8827c5250a2-hv-cinder-80403'" acquired by "attachment_update" :: waited 0.024s {{(pid=116641) _synchronized /opt/stack/cinder/cinder/coordination.py:186}}
Feb 08 14:39:17.110388 dv-cinder-804035-29-iscsi devstack@c-api.service[116641]: /usr/local/lib/python3.8/dist-packages/oslo_context/context.py:105: DeprecationWarning: Policy enforcement is depending on the value of is_admin. This key is deprecated. Please update your policy file to use the standard policy values.
Feb 08 14:39:17.110388 dv-cinder-804035-29-iscsi devstack@c-api.service[116641]: warnings.warn('Policy enforcement is depending on the value of '
Feb 08 14:39:17.245245 dv-cinder-804035-29-iscsi devstack@c-api.service[116642]: INFO cinder.api.openstack.wsgi [None req-883787cb-ffe1-45b3-8e00-ba3e72873d41 tempest-VolumesCloneTest-692482127 tempest-VolumesCloneTest-692482127-project] GET http://10.222.0.81/volume/v3/35b35baf9d7f429abd8d99d87c959fff/volumes/0fea5d79-421a-403d-af1c-bd2543484b16
Feb 08 14:39:17.245854 dv-cinder-804035-29-iscsi devstack@c-api.service[116642]: DEBUG cinder.api.openstack.wsgi [None req-883787cb-ffe1-45b3-8e00-ba3e72873d41 tempest-VolumesCloneTest-692482127 tempest-VolumesCloneTest-692482127-project] Empty body provided in request {{(pid=116642) get_body /opt/stack/cinder/cinder/api/openstack/wsgi.py:715}}
Feb 08 14:39:17.246585 dv-cinder-804035-29-iscsi devstack@c-api.service[116642]: DEBUG cinder.api.openstack.wsgi [None req-883787cb-ffe1-45b3-8e00-ba3e72873d41 tempest-VolumesCloneTest-692482127 tempest-VolumesCloneTest-692482127-project] Calling method 'show' {{(pid=116642) _process_stack /opt/stack/cinder/cinder/api/openstack/wsgi.py:868}}
Feb 08 14:39:17.279151 dv-cinder-804035-29-iscsi devstack@c-api.service[116642]: /usr/local/lib/python3.8/dist-packages/oslo_context/context.py:105: DeprecationWarning: Policy enforcement is depending on the value of is_admin. This key is deprecated. Please update your policy file to use the standard policy values.
Feb 08 14:39:17.279151 dv-cinder-804035-29-iscsi devstack@c-api.service[116642]: warnings.warn('Policy enforcement is depending on the value of '
Feb 08 14:39:17.292473 dv-cinder-804035-29-iscsi devstack@c-api.service[116642]: INFO cinder.volume.api [None req-883787cb-ffe1-45b3-8e00-ba3e72873d41 tempest-VolumesCloneTest-692482127 tempest-VolumesCloneTest-692482127-project] Volume info retrieved successfully.
Feb 08 14:39:17.331379 dv-cinder-804035-29-iscsi devstack@c-api.service[116642]: INFO cinder.api.openstack.wsgi [None req-883787cb-ffe1-45b3-8e00-ba3e72873d41 tempest-VolumesCloneTest-692482127 tempest-VolumesCloneTest-692482127-project] http://10.222.0.81/volume/v3/35b35baf9d7f429abd8d99d87c959fff/volumes/0fea5d79-421a-403d-af1c-bd2543484b16 returned with HTTP 200
Feb 08 14:39:17.331379 dv-cinder-804035-29-iscsi devstack@c-api.service[116642]: [pid: 116642|app: 0|req: 149/308] 10.222.0.81 () {58 vars in 1324 bytes} [Tue Feb 8 14:39:17 2022] GET /volume/v3/35b35baf9d7f429abd8d99d87c959fff/volumes/0fea5d79-421a-403d-af1c-bd2543484b16 => generated 908 bytes in 81 msecs (HTTP/1.1 200) 7 headers in 285 bytes (2 switches on core 0)
Feb 08 14:39:17.521857 dv-cinder-804035-29-iscsi devstack@c-api.service[116642]: INFO cinder.api.openstack.wsgi [None req-e3158b0b-1237-4435-a009-b6fcbebf0460 tempest-DeleteServersTestJSON-1741736336 tempest-DeleteServersTestJSON-1741736336-project] GET http://10.222.0.81/volume/v3/07ee4f97324b4572b4fcb078cd992a35/volumes/951f10bf-5db2-4f15-84c2-a8827c5250a2
Feb 08 14:39:17.522321 dv-cinder-804035-29-iscsi devstack@c-api.service[116642]: DEBUG cinder.api.openstack.wsgi [None req-e3158b0b-1237-4435-a009-b6fcbebf0460 tempest-DeleteServersTestJSON-1741736336 tempest-DeleteServersTestJSON-1741736336-project] Empty body provided in request {{(pid=116642) get_body /opt/stack/cinder/cinder/api/openstack/wsgi.py:715}}
Feb 08 14:39:17.522832 dv-cinder-804035-29-iscsi devstack@c-api.service[116642]: DEBUG cinder.api.openstack.wsgi [None req-e3158b0b-1237-4435-a009-b6fcbebf0460 tempest-DeleteServersTestJSON-1741736336 tempest-DeleteServersTestJSON-1741736336-project] Calling method 'show' {{(pid=116642) _process_stack /opt/stack/cinder/cinder/api/openstack/wsgi.py:868}}
Feb 08 14:39:17.543103 dv-cinder-804035-29-iscsi devstack@c-api.service[116642]: /usr/local/lib/python3.8/dist-packages/oslo_context/context.py:105: DeprecationWarning: Policy enforcement is depending on the value of is_admin. This key is deprecated. Please update your policy file to use the standard policy values.
Feb 08 14:39:17.543103 dv-cinder-804035-29-iscsi devstack@c-api.service[116642]: warnings.warn('Policy enforcement is depending on the value of '
Feb 08 14:39:17.568192 dv-cinder-804035-29-iscsi devstack@c-api.service[116642]: INFO cinder.volume.api [None req-e3158b0b-1237-4435-a009-b6fcbebf0460 tempest-DeleteServersTestJSON-1741736336 tempest-DeleteServersTestJSON-1741736336-project] Volume info retrieved successfully.
Feb 08 14:39:17.590641 dv-cinder-804035-29-iscsi devstack@c-api.service[116642]: INFO cinder.api.openstack.wsgi [None req-e3158b0b-1237-4435-a009-b6fcbebf0460 tempest-DeleteServersTestJSON-1741736336 tempest-DeleteServersTestJSON-1741736336-project] http://10.222.0.81/volume/v3/07ee4f97324b4572b4fcb078cd992a35/volumes/951f10bf-5db2-4f15-84c2-a8827c5250a2 returned with HTTP 200
Feb 08 14:39:17.590641 dv-cinder-804035-29-iscsi devstack@c-api.service[116642]: [pid: 116642|app: 0|req: 150/309] 10.222.0.81 () {58 vars in 1324 bytes} [Tue Feb 8 14:39:17 2022] GET /volume/v3/07ee4f97324b4572b4fcb078cd992a35/volumes/951f10bf-5db2-4f15-84c2-a8827c5250a2 => generated 912 bytes in 73 msecs (HTTP/1.1 200) 7 headers in 285 bytes (1 switches on core 0)
Feb 08 14:39:17.946280 dv-cinder-804035-29-iscsi devstack@c-api.service[116642]: INFO cinder.api.openstack.wsgi [None req-9ab14364-c007-4bd0-beed-5d81f6bf920b tempest-AttachVolumeNegativeTest-1441247481 tempest-AttachVolumeNegativeTest-1441247481-project] GET http://10.222.0.81/volume/v3/3f02d46068b540e683b2c80d1dc7b9ac/volumes/7d409d5d-cd95-461e-9dd8-a080350b2740
Feb 08 14:39:17.947934 dv-cinder-804035-29-iscsi devstack@c-api.service[116642]: DEBUG cinder.api.openstack.wsgi [None req-9ab14364-c007-4bd0-beed-5d81f6bf920b tempest-AttachVolumeNegativeTest-1441247481 tempest-AttachVolumeNegativeTest-1441247481-project] Empty body provided in request {{(pid=116642) get_body /opt/stack/cinder/cinder/api/openstack/wsgi.py:715}}
Feb 08 14:39:17.948630 dv-cinder-804035-29-iscsi devstack@c-api.service[116642]: DEBUG cinder.api.openstack.wsgi [None req-9ab14364-c007-4bd0-beed-5d81f6bf920b tempest-AttachVolumeNegativeTest-1441247481 tempest-AttachVolumeNegativeTest-1441247481-project] Calling method 'show' {{(pid=116642) _process_stack /opt/stack/cinder/cinder/api/openstack/wsgi.py:868}}
Feb 08 14:39:17.975244 dv-cinder-804035-29-iscsi devstack@c-api.service[116642]: /usr/local/lib/python3.8/dist-packages/oslo_context/context.py:105: DeprecationWarning: Policy enforcement is depending on the value of is_admin. This key is deprecated. Please update your policy file to use the standard policy values.
Feb 08 14:39:17.975244 dv-cinder-804035-29-iscsi devstack@c-api.service[116642]: warnings.warn('Policy enforcement is depending on the value of '
Feb 08 14:39:17.984370 dv-cinder-804035-29-iscsi devstack@c-api.service[116642]: INFO cinder.volume.api [None req-9ab14364-c007-4bd0-beed-5d81f6bf920b tempest-AttachVolumeNegativeTest-1441247481 tempest-AttachVolumeNegativeTest-1441247481-project] Volume info retrieved successfully.
Feb 08 14:39:17.995477 dv-cinder-804035-29-iscsi devstack@c-api.service[116642]: INFO cinder.api.openstack.wsgi [None req-9ab14364-c007-4bd0-beed-5d81f6bf920b tempest-AttachVolumeNegativeTest-1441247481 tempest-AttachVolumeNegativeTest-1441247481-project] http://10.222.0.81/volume/v3/3f02d46068b540e683b2c80d1dc7b9ac/volumes/7d409d5d-cd95-461e-9dd8-a080350b2740 returned with HTTP 200
Feb 08 14:39:18.003624 dv-cinder-804035-29-iscsi devstack@c-api.service[116642]: [pid: 116642|app: 0|req: 151/310] 10.222.0.81 () {58 vars in 1324 bytes} [Tue Feb 8 14:39:17 2022] GET /volume/v3/3f02d46068b540e683b2c80d1dc7b9ac/volumes/7d409d5d-cd95-461e-9dd8-a080350b2740 => generated 1209 bytes in 56 msecs (HTTP/1.1 200) 7 headers in 286 bytes (1 switches on core 0)
Feb 08 14:39:18.025528 dv-cinder-804035-29-iscsi devstack@c-api.service[116642]: INFO cinder.api.openstack.wsgi [None req-a8cffd20-f30c-4a96-b7b3-7d257cc002b7 tempest-AttachVolumeNegativeTest-1441247481 tempest-AttachVolumeNegativeTest-1441247481-project] GET http://10.222.0.81/volume/v3/3f02d46068b540e683b2c80d1dc7b9ac/volumes/7d409d5d-cd95-461e-9dd8-a080350b2740
Feb 08 14:39:18.026131 dv-cinder-804035-29-iscsi devstack@c-api.service[116642]: DEBUG cinder.api.openstack.wsgi [None req-a8cffd20-f30c-4a96-b7b3-7d257cc002b7 tempest-AttachVolumeNegativeTest-1441247481 tempest-AttachVolumeNegativeTest-1441247481-project] Empty body provided in request {{(pid=116642) get_body /opt/stack/cinder/cinder/api/openstack/wsgi.py:715}}
Feb 08 14:39:18.026624 dv-cinder-804035-29-iscsi devstack@c-api.service[116642]: DEBUG cinder.api.openstack.wsgi [None req-a8cffd20-f30c-4a96-b7b3-7d257cc002b7 tempest-AttachVolumeNegativeTest-1441247481 tempest-AttachVolumeNegativeTest-1441247481-project] Calling method 'show' {{(pid=116642) _process_stack /opt/stack/cinder/cinder/api/openstack/wsgi.py:868}}
Feb 08 14:39:18.047464 dv-cinder-804035-29-iscsi devstack@c-api.service[116642]: /usr/local/lib/python3.8/dist-packages/oslo_context/context.py:105: DeprecationWarning: Policy enforcement is depending on the value of is_admin. This key is deprecated. Please update your policy file to use the standard policy values.
Feb 08 14:39:18.047464 dv-cinder-804035-29-iscsi devstack@c-api.service[116642]: warnings.warn('Policy enforcement is depending on the value of '
Feb 08 14:39:18.056628 dv-cinder-804035-29-iscsi devstack@c-api.service[116642]: INFO cinder.volume.api [None req-a8cffd20-f30c-4a96-b7b3-7d257cc002b7 tempest-AttachVolumeNegativeTest-1441247481 tempest-AttachVolumeNegativeTest-1441247481-project] Volume info retrieved successfully.
Feb 08 14:39:18.070931 dv-cinder-804035-29-iscsi devstack@c-api.service[116642]: INFO cinder.api.openstack.wsgi [None req-a8cffd20-f30c-4a96-b7b3-7d257cc002b7 tempest-AttachVolumeNegativeTest-1441247481 tempest-AttachVolumeNegativeTest-1441247481-project] http://10.222.0.81/volume/v3/3f02d46068b540e683b2c80d1dc7b9ac/volumes/7d409d5d-cd95-461e-9dd8-a080350b2740 returned with HTTP 200
Feb 08 14:39:18.072593 dv-cinder-804035-29-iscsi devstack@c-api.service[116642]: [pid: 116642|app: 0|req: 152/311] 10.222.0.81 () {58 vars in 1324 bytes} [Tue Feb 8 14:39:18 2022] GET /volume/v3/3f02d46068b540e683b2c80d1dc7b9ac/volumes/7d409d5d-cd95-461e-9dd8-a080350b2740 => generated 1209 bytes in 54 msecs (HTTP/1.1 200) 7 headers in 286 bytes (1 switches on core 0)
Feb 08 14:39:18.099795 dv-cinder-804035-29-iscsi devstack@c-api.service[116641]: DEBUG cinder.coordination [req-9cda7f52-f1f2-4cdc-863a-d1f1e1c61a6c req-bb500749-8c9d-4b3d-b3a3-0abb500779eb tempest-DeleteServersTestJSON-1741736336 tempest-DeleteServersTestJSON-1741736336-project] Lock "b'cinder-attachment_update-951f10bf-5db2-4f15-84c2-a8827c5250a2-hv-cinder-80403'" released by "attachment_update" :: held 0.995s {{(pid=116641) _synchronized /opt/stack/cinder/cinder/coordination.py:198}}
Feb 08 14:39:18.100714 dv-cinder-804035-29-iscsi devstack@c-api.service[116641]: INFO cinder.api.openstack.wsgi [req-9cda7f52-f1f2-4cdc-863a-d1f1e1c61a6c req-bb500749-8c9d-4b3d-b3a3-0abb500779eb tempest-DeleteServersTestJSON-1741736336 tempest-DeleteServersTestJSON-1741736336-project] http://10.222.0.81/volume/v3/07ee4f97324b4572b4fcb078cd992a35/attachments/0f863b06-52e3-4003-b4f2-424a8d8028e7 returned with HTTP 200
Feb 08 14:39:18.101665 dv-cinder-804035-29-iscsi devstack@c-api.service[116641]: [pid: 116641|app: 0|req: 160/312] 10.222.0.72 () {64 vars in 1477 bytes} [Tue Feb 8 14:39:17 2022] PUT /volume/v3/07ee4f97324b4572b4fcb078cd992a35/attachments/0f863b06-52e3-4003-b4f2-424a8d8028e7 => generated 747 bytes in 1063 msecs (HTTP/1.1 200) 7 headers in 286 bytes (2 switches on core 0)
Feb 08 14:39:18.338024 dv-cinder-804035-29-iscsi devstack@c-api.service[116642]: INFO cinder.api.openstack.wsgi [None req-608685eb-0937-476f-9a78-0ae1b1d67b5b tempest-VolumesCloneTest-692482127 tempest-VolumesCloneTest-692482127-project] GET http://10.222.0.81/volume/v3/35b35baf9d7f429abd8d99d87c959fff/volumes/0fea5d79-421a-403d-af1c-bd2543484b16
Feb 08 14:39:18.339452 dv-cinder-804035-29-iscsi devstack@c-api.service[116642]: DEBUG cinder.api.openstack.wsgi [None req-608685eb-0937-476f-9a78-0ae1b1d67b5b tempest-VolumesCloneTest-692482127 tempest-VolumesCloneTest-692482127-project] Empty body provided in request {{(pid=116642) get_body /opt/stack/cinder/cinder/api/openstack/wsgi.py:715}}
Feb 08 14:39:18.340559 dv-cinder-804035-29-iscsi devstack@c-api.service[116642]: DEBUG cinder.api.openstack.wsgi [None req-608685eb-0937-476f-9a78-0ae1b1d67b5b tempest-VolumesCloneTest-692482127 tempest-VolumesCloneTest-692482127-project] Calling method 'show' {{(pid=116642) _process_stack /opt/stack/cinder/cinder/api/openstack/wsgi.py:868}}
Feb 08 14:39:18.373449 dv-cinder-804035-29-iscsi devstack@c-api.service[116642]: /usr/local/lib/python3.8/dist-packages/oslo_context/context.py:105: DeprecationWarning: Policy enforcement is depending on the value of is_admin. This key is deprecated. Please update your policy file to use the standard policy values.
Feb 08 14:39:18.373449 dv-cinder-804035-29-iscsi devstack@c-api.service[116642]: warnings.warn('Policy enforcement is depending on the value of '
Feb 08 14:39:18.397270 dv-cinder-804035-29-iscsi devstack@c-api.service[116642]: INFO cinder.volume.api [None req-608685eb-0937-476f-9a78-0ae1b1d67b5b tempest-VolumesCloneTest-692482127 tempest-VolumesCloneTest-692482127-project] Volume info retrieved successfully.
Feb 08 14:39:18.420360 dv-cinder-804035-29-iscsi devstack@c-api.service[116642]: INFO cinder.api.openstack.wsgi [None req-608685eb-0937-476f-9a78-0ae1b1d67b5b tempest-VolumesCloneTest-692482127 tempest-VolumesCloneTest-692482127-project] http://10.222.0.81/volume/v3/35b35baf9d7f429abd8d99d87c959fff/volumes/0fea5d79-421a-403d-af1c-bd2543484b16 returned with HTTP 200
Feb 08 14:39:18.433395 dv-cinder-804035-29-iscsi devstack@c-api.service[116642]: [pid: 116642|app: 0|req: 153/313] 10.222.0.81 () {58 vars in 1324 bytes} [Tue Feb 8 14:39:18 2022] GET /volume/v3/35b35baf9d7f429abd8d99d87c959fff/volumes/0fea5d79-421a-403d-af1c-bd2543484b16 => generated 908 bytes in 103 msecs (HTTP/1.1 200) 7 headers in 285 bytes (1 switches on core 0)
Feb 08 14:39:18.613195 dv-cinder-804035-29-iscsi devstack@c-api.service[116641]: INFO cinder.api.openstack.wsgi [None req-b47bb6f7-a600-4a88-8f80-7895e160c6b5 tempest-DeleteServersTestJSON-1741736336 tempest-DeleteServersTestJSON-1741736336-project] GET http://10.222.0.81/volume/v3/07ee4f97324b4572b4fcb078cd992a35/volumes/951f10bf-5db2-4f15-84c2-a8827c5250a2
Feb 08 14:39:18.613885 dv-cinder-804035-29-iscsi devstack@c-api.service[116641]: DEBUG cinder.api.openstack.wsgi [None req-b47bb6f7-a600-4a88-8f80-7895e160c6b5 tempest-DeleteServersTestJSON-1741736336 tempest-DeleteServersTestJSON-1741736336-project] Empty body provided in request {{(pid=116641) get_body /opt/stack/cinder/cinder/api/openstack/wsgi.py:715}}
Feb 08 14:39:18.614722 dv-cinder-804035-29-iscsi devstack@c-api.service[116641]: DEBUG cinder.api.openstack.wsgi [None req-b47bb6f7-a600-4a88-8f80-7895e160c6b5 tempest-DeleteServersTestJSON-1741736336 tempest-DeleteServersTestJSON-1741736336-project] Calling method 'show' {{(pid=116641) _process_stack /opt/stack/cinder/cinder/api/openstack/wsgi.py:868}}
Feb 08 14:39:18.653707 dv-cinder-804035-29-iscsi devstack@c-api.service[116641]: /usr/local/lib/python3.8/dist-packages/oslo_context/context.py:105: DeprecationWarning: Policy enforcement is depending on the value of is_admin. This key is deprecated. Please update your policy file to use the standard policy values.
Feb 08 14:39:18.653707 dv-cinder-804035-29-iscsi devstack@c-api.service[116641]: warnings.warn('Policy enforcement is depending on the value of '
Feb 08 14:39:18.666654 dv-cinder-804035-29-iscsi devstack@c-api.service[116641]: INFO cinder.volume.api [None req-b47bb6f7-a600-4a88-8f80-7895e160c6b5 tempest-DeleteServersTestJSON-1741736336 tempest-DeleteServersTestJSON-1741736336-project] Volume info retrieved successfully.
Feb 08 14:39:18.679994 dv-cinder-804035-29-iscsi devstack@c-api.service[116641]: INFO cinder.api.openstack.wsgi [None req-b47bb6f7-a600-4a88-8f80-7895e160c6b5 tempest-DeleteServersTestJSON-1741736336 tempest-DeleteServersTestJSON-1741736336-project] http://10.222.0.81/volume/v3/07ee4f97324b4572b4fcb078cd992a35/volumes/951f10bf-5db2-4f15-84c2-a8827c5250a2 returned with HTTP 200
Feb 08 14:39:18.690610 dv-cinder-804035-29-iscsi devstack@c-api.service[116641]: [pid: 116641|app: 0|req: 161/314] 10.222.0.81 () {58 vars in 1324 bytes} [Tue Feb 8 14:39:18 2022] GET /volume/v3/07ee4f97324b4572b4fcb078cd992a35/volumes/951f10bf-5db2-4f15-84c2-a8827c5250a2 => generated 913 bytes in 85 msecs (HTTP/1.1 200) 7 headers in 285 bytes (1 switches on core 0)
Feb 08 14:39:19.194388 dv-cinder-804035-29-iscsi devstack@c-api.service[116641]: INFO cinder.api.openstack.wsgi [None req-b5873c5f-e4fe-433a-ac74-1241e9e51a34 tempest-VolumeServicesNegativeTest-1134357642 tempest-VolumeServicesNegativeTest-1134357642-project-admin] GET http://10.222.0.81/volume/v3/4d3cb0bac75f4361880ded4b6e72ea49/os-services
Feb 08 14:39:19.195526 dv-cinder-804035-29-iscsi devstack@c-api.service[116641]: DEBUG cinder.api.openstack.wsgi [None req-b5873c5f-e4fe-433a-ac74-1241e9e51a34 tempest-VolumeServicesNegativeTest-1134357642 tempest-VolumeServicesNegativeTest-1134357642-project-admin] Empty body provided in request {{(pid=116641) get_body /opt/stack/cinder/cinder/api/openstack/wsgi.py:715}}
Feb 08 14:39:19.196140 dv-cinder-804035-29-iscsi devstack@c-api.service[116641]: DEBUG cinder.api.openstack.wsgi [None req-b5873c5f-e4fe-433a-ac74-1241e9e51a34 tempest-VolumeServicesNegativeTest-1134357642 tempest-VolumeServicesNegativeTest-1134357642-project-admin] Calling method 'index' {{(pid=116641) _process_stack /opt/stack/cinder/cinder/api/openstack/wsgi.py:868}}
Feb 08 14:39:19.214293 dv-cinder-804035-29-iscsi devstack@c-api.service[116641]: INFO cinder.api.openstack.wsgi [None req-b5873c5f-e4fe-433a-ac74-1241e9e51a34 tempest-VolumeServicesNegativeTest-1134357642 tempest-VolumeServicesNegativeTest-1134357642-project-admin] http://10.222.0.81/volume/v3/4d3cb0bac75f4361880ded4b6e72ea49/os-services returned with HTTP 200
Feb 08 14:39:19.216750 dv-cinder-804035-29-iscsi devstack@c-api.service[116641]: [pid: 116641|app: 0|req: 162/315] 10.222.0.81 () {58 vars in 1225 bytes} [Tue Feb 8 14:39:18 2022] GET /volume/v3/4d3cb0bac75f4361880ded4b6e72ea49/os-services => generated 643 bytes in 218 msecs (HTTP/1.1 200) 7 headers in 285 bytes (2 switches on core 0)
Feb 08 14:39:19.235209 dv-cinder-804035-29-iscsi devstack@c-api.service[116642]: INFO cinder.api.openstack.wsgi [None req-1ef4faab-835f-4de3-b96f-63b872fe0a73 tempest-VolumeRetypeWithoutMigrationTest-1279186824 tempest-VolumeRetypeWithoutMigrationTest-1279186824-project-admin] POST http://10.222.0.81/volume/v3/ef8a6d85e64d46f8a228a2a8b8784638/types
Feb 08 14:39:19.240829 dv-cinder-804035-29-iscsi devstack@c-api.service[116642]: DEBUG cinder.api.openstack.wsgi [None req-1ef4faab-835f-4de3-b96f-63b872fe0a73 tempest-VolumeRetypeWithoutMigrationTest-1279186824 tempest-VolumeRetypeWithoutMigrationTest-1279186824-project-admin] Action: 'create', calling method: _create, body: {"volume_type": {"name": "volume-type-1"}} {{(pid=116642) _process_stack /opt/stack/cinder/cinder/api/openstack/wsgi.py:866}}
Feb 08 14:39:19.241034 dv-cinder-804035-29-iscsi devstack@c-api.service[116641]: INFO cinder.api.openstack.wsgi [None req-e823e96e-42a2-4b8e-8c89-ad561b019bfc tempest-VolumeServicesNegativeTest-1134357642 tempest-VolumeServicesNegativeTest-1134357642-project-admin] PUT http://10.222.0.81/volume/v3/4d3cb0bac75f4361880ded4b6e72ea49/os-services/disable-log-reason
Feb 08 14:39:19.242403 dv-cinder-804035-29-iscsi devstack@c-api.service[116641]: DEBUG cinder.api.openstack.wsgi [None req-e823e96e-42a2-4b8e-8c89-ad561b019bfc tempest-VolumeServicesNegativeTest-1134357642 tempest-VolumeServicesNegativeTest-1134357642-project-admin] Action: 'update', calling method: update, body: {"host": "dv-cinder-804035-29-iscsi", "binary": "cinder-scheduler", "disabled_reason": null} {{(pid=116641) _process_stack /opt/stack/cinder/cinder/api/openstack/wsgi.py:866}}
Feb 08 14:39:19.247157 dv-cinder-804035-29-iscsi devstack@c-api.service[116641]: INFO cinder.api.openstack.wsgi [None req-e823e96e-42a2-4b8e-8c89-ad561b019bfc tempest-VolumeServicesNegativeTest-1134357642 tempest-VolumeServicesNegativeTest-1134357642-project-admin] http://10.222.0.81/volume/v3/4d3cb0bac75f4361880ded4b6e72ea49/os-services/disable-log-reason returned with HTTP 400
Feb 08 14:39:19.249500 dv-cinder-804035-29-iscsi devstack@c-api.service[116641]: [pid: 116641|app: 0|req: 163/316] 10.222.0.81 () {60 vars in 1302 bytes} [Tue Feb 8 14:39:19 2022] PUT /volume/v3/4d3cb0bac75f4361880ded4b6e72ea49/os-services/disable-log-reason => generated 136 bytes in 22 msecs (HTTP/1.1 400) 7 headers in 294 bytes (2 switches on core 0)
Feb 08 14:39:19.285313 dv-cinder-804035-29-iscsi devstack@c-api.service[116641]: INFO cinder.api.openstack.wsgi [None req-f0d97a45-18cd-4a73-8396-f0dec66b420f tempest-VolumeServicesNegativeTest-1134357642 tempest-VolumeServicesNegativeTest-1134357642-project-admin] PUT http://10.222.0.81/volume/v3/4d3cb0bac75f4361880ded4b6e72ea49/os-services/disable
Feb 08 14:39:19.285986 dv-cinder-804035-29-iscsi devstack@c-api.service[116641]: DEBUG cinder.api.openstack.wsgi [None req-f0d97a45-18cd-4a73-8396-f0dec66b420f tempest-VolumeServicesNegativeTest-1134357642 tempest-VolumeServicesNegativeTest-1134357642-project-admin] Action: 'update', calling method: update, body: {"host": "dv-cinder-804035-29-iscsi", "binary": "invalid_binary"} {{(pid=116641) _process_stack /opt/stack/cinder/cinder/api/openstack/wsgi.py:866}}
Feb 08 14:39:19.313032 dv-cinder-804035-29-iscsi devstack@c-api.service[116641]: INFO cinder.api.openstack.wsgi [None req-f0d97a45-18cd-4a73-8396-f0dec66b420f tempest-VolumeServicesNegativeTest-1134357642 tempest-VolumeServicesNegativeTest-1134357642-project-admin] http://10.222.0.81/volume/v3/4d3cb0bac75f4361880ded4b6e72ea49/os-services/disable returned with HTTP 404
Feb 08 14:39:19.318934 dv-cinder-804035-29-iscsi devstack@c-api.service[116641]: [pid: 116641|app: 0|req: 164/317] 10.222.0.81 () {60 vars in 1269 bytes} [Tue Feb 8 14:39:19 2022] PUT /volume/v3/4d3cb0bac75f4361880ded4b6e72ea49/os-services/disable => generated 122 bytes in 61 msecs (HTTP/1.1 404) 7 headers in 292 bytes (1 switches on core 0)
Feb 08 14:39:19.330142 dv-cinder-804035-29-iscsi devstack@c-api.service[116641]: INFO cinder.api.openstack.wsgi [None req-9321eff0-81b2-4ba0-ab04-18ea4d80cbd9 tempest-VolumeServicesNegativeTest-1134357642 tempest-VolumeServicesNegativeTest-1134357642-project-admin] PUT http://10.222.0.81/volume/v3/4d3cb0bac75f4361880ded4b6e72ea49/os-services/enable
Feb 08 14:39:19.331734 dv-cinder-804035-29-iscsi devstack@c-api.service[116641]: DEBUG cinder.api.openstack.wsgi [None req-9321eff0-81b2-4ba0-ab04-18ea4d80cbd9 tempest-VolumeServicesNegativeTest-1134357642 tempest-VolumeServicesNegativeTest-1134357642-project-admin] Action: 'update', calling method: update, body: {"host": "invalid_host", "binary": "cinder-scheduler"} {{(pid=116641) _process_stack /opt/stack/cinder/cinder/api/openstack/wsgi.py:866}}
Feb 08 14:39:19.368007 dv-cinder-804035-29-iscsi devstack@c-api.service[116641]: INFO cinder.api.openstack.wsgi [None req-9321eff0-81b2-4ba0-ab04-18ea4d80cbd9 tempest-VolumeServicesNegativeTest-1134357642 tempest-VolumeServicesNegativeTest-1134357642-project-admin] http://10.222.0.81/volume/v3/4d3cb0bac75f4361880ded4b6e72ea49/os-services/enable returned with HTTP 404
Feb 08 14:39:19.369671 dv-cinder-804035-29-iscsi devstack@c-api.service[116641]: [pid: 116641|app: 0|req: 165/318] 10.222.0.81 () {60 vars in 1266 bytes} [Tue Feb 8 14:39:19 2022] PUT /volume/v3/4d3cb0bac75f4361880ded4b6e72ea49/os-services/enable => generated 111 bytes in 49 msecs (HTTP/1.1 404) 7 headers in 292 bytes (1 switches on core 0)
Feb 08 14:39:19.380397 dv-cinder-804035-29-iscsi devstack@c-api.service[116641]: INFO cinder.api.openstack.wsgi [None req-2b9932c6-5d11-4b7d-9ec8-538aa2751745 tempest-VolumeServicesNegativeTest-1134357642 tempest-VolumeServicesNegativeTest-1134357642-project-admin] PUT http://10.222.0.81/volume/v3/4d3cb0bac75f4361880ded4b6e72ea49/os-services/freeze
Feb 08 14:39:19.381274 dv-cinder-804035-29-iscsi devstack@c-api.service[116641]: DEBUG cinder.api.openstack.wsgi [None req-2b9932c6-5d11-4b7d-9ec8-538aa2751745 tempest-VolumeServicesNegativeTest-1134357642 tempest-VolumeServicesNegativeTest-1134357642-project-admin] Action: 'update', calling method: update, body: {"host": "invalid_host"} {{(pid=116641) _process_stack /opt/stack/cinder/cinder/api/openstack/wsgi.py:866}}
Feb 08 14:39:19.393693 dv-cinder-804035-29-iscsi devstack@c-api.service[116641]: INFO cinder.api.openstack.wsgi [None req-2b9932c6-5d11-4b7d-9ec8-538aa2751745 tempest-VolumeServicesNegativeTest-1134357642 tempest-VolumeServicesNegativeTest-1134357642-project-admin] http://10.222.0.81/volume/v3/4d3cb0bac75f4361880ded4b6e72ea49/os-services/freeze returned with HTTP 400
Feb 08 14:39:19.394683 dv-cinder-804035-29-iscsi devstack@c-api.service[116642]: INFO cinder.api.openstack.wsgi [None req-1ef4faab-835f-4de3-b96f-63b872fe0a73 tempest-VolumeRetypeWithoutMigrationTest-1279186824 tempest-VolumeRetypeWithoutMigrationTest-1279186824-project-admin] http://10.222.0.81/volume/v3/ef8a6d85e64d46f8a228a2a8b8784638/types returned with HTTP 200
Feb 08 14:39:19.395238 dv-cinder-804035-29-iscsi devstack@c-api.service[116641]: [pid: 116641|app: 0|req: 166/319] 10.222.0.81 () {60 vars in 1266 bytes} [Tue Feb 8 14:39:19 2022] PUT /volume/v3/4d3cb0bac75f4361880ded4b6e72ea49/os-services/freeze => generated 83 bytes in 21 msecs (HTTP/1.1 400) 7 headers in 293 bytes (2 switches on core 0)
Feb 08 14:39:19.396123 dv-cinder-804035-29-iscsi devstack@c-api.service[116642]: [pid: 116642|app: 0|req: 154/320] 10.222.0.81 () {60 vars in 1228 bytes} [Tue Feb 8 14:39:18 2022] POST /volume/v3/ef8a6d85e64d46f8a228a2a8b8784638/types => generated 188 bytes in 578 msecs (HTTP/1.1 200) 7 headers in 285 bytes (1 switches on core 0)
Feb 08 14:39:19.406418 dv-cinder-804035-29-iscsi devstack@c-api.service[116642]: INFO cinder.api.openstack.wsgi [None req-56e66649-baa6-491b-9fbe-454517d861a1 tempest-VolumeRetypeWithoutMigrationTest-1279186824 tempest-VolumeRetypeWithoutMigrationTest-1279186824-project-admin] POST http://10.222.0.81/volume/v3/ef8a6d85e64d46f8a228a2a8b8784638/types
Feb 08 14:39:19.407260 dv-cinder-804035-29-iscsi devstack@c-api.service[116642]: DEBUG cinder.api.openstack.wsgi [None req-56e66649-baa6-491b-9fbe-454517d861a1 tempest-VolumeRetypeWithoutMigrationTest-1279186824 tempest-VolumeRetypeWithoutMigrationTest-1279186824-project-admin] Action: 'create', calling method: _create, body: {"volume_type": {"name": "volume-type-2"}} {{(pid=116642) _process_stack /opt/stack/cinder/cinder/api/openstack/wsgi.py:866}}
Feb 08 14:39:19.410856 dv-cinder-804035-29-iscsi devstack@c-api.service[116641]: INFO cinder.api.openstack.wsgi [None req-6d3cae3b-d31f-4a0e-9e2d-a555c30a25ae tempest-VolumeServicesNegativeTest-1134357642 tempest-VolumeServicesNegativeTest-1134357642-project-admin] PUT http://10.222.0.81/volume/v3/4d3cb0bac75f4361880ded4b6e72ea49/os-services/thaw
Feb 08 14:39:19.410856 dv-cinder-804035-29-iscsi devstack@c-api.service[116641]: DEBUG cinder.api.openstack.wsgi [None req-6d3cae3b-d31f-4a0e-9e2d-a555c30a25ae tempest-VolumeServicesNegativeTest-1134357642 tempest-VolumeServicesNegativeTest-1134357642-project-admin] Action: 'update', calling method: update, body: {"host": "invalid_host"} {{(pid=116641) _process_stack /opt/stack/cinder/cinder/api/openstack/wsgi.py:866}}
Feb 08 14:39:19.423822 dv-cinder-804035-29-iscsi devstack@c-api.service[116641]: INFO cinder.api.openstack.wsgi [None req-6d3cae3b-d31f-4a0e-9e2d-a555c30a25ae tempest-VolumeServicesNegativeTest-1134357642 tempest-VolumeServicesNegativeTest-1134357642-project-admin] http://10.222.0.81/volume/v3/4d3cb0bac75f4361880ded4b6e72ea49/os-services/thaw returned with HTTP 400
Feb 08 14:39:19.424621 dv-cinder-804035-29-iscsi devstack@c-api.service[116641]: [pid: 116641|app: 0|req: 167/321] 10.222.0.81 () {60 vars in 1260 bytes} [Tue Feb 8 14:39:19 2022] PUT /volume/v3/4d3cb0bac75f4361880ded4b6e72ea49/os-services/thaw => generated 83 bytes in 23 msecs (HTTP/1.1 400) 7 headers in 293 bytes (1 switches on core 0)
Feb 08 14:39:19.441214 dv-cinder-804035-29-iscsi devstack@c-api.service[116641]: INFO cinder.api.openstack.wsgi [None req-3ef0fc99-c1b8-4e42-8b8a-e7ee098d3c2d tempest-VolumesCloneTest-692482127 tempest-VolumesCloneTest-692482127-project] GET http://10.222.0.81/volume/v3/35b35baf9d7f429abd8d99d87c959fff/volumes/0fea5d79-421a-403d-af1c-bd2543484b16
Feb 08 14:39:19.442422 dv-cinder-804035-29-iscsi devstack@c-api.service[116641]: DEBUG cinder.api.openstack.wsgi [None req-3ef0fc99-c1b8-4e42-8b8a-e7ee098d3c2d tempest-VolumesCloneTest-692482127 tempest-VolumesCloneTest-692482127-project] Empty body provided in request {{(pid=116641) get_body /opt/stack/cinder/cinder/api/openstack/wsgi.py:715}}
Feb 08 14:39:19.442934 dv-cinder-804035-29-iscsi devstack@c-api.service[116641]: DEBUG cinder.api.openstack.wsgi [None req-3ef0fc99-c1b8-4e42-8b8a-e7ee098d3c2d tempest-VolumesCloneTest-692482127 tempest-VolumesCloneTest-692482127-project] Calling method 'show' {{(pid=116641) _process_stack /opt/stack/cinder/cinder/api/openstack/wsgi.py:868}}
Feb 08 14:39:19.461042 dv-cinder-804035-29-iscsi devstack@c-api.service[116641]: /usr/local/lib/python3.8/dist-packages/oslo_context/context.py:105: DeprecationWarning: Policy enforcement is depending on the value of is_admin. This key is deprecated. Please update your policy file to use the standard policy values.
Feb 08 14:39:19.461042 dv-cinder-804035-29-iscsi devstack@c-api.service[116641]: warnings.warn('Policy enforcement is depending on the value of '
Feb 08 14:39:19.469544 dv-cinder-804035-29-iscsi devstack@c-api.service[116641]: INFO cinder.volume.api [None req-3ef0fc99-c1b8-4e42-8b8a-e7ee098d3c2d tempest-VolumesCloneTest-692482127 tempest-VolumesCloneTest-692482127-project] Volume info retrieved successfully.
Feb 08 14:39:19.486289 dv-cinder-804035-29-iscsi devstack@c-api.service[116641]: INFO cinder.api.openstack.wsgi [None req-3ef0fc99-c1b8-4e42-8b8a-e7ee098d3c2d tempest-VolumesCloneTest-692482127 tempest-VolumesCloneTest-692482127-project] http://10.222.0.81/volume/v3/35b35baf9d7f429abd8d99d87c959fff/volumes/0fea5d79-421a-403d-af1c-bd2543484b16 returned with HTTP 200
Feb 08 14:39:19.486918 dv-cinder-804035-29-iscsi devstack@c-api.service[116641]: [pid: 116641|app: 0|req: 168/322] 10.222.0.81 () {58 vars in 1324 bytes} [Tue Feb 8 14:39:19 2022] GET /volume/v3/35b35baf9d7f429abd8d99d87c959fff/volumes/0fea5d79-421a-403d-af1c-bd2543484b16 => generated 908 bytes in 50 msecs (HTTP/1.1 200) 7 headers in 285 bytes (2 switches on core 0)
Feb 08 14:39:19.517548 dv-cinder-804035-29-iscsi devstack@c-api.service[116642]: INFO cinder.api.openstack.wsgi [None req-56e66649-baa6-491b-9fbe-454517d861a1 tempest-VolumeRetypeWithoutMigrationTest-1279186824 tempest-VolumeRetypeWithoutMigrationTest-1279186824-project-admin] http://10.222.0.81/volume/v3/ef8a6d85e64d46f8a228a2a8b8784638/types returned with HTTP 200
Feb 08 14:39:19.518104 dv-cinder-804035-29-iscsi devstack@c-api.service[116642]: [pid: 116642|app: 0|req: 155/323] 10.222.0.81 () {60 vars in 1228 bytes} [Tue Feb 8 14:39:19 2022] POST /volume/v3/ef8a6d85e64d46f8a228a2a8b8784638/types => generated 188 bytes in 117 msecs (HTTP/1.1 200) 7 headers in 285 bytes (1 switches on core 0)
Feb 08 14:39:19.700157 dv-cinder-804035-29-iscsi devstack@c-api.service[116642]: INFO cinder.api.openstack.wsgi [None req-5be12fde-8e2a-4743-85e4-582f913491de tempest-DeleteServersTestJSON-1741736336 tempest-DeleteServersTestJSON-1741736336-project] GET http://10.222.0.81/volume/v3/07ee4f97324b4572b4fcb078cd992a35/volumes/951f10bf-5db2-4f15-84c2-a8827c5250a2
Feb 08 14:39:19.700642 dv-cinder-804035-29-iscsi devstack@c-api.service[116642]: DEBUG cinder.api.openstack.wsgi [None req-5be12fde-8e2a-4743-85e4-582f913491de tempest-DeleteServersTestJSON-1741736336 tempest-DeleteServersTestJSON-1741736336-project] Empty body provided in request {{(pid=116642) get_body /opt/stack/cinder/cinder/api/openstack/wsgi.py:715}}
Feb 08 14:39:19.701110 dv-cinder-804035-29-iscsi devstack@c-api.service[116642]: DEBUG cinder.api.openstack.wsgi [None req-5be12fde-8e2a-4743-85e4-582f913491de tempest-DeleteServersTestJSON-1741736336 tempest-DeleteServersTestJSON-1741736336-project] Calling method 'show' {{(pid=116642) _process_stack /opt/stack/cinder/cinder/api/openstack/wsgi.py:868}}
Feb 08 14:39:19.722046 dv-cinder-804035-29-iscsi devstack@c-api.service[116642]: /usr/local/lib/python3.8/dist-packages/oslo_context/context.py:105: DeprecationWarning: Policy enforcement is depending on the value of is_admin. This key is deprecated. Please update your policy file to use the standard policy values.
Feb 08 14:39:19.722046 dv-cinder-804035-29-iscsi devstack@c-api.service[116642]: warnings.warn('Policy enforcement is depending on the value of '
Feb 08 14:39:19.736318 dv-cinder-804035-29-iscsi devstack@c-api.service[116642]: INFO cinder.volume.api [None req-5be12fde-8e2a-4743-85e4-582f913491de tempest-DeleteServersTestJSON-1741736336 tempest-DeleteServersTestJSON-1741736336-project] Volume info retrieved successfully.
Feb 08 14:39:19.755564 dv-cinder-804035-29-iscsi devstack@c-api.service[116641]: INFO cinder.api.openstack.wsgi [None req-4caf7ef2-5add-4b62-b3d2-5dfcd2eb83fe tempest-VolumeRetypeWithoutMigrationTest-1962429181 tempest-VolumeRetypeWithoutMigrationTest-1962429181-project] POST http://10.222.0.81/volume/v3/56c1924094b94685a9a9e58bed4fab91/volumes
Feb 08 14:39:19.757260 dv-cinder-804035-29-iscsi devstack@c-api.service[116641]: DEBUG cinder.api.openstack.wsgi [None req-4caf7ef2-5add-4b62-b3d2-5dfcd2eb83fe tempest-VolumeRetypeWithoutMigrationTest-1962429181 tempest-VolumeRetypeWithoutMigrationTest-1962429181-project] Action: 'create', calling method: create, body: {"volume": {"volume_type": "volume-type-1", "size": 1, "name": "tempest-VolumeRetypeWithoutMigrationTest-Volume-371947997"}} {{(pid=116641) _process_stack /opt/stack/cinder/cinder/api/openstack/wsgi.py:866}}
Feb 08 14:39:19.757657 dv-cinder-804035-29-iscsi devstack@c-api.service[116642]: INFO cinder.api.openstack.wsgi [None req-5be12fde-8e2a-4743-85e4-582f913491de tempest-DeleteServersTestJSON-1741736336 tempest-DeleteServersTestJSON-1741736336-project] http://10.222.0.81/volume/v3/07ee4f97324b4572b4fcb078cd992a35/volumes/951f10bf-5db2-4f15-84c2-a8827c5250a2 returned with HTTP 200
Feb 08 14:39:19.759512 dv-cinder-804035-29-iscsi devstack@c-api.service[116642]: [pid: 116642|app: 0|req: 156/324] 10.222.0.81 () {58 vars in 1324 bytes} [Tue Feb 8 14:39:19 2022] GET /volume/v3/07ee4f97324b4572b4fcb078cd992a35/volumes/951f10bf-5db2-4f15-84c2-a8827c5250a2 => generated 913 bytes in 66 msecs (HTTP/1.1 200) 7 headers in 285 bytes (2 switches on core 0)
Feb 08 14:39:19.760855 dv-cinder-804035-29-iscsi devstack@c-api.service[116641]: DEBUG cinder.api.v3.volumes [None req-4caf7ef2-5add-4b62-b3d2-5dfcd2eb83fe tempest-VolumeRetypeWithoutMigrationTest-1962429181 tempest-VolumeRetypeWithoutMigrationTest-1962429181-project] Create volume request body: {'volume': {'volume_type': 'volume-type-1', 'size': 1, 'name': 'tempest-VolumeRetypeWithoutMigrationTest-Volume-371947997'}} {{(pid=116641) create /opt/stack/cinder/cinder/api/v3/volumes.py:298}}
Feb 08 14:39:19.788926 dv-cinder-804035-29-iscsi devstack@c-api.service[116641]: INFO cinder.api.v3.volumes [None req-4caf7ef2-5add-4b62-b3d2-5dfcd2eb83fe tempest-VolumeRetypeWithoutMigrationTest-1962429181 tempest-VolumeRetypeWithoutMigrationTest-1962429181-project] Create volume of 1 GB
Feb 08 14:39:19.790427 dv-cinder-804035-29-iscsi devstack@c-api.service[116641]: /usr/local/lib/python3.8/dist-packages/oslo_context/context.py:105: DeprecationWarning: Policy enforcement is depending on the value of is_admin. This key is deprecated. Please update your policy file to use the standard policy values.
