Jan 24 13:03:02.915127 dv-cinder-804035-27-iscsi neutron-server[102392]: DEBUG neutron_lib.callbacks.manager [req-8b509662-bafe-43e7-8758-b27588decbe3 req-444e4b31-c5ef-4805-ac02-c89bb71e27d8 service neutron] Publish callbacks ['neutron.plugins.ml2.plugin.SecurityGroupDbMixin._ensure_default_security_group_handler-1717609'] for port (7a2b11cb-4bcf-4943-aa14-47e9fa88d8d0), before_update {{(pid=102392) _notify_loop /usr/local/lib/python3.8/dist-packages/neutron_lib/callbacks/manager.py:176}}
Jan 24 13:03:02.960802 dv-cinder-804035-27-iscsi neutron-server[102391]: INFO neutron.wsgi [req-3d85c968-297d-4d8a-9d60-1ed8cf43bc2c req-41fd1449-c942-4de6-9f9b-35ed8d07a6f4 service neutron] 10.222.0.113 "GET /v2.0/networks/a4996f4f-b97d-45df-8646-f72d07fe5112?fields=provider%3Aphysical_network&fields=provider%3Anetwork_type HTTP/1.1" status: 200 len: 281 time: 0.1836607
Jan 24 13:03:02.986269 dv-cinder-804035-27-iscsi neutron-server[102391]: DEBUG neutron.pecan_wsgi.hooks.policy_enforcement [req-07a3a494-d78e-4340-98d6-f592d126da36 req-7a5b7bc2-251e-45db-8e4f-21a258f58a97 service neutron] Attributes excluded by policy engine: ['standard_attr_id'] {{(pid=102391) _exclude_attributes_by_policy /opt/stack/neutron/neutron/pecan_wsgi/hooks/policy_enforcement.py:255}}
Jan 24 13:03:02.990949 dv-cinder-804035-27-iscsi neutron-server[102391]: INFO neutron.wsgi [req-07a3a494-d78e-4340-98d6-f592d126da36 req-7a5b7bc2-251e-45db-8e4f-21a258f58a97 service neutron] 10.222.0.113 "GET /v2.0/ports?network_id=16ce8abd-78eb-430e-bed7-23587cc480ab&device_owner=network%3Adhcp HTTP/1.1" status: 200 len: 1176 time: 0.1479924
Jan 24 13:03:03.022040 dv-cinder-804035-27-iscsi neutron-server[102392]: INFO neutron.wsgi [req-4d5c7418-58f0-4c1e-a9b0-65173c46d648 req-0a5db26b-7684-47a2-b761-727d6989d171 service neutron] 10.222.0.113 "GET /v2.0/ports?network_id=48386849-6d63-49f8-91a8-ae6b922497ab&device_owner=network%3Adhcp HTTP/1.1" status: 200 len: 210 time: 0.1290469
Jan 24 13:03:03.160533 dv-cinder-804035-27-iscsi neutron-server[102392]: DEBUG neutron_lib.callbacks.manager [None req-97353218-200b-40df-bf44-c93208cad934 admin admin] Publish callbacks ['neutron.plugins.ml2.ovo_rpc._ObjectChangeHandler.handle_event-552665'] for security_group (4f9ea16e-7bae-4145-ad26-c304c0653e0b), after_delete {{(pid=102392) _notify_loop /usr/local/lib/python3.8/dist-packages/neutron_lib/callbacks/manager.py:176}}
Jan 24 13:03:03.172203 dv-cinder-804035-27-iscsi neutron-server[102392]: DEBUG neutron_lib.callbacks.manager [None req-97353218-200b-40df-bf44-c93208cad934 admin admin] Publish callbacks [] for security_group (None), before_response {{(pid=102392) _notify_loop /usr/local/lib/python3.8/dist-packages/neutron_lib/callbacks/manager.py:176}}
Jan 24 13:03:03.176766 dv-cinder-804035-27-iscsi neutron-server[102392]: INFO neutron.wsgi [None req-97353218-200b-40df-bf44-c93208cad934 admin admin] 10.222.0.120 "DELETE /v2.0/security-groups/4f9ea16e-7bae-4145-ad26-c304c0653e0b HTTP/1.1" status: 204 len: 168 time: 1.3441803
Jan 24 13:03:03.204762 dv-cinder-804035-27-iscsi neutron-server[102392]: DEBUG neutron.api.rpc.handlers.resources_rpc [None req-97353218-200b-40df-bf44-c93208cad934 admin admin] Pushing event deleted for resources: {'SecurityGroup': ['ID=4f9ea16e-7bae-4145-ad26-c304c0653e0b,revision_number=None']} {{(pid=102392) push /opt/stack/neutron/neutron/api/rpc/handlers/resources_rpc.py:237}}
Jan 24 13:03:03.257117 dv-cinder-804035-27-iscsi neutron-server[102392]: INFO neutron.wsgi [req-08e0ee13-b7e1-4d0b-81c6-54bc8bdcadd0 req-2af66196-1904-405d-9258-a890b0d80e99 tempest-DeleteServersTestJSON-971311917 tempest-DeleteServersTestJSON-971311917-project] 10.222.0.120 "GET /v2.0/security-groups?id=d76f99da-b754-4d7f-b4d9-746e165e4f16&fields=id&fields=name HTTP/1.1" status: 200 len: 286 time: 0.3446434
Jan 24 13:03:03.278407 dv-cinder-804035-27-iscsi neutron-server[102392]: DEBUG neutron.plugins.ml2.db [req-8b509662-bafe-43e7-8758-b27588decbe3 req-444e4b31-c5ef-4805-ac02-c89bb71e27d8 service neutron] For port 7a2b11cb-4bcf-4943-aa14-47e9fa88d8d0, host hv-cinder-80403, cleared binding levels {{(pid=102392) clear_binding_levels /opt/stack/neutron/neutron/plugins/ml2/db.py:87}}
Jan 24 13:03:03.297728 dv-cinder-804035-27-iscsi neutron-server[102392]: DEBUG neutron.plugins.ml2.db [req-8b509662-bafe-43e7-8758-b27588decbe3 req-444e4b31-c5ef-4805-ac02-c89bb71e27d8 service neutron] For port 7a2b11cb-4bcf-4943-aa14-47e9fa88d8d0, host hv-cinder-80403, set binding levels [PortBindingLevel(driver='hyperv',host='hv-cinder-80403',level=0,port_id=7a2b11cb-4bcf-4943-aa14-47e9fa88d8d0,segment=NetworkSegment(8fc99329-78eb-43a7-b370-1aa0275a6e84),segment_id=8fc99329-78eb-43a7-b370-1aa0275a6e84)] {{(pid=102392) set_binding_levels /opt/stack/neutron/neutron/plugins/ml2/db.py:59}}
Jan 24 13:03:03.305286 dv-cinder-804035-27-iscsi neutron-server[102392]: INFO neutron.wsgi [req-4d5c7418-58f0-4c1e-a9b0-65173c46d648 req-da9af004-28f0-4ce4-94f2-c92c69f425c1 service neutron] 10.222.0.113 "GET /v2.0/networks/48386849-6d63-49f8-91a8-ae6b922497ab?fields=segments HTTP/1.1" status: 200 len: 212 time: 0.2821412
Jan 24 13:03:03.307806 dv-cinder-804035-27-iscsi neutron-server[102392]: DEBUG neutron_lib.callbacks.manager [req-8b509662-bafe-43e7-8758-b27588decbe3 req-444e4b31-c5ef-4805-ac02-c89bb71e27d8 service neutron] Publish callbacks ['neutron.plugins.ml2.plugin.SecurityGroupServerNotifierRpcMixin._notify_sg_on_port_change-1718224', 'neutron.plugins.ml2.ovo_rpc._ObjectChangeHandler.handle_event-223072', 'neutron.api.rpc.agentnotifiers.dhcp_rpc_agent_api.DhcpAgentNotifyAPI._native_event_send_dhcp_notification-653136', 'neutron.db.l3_db.L3RpcNotifierMixin._notify_gateway_port_ip_changed-8728785922124', 'neutron.db.l3_dvrscheduler_db._notify_l3_agent_port_update-8728785354500', 'neutron.db.l3_hascheduler_db._notify_l3_agent_ha_port_update-8728785354518', 'neutron.services.segments.plugin.NovaSegmentNotifier._notify_port_updated-3017290'] for port (7a2b11cb-4bcf-4943-aa14-47e9fa88d8d0), after_update {{(pid=102392) _notify_loop /usr/local/lib/python3.8/dist-packages/neutron_lib/callbacks/manager.py:176}}
Jan 24 13:03:03.376801 dv-cinder-804035-27-iscsi neutron-server[102392]: DEBUG neutron.pecan_wsgi.hooks.policy_enforcement [req-8b509662-bafe-43e7-8758-b27588decbe3 req-444e4b31-c5ef-4805-ac02-c89bb71e27d8 service neutron] Attributes excluded by policy engine: ['standard_attr_id'] {{(pid=102392) _exclude_attributes_by_policy /opt/stack/neutron/neutron/pecan_wsgi/hooks/policy_enforcement.py:255}}
Jan 24 13:03:03.377544 dv-cinder-804035-27-iscsi neutron-server[102392]: DEBUG neutron_lib.callbacks.manager [req-8b509662-bafe-43e7-8758-b27588decbe3 req-444e4b31-c5ef-4805-ac02-c89bb71e27d8 service neutron] Publish callbacks ['neutron.notifiers.nova.Notifier._send_nova_notification-41338', 'neutron.api.rpc.agentnotifiers.dhcp_rpc_agent_api.DhcpAgentNotifyAPI._send_dhcp_notification-653166'] for port (None), before_response {{(pid=102392) _notify_loop /usr/local/lib/python3.8/dist-packages/neutron_lib/callbacks/manager.py:176}}
Jan 24 13:03:03.383195 dv-cinder-804035-27-iscsi neutron-server[102392]: INFO neutron.wsgi [req-8b509662-bafe-43e7-8758-b27588decbe3 req-444e4b31-c5ef-4805-ac02-c89bb71e27d8 service neutron] 10.222.0.113 "PUT /v2.0/ports/7a2b11cb-4bcf-4943-aa14-47e9fa88d8d0 HTTP/1.1" status: 200 len: 1094 time: 3.0522404
Jan 24 13:03:03.383784 dv-cinder-804035-27-iscsi neutron-server[102392]: DEBUG neutron.notifiers.nova [-] Sending events: [{'name': 'network-changed', 'server_uuid': '57a732a1-2370-47a0-a09c-fff6d7858de2', 'tag': '7a2b11cb-4bcf-4943-aa14-47e9fa88d8d0'}] {{(pid=102392) send_events /opt/stack/neutron/neutron/notifiers/nova.py:262}}
Jan 24 13:03:03.387771 dv-cinder-804035-27-iscsi neutron-server[102392]: DEBUG novaclient.v2.client [-] REQ: curl -g -i --cacert "/opt/stack/data/ca-bundle.pem" -X POST http://10.222.0.120/compute/v2.1/os-server-external-events -H "Accept: application/json" -H "Content-Type: application/json" -H "User-Agent: python-novaclient" -H "X-Auth-Token: {SHA256}c23c7c4e8354c50b84ed0cec87c6140be263b6fda54a6e66b63b1b83928fc2c3" -H "X-OpenStack-Nova-API-Version: 2.1" -H "X-OpenStack-Request-ID: req-93cff020-cc86-4f47-a9dc-9dbfc1509564" -d '{"events": [{"name": "network-changed", "server_uuid": "57a732a1-2370-47a0-a09c-fff6d7858de2", "tag": "7a2b11cb-4bcf-4943-aa14-47e9fa88d8d0"}]}' {{(pid=102392) _http_log_request /usr/local/lib/python3.8/dist-packages/keystoneauth1/session.py:519}}
Jan 24 13:03:03.407190 dv-cinder-804035-27-iscsi neutron-server[102391]: DEBUG neutron.pecan_wsgi.hooks.policy_enforcement [req-18bb4834-1dfa-4fe3-9554-50388fb0cf97 req-58232365-5081-42f4-bad9-1ee233357659 tempest-ServerRescueNegativeTestJSON-184194309 tempest-ServerRescueNegativeTestJSON-184194309-project] Attributes excluded by policy engine: ['standard_attr_id', 'binding:profile', 'binding:host_id', 'binding:vif_type', 'binding:vif_details'] {{(pid=102391) _exclude_attributes_by_policy /opt/stack/neutron/neutron/pecan_wsgi/hooks/policy_enforcement.py:255}}
Jan 24 13:03:03.415484 dv-cinder-804035-27-iscsi neutron-server[102391]: INFO neutron.wsgi [req-18bb4834-1dfa-4fe3-9554-50388fb0cf97 req-58232365-5081-42f4-bad9-1ee233357659 tempest-ServerRescueNegativeTestJSON-184194309 tempest-ServerRescueNegativeTestJSON-184194309-project] 10.222.0.120 "GET /v2.0/ports?device_id=57a732a1-2370-47a0-a09c-fff6d7858de2 HTTP/1.1" status: 200 len: 944 time: 0.1427479
Jan 24 13:03:03.501748 dv-cinder-804035-27-iscsi neutron-server[102391]: INFO neutron.wsgi [req-18bb4834-1dfa-4fe3-9554-50388fb0cf97 req-af4f1cf3-8b6b-4f57-a730-515a3a816171 tempest-ServerRescueNegativeTestJSON-184194309 tempest-ServerRescueNegativeTestJSON-184194309-project] 10.222.0.120 "GET /v2.0/security-groups?id=888d85d2-42ed-4609-9b99-24203f5bc9b9&fields=id&fields=name HTTP/1.1" status: 200 len: 286 time: 0.0844891
Jan 24 13:03:03.516258 dv-cinder-804035-27-iscsi neutron-server[102391]: INFO neutron.wsgi [req-07a3a494-d78e-4340-98d6-f592d126da36 req-8061178f-8359-477e-8c51-54c801d6b9a4 service neutron] 10.222.0.113 "GET /v2.0/networks/16ce8abd-78eb-430e-bed7-23587cc480ab?fields=segments HTTP/1.1" status: 200 len: 212 time: 0.5140605
Jan 24 13:03:03.574966 dv-cinder-804035-27-iscsi neutron-server[102392]: DEBUG novaclient.v2.client [-] RESP: [200] Connection: close Content-Length: 179 Content-Type: application/json Date: Mon, 24 Jan 2022 13:03:03 GMT OpenStack-API-Version: compute 2.1 Server: Apache/2.4.41 (Ubuntu) Vary: OpenStack-API-Version,X-OpenStack-Nova-API-Version X-OpenStack-Nova-API-Version: 2.1 x-compute-request-id: req-1f29198e-4e10-40f8-867c-e40077a13213 x-openstack-request-id: req-1f29198e-4e10-40f8-867c-e40077a13213 {{(pid=102392) _http_log_response /usr/local/lib/python3.8/dist-packages/keystoneauth1/session.py:550}}
Jan 24 13:03:03.575377 dv-cinder-804035-27-iscsi neutron-server[102392]: DEBUG novaclient.v2.client [-] RESP BODY: {"events": [{"name": "network-changed", "server_uuid": "57a732a1-2370-47a0-a09c-fff6d7858de2", "tag": "7a2b11cb-4bcf-4943-aa14-47e9fa88d8d0", "status": "completed", "code": 200}]} {{(pid=102392) _http_log_response /usr/local/lib/python3.8/dist-packages/keystoneauth1/session.py:582}}
Jan 24 13:03:03.575725 dv-cinder-804035-27-iscsi neutron-server[102392]: DEBUG novaclient.v2.client [-] POST call to compute for http://10.222.0.120/compute/v2.1/os-server-external-events used request id req-1f29198e-4e10-40f8-867c-e40077a13213 {{(pid=102392) request /usr/local/lib/python3.8/dist-packages/keystoneauth1/session.py:954}}
Jan 24 13:03:03.576237 dv-cinder-804035-27-iscsi neutron-server[102392]: INFO neutron.notifiers.nova [-] Nova event response: {'name': 'network-changed', 'server_uuid': '57a732a1-2370-47a0-a09c-fff6d7858de2', 'tag': '7a2b11cb-4bcf-4943-aa14-47e9fa88d8d0', 'status': 'completed', 'code': 200}
Jan 24 13:03:03.638283 dv-cinder-804035-27-iscsi neutron-server[102392]: DEBUG neutron.api.rpc.handlers.resources_rpc [None req-444e4b31-c5ef-4805-ac02-c89bb71e27d8 service neutron] Pushing event updated for resources: {'Port': ['ID=7a2b11cb-4bcf-4943-aa14-47e9fa88d8d0,revision_number=3']} {{(pid=102392) push /opt/stack/neutron/neutron/api/rpc/handlers/resources_rpc.py:237}}
Jan 24 13:03:03.646817 dv-cinder-804035-27-iscsi neutron-server[102391]: INFO neutron.wsgi [req-07a3a494-d78e-4340-98d6-f592d126da36 req-7f1d0cae-7915-4ca8-8251-66f2c78f0376 service neutron] 10.222.0.113 "GET /v2.0/networks/16ce8abd-78eb-430e-bed7-23587cc480ab?fields=provider%3Aphysical_network&fields=provider%3Anetwork_type HTTP/1.1" status: 200 len: 281 time: 0.1210542
Jan 24 13:03:03.670116 dv-cinder-804035-27-iscsi neutron-server[102392]: DEBUG neutron.pecan_wsgi.hooks.policy_enforcement [req-316d0816-0d9d-4b38-b341-53341aff66f1 req-3e7ff476-4ee9-4580-90b0-899bd28ae9fd tempest-AttachVolumeShelveTestJSON-1586982145 tempest-AttachVolumeShelveTestJSON-1586982145-project] Attributes excluded by policy engine: ['standard_attr_id', 'binding:profile', 'binding:host_id', 'binding:vif_type', 'binding:vif_details'] {{(pid=102392) _exclude_attributes_by_policy /opt/stack/neutron/neutron/pecan_wsgi/hooks/policy_enforcement.py:255}}
Jan 24 13:03:03.671678 dv-cinder-804035-27-iscsi neutron-server[102392]: INFO neutron.wsgi [req-316d0816-0d9d-4b38-b341-53341aff66f1 req-3e7ff476-4ee9-4580-90b0-899bd28ae9fd tempest-AttachVolumeShelveTestJSON-1586982145 tempest-AttachVolumeShelveTestJSON-1586982145-project] 10.222.0.120 "GET /v2.0/ports?device_id=017105c0-0582-4d85-8f09-a8edad25a770 HTTP/1.1" status: 200 len: 943 time: 0.2610316
Jan 24 13:03:03.724652 dv-cinder-804035-27-iscsi neutron-server[102392]: INFO neutron.wsgi [req-4d5c7418-58f0-4c1e-a9b0-65173c46d648 req-20e2cce9-8676-4073-af14-33f39fcab809 service neutron] 10.222.0.113 "GET /v2.0/networks/48386849-6d63-49f8-91a8-ae6b922497ab?fields=provider%3Aphysical_network&fields=provider%3Anetwork_type HTTP/1.1" status: 200 len: 281 time: 0.4052138
Jan 24 13:03:03.738107 dv-cinder-804035-27-iscsi neutron-server[102392]: DEBUG neutron.pecan_wsgi.hooks.policy_enforcement [req-8b509662-bafe-43e7-8758-b27588decbe3 req-55764e63-04c6-46dc-bbf0-330ec109eff3 service neutron] Attributes excluded by policy engine: ['standard_attr_id'] {{(pid=102392) _exclude_attributes_by_policy /opt/stack/neutron/neutron/pecan_wsgi/hooks/policy_enforcement.py:255}}
Jan 24 13:03:03.739866 dv-cinder-804035-27-iscsi neutron-server[102392]: INFO neutron.wsgi [req-8b509662-bafe-43e7-8758-b27588decbe3 req-55764e63-04c6-46dc-bbf0-330ec109eff3 service neutron] 10.222.0.113 "GET /v2.0/ports?tenant_id=cb172de0b8b043b28a8b1adb1f7ca94a&device_id=57a732a1-2370-47a0-a09c-fff6d7858de2 HTTP/1.1" status: 200 len: 1097 time: 0.1924520
Jan 24 13:03:03.798283 dv-cinder-804035-27-iscsi neutron-server[102391]: DEBUG neutron.pecan_wsgi.hooks.policy_enforcement [req-eed56594-5fc7-4a3b-9b5b-f30e41e675be req-77462b23-0347-4df4-98c5-03d86eb2ebea service neutron] Attributes excluded by policy engine: ['standard_attr_id'] {{(pid=102391) _exclude_attributes_by_policy /opt/stack/neutron/neutron/pecan_wsgi/hooks/policy_enforcement.py:255}}
Jan 24 13:03:03.799954 dv-cinder-804035-27-iscsi neutron-server[102391]: INFO neutron.wsgi [req-eed56594-5fc7-4a3b-9b5b-f30e41e675be req-77462b23-0347-4df4-98c5-03d86eb2ebea service neutron] 10.222.0.113 "GET /v2.0/ports?tenant_id=2bff62a92c8543a589fdb91d8e20b834&device_id=017105c0-0582-4d85-8f09-a8edad25a770 HTTP/1.1" status: 200 len: 1096 time: 0.0780616
Jan 24 13:03:03.801443 dv-cinder-804035-27-iscsi neutron-server[102392]: INFO neutron.wsgi [req-316d0816-0d9d-4b38-b341-53341aff66f1 req-ff5bf499-0369-40c4-a93e-548347f849ba tempest-AttachVolumeShelveTestJSON-1586982145 tempest-AttachVolumeShelveTestJSON-1586982145-project] 10.222.0.120 "GET /v2.0/security-groups?id=9caa277c-311f-49b2-aaae-b43207d6fab2&fields=id&fields=name HTTP/1.1" status: 200 len: 312 time: 0.1090653
Jan 24 13:03:03.802839 dv-cinder-804035-27-iscsi neutron-server[102392]: INFO neutron.wsgi [req-8b509662-bafe-43e7-8758-b27588decbe3 req-d74ccd30-7b34-4fbd-86cf-6a8e025a58dc service neutron] 10.222.0.113 "GET /v2.0/floatingips?fixed_ip_address=172.20.0.14&port_id=7a2b11cb-4bcf-4943-aa14-47e9fa88d8d0 HTTP/1.1" status: 200 len: 217 time: 0.0548804
Jan 24 13:03:03.987122 dv-cinder-804035-27-iscsi neutron-server[102392]: DEBUG neutron.pecan_wsgi.hooks.policy_enforcement [req-8b509662-bafe-43e7-8758-b27588decbe3 req-701d39d4-6b10-404d-9588-8f7d08cfd56e service neutron] Attributes excluded by policy engine: ['standard_attr_id', 'shared', 'segment_id'] {{(pid=102392) _exclude_attributes_by_policy /opt/stack/neutron/neutron/pecan_wsgi/hooks/policy_enforcement.py:255}}
Jan 24 13:03:03.989024 dv-cinder-804035-27-iscsi neutron-server[102392]: INFO neutron.wsgi [req-8b509662-bafe-43e7-8758-b27588decbe3 req-701d39d4-6b10-404d-9588-8f7d08cfd56e service neutron] 10.222.0.113 "GET /v2.0/subnets?id=b87a3b07-6084-4d1c-b90f-89beecc8723e HTTP/1.1" status: 200 len: 858 time: 0.0744431
Jan 24 13:03:04.048216 dv-cinder-804035-27-iscsi neutron-server[102391]: DEBUG neutron.pecan_wsgi.hooks.policy_enforcement [req-d5a7767d-4d99-46d4-91f6-c4c2d83ceee5 req-c473c4fb-c2e1-4bc1-a183-ec078bf37196 tempest-AttachVolumeTestJSON-850224579 tempest-AttachVolumeTestJSON-850224579-project] Attributes excluded by policy engine: ['standard_attr_id', 'binding:profile', 'binding:host_id', 'binding:vif_type', 'binding:vif_details'] {{(pid=102391) _exclude_attributes_by_policy /opt/stack/neutron/neutron/pecan_wsgi/hooks/policy_enforcement.py:255}}
Jan 24 13:03:04.049735 dv-cinder-804035-27-iscsi neutron-server[102391]: INFO neutron.wsgi [req-d5a7767d-4d99-46d4-91f6-c4c2d83ceee5 req-c473c4fb-c2e1-4bc1-a183-ec078bf37196 tempest-AttachVolumeTestJSON-850224579 tempest-AttachVolumeTestJSON-850224579-project] 10.222.0.120 "GET /v2.0/ports?device_id=4a87b1dd-2fa1-44ed-aea3-a7e467f20cdf HTTP/1.1" status: 200 len: 944 time: 0.1067364
Jan 24 13:03:04.054784 dv-cinder-804035-27-iscsi neutron-server[102391]: DEBUG neutron.pecan_wsgi.hooks.policy_enforcement [req-eed56594-5fc7-4a3b-9b5b-f30e41e675be req-a63bea70-5266-4670-8e1f-9e08a80a4410 service neutron] Attributes excluded by policy engine: ['standard_attr_id', 'vlan_transparent'] {{(pid=102391) _exclude_attributes_by_policy /opt/stack/neutron/neutron/pecan_wsgi/hooks/policy_enforcement.py:255}}
Jan 24 13:03:04.056374 dv-cinder-804035-27-iscsi neutron-server[102391]: INFO neutron.wsgi [req-eed56594-5fc7-4a3b-9b5b-f30e41e675be req-a63bea70-5266-4670-8e1f-9e08a80a4410 service neutron] 10.222.0.113 "GET /v2.0/networks?id=16ce8abd-78eb-430e-bed7-23587cc480ab HTTP/1.1" status: 200 len: 917 time: 0.1409781
Jan 24 13:03:04.101701 dv-cinder-804035-27-iscsi neutron-server[102391]: INFO neutron.wsgi [req-d5a7767d-4d99-46d4-91f6-c4c2d83ceee5 req-1d9505d0-d2f5-400f-9a10-6dd6c8468e9c tempest-AttachVolumeTestJSON-850224579 tempest-AttachVolumeTestJSON-850224579-project] 10.222.0.120 "GET /v2.0/security-groups?id=49fd05b2-e8b3-4257-93a5-f45f8d7a0afa&fields=id&fields=name HTTP/1.1" status: 200 len: 312 time: 0.0442188
Jan 24 13:03:04.403591 dv-cinder-804035-27-iscsi neutron-server[102392]: DEBUG neutron.pecan_wsgi.hooks.policy_enforcement [req-6ba40e78-80c7-46b3-9bd1-886127876ee0 req-3973594e-6cff-4bc7-8996-8ca9e17c9ad0 tempest-DeleteServersTestJSON-971311917 tempest-DeleteServersTestJSON-971311917-project] Attributes excluded by policy engine: ['standard_attr_id', 'binding:profile', 'binding:host_id', 'binding:vif_type', 'binding:vif_details'] {{(pid=102392) _exclude_attributes_by_policy /opt/stack/neutron/neutron/pecan_wsgi/hooks/policy_enforcement.py:255}}
Jan 24 13:03:04.405495 dv-cinder-804035-27-iscsi neutron-server[102392]: INFO neutron.wsgi [req-6ba40e78-80c7-46b3-9bd1-886127876ee0 req-3973594e-6cff-4bc7-8996-8ca9e17c9ad0 tempest-DeleteServersTestJSON-971311917 tempest-DeleteServersTestJSON-971311917-project] 10.222.0.120 "GET /v2.0/ports?device_id=8c7d442d-fd30-44db-8b9f-cdda121de216 HTTP/1.1" status: 200 len: 945 time: 0.0564165
Jan 24 13:03:04.473314 dv-cinder-804035-27-iscsi neutron-server[102392]: INFO neutron.wsgi [req-6ba40e78-80c7-46b3-9bd1-886127876ee0 req-7e83195d-8be4-405e-a6c4-371449898b5b tempest-DeleteServersTestJSON-971311917 tempest-DeleteServersTestJSON-971311917-project] 10.222.0.120 "GET /v2.0/security-groups?id=d76f99da-b754-4d7f-b4d9-746e165e4f16&fields=id&fields=name HTTP/1.1" status: 200 len: 286 time: 0.0613489
Jan 24 13:03:04.658668 dv-cinder-804035-27-iscsi neutron-server[102391]: DEBUG neutron.pecan_wsgi.hooks.policy_enforcement [req-2ffac201-c255-403b-9c81-e8666df1da90 req-0379694d-41f6-45e8-acd2-01519c8b2865 tempest-ServerRescueNegativeTestJSON-184194309 tempest-ServerRescueNegativeTestJSON-184194309-project] Attributes excluded by policy engine: ['standard_attr_id', 'binding:profile', 'binding:host_id', 'binding:vif_type', 'binding:vif_details'] {{(pid=102391) _exclude_attributes_by_policy /opt/stack/neutron/neutron/pecan_wsgi/hooks/policy_enforcement.py:255}}
Jan 24 13:03:04.666838 dv-cinder-804035-27-iscsi neutron-server[102391]: INFO neutron.wsgi [req-2ffac201-c255-403b-9c81-e8666df1da90 req-0379694d-41f6-45e8-acd2-01519c8b2865 tempest-ServerRescueNegativeTestJSON-184194309 tempest-ServerRescueNegativeTestJSON-184194309-project] 10.222.0.120 "GET /v2.0/ports?device_id=57a732a1-2370-47a0-a09c-fff6d7858de2 HTTP/1.1" status: 200 len: 944 time: 0.0828748
Jan 24 13:03:04.710838 dv-cinder-804035-27-iscsi neutron-server[102391]: INFO neutron.wsgi [req-2ffac201-c255-403b-9c81-e8666df1da90 req-07b0c681-0fb4-46ad-bacb-91b283e81515 tempest-ServerRescueNegativeTestJSON-184194309 tempest-ServerRescueNegativeTestJSON-184194309-project] 10.222.0.120 "GET /v2.0/security-groups?id=888d85d2-42ed-4609-9b99-24203f5bc9b9&fields=id&fields=name HTTP/1.1" status: 200 len: 286 time: 0.0428798
Jan 24 13:03:04.988736 dv-cinder-804035-27-iscsi neutron-server[102392]: DEBUG neutron.pecan_wsgi.hooks.policy_enforcement [req-221b7776-075b-46b2-92bc-99d92af36097 req-57b151ee-97c2-45ac-8237-1c14b8d6747a tempest-AttachVolumeShelveTestJSON-1586982145 tempest-AttachVolumeShelveTestJSON-1586982145-project] Attributes excluded by policy engine: ['standard_attr_id', 'binding:profile', 'binding:host_id', 'binding:vif_type', 'binding:vif_details'] {{(pid=102392) _exclude_attributes_by_policy /opt/stack/neutron/neutron/pecan_wsgi/hooks/policy_enforcement.py:255}}
Jan 24 13:03:04.996619 dv-cinder-804035-27-iscsi neutron-server[102392]: INFO neutron.wsgi [req-221b7776-075b-46b2-92bc-99d92af36097 req-57b151ee-97c2-45ac-8237-1c14b8d6747a tempest-AttachVolumeShelveTestJSON-1586982145 tempest-AttachVolumeShelveTestJSON-1586982145-project] 10.222.0.120 "GET /v2.0/ports?device_id=017105c0-0582-4d85-8f09-a8edad25a770 HTTP/1.1" status: 200 len: 943 time: 0.0921710
Jan 24 13:03:05.048770 dv-cinder-804035-27-iscsi neutron-server[102392]: INFO neutron.wsgi [req-221b7776-075b-46b2-92bc-99d92af36097 req-0d8daf30-a199-4762-a8ff-16763aaf2c02 tempest-AttachVolumeShelveTestJSON-1586982145 tempest-AttachVolumeShelveTestJSON-1586982145-project] 10.222.0.120 "GET /v2.0/security-groups?id=9caa277c-311f-49b2-aaae-b43207d6fab2&fields=id&fields=name HTTP/1.1" status: 200 len: 312 time: 0.0512733
Jan 24 13:03:05.239043 dv-cinder-804035-27-iscsi neutron-server[102391]: DEBUG neutron.pecan_wsgi.hooks.policy_enforcement [req-e0685224-ee76-4a25-8fae-a440c6bcf81a req-07cc4328-251b-4ef7-aab6-1a7334bc4b54 tempest-AttachVolumeTestJSON-850224579 tempest-AttachVolumeTestJSON-850224579-project] Attributes excluded by policy engine: ['standard_attr_id', 'binding:profile', 'binding:host_id', 'binding:vif_type', 'binding:vif_details'] {{(pid=102391) _exclude_attributes_by_policy /opt/stack/neutron/neutron/pecan_wsgi/hooks/policy_enforcement.py:255}}
Jan 24 13:03:05.240729 dv-cinder-804035-27-iscsi neutron-server[102391]: INFO neutron.wsgi [req-e0685224-ee76-4a25-8fae-a440c6bcf81a req-07cc4328-251b-4ef7-aab6-1a7334bc4b54 tempest-AttachVolumeTestJSON-850224579 tempest-AttachVolumeTestJSON-850224579-project] 10.222.0.120 "GET /v2.0/ports?device_id=4a87b1dd-2fa1-44ed-aea3-a7e467f20cdf HTTP/1.1" status: 200 len: 944 time: 0.0665195
Jan 24 13:03:05.292470 dv-cinder-804035-27-iscsi neutron-server[102391]: INFO neutron.wsgi [req-e0685224-ee76-4a25-8fae-a440c6bcf81a req-2cff582c-cb85-4fd0-bb61-f695c42d5154 tempest-AttachVolumeTestJSON-850224579 tempest-AttachVolumeTestJSON-850224579-project] 10.222.0.120 "GET /v2.0/security-groups?id=49fd05b2-e8b3-4257-93a5-f45f8d7a0afa&fields=id&fields=name HTTP/1.1" status: 200 len: 312 time: 0.0455465
Jan 24 13:03:05.405447 dv-cinder-804035-27-iscsi neutron-server[102394]: DEBUG neutron.db.agents_db [None req-16f20fe1-cc87-4ad9-b85c-a87540ee9d53 None None] Agent healthcheck: found 6 active agents {{(pid=102394) agent_health_check /opt/stack/neutron/neutron/db/agents_db.py:317}}
Jan 24 13:03:05.812626 dv-cinder-804035-27-iscsi neutron-server[102391]: INFO neutron.wsgi [req-eed56594-5fc7-4a3b-9b5b-f30e41e675be req-468b770f-7243-49f9-8409-f9acde9add7d service neutron] 10.222.0.113 "GET /v2.0/floatingips?fixed_ip_address=172.20.0.6&port_id=5f6890a7-f4e0-4097-913a-3a069166d442 HTTP/1.1" status: 200 len: 217 time: 0.0458457
Jan 24 13:03:05.858608 dv-cinder-804035-27-iscsi neutron-server[102392]: INFO neutron.wsgi [req-8b509662-bafe-43e7-8758-b27588decbe3 req-29303562-71b5-472f-986e-75a797f260bf service neutron] 10.222.0.113 "GET /v2.0/ports?network_id=48386849-6d63-49f8-91a8-ae6b922497ab&device_owner=network%3Adhcp HTTP/1.1" status: 200 len: 210 time: 0.0937436
Jan 24 13:03:05.883924 dv-cinder-804035-27-iscsi neutron-server[102392]: DEBUG neutron.pecan_wsgi.hooks.policy_enforcement [req-3bd1d2b3-18e5-489c-9502-695790a90c72 req-a3bd9dab-92e6-4589-979a-78364ed4f276 tempest-ServerRescueNegativeTestJSON-184194309 tempest-ServerRescueNegativeTestJSON-184194309-project] Attributes excluded by policy engine: ['standard_attr_id', 'binding:profile', 'binding:host_id', 'binding:vif_type', 'binding:vif_details'] {{(pid=102392) _exclude_attributes_by_policy /opt/stack/neutron/neutron/pecan_wsgi/hooks/policy_enforcement.py:255}}
Jan 24 13:03:05.886220 dv-cinder-804035-27-iscsi neutron-server[102392]: INFO neutron.wsgi [req-3bd1d2b3-18e5-489c-9502-695790a90c72 req-a3bd9dab-92e6-4589-979a-78364ed4f276 tempest-ServerRescueNegativeTestJSON-184194309 tempest-ServerRescueNegativeTestJSON-184194309-project] 10.222.0.120 "GET /v2.0/ports?device_id=57a732a1-2370-47a0-a09c-fff6d7858de2 HTTP/1.1" status: 200 len: 944 time: 0.0973930
Jan 24 13:03:05.902252 dv-cinder-804035-27-iscsi neutron-server[102391]: DEBUG neutron.wsgi [-] (102391) accepted ('10.222.0.120', 37372) {{(pid=102391) server /usr/local/lib/python3.8/dist-packages/eventlet/wsgi.py:1004}}
Jan 24 13:03:05.946907 dv-cinder-804035-27-iscsi neutron-server[102392]: INFO neutron.wsgi [req-3bd1d2b3-18e5-489c-9502-695790a90c72 req-c51ab876-cbb2-4742-a888-c5d63ad0b95b tempest-ServerRescueNegativeTestJSON-184194309 tempest-ServerRescueNegativeTestJSON-184194309-project] 10.222.0.120 "GET /v2.0/security-groups?id=888d85d2-42ed-4609-9b99-24203f5bc9b9&fields=id&fields=name HTTP/1.1" status: 200 len: 286 time: 0.0544214
Jan 24 13:03:06.033208 dv-cinder-804035-27-iscsi neutron-server[102391]: DEBUG neutron_lib.callbacks.manager [None req-cfd96adb-930c-412c-b2e0-4f45ab483465 admin admin] Publish callbacks [] for security_group (None), before_create {{(pid=102391) _notify_loop /usr/local/lib/python3.8/dist-packages/neutron_lib/callbacks/manager.py:176}}
Jan 24 13:03:06.111057 dv-cinder-804035-27-iscsi neutron-server[102391]: DEBUG neutron_lib.callbacks.manager [None req-cfd96adb-930c-412c-b2e0-4f45ab483465 admin admin] Publish callbacks [] for security_group (c15b0705-22c4-4ff5-b598-4d98c7242dc1), precommit_create {{(pid=102391) _notify_loop /usr/local/lib/python3.8/dist-packages/neutron_lib/callbacks/manager.py:176}}
Jan 24 13:03:06.115068 dv-cinder-804035-27-iscsi neutron-server[102391]: DEBUG neutron_lib.callbacks.manager [None req-cfd96adb-930c-412c-b2e0-4f45ab483465 admin admin] Publish callbacks ['neutron.plugins.ml2.ovo_rpc._ObjectChangeHandler.handle_event-552665'] for security_group (c15b0705-22c4-4ff5-b598-4d98c7242dc1), after_create {{(pid=102391) _notify_loop /usr/local/lib/python3.8/dist-packages/neutron_lib/callbacks/manager.py:176}}
Jan 24 13:03:06.182179 dv-cinder-804035-27-iscsi neutron-server[102391]: INFO neutron.wsgi [None req-cfd96adb-930c-412c-b2e0-4f45ab483465 admin admin] 10.222.0.120 "GET /v2.0/security-groups?tenant_id=49eec3db8ac743bd9930f42432c78268&name=default HTTP/1.1" status: 200 len: 2996 time: 0.2747507
Jan 24 13:03:06.184884 dv-cinder-804035-27-iscsi neutron-server[102391]: DEBUG neutron.api.rpc.handlers.resources_rpc [None req-cfd96adb-930c-412c-b2e0-4f45ab483465 admin admin] Pushing event updated for resources: {'SecurityGroup': ['ID=c15b0705-22c4-4ff5-b598-4d98c7242dc1,revision_number=1']} {{(pid=102391) push /opt/stack/neutron/neutron/api/rpc/handlers/resources_rpc.py:237}}
Jan 24 13:03:06.185172 dv-cinder-804035-27-iscsi neutron-server[102392]: DEBUG neutron.wsgi [-] (102392) accepted ('10.222.0.120', 37382) {{(pid=102392) server /usr/local/lib/python3.8/dist-packages/eventlet/wsgi.py:1004}}
Jan 24 13:03:06.205911 dv-cinder-804035-27-iscsi neutron-server[102391]: DEBUG neutron.pecan_wsgi.hooks.policy_enforcement [req-c7ac0bbf-ff1b-472d-9415-86ad9e699ec5 req-446fb02a-d3fd-4b77-9951-7297ba7a10d7 tempest-AttachVolumeShelveTestJSON-1586982145 tempest-AttachVolumeShelveTestJSON-1586982145-project] Attributes excluded by policy engine: ['standard_attr_id', 'binding:profile', 'binding:host_id', 'binding:vif_type', 'binding:vif_details'] {{(pid=102391) _exclude_attributes_by_policy /opt/stack/neutron/neutron/pecan_wsgi/hooks/policy_enforcement.py:255}}
Jan 24 13:03:06.207565 dv-cinder-804035-27-iscsi neutron-server[102391]: INFO neutron.wsgi [req-c7ac0bbf-ff1b-472d-9415-86ad9e699ec5 req-446fb02a-d3fd-4b77-9951-7297ba7a10d7 tempest-AttachVolumeShelveTestJSON-1586982145 tempest-AttachVolumeShelveTestJSON-1586982145-project] 10.222.0.120 "GET /v2.0/ports?device_id=017105c0-0582-4d85-8f09-a8edad25a770 HTTP/1.1" status: 200 len: 943 time: 0.0811994
Jan 24 13:03:06.242653 dv-cinder-804035-27-iscsi neutron-server[102392]: DEBUG neutron_lib.callbacks.manager [None req-7c00f037-b8dc-402b-b4e2-28ec990a4f21 admin admin] Publish callbacks [] for security_group (c15b0705-22c4-4ff5-b598-4d98c7242dc1), before_delete {{(pid=102392) _notify_loop /usr/local/lib/python3.8/dist-packages/neutron_lib/callbacks/manager.py:176}}
Jan 24 13:03:06.261718 dv-cinder-804035-27-iscsi neutron-server[102391]: INFO neutron.wsgi [req-c7ac0bbf-ff1b-472d-9415-86ad9e699ec5 req-86dcd8b4-ce88-4da6-9854-efc86ac2f376 tempest-AttachVolumeShelveTestJSON-1586982145 tempest-AttachVolumeShelveTestJSON-1586982145-project] 10.222.0.120 "GET /v2.0/security-groups?id=9caa277c-311f-49b2-aaae-b43207d6fab2&fields=id&fields=name HTTP/1.1" status: 200 len: 312 time: 0.0476518
Jan 24 13:03:06.263634 dv-cinder-804035-27-iscsi neutron-server[102392]: DEBUG neutron_lib.callbacks.manager [None req-7c00f037-b8dc-402b-b4e2-28ec990a4f21 admin admin] Publish callbacks [] for security_group (c15b0705-22c4-4ff5-b598-4d98c7242dc1), precommit_delete {{(pid=102392) _notify_loop /usr/local/lib/python3.8/dist-packages/neutron_lib/callbacks/manager.py:176}}
Jan 24 13:03:06.313352 dv-cinder-804035-27-iscsi neutron-server[102392]: DEBUG neutron_lib.callbacks.manager [None req-7c00f037-b8dc-402b-b4e2-28ec990a4f21 admin admin] Publish callbacks ['neutron.plugins.ml2.ovo_rpc._ObjectChangeHandler.handle_event-552665'] for security_group (c15b0705-22c4-4ff5-b598-4d98c7242dc1), after_delete {{(pid=102392) _notify_loop /usr/local/lib/python3.8/dist-packages/neutron_lib/callbacks/manager.py:176}}
Jan 24 13:03:06.315953 dv-cinder-804035-27-iscsi neutron-server[102392]: DEBUG neutron_lib.callbacks.manager [None req-7c00f037-b8dc-402b-b4e2-28ec990a4f21 admin admin] Publish callbacks [] for security_group (None), before_response {{(pid=102392) _notify_loop /usr/local/lib/python3.8/dist-packages/neutron_lib/callbacks/manager.py:176}}
Jan 24 13:03:06.317279 dv-cinder-804035-27-iscsi neutron-server[102392]: INFO neutron.wsgi [None req-7c00f037-b8dc-402b-b4e2-28ec990a4f21 admin admin] 10.222.0.120 "DELETE /v2.0/security-groups/c15b0705-22c4-4ff5-b598-4d98c7242dc1 HTTP/1.1" status: 204 len: 168 time: 0.1309171
Jan 24 13:03:06.325596 dv-cinder-804035-27-iscsi neutron-server[102392]: DEBUG neutron.api.rpc.handlers.resources_rpc [None req-7c00f037-b8dc-402b-b4e2-28ec990a4f21 admin admin] Pushing event deleted for resources: {'SecurityGroup': ['ID=c15b0705-22c4-4ff5-b598-4d98c7242dc1,revision_number=None']} {{(pid=102392) push /opt/stack/neutron/neutron/api/rpc/handlers/resources_rpc.py:237}}
Jan 24 13:03:06.419637 dv-cinder-804035-27-iscsi neutron-server[102392]: DEBUG neutron.pecan_wsgi.hooks.policy_enforcement [req-9d3e27b7-afe0-473a-aaf5-b7cbd6a7917d req-b8660667-5b28-4f77-9b35-bb4c52f6ccf0 tempest-AttachVolumeTestJSON-850224579 tempest-AttachVolumeTestJSON-850224579-project] Attributes excluded by policy engine: ['standard_attr_id', 'binding:profile', 'binding:host_id', 'binding:vif_type', 'binding:vif_details'] {{(pid=102392) _exclude_attributes_by_policy /opt/stack/neutron/neutron/pecan_wsgi/hooks/policy_enforcement.py:255}}
Jan 24 13:03:06.421144 dv-cinder-804035-27-iscsi neutron-server[102392]: INFO neutron.wsgi [req-9d3e27b7-afe0-473a-aaf5-b7cbd6a7917d req-b8660667-5b28-4f77-9b35-bb4c52f6ccf0 tempest-AttachVolumeTestJSON-850224579 tempest-AttachVolumeTestJSON-850224579-project] 10.222.0.120 "GET /v2.0/ports?device_id=4a87b1dd-2fa1-44ed-aea3-a7e467f20cdf HTTP/1.1" status: 200 len: 944 time: 0.0494561
Jan 24 13:03:06.471092 dv-cinder-804035-27-iscsi neutron-server[102392]: INFO neutron.wsgi [req-9d3e27b7-afe0-473a-aaf5-b7cbd6a7917d req-830115d5-a752-4745-8ec0-a473c42a448f tempest-AttachVolumeTestJSON-850224579 tempest-AttachVolumeTestJSON-850224579-project] 10.222.0.120 "GET /v2.0/security-groups?id=49fd05b2-e8b3-4257-93a5-f45f8d7a0afa&fields=id&fields=name HTTP/1.1" status: 200 len: 312 time: 0.0441792
Jan 24 13:03:06.593661 dv-cinder-804035-27-iscsi neutron-server[102391]: DEBUG neutron.wsgi [-] (102391) accepted ('10.222.0.120', 37392) {{(pid=102391) server /usr/local/lib/python3.8/dist-packages/eventlet/wsgi.py:1004}}
Jan 24 13:03:06.606677 dv-cinder-804035-27-iscsi neutron-server[102391]: DEBUG neutron_lib.callbacks.manager [None req-1d6c82b5-22ea-4546-a688-76860670bab9 admin admin] Publish callbacks [] for security_group (None), before_create {{(pid=102391) _notify_loop /usr/local/lib/python3.8/dist-packages/neutron_lib/callbacks/manager.py:176}}
Jan 24 13:03:06.680480 dv-cinder-804035-27-iscsi neutron-server[102391]: DEBUG neutron_lib.callbacks.manager [None req-1d6c82b5-22ea-4546-a688-76860670bab9 admin admin] Publish callbacks [] for security_group (854584a4-dcca-4f94-b32a-1d2635091ba1), precommit_create {{(pid=102391) _notify_loop /usr/local/lib/python3.8/dist-packages/neutron_lib/callbacks/manager.py:176}}
Jan 24 13:03:06.684442 dv-cinder-804035-27-iscsi neutron-server[102391]: DEBUG neutron_lib.callbacks.manager [None req-1d6c82b5-22ea-4546-a688-76860670bab9 admin admin] Publish callbacks ['neutron.plugins.ml2.ovo_rpc._ObjectChangeHandler.handle_event-552665'] for security_group (854584a4-dcca-4f94-b32a-1d2635091ba1), after_create {{(pid=102391) _notify_loop /usr/local/lib/python3.8/dist-packages/neutron_lib/callbacks/manager.py:176}}
Jan 24 13:03:06.722044 dv-cinder-804035-27-iscsi neutron-server[102391]: INFO neutron.wsgi [None req-1d6c82b5-22ea-4546-a688-76860670bab9 admin admin] 10.222.0.120 "GET /v2.0/security-groups?tenant_id=c043e2136f024d60819c510bc01de4ed&name=default HTTP/1.1" status: 200 len: 2996 time: 0.1273441
Jan 24 13:03:06.722886 dv-cinder-804035-27-iscsi neutron-server[102391]: DEBUG neutron.api.rpc.handlers.resources_rpc [None req-1d6c82b5-22ea-4546-a688-76860670bab9 admin admin] Pushing event updated for resources: {'SecurityGroup': ['ID=854584a4-dcca-4f94-b32a-1d2635091ba1,revision_number=1']} {{(pid=102391) push /opt/stack/neutron/neutron/api/rpc/handlers/resources_rpc.py:237}}
Jan 24 13:03:06.724688 dv-cinder-804035-27-iscsi neutron-server[102392]: DEBUG neutron.wsgi [-] (102392) accepted ('10.222.0.120', 37394) {{(pid=102392) server /usr/local/lib/python3.8/dist-packages/eventlet/wsgi.py:1004}}
Jan 24 13:03:06.801365 dv-cinder-804035-27-iscsi neutron-server[102392]: DEBUG neutron_lib.callbacks.manager [None req-e47b08f5-59b5-4acf-bf48-99615c6938ed admin admin] Publish callbacks [] for security_group (854584a4-dcca-4f94-b32a-1d2635091ba1), before_delete {{(pid=102392) _notify_loop /usr/local/lib/python3.8/dist-packages/neutron_lib/callbacks/manager.py:176}}
Jan 24 13:03:06.805814 dv-cinder-804035-27-iscsi neutron-server[102391]: DEBUG neutron.pecan_wsgi.hooks.policy_enforcement [req-eed56594-5fc7-4a3b-9b5b-f30e41e675be req-f91b0128-b957-45c7-819b-3498627472ba service neutron] Attributes excluded by policy engine: ['standard_attr_id', 'shared'] {{(pid=102391) _exclude_attributes_by_policy /opt/stack/neutron/neutron/pecan_wsgi/hooks/policy_enforcement.py:255}}
Jan 24 13:03:06.807399 dv-cinder-804035-27-iscsi neutron-server[102391]: INFO neutron.wsgi [req-eed56594-5fc7-4a3b-9b5b-f30e41e675be req-f91b0128-b957-45c7-819b-3498627472ba service neutron] 10.222.0.113 "GET /v2.0/subnets?id=c9561f52-f260-4f9c-9b8f-6c4ceee4a141 HTTP/1.1" status: 200 len: 855 time: 0.0462410
Jan 24 13:03:06.854641 dv-cinder-804035-27-iscsi neutron-server[102392]: DEBUG neutron_lib.callbacks.manager [None req-e47b08f5-59b5-4acf-bf48-99615c6938ed admin admin] Publish callbacks [] for security_group (854584a4-dcca-4f94-b32a-1d2635091ba1), precommit_delete {{(pid=102392) _notify_loop /usr/local/lib/python3.8/dist-packages/neutron_lib/callbacks/manager.py:176}}
Jan 24 13:03:06.857309 dv-cinder-804035-27-iscsi neutron-server[102391]: DEBUG neutron.pecan_wsgi.hooks.policy_enforcement [req-eed56594-5fc7-4a3b-9b5b-f30e41e675be req-bc512036-7f4b-4be9-8899-05af5837597d service neutron] Attributes excluded by policy engine: ['standard_attr_id'] {{(pid=102391) _exclude_attributes_by_policy /opt/stack/neutron/neutron/pecan_wsgi/hooks/policy_enforcement.py:255}}
Jan 24 13:03:06.858849 dv-cinder-804035-27-iscsi neutron-server[102391]: INFO neutron.wsgi [req-eed56594-5fc7-4a3b-9b5b-f30e41e675be req-bc512036-7f4b-4be9-8899-05af5837597d service neutron] 10.222.0.113 "GET /v2.0/ports?network_id=16ce8abd-78eb-430e-bed7-23587cc480ab&device_owner=network%3Adhcp HTTP/1.1" status: 200 len: 1176 time: 0.0446241
Jan 24 13:03:06.903371 dv-cinder-804035-27-iscsi neutron-server[102392]: INFO neutron.wsgi [req-8b509662-bafe-43e7-8758-b27588decbe3 req-7b6b4825-b6a2-4f28-a64b-36232cd53da5 service neutron] 10.222.0.113 "GET /v2.0/networks/48386849-6d63-49f8-91a8-ae6b922497ab?fields=segments HTTP/1.1" status: 200 len: 212 time: 0.1400521
Jan 24 13:03:06.957852 dv-cinder-804035-27-iscsi neutron-server[102391]: INFO neutron.wsgi [req-eed56594-5fc7-4a3b-9b5b-f30e41e675be req-666383e3-eb33-45ce-abc4-08b802071165 service neutron] 10.222.0.113 "GET /v2.0/networks/16ce8abd-78eb-430e-bed7-23587cc480ab?fields=segments HTTP/1.1" status: 200 len: 212 time: 0.0868897
Jan 24 13:03:06.972971 dv-cinder-804035-27-iscsi neutron-server[102392]: DEBUG neutron_lib.callbacks.manager [None req-e47b08f5-59b5-4acf-bf48-99615c6938ed admin admin] Publish callbacks ['neutron.plugins.ml2.ovo_rpc._ObjectChangeHandler.handle_event-552665'] for security_group (854584a4-dcca-4f94-b32a-1d2635091ba1), after_delete {{(pid=102392) _notify_loop /usr/local/lib/python3.8/dist-packages/neutron_lib/callbacks/manager.py:176}}
Jan 24 13:03:06.989147 dv-cinder-804035-27-iscsi neutron-server[102392]: DEBUG neutron_lib.callbacks.manager [None req-e47b08f5-59b5-4acf-bf48-99615c6938ed admin admin] Publish callbacks [] for security_group (None), before_response {{(pid=102392) _notify_loop /usr/local/lib/python3.8/dist-packages/neutron_lib/callbacks/manager.py:176}}
Jan 24 13:03:06.990356 dv-cinder-804035-27-iscsi neutron-server[102392]: INFO neutron.wsgi [None req-e47b08f5-59b5-4acf-bf48-99615c6938ed admin admin] 10.222.0.120 "DELETE /v2.0/security-groups/854584a4-dcca-4f94-b32a-1d2635091ba1 HTTP/1.1" status: 204 len: 168 time: 0.2646344
Jan 24 13:03:07.011156 dv-cinder-804035-27-iscsi neutron-server[102392]: DEBUG neutron.api.rpc.handlers.resources_rpc [None req-e47b08f5-59b5-4acf-bf48-99615c6938ed admin admin] Pushing event deleted for resources: {'SecurityGroup': ['ID=854584a4-dcca-4f94-b32a-1d2635091ba1,revision_number=None']} {{(pid=102392) push /opt/stack/neutron/neutron/api/rpc/handlers/resources_rpc.py:237}}
Jan 24 13:03:07.056213 dv-cinder-804035-27-iscsi neutron-server[102392]: INFO neutron.wsgi [req-8b509662-bafe-43e7-8758-b27588decbe3 req-5f7ab6f2-2ac9-4e02-8856-09927300c57e service neutron] 10.222.0.113 "GET /v2.0/networks/48386849-6d63-49f8-91a8-ae6b922497ab?fields=provider%3Aphysical_network&fields=provider%3Anetwork_type HTTP/1.1" status: 200 len: 281 time: 0.1468928
Jan 24 13:03:07.207242 dv-cinder-804035-27-iscsi neutron-server[102392]: DEBUG neutron.pecan_wsgi.hooks.policy_enforcement [req-93cff020-cc86-4f47-a9dc-9dbfc1509564 req-9a0ee305-46f4-4579-ada8-f3645b5e1abc service neutron] Attributes excluded by policy engine: ['standard_attr_id'] {{(pid=102392) _exclude_attributes_by_policy /opt/stack/neutron/neutron/pecan_wsgi/hooks/policy_enforcement.py:255}}
Jan 24 13:03:07.209158 dv-cinder-804035-27-iscsi neutron-server[102392]: INFO neutron.wsgi [req-93cff020-cc86-4f47-a9dc-9dbfc1509564 req-9a0ee305-46f4-4579-ada8-f3645b5e1abc service neutron] 10.222.0.113 "GET /v2.0/ports?tenant_id=cb172de0b8b043b28a8b1adb1f7ca94a&device_id=57a732a1-2370-47a0-a09c-fff6d7858de2 HTTP/1.1" status: 200 len: 1097 time: 0.0860815
Jan 24 13:03:07.222535 dv-cinder-804035-27-iscsi neutron-server[102391]: DEBUG neutron.pecan_wsgi.hooks.policy_enforcement [req-71902508-833a-47b1-801d-2ceb766ae83b req-38526996-761f-4948-b0ba-42a71a70b042 tempest-ServerRescueNegativeTestJSON-184194309 tempest-ServerRescueNegativeTestJSON-184194309-project] Attributes excluded by policy engine: ['standard_attr_id', 'binding:profile', 'binding:host_id', 'binding:vif_type', 'binding:vif_details'] {{(pid=102391) _exclude_attributes_by_policy /opt/stack/neutron/neutron/pecan_wsgi/hooks/policy_enforcement.py:255}}
Jan 24 13:03:07.224247 dv-cinder-804035-27-iscsi neutron-server[102391]: INFO neutron.wsgi [req-71902508-833a-47b1-801d-2ceb766ae83b req-38526996-761f-4948-b0ba-42a71a70b042 tempest-ServerRescueNegativeTestJSON-184194309 tempest-ServerRescueNegativeTestJSON-184194309-project] 10.222.0.120 "GET /v2.0/ports?device_id=57a732a1-2370-47a0-a09c-fff6d7858de2 HTTP/1.1" status: 200 len: 944 time: 0.1238272
Jan 24 13:03:07.242038 dv-cinder-804035-27-iscsi neutron-server[102391]: INFO neutron.wsgi [req-eed56594-5fc7-4a3b-9b5b-f30e41e675be req-0b0fbbe6-5695-4662-b99f-ef16b03da8e9 service neutron] 10.222.0.113 "GET /v2.0/networks/16ce8abd-78eb-430e-bed7-23587cc480ab?fields=provider%3Aphysical_network&fields=provider%3Anetwork_type HTTP/1.1" status: 200 len: 281 time: 0.2714872
Jan 24 13:03:07.306376 dv-cinder-804035-27-iscsi neutron-server[102391]: INFO neutron.wsgi [req-71902508-833a-47b1-801d-2ceb766ae83b req-ef1a9b53-326e-42c1-9f70-5f0578af4a18 tempest-ServerRescueNegativeTestJSON-184194309 tempest-ServerRescueNegativeTestJSON-184194309-project] 10.222.0.120 "GET /v2.0/security-groups?id=888d85d2-42ed-4609-9b99-24203f5bc9b9&fields=id&fields=name HTTP/1.1" status: 200 len: 286 time: 0.0750308
Jan 24 13:03:07.464445 dv-cinder-804035-27-iscsi neutron-server[102392]: DEBUG neutron.pecan_wsgi.hooks.policy_enforcement [req-0ac59f60-479c-4f28-b36b-d15b6b55e442 req-41d1ad4b-8399-4586-8944-f1221ec819f6 tempest-AttachVolumeShelveTestJSON-1586982145 tempest-AttachVolumeShelveTestJSON-1586982145-project] Attributes excluded by policy engine: ['standard_attr_id', 'binding:profile', 'binding:host_id', 'binding:vif_type', 'binding:vif_details'] {{(pid=102392) _exclude_attributes_by_policy /opt/stack/neutron/neutron/pecan_wsgi/hooks/policy_enforcement.py:255}}
Jan 24 13:03:07.465941 dv-cinder-804035-27-iscsi neutron-server[102392]: INFO neutron.wsgi [req-0ac59f60-479c-4f28-b36b-d15b6b55e442 req-41d1ad4b-8399-4586-8944-f1221ec819f6 tempest-AttachVolumeShelveTestJSON-1586982145 tempest-AttachVolumeShelveTestJSON-1586982145-project] 10.222.0.120 "GET /v2.0/ports?device_id=017105c0-0582-4d85-8f09-a8edad25a770 HTTP/1.1" status: 200 len: 943 time: 0.1125262
Jan 24 13:03:07.467429 dv-cinder-804035-27-iscsi neutron-server[102392]: DEBUG neutron.pecan_wsgi.hooks.policy_enforcement [req-93cff020-cc86-4f47-a9dc-9dbfc1509564 req-d35830ad-348f-47e4-b910-723d287496c9 service neutron] Attributes excluded by policy engine: ['standard_attr_id', 'vlan_transparent'] {{(pid=102392) _exclude_attributes_by_policy /opt/stack/neutron/neutron/pecan_wsgi/hooks/policy_enforcement.py:255}}
Jan 24 13:03:07.473014 dv-cinder-804035-27-iscsi neutron-server[102392]: INFO neutron.wsgi [req-93cff020-cc86-4f47-a9dc-9dbfc1509564 req-d35830ad-348f-47e4-b910-723d287496c9 service neutron] 10.222.0.113 "GET /v2.0/networks?id=48386849-6d63-49f8-91a8-ae6b922497ab HTTP/1.1" status: 200 len: 919 time: 0.2421062
Jan 24 13:03:07.543631 dv-cinder-804035-27-iscsi neutron-server[102392]: INFO neutron.wsgi [req-93cff020-cc86-4f47-a9dc-9dbfc1509564 req-74e9b16d-76a3-492c-9898-f829c8d73c2a service neutron] 10.222.0.113 "GET /v2.0/floatingips?fixed_ip_address=172.20.0.14&port_id=7a2b11cb-4bcf-4943-aa14-47e9fa88d8d0 HTTP/1.1" status: 200 len: 217 time: 0.0539110
Jan 24 13:03:07.623673 dv-cinder-804035-27-iscsi neutron-server[102392]: INFO neutron.wsgi [req-0ac59f60-479c-4f28-b36b-d15b6b55e442 req-ac803c88-e014-4fef-9f5f-29d15a404cb2 tempest-AttachVolumeShelveTestJSON-1586982145 tempest-AttachVolumeShelveTestJSON-1586982145-project] 10.222.0.120 "GET /v2.0/security-groups?id=9caa277c-311f-49b2-aaae-b43207d6fab2&fields=id&fields=name HTTP/1.1" status: 200 len: 312 time: 0.1496398
Jan 24 13:03:07.649421 dv-cinder-804035-27-iscsi neutron-server[102392]: DEBUG neutron.pecan_wsgi.hooks.policy_enforcement [req-93cff020-cc86-4f47-a9dc-9dbfc1509564 req-08d1edb6-0710-4078-8b6e-c153e04cf528 service neutron] Attributes excluded by policy engine: ['standard_attr_id', 'shared', 'segment_id'] {{(pid=102392) _exclude_attributes_by_policy /opt/stack/neutron/neutron/pecan_wsgi/hooks/policy_enforcement.py:255}}
Jan 24 13:03:07.651080 dv-cinder-804035-27-iscsi neutron-server[102392]: INFO neutron.wsgi [req-93cff020-cc86-4f47-a9dc-9dbfc1509564 req-08d1edb6-0710-4078-8b6e-c153e04cf528 service neutron] 10.222.0.113 "GET /v2.0/subnets?id=b87a3b07-6084-4d1c-b90f-89beecc8723e HTTP/1.1" status: 200 len: 858 time: 0.0999479
Jan 24 13:03:07.684905 dv-cinder-804035-27-iscsi neutron-server[102391]: DEBUG neutron.pecan_wsgi.hooks.policy_enforcement [req-0653f9a6-e7fa-4620-8898-a8b2d131e5a2 req-d95353dd-cb8f-4fcc-9809-568718b9f97a tempest-AttachVolumeTestJSON-850224579 tempest-AttachVolumeTestJSON-850224579-project] Attributes excluded by policy engine: ['standard_attr_id', 'binding:profile', 'binding:host_id', 'binding:vif_type', 'binding:vif_details'] {{(pid=102391) _exclude_attributes_by_policy /opt/stack/neutron/neutron/pecan_wsgi/hooks/policy_enforcement.py:255}}
Jan 24 13:03:07.686725 dv-cinder-804035-27-iscsi neutron-server[102391]: INFO neutron.wsgi [req-0653f9a6-e7fa-4620-8898-a8b2d131e5a2 req-d95353dd-cb8f-4fcc-9809-568718b9f97a tempest-AttachVolumeTestJSON-850224579 tempest-AttachVolumeTestJSON-850224579-project] 10.222.0.120 "GET /v2.0/ports?device_id=4a87b1dd-2fa1-44ed-aea3-a7e467f20cdf HTTP/1.1" status: 200 len: 944 time: 0.0960872
Jan 24 13:03:07.689292 dv-cinder-804035-27-iscsi neutron-server[102392]: INFO neutron.wsgi [req-93cff020-cc86-4f47-a9dc-9dbfc1509564 req-3ad9cedc-91a5-43f9-a903-130f22213467 service neutron] 10.222.0.113 "GET /v2.0/ports?network_id=48386849-6d63-49f8-91a8-ae6b922497ab&device_owner=network%3Adhcp HTTP/1.1" status: 200 len: 210 time: 0.0297480
Jan 24 13:03:07.744846 dv-cinder-804035-27-iscsi neutron-server[102391]: INFO neutron.wsgi [req-0653f9a6-e7fa-4620-8898-a8b2d131e5a2 req-23d41917-b3e0-42f3-bb6d-928bfe233ebe tempest-AttachVolumeTestJSON-850224579 tempest-AttachVolumeTestJSON-850224579-project] 10.222.0.120 "GET /v2.0/security-groups?id=49fd05b2-e8b3-4257-93a5-f45f8d7a0afa&fields=id&fields=name HTTP/1.1" status: 200 len: 312 time: 0.0505476
Jan 24 13:03:07.800915 dv-cinder-804035-27-iscsi neutron-server[102392]: INFO neutron.wsgi [req-93cff020-cc86-4f47-a9dc-9dbfc1509564 req-b97b2119-db0d-4117-ab8e-1d089dd4f5cb service neutron] 10.222.0.113 "GET /v2.0/networks/48386849-6d63-49f8-91a8-ae6b922497ab?fields=segments HTTP/1.1" status: 200 len: 212 time: 0.1045465
Jan 24 13:03:07.904765 dv-cinder-804035-27-iscsi neutron-server[102392]: INFO neutron.wsgi [req-93cff020-cc86-4f47-a9dc-9dbfc1509564 req-98cd75d9-c8cf-4118-890b-2fc9e32d036a service neutron] 10.222.0.113 "GET /v2.0/networks/48386849-6d63-49f8-91a8-ae6b922497ab?fields=provider%3Aphysical_network&fields=provider%3Anetwork_type HTTP/1.1" status: 200 len: 281 time: 0.0965133
Jan 24 13:03:08.336451 dv-cinder-804035-27-iscsi neutron-server[102393]: DEBUG neutron.plugins.ml2.rpc [None req-04f23210-6448-48bd-9b45-3182df6527ca None None] Device 00ec7f22-7c5b-4116-a875-79bc11a6988c details requested by agent hyperv_hv-cinder-80403 with host hv-cinder-80403 {{(pid=102393) get_device_details /opt/stack/neutron/neutron/plugins/ml2/rpc.py:102}}
