Jan 21 09:42:27.130804 dv-cinder-804035-25-smb neutron-server[109665]: DEBUG novaclient.v2.client [-] REQ: curl -g -i --cacert "/opt/stack/data/ca-bundle.pem" -X POST http://10.222.0.107/compute/v2.1/os-server-external-events -H "Accept: application/json" -H "Content-Type: application/json" -H "User-Agent: python-novaclient" -H "X-Auth-Token: {SHA256}6989a7acdb3607afcce7fd36efbf93f10075366e40b50d1d0ee5afe2edb4ee6b" -H "X-OpenStack-Nova-API-Version: 2.1" -H "X-OpenStack-Request-ID: req-d0410a2d-31e1-4e8e-8782-f7e88a019c8f" -d '{"events": [{"server_uuid": "1e4579d4-450d-47a7-a343-6f5819472170", "name": "network-vif-plugged", "status": "completed", "tag": "808e22d6-8279-4a20-a92f-b8e4ee2dafff"}]}' {{(pid=109665) _http_log_request /usr/local/lib/python3.8/dist-packages/keystoneauth1/session.py:519}}
Jan 21 09:42:27.166386 dv-cinder-804035-25-smb neutron-server[109665]: DEBUG neutron.plugins.ml2.db [None req-58050546-6e99-43c7-949c-6909f5a95efa None None] For port 808e22d6-8279-4a20-a92f-b8e4ee2dafff, host hv-cinder-80403, got binding levels [PortBindingLevel(driver='hyperv',host='hv-cinder-80403',level=0,port_id=808e22d6-8279-4a20-a92f-b8e4ee2dafff,segment=NetworkSegment(f7df928c-1c63-49bc-b53e-cbbd435caba5),segment_id=f7df928c-1c63-49bc-b53e-cbbd435caba5)] {{(pid=109665) get_binding_level_objs /opt/stack/neutron/neutron/plugins/ml2/db.py:74}}
Jan 21 09:42:27.206035 dv-cinder-804035-25-smb neutron-server[109663]: DEBUG neutron_lib.callbacks.manager [None req-e124fd7f-817d-46e0-90b6-1b2d0b6d4569 admin admin] Publish callbacks ['neutron.plugins.ml2.ovo_rpc._ObjectChangeHandler.handle_event-3779386'] for security_group (03a2b447-b997-46ba-98f5-997380be54da), after_create {{(pid=109663) _notify_loop /usr/local/lib/python3.8/dist-packages/neutron_lib/callbacks/manager.py:176}}
Jan 21 09:42:27.242058 dv-cinder-804035-25-smb neutron-server[109665]: DEBUG neutron_lib.callbacks.manager [None req-58050546-6e99-43c7-949c-6909f5a95efa None None] Publish callbacks ['neutron.plugins.ml2.plugin.SecurityGroupServerNotifierRpcMixin._notify_sg_on_port_change-884518', 'neutron.plugins.ml2.ovo_rpc._ObjectChangeHandler.handle_event-441621', 'neutron.api.rpc.agentnotifiers.dhcp_rpc_agent_api.DhcpAgentNotifyAPI._native_event_send_dhcp_notification-3884898', 'neutron.db.l3_db.L3RpcNotifierMixin._notify_gateway_port_ip_changed-8781499168669', 'neutron.db.l3_dvrscheduler_db._notify_l3_agent_port_update-8781498738854', 'neutron.db.l3_hascheduler_db._notify_l3_agent_ha_port_update-8781498738872'] for port (808e22d6-8279-4a20-a92f-b8e4ee2dafff), after_update {{(pid=109665) _notify_loop /usr/local/lib/python3.8/dist-packages/neutron_lib/callbacks/manager.py:176}}
Jan 21 09:42:27.243852 dv-cinder-804035-25-smb neutron-server[109665]: DEBUG neutron.plugins.ml2.rpc [None req-58050546-6e99-43c7-949c-6909f5a95efa None None] Device d7a6c675-e395-4df2-92a8-b52a88a800b8 up at agent hyperv_hv-cinder-80403 {{(pid=109665) update_device_up /opt/stack/neutron/neutron/plugins/ml2/rpc.py:296}}
Jan 21 09:42:27.338233 dv-cinder-804035-25-smb neutron-server[109663]: DEBUG neutron.api.rpc.handlers.resources_rpc [None req-e124fd7f-817d-46e0-90b6-1b2d0b6d4569 admin admin] Pushing event updated for resources: {'SecurityGroup': ['ID=03a2b447-b997-46ba-98f5-997380be54da,revision_number=1']} {{(pid=109663) push /opt/stack/neutron/neutron/api/rpc/handlers/resources_rpc.py:237}}
Jan 21 09:42:27.368774 dv-cinder-804035-25-smb neutron-server[109663]: DEBUG neutron.api.rpc.callbacks.version_manager [None req-e124fd7f-817d-46e0-90b6-1b2d0b6d4569 admin admin] Version for resource type AddressGroup changed None to 1.2 on consumer Open vSwitch agent@dv-cinder-804035-25-smb {{(pid=109663) _set_version /opt/stack/neutron/neutron/api/rpc/callbacks/version_manager.py:113}}
Jan 21 09:42:27.369217 dv-cinder-804035-25-smb neutron-server[109663]: DEBUG neutron.api.rpc.callbacks.version_manager [None req-e124fd7f-817d-46e0-90b6-1b2d0b6d4569 admin admin] Version for resource type ConntrackHelper changed None to 1.0 on consumer Open vSwitch agent@dv-cinder-804035-25-smb {{(pid=109663) _set_version /opt/stack/neutron/neutron/api/rpc/callbacks/version_manager.py:113}}
Jan 21 09:42:27.369708 dv-cinder-804035-25-smb neutron-server[109663]: DEBUG neutron.api.rpc.callbacks.version_manager [None req-e124fd7f-817d-46e0-90b6-1b2d0b6d4569 admin admin] Version for resource type LocalIPAssociation changed None to 1.0 on consumer Open vSwitch agent@dv-cinder-804035-25-smb {{(pid=109663) _set_version /opt/stack/neutron/neutron/api/rpc/callbacks/version_manager.py:113}}
Jan 21 09:42:27.373400 dv-cinder-804035-25-smb neutron-server[109663]: DEBUG neutron.api.rpc.callbacks.version_manager [None req-e124fd7f-817d-46e0-90b6-1b2d0b6d4569 admin admin] Version for resource type Log changed None to 1.0 on consumer Open vSwitch agent@dv-cinder-804035-25-smb {{(pid=109663) _set_version /opt/stack/neutron/neutron/api/rpc/callbacks/version_manager.py:113}}
Jan 21 09:42:27.373847 dv-cinder-804035-25-smb neutron-server[109663]: DEBUG neutron.api.rpc.callbacks.version_manager [None req-e124fd7f-817d-46e0-90b6-1b2d0b6d4569 admin admin] Version for resource type Network changed None to 1.1 on consumer Open vSwitch agent@dv-cinder-804035-25-smb {{(pid=109663) _set_version /opt/stack/neutron/neutron/api/rpc/callbacks/version_manager.py:113}}
Jan 21 09:42:27.374312 dv-cinder-804035-25-smb neutron-server[109663]: DEBUG neutron.api.rpc.callbacks.version_manager [None req-e124fd7f-817d-46e0-90b6-1b2d0b6d4569 admin admin] Version for resource type Port changed None to 1.7 on consumer Open vSwitch agent@dv-cinder-804035-25-smb {{(pid=109663) _set_version /opt/stack/neutron/neutron/api/rpc/callbacks/version_manager.py:113}}
Jan 21 09:42:27.377944 dv-cinder-804035-25-smb neutron-server[109663]: DEBUG neutron.api.rpc.callbacks.version_manager [None req-e124fd7f-817d-46e0-90b6-1b2d0b6d4569 admin admin] Version for resource type PortForwarding changed None to 1.2 on consumer Open vSwitch agent@dv-cinder-804035-25-smb {{(pid=109663) _set_version /opt/stack/neutron/neutron/api/rpc/callbacks/version_manager.py:113}}
Jan 21 09:42:27.385247 dv-cinder-804035-25-smb neutron-server[109663]: DEBUG neutron.api.rpc.callbacks.version_manager [None req-e124fd7f-817d-46e0-90b6-1b2d0b6d4569 admin admin] Version for resource type QosPolicy changed None to 1.10 on consumer Open vSwitch agent@dv-cinder-804035-25-smb {{(pid=109663) _set_version /opt/stack/neutron/neutron/api/rpc/callbacks/version_manager.py:113}}
Jan 21 09:42:27.385711 dv-cinder-804035-25-smb neutron-server[109663]: DEBUG neutron.api.rpc.callbacks.version_manager [None req-e124fd7f-817d-46e0-90b6-1b2d0b6d4569 admin admin] Version for resource type SecurityGroup changed None to 1.5 on consumer Open vSwitch agent@dv-cinder-804035-25-smb {{(pid=109663) _set_version /opt/stack/neutron/neutron/api/rpc/callbacks/version_manager.py:113}}
Jan 21 09:42:27.386096 dv-cinder-804035-25-smb neutron-server[109663]: DEBUG neutron.api.rpc.callbacks.version_manager [None req-e124fd7f-817d-46e0-90b6-1b2d0b6d4569 admin admin] Version for resource type SecurityGroupRule changed None to 1.2 on consumer Open vSwitch agent@dv-cinder-804035-25-smb {{(pid=109663) _set_version /opt/stack/neutron/neutron/api/rpc/callbacks/version_manager.py:113}}
Jan 21 09:42:27.386462 dv-cinder-804035-25-smb neutron-server[109663]: DEBUG neutron.api.rpc.callbacks.version_manager [None req-e124fd7f-817d-46e0-90b6-1b2d0b6d4569 admin admin] Version for resource type SubPort changed None to 1.0 on consumer Open vSwitch agent@dv-cinder-804035-25-smb {{(pid=109663) _set_version /opt/stack/neutron/neutron/api/rpc/callbacks/version_manager.py:113}}
Jan 21 09:42:27.386832 dv-cinder-804035-25-smb neutron-server[109663]: DEBUG neutron.api.rpc.callbacks.version_manager [None req-e124fd7f-817d-46e0-90b6-1b2d0b6d4569 admin admin] Version for resource type Subnet changed None to 1.1 on consumer Open vSwitch agent@dv-cinder-804035-25-smb {{(pid=109663) _set_version /opt/stack/neutron/neutron/api/rpc/callbacks/version_manager.py:113}}
Jan 21 09:42:27.387168 dv-cinder-804035-25-smb neutron-server[109663]: DEBUG neutron.api.rpc.callbacks.version_manager [None req-e124fd7f-817d-46e0-90b6-1b2d0b6d4569 admin admin] Version for resource type Trunk changed None to 1.1 on consumer Open vSwitch agent@dv-cinder-804035-25-smb {{(pid=109663) _set_version /opt/stack/neutron/neutron/api/rpc/callbacks/version_manager.py:113}}
Jan 21 09:42:27.433077 dv-cinder-804035-25-smb neutron-server[109663]: INFO neutron.wsgi [None req-e124fd7f-817d-46e0-90b6-1b2d0b6d4569 admin admin] 10.222.0.107 "GET /v2.0/security-groups?tenant_id=579004d50571473d80dcd9f2c919aefd&name=default HTTP/1.1" status: 200 len: 2996 time: 0.5818644
Jan 21 09:42:27.440677 dv-cinder-804035-25-smb neutron-server[109663]: DEBUG neutron.wsgi [-] (109663) accepted ('10.222.0.107', 46354) {{(pid=109663) server /usr/local/lib/python3.8/dist-packages/eventlet/wsgi.py:1004}}
Jan 21 09:42:27.538813 dv-cinder-804035-25-smb neutron-server[109665]: DEBUG novaclient.v2.client [-] RESP: [200] Connection: close Content-Length: 183 Content-Type: application/json Date: Fri, 21 Jan 2022 09:42:27 GMT OpenStack-API-Version: compute 2.1 Server: Apache/2.4.41 (Ubuntu) Vary: OpenStack-API-Version,X-OpenStack-Nova-API-Version X-OpenStack-Nova-API-Version: 2.1 x-compute-request-id: req-341bfb2b-854f-4272-a340-60e440cf486f x-openstack-request-id: req-341bfb2b-854f-4272-a340-60e440cf486f {{(pid=109665) _http_log_response /usr/local/lib/python3.8/dist-packages/keystoneauth1/session.py:550}}
Jan 21 09:42:27.542399 dv-cinder-804035-25-smb neutron-server[109665]: DEBUG novaclient.v2.client [-] RESP BODY: {"events": [{"server_uuid": "1e4579d4-450d-47a7-a343-6f5819472170", "name": "network-vif-plugged", "status": "completed", "tag": "808e22d6-8279-4a20-a92f-b8e4ee2dafff", "code": 200}]} {{(pid=109665) _http_log_response /usr/local/lib/python3.8/dist-packages/keystoneauth1/session.py:582}}
Jan 21 09:42:27.542840 dv-cinder-804035-25-smb neutron-server[109665]: DEBUG novaclient.v2.client [-] POST call to compute for http://10.222.0.107/compute/v2.1/os-server-external-events used request id req-341bfb2b-854f-4272-a340-60e440cf486f {{(pid=109665) request /usr/local/lib/python3.8/dist-packages/keystoneauth1/session.py:954}}
Jan 21 09:42:27.546493 dv-cinder-804035-25-smb neutron-server[109665]: INFO neutron.notifiers.nova [-] Nova event response: {'server_uuid': '1e4579d4-450d-47a7-a343-6f5819472170', 'name': 'network-vif-plugged', 'status': 'completed', 'tag': '808e22d6-8279-4a20-a92f-b8e4ee2dafff', 'code': 200}
Jan 21 09:42:27.614936 dv-cinder-804035-25-smb neutron-server[109663]: DEBUG neutron_lib.callbacks.manager [None req-a9da6de9-993f-4ec8-bde9-7da574d56902 admin admin] Publish callbacks [] for security_group (03a2b447-b997-46ba-98f5-997380be54da), before_delete {{(pid=109663) _notify_loop /usr/local/lib/python3.8/dist-packages/neutron_lib/callbacks/manager.py:176}}
Jan 21 09:42:27.623423 dv-cinder-804035-25-smb neutron-server[109664]: DEBUG neutron.pecan_wsgi.hooks.policy_enforcement [req-86761f4e-fe75-4ccf-abd5-aee3140de14f req-f73ea859-759d-491e-88de-eed4c82c535b tempest-AttachVolumeShelveTestJSON-1275365131 tempest-AttachVolumeShelveTestJSON-1275365131-project] Attributes excluded by policy engine: ['standard_attr_id', 'binding:profile', 'binding:host_id', 'binding:vif_type', 'binding:vif_details'] {{(pid=109664) _exclude_attributes_by_policy /opt/stack/neutron/neutron/pecan_wsgi/hooks/policy_enforcement.py:255}}
Jan 21 09:42:27.631206 dv-cinder-804035-25-smb neutron-server[109664]: INFO neutron.wsgi [req-86761f4e-fe75-4ccf-abd5-aee3140de14f req-f73ea859-759d-491e-88de-eed4c82c535b tempest-AttachVolumeShelveTestJSON-1275365131 tempest-AttachVolumeShelveTestJSON-1275365131-project] 10.222.0.107 "GET /v2.0/ports?device_id=1e4579d4-450d-47a7-a343-6f5819472170 HTTP/1.1" status: 200 len: 946 time: 0.2510412
Jan 21 09:42:27.667699 dv-cinder-804035-25-smb neutron-server[109665]: DEBUG neutron.api.rpc.handlers.resources_rpc [None req-58050546-6e99-43c7-949c-6909f5a95efa None None] Pushing event updated for resources: {'Port': ['ID=808e22d6-8279-4a20-a92f-b8e4ee2dafff,revision_number=5']} {{(pid=109665) push /opt/stack/neutron/neutron/api/rpc/handlers/resources_rpc.py:237}}
Jan 21 09:42:27.683935 dv-cinder-804035-25-smb neutron-server[109663]: DEBUG neutron_lib.callbacks.manager [None req-a9da6de9-993f-4ec8-bde9-7da574d56902 admin admin] Publish callbacks [] for security_group (03a2b447-b997-46ba-98f5-997380be54da), precommit_delete {{(pid=109663) _notify_loop /usr/local/lib/python3.8/dist-packages/neutron_lib/callbacks/manager.py:176}}
Jan 21 09:42:27.739217 dv-cinder-804035-25-smb neutron-server[109663]: DEBUG neutron.pecan_wsgi.hooks.policy_enforcement [req-4a9521bf-9a79-453e-91ef-403b025f368e req-910b839b-d479-4ed0-b4a5-069fbb487603 tempest-ServerRescueNegativeTestJSON-618114254 tempest-ServerRescueNegativeTestJSON-618114254-project] Attributes excluded by policy engine: ['standard_attr_id', 'binding:profile', 'binding:host_id', 'binding:vif_type', 'binding:vif_details'] {{(pid=109663) _exclude_attributes_by_policy /opt/stack/neutron/neutron/pecan_wsgi/hooks/policy_enforcement.py:255}}
Jan 21 09:42:27.741803 dv-cinder-804035-25-smb neutron-server[109663]: INFO neutron.wsgi [req-4a9521bf-9a79-453e-91ef-403b025f368e req-910b839b-d479-4ed0-b4a5-069fbb487603 tempest-ServerRescueNegativeTestJSON-618114254 tempest-ServerRescueNegativeTestJSON-618114254-project] 10.222.0.107 "GET /v2.0/ports?device_id=3bd2906c-7d9e-4a40-96ca-4339622ec57d HTTP/1.1" status: 200 len: 946 time: 0.1355107
Jan 21 09:42:27.748468 dv-cinder-804035-25-smb neutron-server[109664]: INFO neutron.wsgi [req-86761f4e-fe75-4ccf-abd5-aee3140de14f req-fff9204a-7fa0-436a-9190-118b0ab697b6 tempest-AttachVolumeShelveTestJSON-1275365131 tempest-AttachVolumeShelveTestJSON-1275365131-project] 10.222.0.107 "GET /v2.0/security-groups?id=f54c8c33-9bfe-4b2f-bb50-0c65b3f5b264&fields=id&fields=name HTTP/1.1" status: 200 len: 313 time: 0.1090255
Jan 21 09:42:27.849923 dv-cinder-804035-25-smb neutron-server[109663]: INFO neutron.wsgi [req-4a9521bf-9a79-453e-91ef-403b025f368e req-a3dc9ae4-2e0c-4818-9c91-b677b16652ff tempest-ServerRescueNegativeTestJSON-618114254 tempest-ServerRescueNegativeTestJSON-618114254-project] 10.222.0.107 "GET /v2.0/security-groups?id=ac7e064e-e85a-4a1a-952d-1d3c997af5c0&fields=id&fields=name HTTP/1.1" status: 200 len: 286 time: 0.0751641
Jan 21 09:42:27.850435 dv-cinder-804035-25-smb neutron-server[109665]: DEBUG neutron.db.provisioning_blocks [None req-58050546-6e99-43c7-949c-6909f5a95efa None None] Provisioning for port d7a6c675-e395-4df2-92a8-b52a88a800b8 completed by entity L2. {{(pid=109665) provisioning_complete /opt/stack/neutron/neutron/db/provisioning_blocks.py:133}}
Jan 21 09:42:27.857487 dv-cinder-804035-25-smb neutron-server[109665]: DEBUG neutron.db.provisioning_blocks [None req-58050546-6e99-43c7-949c-6909f5a95efa None None] Provisioning complete for port d7a6c675-e395-4df2-92a8-b52a88a800b8 triggered by entity L2. {{(pid=109665) provisioning_complete /opt/stack/neutron/neutron/db/provisioning_blocks.py:139}}
Jan 21 09:42:27.858093 dv-cinder-804035-25-smb neutron-server[109665]: DEBUG neutron_lib.callbacks.manager [None req-58050546-6e99-43c7-949c-6909f5a95efa None None] Publish callbacks ['neutron.plugins.ml2.plugin.Ml2Plugin._port_provisioned-563941'] for port (d7a6c675-e395-4df2-92a8-b52a88a800b8), provisioning_complete {{(pid=109665) _notify_loop /usr/local/lib/python3.8/dist-packages/neutron_lib/callbacks/manager.py:176}}
Jan 21 09:42:27.904551 dv-cinder-804035-25-smb neutron-server[109664]: DEBUG neutron.pecan_wsgi.hooks.policy_enforcement [req-67f427f2-a2c7-4ed1-a265-ebf7baf81edf req-cd9d082b-7b0e-4b95-a84c-240f2885c3f0 tempest-AttachVolumeTestJSON-1001035035 tempest-AttachVolumeTestJSON-1001035035-project] Attributes excluded by policy engine: ['standard_attr_id', 'binding:profile', 'binding:host_id', 'binding:vif_type', 'binding:vif_details'] {{(pid=109664) _exclude_attributes_by_policy /opt/stack/neutron/neutron/pecan_wsgi/hooks/policy_enforcement.py:255}}
Jan 21 09:42:27.907301 dv-cinder-804035-25-smb neutron-server[109664]: INFO neutron.wsgi [req-67f427f2-a2c7-4ed1-a265-ebf7baf81edf req-cd9d082b-7b0e-4b95-a84c-240f2885c3f0 tempest-AttachVolumeTestJSON-1001035035 tempest-AttachVolumeTestJSON-1001035035-project] 10.222.0.107 "GET /v2.0/ports?device_id=6a02a588-4176-4a25-9333-3f247d03aa3d HTTP/1.1" status: 200 len: 944 time: 0.0727904
Jan 21 09:42:27.996215 dv-cinder-804035-25-smb neutron-server[109665]: DEBUG neutron.plugins.ml2.plugin [None req-58050546-6e99-43c7-949c-6909f5a95efa None None] Current status of the port d7a6c675-e395-4df2-92a8-b52a88a800b8 is: BUILD; New status is: ACTIVE {{(pid=109665) _update_individual_port_db_status /opt/stack/neutron/neutron/plugins/ml2/plugin.py:2213}}
Jan 21 09:42:27.996877 dv-cinder-804035-25-smb neutron-server[109665]: DEBUG neutron_lib.callbacks.manager [None req-58050546-6e99-43c7-949c-6909f5a95efa None None] Publish callbacks ['neutron.plugins.ml2.plugin.SecurityGroupDbMixin._ensure_default_security_group_handler-883797'] for port (d7a6c675-e395-4df2-92a8-b52a88a800b8), before_update {{(pid=109665) _notify_loop /usr/local/lib/python3.8/dist-packages/neutron_lib/callbacks/manager.py:176}}
Jan 21 09:42:28.000045 dv-cinder-804035-25-smb neutron-server[109663]: DEBUG neutron_lib.callbacks.manager [None req-a9da6de9-993f-4ec8-bde9-7da574d56902 admin admin] Publish callbacks ['neutron.plugins.ml2.ovo_rpc._ObjectChangeHandler.handle_event-3779386'] for security_group (03a2b447-b997-46ba-98f5-997380be54da), after_delete {{(pid=109663) _notify_loop /usr/local/lib/python3.8/dist-packages/neutron_lib/callbacks/manager.py:176}}
Jan 21 09:42:28.006177 dv-cinder-804035-25-smb neutron-server[109664]: INFO neutron.wsgi [req-67f427f2-a2c7-4ed1-a265-ebf7baf81edf req-7ecd6a46-ab2c-4fff-b384-b4b1889f6235 tempest-AttachVolumeTestJSON-1001035035 tempest-AttachVolumeTestJSON-1001035035-project] 10.222.0.107 "GET /v2.0/security-groups?id=1f1bf9c7-7b31-472f-ba72-470ddd7efe97&fields=id&fields=name HTTP/1.1" status: 200 len: 313 time: 0.0816028
Jan 21 09:42:28.008922 dv-cinder-804035-25-smb neutron-server[109663]: DEBUG neutron_lib.callbacks.manager [None req-a9da6de9-993f-4ec8-bde9-7da574d56902 admin admin] Publish callbacks [] for security_group (None), before_response {{(pid=109663) _notify_loop /usr/local/lib/python3.8/dist-packages/neutron_lib/callbacks/manager.py:176}}
Jan 21 09:42:28.016054 dv-cinder-804035-25-smb neutron-server[109663]: INFO neutron.wsgi [None req-a9da6de9-993f-4ec8-bde9-7da574d56902 admin admin] 10.222.0.107 "DELETE /v2.0/security-groups/03a2b447-b997-46ba-98f5-997380be54da HTTP/1.1" status: 204 len: 168 time: 0.5738497
Jan 21 09:42:28.029776 dv-cinder-804035-25-smb neutron-server[109664]: DEBUG neutron.wsgi [-] (109664) accepted ('10.222.0.107', 46368) {{(pid=109664) server /usr/local/lib/python3.8/dist-packages/eventlet/wsgi.py:1004}}
Jan 21 09:42:28.039823 dv-cinder-804035-25-smb neutron-server[109663]: DEBUG neutron.api.rpc.handlers.resources_rpc [None req-a9da6de9-993f-4ec8-bde9-7da574d56902 admin admin] Pushing event deleted for resources: {'SecurityGroup': ['ID=03a2b447-b997-46ba-98f5-997380be54da,revision_number=None']} {{(pid=109663) push /opt/stack/neutron/neutron/api/rpc/handlers/resources_rpc.py:237}}
Jan 21 09:42:28.072761 dv-cinder-804035-25-smb neutron-server[109664]: DEBUG neutron_lib.callbacks.manager [None req-e4395f5e-69ed-45dc-a54f-0949fda669b5 admin admin] Publish callbacks [] for security_group (None), before_create {{(pid=109664) _notify_loop /usr/local/lib/python3.8/dist-packages/neutron_lib/callbacks/manager.py:176}}
Jan 21 09:42:28.106468 dv-cinder-804035-25-smb neutron-server[109665]: DEBUG neutron.plugins.ml2.db [None req-58050546-6e99-43c7-949c-6909f5a95efa None None] For port d7a6c675-e395-4df2-92a8-b52a88a800b8, host hv-cinder-80403, got binding levels [PortBindingLevel(driver='hyperv',host='hv-cinder-80403',level=0,port_id=d7a6c675-e395-4df2-92a8-b52a88a800b8,segment=NetworkSegment(917988de-d450-4612-a3cc-e447d67354b4),segment_id=917988de-d450-4612-a3cc-e447d67354b4)] {{(pid=109665) get_binding_level_objs /opt/stack/neutron/neutron/plugins/ml2/db.py:74}}
Jan 21 09:42:28.171101 dv-cinder-804035-25-smb neutron-server[109663]: DEBUG neutron.pecan_wsgi.hooks.policy_enforcement [req-a370cea5-b94b-41c4-bd22-665b6b418d5f req-22ea2b08-dbe6-4596-9c1a-0d6789af49a8 service neutron] Attributes excluded by policy engine: ['standard_attr_id'] {{(pid=109663) _exclude_attributes_by_policy /opt/stack/neutron/neutron/pecan_wsgi/hooks/policy_enforcement.py:255}}
Jan 21 09:42:28.172998 dv-cinder-804035-25-smb neutron-server[109663]: INFO neutron.wsgi [req-a370cea5-b94b-41c4-bd22-665b6b418d5f req-22ea2b08-dbe6-4596-9c1a-0d6789af49a8 service neutron] 10.222.0.85 "GET /v2.0/ports?device_id=1e4579d4-450d-47a7-a343-6f5819472170 HTTP/1.1" status: 200 len: 1099 time: 0.0747683
Jan 21 09:42:28.189857 dv-cinder-804035-25-smb neutron-server[109665]: DEBUG neutron_lib.callbacks.manager [None req-58050546-6e99-43c7-949c-6909f5a95efa None None] Publish callbacks ['neutron.plugins.ml2.plugin.SecurityGroupServerNotifierRpcMixin._notify_sg_on_port_change-884518', 'neutron.plugins.ml2.ovo_rpc._ObjectChangeHandler.handle_event-441621', 'neutron.api.rpc.agentnotifiers.dhcp_rpc_agent_api.DhcpAgentNotifyAPI._native_event_send_dhcp_notification-3884898', 'neutron.db.l3_db.L3RpcNotifierMixin._notify_gateway_port_ip_changed-8781499168669', 'neutron.db.l3_dvrscheduler_db._notify_l3_agent_port_update-8781498738854', 'neutron.db.l3_hascheduler_db._notify_l3_agent_ha_port_update-8781498738872'] for port (d7a6c675-e395-4df2-92a8-b52a88a800b8), after_update {{(pid=109665) _notify_loop /usr/local/lib/python3.8/dist-packages/neutron_lib/callbacks/manager.py:176}}
Jan 21 09:42:28.262137 dv-cinder-804035-25-smb neutron-server[109663]: INFO neutron.wsgi [req-a370cea5-b94b-41c4-bd22-665b6b418d5f req-74898afb-2ebe-4f1b-a048-277f868ae5f6 service neutron] 10.222.0.85 "GET /v2.0/security-groups?id=f54c8c33-9bfe-4b2f-bb50-0c65b3f5b264&fields=id&fields=name HTTP/1.1" status: 200 len: 313 time: 0.0813375
Jan 21 09:42:28.336537 dv-cinder-804035-25-smb neutron-server[109665]: DEBUG neutron.api.rpc.handlers.resources_rpc [None req-58050546-6e99-43c7-949c-6909f5a95efa None None] Pushing event updated for resources: {'Port': ['ID=d7a6c675-e395-4df2-92a8-b52a88a800b8,revision_number=5']} {{(pid=109665) push /opt/stack/neutron/neutron/api/rpc/handlers/resources_rpc.py:237}}
Jan 21 09:42:28.361052 dv-cinder-804035-25-smb neutron-server[109664]: DEBUG neutron_lib.callbacks.manager [None req-e4395f5e-69ed-45dc-a54f-0949fda669b5 admin admin] Publish callbacks [] for security_group (32f2d058-7f19-49ce-ab8a-9699a3d20d50), precommit_create {{(pid=109664) _notify_loop /usr/local/lib/python3.8/dist-packages/neutron_lib/callbacks/manager.py:176}}
Jan 21 09:42:28.509760 dv-cinder-804035-25-smb neutron-server[109664]: DEBUG neutron_lib.callbacks.manager [None req-e4395f5e-69ed-45dc-a54f-0949fda669b5 admin admin] Publish callbacks ['neutron.plugins.ml2.ovo_rpc._ObjectChangeHandler.handle_event-3779386'] for security_group (32f2d058-7f19-49ce-ab8a-9699a3d20d50), after_create {{(pid=109664) _notify_loop /usr/local/lib/python3.8/dist-packages/neutron_lib/callbacks/manager.py:176}}
Jan 21 09:42:28.562110 dv-cinder-804035-25-smb neutron-server[109664]: DEBUG neutron.api.rpc.handlers.resources_rpc [None req-e4395f5e-69ed-45dc-a54f-0949fda669b5 admin admin] Pushing event updated for resources: {'SecurityGroup': ['ID=32f2d058-7f19-49ce-ab8a-9699a3d20d50,revision_number=1']} {{(pid=109664) push /opt/stack/neutron/neutron/api/rpc/handlers/resources_rpc.py:237}}
Jan 21 09:42:28.568559 dv-cinder-804035-25-smb neutron-server[109664]: INFO neutron.wsgi [None req-e4395f5e-69ed-45dc-a54f-0949fda669b5 admin admin] 10.222.0.107 "GET /v2.0/security-groups?tenant_id=ba8eebfb538b47f99c4ce4ea0a5f8094&name=default HTTP/1.1" status: 200 len: 2996 time: 0.5372329
Jan 21 09:42:28.574671 dv-cinder-804035-25-smb neutron-server[109664]: DEBUG neutron.api.rpc.callbacks.version_manager [None req-e4395f5e-69ed-45dc-a54f-0949fda669b5 admin admin] Version for resource type AddressGroup changed None to 1.2 on consumer Open vSwitch agent@dv-cinder-804035-25-smb {{(pid=109664) _set_version /opt/stack/neutron/neutron/api/rpc/callbacks/version_manager.py:113}}
Jan 21 09:42:28.575300 dv-cinder-804035-25-smb neutron-server[109664]: DEBUG neutron.api.rpc.callbacks.version_manager [None req-e4395f5e-69ed-45dc-a54f-0949fda669b5 admin admin] Version for resource type ConntrackHelper changed None to 1.0 on consumer Open vSwitch agent@dv-cinder-804035-25-smb {{(pid=109664) _set_version /opt/stack/neutron/neutron/api/rpc/callbacks/version_manager.py:113}}
Jan 21 09:42:28.575892 dv-cinder-804035-25-smb neutron-server[109664]: DEBUG neutron.api.rpc.callbacks.version_manager [None req-e4395f5e-69ed-45dc-a54f-0949fda669b5 admin admin] Version for resource type LocalIPAssociation changed None to 1.0 on consumer Open vSwitch agent@dv-cinder-804035-25-smb {{(pid=109664) _set_version /opt/stack/neutron/neutron/api/rpc/callbacks/version_manager.py:113}}
Jan 21 09:42:28.576032 dv-cinder-804035-25-smb neutron-server[109663]: DEBUG neutron.wsgi [-] (109663) accepted ('10.222.0.107', 46378) {{(pid=109663) server /usr/local/lib/python3.8/dist-packages/eventlet/wsgi.py:1004}}
Jan 21 09:42:28.576584 dv-cinder-804035-25-smb neutron-server[109664]: DEBUG neutron.api.rpc.callbacks.version_manager [None req-e4395f5e-69ed-45dc-a54f-0949fda669b5 admin admin] Version for resource type Log changed None to 1.0 on consumer Open vSwitch agent@dv-cinder-804035-25-smb {{(pid=109664) _set_version /opt/stack/neutron/neutron/api/rpc/callbacks/version_manager.py:113}}
Jan 21 09:42:28.577142 dv-cinder-804035-25-smb neutron-server[109664]: DEBUG neutron.api.rpc.callbacks.version_manager [None req-e4395f5e-69ed-45dc-a54f-0949fda669b5 admin admin] Version for resource type Network changed None to 1.1 on consumer Open vSwitch agent@dv-cinder-804035-25-smb {{(pid=109664) _set_version /opt/stack/neutron/neutron/api/rpc/callbacks/version_manager.py:113}}
Jan 21 09:42:28.577667 dv-cinder-804035-25-smb neutron-server[109664]: DEBUG neutron.api.rpc.callbacks.version_manager [None req-e4395f5e-69ed-45dc-a54f-0949fda669b5 admin admin] Version for resource type Port changed None to 1.7 on consumer Open vSwitch agent@dv-cinder-804035-25-smb {{(pid=109664) _set_version /opt/stack/neutron/neutron/api/rpc/callbacks/version_manager.py:113}}
Jan 21 09:42:28.578240 dv-cinder-804035-25-smb neutron-server[109664]: DEBUG neutron.api.rpc.callbacks.version_manager [None req-e4395f5e-69ed-45dc-a54f-0949fda669b5 admin admin] Version for resource type PortForwarding changed None to 1.2 on consumer Open vSwitch agent@dv-cinder-804035-25-smb {{(pid=109664) _set_version /opt/stack/neutron/neutron/api/rpc/callbacks/version_manager.py:113}}
Jan 21 09:42:28.579002 dv-cinder-804035-25-smb neutron-server[109664]: DEBUG neutron.api.rpc.callbacks.version_manager [None req-e4395f5e-69ed-45dc-a54f-0949fda669b5 admin admin] Version for resource type QosPolicy changed None to 1.10 on consumer Open vSwitch agent@dv-cinder-804035-25-smb {{(pid=109664) _set_version /opt/stack/neutron/neutron/api/rpc/callbacks/version_manager.py:113}}
Jan 21 09:42:28.579642 dv-cinder-804035-25-smb neutron-server[109664]: DEBUG neutron.api.rpc.callbacks.version_manager [None req-e4395f5e-69ed-45dc-a54f-0949fda669b5 admin admin] Version for resource type SecurityGroup changed None to 1.5 on consumer Open vSwitch agent@dv-cinder-804035-25-smb {{(pid=109664) _set_version /opt/stack/neutron/neutron/api/rpc/callbacks/version_manager.py:113}}
Jan 21 09:42:28.580335 dv-cinder-804035-25-smb neutron-server[109664]: DEBUG neutron.api.rpc.callbacks.version_manager [None req-e4395f5e-69ed-45dc-a54f-0949fda669b5 admin admin] Version for resource type SecurityGroupRule changed None to 1.2 on consumer Open vSwitch agent@dv-cinder-804035-25-smb {{(pid=109664) _set_version /opt/stack/neutron/neutron/api/rpc/callbacks/version_manager.py:113}}
Jan 21 09:42:28.580902 dv-cinder-804035-25-smb neutron-server[109664]: DEBUG neutron.api.rpc.callbacks.version_manager [None req-e4395f5e-69ed-45dc-a54f-0949fda669b5 admin admin] Version for resource type SubPort changed None to 1.0 on consumer Open vSwitch agent@dv-cinder-804035-25-smb {{(pid=109664) _set_version /opt/stack/neutron/neutron/api/rpc/callbacks/version_manager.py:113}}
Jan 21 09:42:28.581421 dv-cinder-804035-25-smb neutron-server[109664]: DEBUG neutron.api.rpc.callbacks.version_manager [None req-e4395f5e-69ed-45dc-a54f-0949fda669b5 admin admin] Version for resource type Subnet changed None to 1.1 on consumer Open vSwitch agent@dv-cinder-804035-25-smb {{(pid=109664) _set_version /opt/stack/neutron/neutron/api/rpc/callbacks/version_manager.py:113}}
Jan 21 09:42:28.582517 dv-cinder-804035-25-smb neutron-server[109664]: DEBUG neutron.api.rpc.callbacks.version_manager [None req-e4395f5e-69ed-45dc-a54f-0949fda669b5 admin admin] Version for resource type Trunk changed None to 1.1 on consumer Open vSwitch agent@dv-cinder-804035-25-smb {{(pid=109664) _set_version /opt/stack/neutron/neutron/api/rpc/callbacks/version_manager.py:113}}
Jan 21 09:42:28.889969 dv-cinder-804035-25-smb neutron-server[109663]: DEBUG neutron_lib.callbacks.manager [None req-8159247f-6a65-44c9-a1db-ee13845e064d admin admin] Publish callbacks [] for security_group (32f2d058-7f19-49ce-ab8a-9699a3d20d50), before_delete {{(pid=109663) _notify_loop /usr/local/lib/python3.8/dist-packages/neutron_lib/callbacks/manager.py:176}}
Jan 21 09:42:28.922424 dv-cinder-804035-25-smb neutron-server[109663]: DEBUG neutron.pecan_wsgi.hooks.policy_enforcement [req-61cc5ca4-5f17-4f4f-a87b-531a3d0a1a42 req-88ee7080-7c89-4f9f-8680-ec66f2ec8f29 service neutron] Attributes excluded by policy engine: ['standard_attr_id'] {{(pid=109663) _exclude_attributes_by_policy /opt/stack/neutron/neutron/pecan_wsgi/hooks/policy_enforcement.py:255}}
Jan 21 09:42:28.926025 dv-cinder-804035-25-smb neutron-server[109663]: INFO neutron.wsgi [req-61cc5ca4-5f17-4f4f-a87b-531a3d0a1a42 req-88ee7080-7c89-4f9f-8680-ec66f2ec8f29 service neutron] 10.222.0.85 "GET /v2.0/ports?tenant_id=6a7bb869ba07414da7f233b23de38085&device_id=3bd2906c-7d9e-4a40-96ca-4339622ec57d HTTP/1.1" status: 200 len: 1099 time: 0.1993511
Jan 21 09:42:29.041622 dv-cinder-804035-25-smb neutron-server[109663]: DEBUG neutron_lib.callbacks.manager [None req-8159247f-6a65-44c9-a1db-ee13845e064d admin admin] Publish callbacks [] for security_group (32f2d058-7f19-49ce-ab8a-9699a3d20d50), precommit_delete {{(pid=109663) _notify_loop /usr/local/lib/python3.8/dist-packages/neutron_lib/callbacks/manager.py:176}}
Jan 21 09:42:29.087300 dv-cinder-804035-25-smb neutron-server[109664]: DEBUG neutron.pecan_wsgi.hooks.policy_enforcement [req-ab924460-eeb8-4ce4-be96-e17616ea525e req-6c8d7ce1-90e4-4d51-b0f5-3485b58ed6d6 tempest-ServerRescueNegativeTestJSON-618114254 tempest-ServerRescueNegativeTestJSON-618114254-project] Attributes excluded by policy engine: ['standard_attr_id', 'binding:profile', 'binding:host_id', 'binding:vif_type', 'binding:vif_details'] {{(pid=109664) _exclude_attributes_by_policy /opt/stack/neutron/neutron/pecan_wsgi/hooks/policy_enforcement.py:255}}
Jan 21 09:42:29.089902 dv-cinder-804035-25-smb neutron-server[109664]: INFO neutron.wsgi [req-ab924460-eeb8-4ce4-be96-e17616ea525e req-6c8d7ce1-90e4-4d51-b0f5-3485b58ed6d6 tempest-ServerRescueNegativeTestJSON-618114254 tempest-ServerRescueNegativeTestJSON-618114254-project] 10.222.0.107 "GET /v2.0/ports?device_id=3bd2906c-7d9e-4a40-96ca-4339622ec57d HTTP/1.1" status: 200 len: 946 time: 0.4054406
Jan 21 09:42:29.189349 dv-cinder-804035-25-smb neutron-server[109664]: INFO neutron.wsgi [req-ab924460-eeb8-4ce4-be96-e17616ea525e req-d2eafafd-5d70-4de1-82e4-f38bd5bf7736 tempest-ServerRescueNegativeTestJSON-618114254 tempest-ServerRescueNegativeTestJSON-618114254-project] 10.222.0.107 "GET /v2.0/security-groups?id=ac7e064e-e85a-4a1a-952d-1d3c997af5c0&fields=id&fields=name HTTP/1.1" status: 200 len: 286 time: 0.0846493
Jan 21 09:42:29.373624 dv-cinder-804035-25-smb neutron-server[109664]: DEBUG neutron.pecan_wsgi.hooks.policy_enforcement [req-d78215bb-f935-46c3-b32a-aad8d8c38bb7 req-5e12f2b4-5a86-4ead-a7e6-01c4058494d5 tempest-AttachVolumeTestJSON-1001035035 tempest-AttachVolumeTestJSON-1001035035-project] Attributes excluded by policy engine: ['standard_attr_id', 'binding:profile', 'binding:host_id', 'binding:vif_type', 'binding:vif_details'] {{(pid=109664) _exclude_attributes_by_policy /opt/stack/neutron/neutron/pecan_wsgi/hooks/policy_enforcement.py:255}}
Jan 21 09:42:29.376917 dv-cinder-804035-25-smb neutron-server[109663]: DEBUG neutron.pecan_wsgi.hooks.policy_enforcement [req-4fd33a0b-4a4c-4ef6-adbf-5dddb953534a req-83c63ab9-4d2c-45f6-a033-74e3080a83ed tempest-AttachVolumeShelveTestJSON-1275365131 tempest-AttachVolumeShelveTestJSON-1275365131-project] Attributes excluded by policy engine: ['standard_attr_id', 'binding:profile', 'binding:host_id', 'binding:vif_type', 'binding:vif_details'] {{(pid=109663) _exclude_attributes_by_policy /opt/stack/neutron/neutron/pecan_wsgi/hooks/policy_enforcement.py:255}}
Jan 21 09:42:29.379472 dv-cinder-804035-25-smb neutron-server[109663]: INFO neutron.wsgi [req-4fd33a0b-4a4c-4ef6-adbf-5dddb953534a req-83c63ab9-4d2c-45f6-a033-74e3080a83ed tempest-AttachVolumeShelveTestJSON-1275365131 tempest-AttachVolumeShelveTestJSON-1275365131-project] 10.222.0.107 "GET /v2.0/ports?device_id=1e4579d4-450d-47a7-a343-6f5819472170 HTTP/1.1" status: 200 len: 946 time: 0.4766066
Jan 21 09:42:29.391376 dv-cinder-804035-25-smb neutron-server[109664]: INFO neutron.wsgi [req-d78215bb-f935-46c3-b32a-aad8d8c38bb7 req-5e12f2b4-5a86-4ead-a7e6-01c4058494d5 tempest-AttachVolumeTestJSON-1001035035 tempest-AttachVolumeTestJSON-1001035035-project] 10.222.0.107 "GET /v2.0/ports?device_id=6a02a588-4176-4a25-9333-3f247d03aa3d HTTP/1.1" status: 200 len: 945 time: 0.0931954
Jan 21 09:42:29.452957 dv-cinder-804035-25-smb neutron-server[109663]: DEBUG neutron.pecan_wsgi.hooks.policy_enforcement [req-61cc5ca4-5f17-4f4f-a87b-531a3d0a1a42 req-b1770db0-f33c-4926-a6c8-9065a61f0a73 service neutron] Attributes excluded by policy engine: ['standard_attr_id', 'vlan_transparent'] {{(pid=109663) _exclude_attributes_by_policy /opt/stack/neutron/neutron/pecan_wsgi/hooks/policy_enforcement.py:255}}
Jan 21 09:42:29.455746 dv-cinder-804035-25-smb neutron-server[109663]: INFO neutron.wsgi [req-61cc5ca4-5f17-4f4f-a87b-531a3d0a1a42 req-b1770db0-f33c-4926-a6c8-9065a61f0a73 service neutron] 10.222.0.85 "GET /v2.0/networks?id=3208fb98-0fa7-4ed8-a1df-f5d933e31157 HTTP/1.1" status: 200 len: 920 time: 0.5016906
Jan 21 09:42:29.483065 dv-cinder-804035-25-smb neutron-server[109664]: INFO neutron.wsgi [req-d78215bb-f935-46c3-b32a-aad8d8c38bb7 req-7e3c8327-98f9-43f6-863f-920ca4c1c667 tempest-AttachVolumeTestJSON-1001035035 tempest-AttachVolumeTestJSON-1001035035-project] 10.222.0.107 "GET /v2.0/security-groups?id=1f1bf9c7-7b31-472f-ba72-470ddd7efe97&fields=id&fields=name HTTP/1.1" status: 200 len: 313 time: 0.0847106
Jan 21 09:42:29.518804 dv-cinder-804035-25-smb neutron-server[109663]: INFO neutron.wsgi [req-61cc5ca4-5f17-4f4f-a87b-531a3d0a1a42 req-19cd8924-06dc-4b97-833a-2fd2cc9f340f service neutron] 10.222.0.85 "GET /v2.0/floatingips?fixed_ip_address=172.20.0.10&port_id=72a1cba6-e81d-4169-91ad-750868b18ecb HTTP/1.1" status: 200 len: 217 time: 0.0519023
Jan 21 09:42:29.541621 dv-cinder-804035-25-smb neutron-server[109663]: INFO neutron.wsgi [req-4fd33a0b-4a4c-4ef6-adbf-5dddb953534a req-66759cc9-be73-4b25-b645-afc70fc418ae tempest-AttachVolumeShelveTestJSON-1275365131 tempest-AttachVolumeShelveTestJSON-1275365131-project] 10.222.0.107 "GET /v2.0/security-groups?id=f54c8c33-9bfe-4b2f-bb50-0c65b3f5b264&fields=id&fields=name HTTP/1.1" status: 200 len: 313 time: 0.1441107
Jan 21 09:42:29.551560 dv-cinder-804035-25-smb neutron-server[109665]: DEBUG neutron.notifiers.nova [-] Sending events: [{'server_uuid': '6a02a588-4176-4a25-9333-3f247d03aa3d', 'name': 'network-vif-plugged', 'status': 'completed', 'tag': 'd7a6c675-e395-4df2-92a8-b52a88a800b8'}] {{(pid=109665) send_events /opt/stack/neutron/neutron/notifiers/nova.py:262}}
Jan 21 09:42:29.564240 dv-cinder-804035-25-smb neutron-server[109665]: DEBUG novaclient.v2.client [-] REQ: curl -g -i --cacert "/opt/stack/data/ca-bundle.pem" -X POST http://10.222.0.107/compute/v2.1/os-server-external-events -H "Accept: application/json" -H "Content-Type: application/json" -H "User-Agent: python-novaclient" -H "X-Auth-Token: {SHA256}6989a7acdb3607afcce7fd36efbf93f10075366e40b50d1d0ee5afe2edb4ee6b" -H "X-OpenStack-Nova-API-Version: 2.1" -H "X-OpenStack-Request-ID: req-c4dda78a-5ea0-4e7c-94da-4cf18f2e18c5" -d '{"events": [{"server_uuid": "6a02a588-4176-4a25-9333-3f247d03aa3d", "name": "network-vif-plugged", "status": "completed", "tag": "d7a6c675-e395-4df2-92a8-b52a88a800b8"}]}' {{(pid=109665) _http_log_request /usr/local/lib/python3.8/dist-packages/keystoneauth1/session.py:519}}
Jan 21 09:42:29.625918 dv-cinder-804035-25-smb neutron-server[109663]: DEBUG neutron_lib.callbacks.manager [None req-8159247f-6a65-44c9-a1db-ee13845e064d admin admin] Publish callbacks ['neutron.plugins.ml2.ovo_rpc._ObjectChangeHandler.handle_event-3779386'] for security_group (32f2d058-7f19-49ce-ab8a-9699a3d20d50), after_delete {{(pid=109663) _notify_loop /usr/local/lib/python3.8/dist-packages/neutron_lib/callbacks/manager.py:176}}
Jan 21 09:42:29.632279 dv-cinder-804035-25-smb neutron-server[109663]: DEBUG neutron_lib.callbacks.manager [None req-8159247f-6a65-44c9-a1db-ee13845e064d admin admin] Publish callbacks [] for security_group (None), before_response {{(pid=109663) _notify_loop /usr/local/lib/python3.8/dist-packages/neutron_lib/callbacks/manager.py:176}}
Jan 21 09:42:29.635788 dv-cinder-804035-25-smb neutron-server[109663]: INFO neutron.wsgi [None req-8159247f-6a65-44c9-a1db-ee13845e064d admin admin] 10.222.0.107 "DELETE /v2.0/security-groups/32f2d058-7f19-49ce-ab8a-9699a3d20d50 HTTP/1.1" status: 204 len: 168 time: 1.0580459
Jan 21 09:42:29.647890 dv-cinder-804035-25-smb neutron-server[109663]: DEBUG neutron.pecan_wsgi.hooks.policy_enforcement [req-61cc5ca4-5f17-4f4f-a87b-531a3d0a1a42 req-6c8f3b8b-947f-4c15-85f1-6f088babbac3 service neutron] Attributes excluded by policy engine: ['standard_attr_id', 'shared'] {{(pid=109663) _exclude_attributes_by_policy /opt/stack/neutron/neutron/pecan_wsgi/hooks/policy_enforcement.py:255}}
Jan 21 09:42:29.651820 dv-cinder-804035-25-smb neutron-server[109663]: INFO neutron.wsgi [req-61cc5ca4-5f17-4f4f-a87b-531a3d0a1a42 req-6c8f3b8b-947f-4c15-85f1-6f088babbac3 service neutron] 10.222.0.85 "GET /v2.0/subnets?id=346d2e83-0e2d-4eb4-a9f4-544f346debda HTTP/1.1" status: 200 len: 859 time: 0.1230028
Jan 21 09:42:29.682031 dv-cinder-804035-25-smb neutron-server[109663]: DEBUG neutron.api.rpc.handlers.resources_rpc [None req-8159247f-6a65-44c9-a1db-ee13845e064d admin admin] Pushing event deleted for resources: {'SecurityGroup': ['ID=32f2d058-7f19-49ce-ab8a-9699a3d20d50,revision_number=None']} {{(pid=109663) push /opt/stack/neutron/neutron/api/rpc/handlers/resources_rpc.py:237}}
Jan 21 09:42:29.692036 dv-cinder-804035-25-smb neutron-server[109665]: DEBUG novaclient.v2.client [-] RESP: [200] Connection: close Content-Length: 183 Content-Type: application/json Date: Fri, 21 Jan 2022 09:42:29 GMT OpenStack-API-Version: compute 2.1 Server: Apache/2.4.41 (Ubuntu) Vary: OpenStack-API-Version,X-OpenStack-Nova-API-Version X-OpenStack-Nova-API-Version: 2.1 x-compute-request-id: req-4658e70e-88b0-4e61-b0e6-8850babf5107 x-openstack-request-id: req-4658e70e-88b0-4e61-b0e6-8850babf5107 {{(pid=109665) _http_log_response /usr/local/lib/python3.8/dist-packages/keystoneauth1/session.py:550}}
Jan 21 09:42:29.695549 dv-cinder-804035-25-smb neutron-server[109665]: DEBUG novaclient.v2.client [-] RESP BODY: {"events": [{"server_uuid": "6a02a588-4176-4a25-9333-3f247d03aa3d", "name": "network-vif-plugged", "status": "completed", "tag": "d7a6c675-e395-4df2-92a8-b52a88a800b8", "code": 200}]} {{(pid=109665) _http_log_response /usr/local/lib/python3.8/dist-packages/keystoneauth1/session.py:582}}
Jan 21 09:42:29.695549 dv-cinder-804035-25-smb neutron-server[109665]: DEBUG novaclient.v2.client [-] POST call to compute for http://10.222.0.107/compute/v2.1/os-server-external-events used request id req-4658e70e-88b0-4e61-b0e6-8850babf5107 {{(pid=109665) request /usr/local/lib/python3.8/dist-packages/keystoneauth1/session.py:954}}
Jan 21 09:42:29.695549 dv-cinder-804035-25-smb neutron-server[109665]: INFO neutron.notifiers.nova [-] Nova event response: {'server_uuid': '6a02a588-4176-4a25-9333-3f247d03aa3d', 'name': 'network-vif-plugged', 'status': 'completed', 'tag': 'd7a6c675-e395-4df2-92a8-b52a88a800b8', 'code': 200}
Jan 21 09:42:29.727019 dv-cinder-804035-25-smb neutron-server[109663]: INFO neutron.wsgi [req-61cc5ca4-5f17-4f4f-a87b-531a3d0a1a42 req-c9ebd1f8-825d-4e9b-9cea-b26ca522b847 service neutron] 10.222.0.85 "GET /v2.0/ports?network_id=3208fb98-0fa7-4ed8-a1df-f5d933e31157&device_owner=network%3Adhcp HTTP/1.1" status: 200 len: 210 time: 0.0600891
Jan 21 09:42:29.978215 dv-cinder-804035-25-smb neutron-server[109663]: INFO neutron.wsgi [req-61cc5ca4-5f17-4f4f-a87b-531a3d0a1a42 req-2fec68a6-d2c9-44b7-84db-608c3f155243 service neutron] 10.222.0.85 "GET /v2.0/networks/3208fb98-0fa7-4ed8-a1df-f5d933e31157?fields=segments HTTP/1.1" status: 200 len: 212 time: 0.2412324
Jan 21 09:42:30.166769 dv-cinder-804035-25-smb neutron-server[109663]: INFO neutron.wsgi [req-61cc5ca4-5f17-4f4f-a87b-531a3d0a1a42 req-2127d5f0-9c9f-42bc-908d-b73a07117944 service neutron] 10.222.0.85 "GET /v2.0/networks/3208fb98-0fa7-4ed8-a1df-f5d933e31157?fields=provider%3Aphysical_network&fields=provider%3Anetwork_type HTTP/1.1" status: 200 len: 281 time: 0.1805196
Jan 21 09:42:30.322910 dv-cinder-804035-25-smb neutron-server[109663]: DEBUG neutron.pecan_wsgi.hooks.policy_enforcement [req-ffa5dfa6-3e64-48e7-a62e-326e1edb8330 req-71ae3ac2-f1ab-4dd4-a843-43f6d3c7350a service neutron] Attributes excluded by policy engine: ['standard_attr_id'] {{(pid=109663) _exclude_attributes_by_policy /opt/stack/neutron/neutron/pecan_wsgi/hooks/policy_enforcement.py:255}}
Jan 21 09:42:30.326602 dv-cinder-804035-25-smb neutron-server[109663]: INFO neutron.wsgi [req-ffa5dfa6-3e64-48e7-a62e-326e1edb8330 req-71ae3ac2-f1ab-4dd4-a843-43f6d3c7350a service neutron] 10.222.0.85 "GET /v2.0/ports?device_id=6a02a588-4176-4a25-9333-3f247d03aa3d HTTP/1.1" status: 200 len: 1098 time: 0.1119773
Jan 21 09:42:30.435952 dv-cinder-804035-25-smb neutron-server[109663]: INFO neutron.wsgi [req-ffa5dfa6-3e64-48e7-a62e-326e1edb8330 req-c715ce9c-6183-448c-a7fb-94524e7f12a4 service neutron] 10.222.0.85 "GET /v2.0/security-groups?id=1f1bf9c7-7b31-472f-ba72-470ddd7efe97&fields=id&fields=name HTTP/1.1" status: 200 len: 313 time: 0.1016407
Jan 21 09:42:30.463256 dv-cinder-804035-25-smb neutron-server[109663]: DEBUG neutron.pecan_wsgi.hooks.policy_enforcement [req-e5d2a945-5039-4f9f-8182-7a69538ec810 req-72652c93-858b-46d0-94be-57604ab21106 tempest-ServerRescueNegativeTestJSON-618114254 tempest-ServerRescueNegativeTestJSON-618114254-project] Attributes excluded by policy engine: ['standard_attr_id', 'binding:profile', 'binding:host_id', 'binding:vif_type', 'binding:vif_details'] {{(pid=109663) _exclude_attributes_by_policy /opt/stack/neutron/neutron/pecan_wsgi/hooks/policy_enforcement.py:255}}
Jan 21 09:42:30.468145 dv-cinder-804035-25-smb neutron-server[109663]: INFO neutron.wsgi [req-e5d2a945-5039-4f9f-8182-7a69538ec810 req-72652c93-858b-46d0-94be-57604ab21106 tempest-ServerRescueNegativeTestJSON-618114254 tempest-ServerRescueNegativeTestJSON-618114254-project] 10.222.0.107 "GET /v2.0/ports?device_id=3bd2906c-7d9e-4a40-96ca-4339622ec57d HTTP/1.1" status: 200 len: 946 time: 0.1132891
Jan 21 09:42:30.603781 dv-cinder-804035-25-smb neutron-server[109663]: INFO neutron.wsgi [req-e5d2a945-5039-4f9f-8182-7a69538ec810 req-9e7e5494-6fed-46f4-9444-64b343990122 tempest-ServerRescueNegativeTestJSON-618114254 tempest-ServerRescueNegativeTestJSON-618114254-project] 10.222.0.107 "GET /v2.0/security-groups?id=ac7e064e-e85a-4a1a-952d-1d3c997af5c0&fields=id&fields=name HTTP/1.1" status: 200 len: 286 time: 0.1190934
Jan 21 09:42:30.756579 dv-cinder-804035-25-smb neutron-server[109664]: DEBUG neutron.pecan_wsgi.hooks.policy_enforcement [req-0e3d5405-ecd7-4204-9792-8c0cd5028dee req-996c003b-f7b6-4297-9d9a-b628e5e597fb tempest-AttachVolumeTestJSON-1001035035 tempest-AttachVolumeTestJSON-1001035035-project] Attributes excluded by policy engine: ['standard_attr_id', 'binding:profile', 'binding:host_id', 'binding:vif_type', 'binding:vif_details'] {{(pid=109664) _exclude_attributes_by_policy /opt/stack/neutron/neutron/pecan_wsgi/hooks/policy_enforcement.py:255}}
Jan 21 09:42:30.759538 dv-cinder-804035-25-smb neutron-server[109664]: INFO neutron.wsgi [req-0e3d5405-ecd7-4204-9792-8c0cd5028dee req-996c003b-f7b6-4297-9d9a-b628e5e597fb tempest-AttachVolumeTestJSON-1001035035 tempest-AttachVolumeTestJSON-1001035035-project] 10.222.0.107 "GET /v2.0/ports?device_id=6a02a588-4176-4a25-9333-3f247d03aa3d HTTP/1.1" status: 200 len: 945 time: 0.0980828
Jan 21 09:42:30.862373 dv-cinder-804035-25-smb neutron-server[109663]: DEBUG neutron.pecan_wsgi.hooks.policy_enforcement [req-7b3ff8e7-841a-4855-a66d-dc78d3990579 req-603ab441-cab4-4097-8fb9-ad063045c2b7 tempest-AttachVolumeShelveTestJSON-1275365131 tempest-AttachVolumeShelveTestJSON-1275365131-project] Attributes excluded by policy engine: ['standard_attr_id', 'binding:profile', 'binding:host_id', 'binding:vif_type', 'binding:vif_details'] {{(pid=109663) _exclude_attributes_by_policy /opt/stack/neutron/neutron/pecan_wsgi/hooks/policy_enforcement.py:255}}
Jan 21 09:42:30.873569 dv-cinder-804035-25-smb neutron-server[109663]: INFO neutron.wsgi [req-7b3ff8e7-841a-4855-a66d-dc78d3990579 req-603ab441-cab4-4097-8fb9-ad063045c2b7 tempest-AttachVolumeShelveTestJSON-1275365131 tempest-AttachVolumeShelveTestJSON-1275365131-project] 10.222.0.107 "GET /v2.0/ports?device_id=1e4579d4-450d-47a7-a343-6f5819472170 HTTP/1.1" status: 200 len: 946 time: 0.0938320
Jan 21 09:42:30.880436 dv-cinder-804035-25-smb neutron-server[109664]: INFO neutron.wsgi [req-0e3d5405-ecd7-4204-9792-8c0cd5028dee req-57bafcb4-cd87-45f9-9f09-50e0d189646b tempest-AttachVolumeTestJSON-1001035035 tempest-AttachVolumeTestJSON-1001035035-project] 10.222.0.107 "GET /v2.0/security-groups?id=1f1bf9c7-7b31-472f-ba72-470ddd7efe97&fields=id&fields=name HTTP/1.1" status: 200 len: 313 time: 0.1097474
Jan 21 09:42:31.003153 dv-cinder-804035-25-smb neutron-server[109663]: INFO neutron.wsgi [req-7b3ff8e7-841a-4855-a66d-dc78d3990579 req-5859d59c-52ff-4497-9a9a-d76f9729db13 tempest-AttachVolumeShelveTestJSON-1275365131 tempest-AttachVolumeShelveTestJSON-1275365131-project] 10.222.0.107 "GET /v2.0/security-groups?id=f54c8c33-9bfe-4b2f-bb50-0c65b3f5b264&fields=id&fields=name HTTP/1.1" status: 200 len: 313 time: 0.1284227
Jan 21 09:42:31.228102 dv-cinder-804035-25-smb neutron-server[109663]: DEBUG neutron.pecan_wsgi.hooks.policy_enforcement [req-c1c2ede1-63d7-4bb5-9fdc-9cdd5fce2f9a req-64ac3ed1-80d8-43c4-b9e2-c2baf47ae491 tempest-AttachVolumeShelveTestJSON-1275365131 tempest-AttachVolumeShelveTestJSON-1275365131-project] Attributes excluded by policy engine: ['standard_attr_id', 'binding:profile', 'binding:host_id', 'binding:vif_type', 'binding:vif_details'] {{(pid=109663) _exclude_attributes_by_policy /opt/stack/neutron/neutron/pecan_wsgi/hooks/policy_enforcement.py:255}}
Jan 21 09:42:31.230304 dv-cinder-804035-25-smb neutron-server[109663]: INFO neutron.wsgi [req-c1c2ede1-63d7-4bb5-9fdc-9cdd5fce2f9a req-64ac3ed1-80d8-43c4-b9e2-c2baf47ae491 tempest-AttachVolumeShelveTestJSON-1275365131 tempest-AttachVolumeShelveTestJSON-1275365131-project] 10.222.0.107 "GET /v2.0/ports?device_id=1e4579d4-450d-47a7-a343-6f5819472170 HTTP/1.1" status: 200 len: 946 time: 0.0929759
Jan 21 09:42:31.242546 dv-cinder-804035-25-smb neutron-server[109664]: DEBUG neutron.wsgi [-] (109664) accepted ('10.222.0.107', 46492) {{(pid=109664) server /usr/local/lib/python3.8/dist-packages/eventlet/wsgi.py:1004}}
Jan 21 09:42:31.250963 dv-cinder-804035-25-smb neutron-server[109664]: DEBUG neutron.api.v2.base [None req-3500ec12-7486-4d00-870e-0a2ae498dab9 tempest-AttachVolumeShelveTestJSON-1275365131 tempest-AttachVolumeShelveTestJSON-1275365131-project] Request body: {'floatingip': {'port_id': '808e22d6-8279-4a20-a92f-b8e4ee2dafff'}} {{(pid=109664) prepare_request_body /opt/stack/neutron/neutron/api/v2/base.py:729}}
Jan 21 09:42:31.356531 dv-cinder-804035-25-smb neutron-server[109664]: DEBUG neutron_lib.callbacks.manager [None req-3500ec12-7486-4d00-870e-0a2ae498dab9 tempest-AttachVolumeShelveTestJSON-1275365131 tempest-AttachVolumeShelveTestJSON-1275365131-project] Publish callbacks [] for floatingip (51e7252a-20be-4c05-99db-f8421679c975), before_update {{(pid=109664) _notify_loop /usr/local/lib/python3.8/dist-packages/neutron_lib/callbacks/manager.py:176}}
Jan 21 09:42:31.837309 dv-cinder-804035-25-smb neutron-server[109663]: DEBUG neutron.pecan_wsgi.hooks.policy_enforcement [req-efd6c80e-103c-416c-8ce0-d40f8eed2d82 req-1f9b2f45-0191-4774-bc62-675f62588428 tempest-ServerRescueNegativeTestJSON-618114254 tempest-ServerRescueNegativeTestJSON-618114254-project] Attributes excluded by policy engine: ['standard_attr_id', 'binding:profile', 'binding:host_id', 'binding:vif_type', 'binding:vif_details'] {{(pid=109663) _exclude_attributes_by_policy /opt/stack/neutron/neutron/pecan_wsgi/hooks/policy_enforcement.py:255}}
