Jan 21 09:36:22.159456 dv-cinder-804035-25-iscsi devstack@c-api.service[110202]: DEBUG cinder.api.openstack.wsgi [None req-8d5a0ae0-cecd-4b7d-95b9-addf3faf6276 tempest-QosSpecsTestJSON-313049337 tempest-QosSpecsTestJSON-313049337-project-admin] Action: 'create', calling method: _create, body: {"volume_type": {"name": "tempest-QosSpecsTestJSON-volume-type-2056430730"}} {{(pid=110202) _process_stack /opt/stack/cinder/cinder/api/openstack/wsgi.py:866}}
Jan 21 09:36:22.244022 dv-cinder-804035-25-iscsi devstack@c-api.service[110201]: INFO cinder.api.openstack.wsgi [None req-10e79559-7aca-4b26-b8cb-6e08c22a8d8b tempest-GroupsTest-1155940836 tempest-GroupsTest-1155940836-project] GET http://10.222.0.45/volume/v3/c028a83436fa4691bfb139e1357368f3/volumes/ee0267ba-489e-4001-b8b6-80fa0b4b576d
Jan 21 09:36:22.244596 dv-cinder-804035-25-iscsi devstack@c-api.service[110201]: DEBUG cinder.api.openstack.wsgi [None req-10e79559-7aca-4b26-b8cb-6e08c22a8d8b tempest-GroupsTest-1155940836 tempest-GroupsTest-1155940836-project] Empty body provided in request {{(pid=110201) get_body /opt/stack/cinder/cinder/api/openstack/wsgi.py:715}}
Jan 21 09:36:22.245413 dv-cinder-804035-25-iscsi devstack@c-api.service[110201]: DEBUG cinder.api.openstack.wsgi [None req-10e79559-7aca-4b26-b8cb-6e08c22a8d8b tempest-GroupsTest-1155940836 tempest-GroupsTest-1155940836-project] Calling method 'show' {{(pid=110201) _process_stack /opt/stack/cinder/cinder/api/openstack/wsgi.py:868}}
Jan 21 09:36:22.261130 dv-cinder-804035-25-iscsi devstack@c-api.service[110201]: /usr/local/lib/python3.8/dist-packages/oslo_context/context.py:105: DeprecationWarning: Policy enforcement is depending on the value of is_admin. This key is deprecated. Please update your policy file to use the standard policy values.
Jan 21 09:36:22.261130 dv-cinder-804035-25-iscsi devstack@c-api.service[110201]: warnings.warn('Policy enforcement is depending on the value of '
Jan 21 09:36:22.273502 dv-cinder-804035-25-iscsi devstack@c-api.service[110201]: INFO cinder.volume.api [None req-10e79559-7aca-4b26-b8cb-6e08c22a8d8b tempest-GroupsTest-1155940836 tempest-GroupsTest-1155940836-project] Volume info retrieved successfully.
Jan 21 09:36:22.275481 dv-cinder-804035-25-iscsi devstack@c-api.service[110201]: WARNING stevedore.named [None req-10e79559-7aca-4b26-b8cb-6e08c22a8d8b tempest-GroupsTest-1155940836 tempest-GroupsTest-1155940836-project] Could not load cinder.keymgr.conf_key_mgr.ConfKeyManager
Jan 21 09:36:22.276643 dv-cinder-804035-25-iscsi devstack@c-api.service[110201]: WARNING castellan.key_manager [None req-10e79559-7aca-4b26-b8cb-6e08c22a8d8b tempest-GroupsTest-1155940836 tempest-GroupsTest-1155940836-project] Deprecation Warning : cinder.keymgr.conf_key_mgr.ConfKeyManager is not a stevedore based driver, trying to load it as a class: stevedore.exception.NoMatches: No 'castellan.drivers' driver found, looking for 'cinder.keymgr.conf_key_mgr.ConfKeyManager'
Jan 21 09:36:22.279861 dv-cinder-804035-25-iscsi devstack@c-api.service[110202]: INFO cinder.api.openstack.wsgi [None req-8d5a0ae0-cecd-4b7d-95b9-addf3faf6276 tempest-QosSpecsTestJSON-313049337 tempest-QosSpecsTestJSON-313049337-project-admin] http://10.222.0.45/volume/v3/b46274f3107d4c6b9ad814cbc8c2e1d4/types returned with HTTP 200
Jan 21 09:36:22.285901 dv-cinder-804035-25-iscsi devstack@c-api.service[110202]: [pid: 110202|app: 0|req: 100/198] 10.222.0.45 () {60 vars in 1228 bytes} [Fri Jan 21 09:36:22 2022] POST /volume/v3/b46274f3107d4c6b9ad814cbc8c2e1d4/types => generated 222 bytes in 127 msecs (HTTP/1.1 200) 7 headers in 285 bytes (1 switches on core 0)
Jan 21 09:36:22.290691 dv-cinder-804035-25-iscsi devstack@c-api.service[110201]: DEBUG oslo_db.sqlalchemy.engines [None req-10e79559-7aca-4b26-b8cb-6e08c22a8d8b tempest-GroupsTest-1155940836 tempest-GroupsTest-1155940836-project] MySQL server mode set to STRICT_TRANS_TABLES,STRICT_ALL_TABLES,NO_ZERO_IN_DATE,NO_ZERO_DATE,ERROR_FOR_DIVISION_BY_ZERO,TRADITIONAL,NO_ENGINE_SUBSTITUTION {{(pid=110201) _check_effective_sql_mode /usr/local/lib/python3.8/dist-packages/oslo_db/sqlalchemy/engines.py:314}}
Jan 21 09:36:22.294829 dv-cinder-804035-25-iscsi devstack@c-api.service[110202]: INFO cinder.api.openstack.wsgi [None req-2baac997-b906-4273-8fcf-0aef02fb0f50 tempest-QosSpecsTestJSON-313049337 tempest-QosSpecsTestJSON-313049337-project-admin] GET http://10.222.0.45/volume/v3/b46274f3107d4c6b9ad814cbc8c2e1d4/qos-specs/b6ba94b5-3658-48a7-8541-ab59327ed0b7/associate?vol_type_id=3d35699c-c3ea-4868-982e-73c7387e3051
Jan 21 09:36:22.295482 dv-cinder-804035-25-iscsi devstack@c-api.service[110202]: DEBUG cinder.api.openstack.wsgi [None req-2baac997-b906-4273-8fcf-0aef02fb0f50 tempest-QosSpecsTestJSON-313049337 tempest-QosSpecsTestJSON-313049337-project-admin] Empty body provided in request {{(pid=110202) get_body /opt/stack/cinder/cinder/api/openstack/wsgi.py:715}}
Jan 21 09:36:22.296282 dv-cinder-804035-25-iscsi devstack@c-api.service[110202]: DEBUG cinder.api.openstack.wsgi [None req-2baac997-b906-4273-8fcf-0aef02fb0f50 tempest-QosSpecsTestJSON-313049337 tempest-QosSpecsTestJSON-313049337-project-admin] Calling method 'associate' {{(pid=110202) _process_stack /opt/stack/cinder/cinder/api/openstack/wsgi.py:868}}
Jan 21 09:36:22.297803 dv-cinder-804035-25-iscsi devstack@c-api.service[110202]: DEBUG cinder.api.contrib.qos_specs_manage [None req-2baac997-b906-4273-8fcf-0aef02fb0f50 tempest-QosSpecsTestJSON-313049337 tempest-QosSpecsTestJSON-313049337-project-admin] Associate qos_spec: b6ba94b5-3658-48a7-8541-ab59327ed0b7 with type: 3d35699c-c3ea-4868-982e-73c7387e3051 {{(pid=110202) associate /opt/stack/cinder/cinder/api/contrib/qos_specs_manage.py:275}}
Jan 21 09:36:22.302459 dv-cinder-804035-25-iscsi devstack@c-api.service[110201]: /usr/local/lib/python3.8/dist-packages/oslo_context/context.py:105: DeprecationWarning: Policy enforcement is depending on the value of is_admin. This key is deprecated. Please update your policy file to use the standard policy values.
Jan 21 09:36:22.302459 dv-cinder-804035-25-iscsi devstack@c-api.service[110201]: warnings.warn('Policy enforcement is depending on the value of '
Jan 21 09:36:22.331835 dv-cinder-804035-25-iscsi devstack@c-api.service[110201]: INFO cinder.api.openstack.wsgi [None req-10e79559-7aca-4b26-b8cb-6e08c22a8d8b tempest-GroupsTest-1155940836 tempest-GroupsTest-1155940836-project] http://10.222.0.45/volume/v3/c028a83436fa4691bfb139e1357368f3/volumes/ee0267ba-489e-4001-b8b6-80fa0b4b576d returned with HTTP 200
Jan 21 09:36:22.336652 dv-cinder-804035-25-iscsi devstack@c-api.service[110201]: [pid: 110201|app: 0|req: 99/199] 10.222.0.45 () {60 vars in 1365 bytes} [Fri Jan 21 09:36:22 2022] GET /volume/v3/c028a83436fa4691bfb139e1357368f3/volumes/ee0267ba-489e-4001-b8b6-80fa0b4b576d => generated 973 bytes in 100 msecs (HTTP/1.1 200) 7 headers in 286 bytes (1 switches on core 0)
Jan 21 09:36:22.434704 dv-cinder-804035-25-iscsi devstack@c-api.service[110202]: INFO cinder.api.openstack.wsgi [None req-2baac997-b906-4273-8fcf-0aef02fb0f50 tempest-QosSpecsTestJSON-313049337 tempest-QosSpecsTestJSON-313049337-project-admin] http://10.222.0.45/volume/v3/b46274f3107d4c6b9ad814cbc8c2e1d4/qos-specs/b6ba94b5-3658-48a7-8541-ab59327ed0b7/associate?vol_type_id=3d35699c-c3ea-4868-982e-73c7387e3051 returned with HTTP 202
Jan 21 09:36:22.436482 dv-cinder-804035-25-iscsi devstack@c-api.service[110202]: [pid: 110202|app: 0|req: 101/200] 10.222.0.45 () {58 vars in 1457 bytes} [Fri Jan 21 09:36:22 2022] GET /volume/v3/b46274f3107d4c6b9ad814cbc8c2e1d4/qos-specs/b6ba94b5-3658-48a7-8541-ab59327ed0b7/associate?vol_type_id=3d35699c-c3ea-4868-982e-73c7387e3051 => generated 0 bytes in 149 msecs (HTTP/1.1 202) 6 headers in 233 bytes (2 switches on core 0)
Jan 21 09:36:22.445677 dv-cinder-804035-25-iscsi devstack@c-api.service[110201]: INFO cinder.api.openstack.wsgi [None req-569c1899-1cec-48ec-ba3d-31bbc00014f6 tempest-QosSpecsTestJSON-313049337 tempest-QosSpecsTestJSON-313049337-project-admin] GET http://10.222.0.45/volume/v3/b46274f3107d4c6b9ad814cbc8c2e1d4/qos-specs/b6ba94b5-3658-48a7-8541-ab59327ed0b7/associate?vol_type_id=ffc49078-c9d5-4afa-87b5-ee112f2b7044
Jan 21 09:36:22.446426 dv-cinder-804035-25-iscsi devstack@c-api.service[110201]: DEBUG cinder.api.openstack.wsgi [None req-569c1899-1cec-48ec-ba3d-31bbc00014f6 tempest-QosSpecsTestJSON-313049337 tempest-QosSpecsTestJSON-313049337-project-admin] Empty body provided in request {{(pid=110201) get_body /opt/stack/cinder/cinder/api/openstack/wsgi.py:715}}
Jan 21 09:36:22.446971 dv-cinder-804035-25-iscsi devstack@c-api.service[110201]: DEBUG cinder.api.openstack.wsgi [None req-569c1899-1cec-48ec-ba3d-31bbc00014f6 tempest-QosSpecsTestJSON-313049337 tempest-QosSpecsTestJSON-313049337-project-admin] Calling method 'associate' {{(pid=110201) _process_stack /opt/stack/cinder/cinder/api/openstack/wsgi.py:868}}
Jan 21 09:36:22.448208 dv-cinder-804035-25-iscsi devstack@c-api.service[110201]: DEBUG cinder.api.contrib.qos_specs_manage [None req-569c1899-1cec-48ec-ba3d-31bbc00014f6 tempest-QosSpecsTestJSON-313049337 tempest-QosSpecsTestJSON-313049337-project-admin] Associate qos_spec: b6ba94b5-3658-48a7-8541-ab59327ed0b7 with type: ffc49078-c9d5-4afa-87b5-ee112f2b7044 {{(pid=110201) associate /opt/stack/cinder/cinder/api/contrib/qos_specs_manage.py:275}}
Jan 21 09:36:22.544345 dv-cinder-804035-25-iscsi devstack@c-api.service[110201]: INFO cinder.api.openstack.wsgi [None req-569c1899-1cec-48ec-ba3d-31bbc00014f6 tempest-QosSpecsTestJSON-313049337 tempest-QosSpecsTestJSON-313049337-project-admin] http://10.222.0.45/volume/v3/b46274f3107d4c6b9ad814cbc8c2e1d4/qos-specs/b6ba94b5-3658-48a7-8541-ab59327ed0b7/associate?vol_type_id=ffc49078-c9d5-4afa-87b5-ee112f2b7044 returned with HTTP 202
Jan 21 09:36:22.544345 dv-cinder-804035-25-iscsi devstack@c-api.service[110201]: [pid: 110201|app: 0|req: 100/201] 10.222.0.45 () {58 vars in 1457 bytes} [Fri Jan 21 09:36:22 2022] GET /volume/v3/b46274f3107d4c6b9ad814cbc8c2e1d4/qos-specs/b6ba94b5-3658-48a7-8541-ab59327ed0b7/associate?vol_type_id=ffc49078-c9d5-4afa-87b5-ee112f2b7044 => generated 0 bytes in 100 msecs (HTTP/1.1 202) 6 headers in 233 bytes (1 switches on core 0)
Jan 21 09:36:22.551050 dv-cinder-804035-25-iscsi devstack@c-api.service[110202]: INFO cinder.api.openstack.wsgi [None req-d7f98e60-0f14-4cb1-97c3-96d6d5ebfea4 tempest-QosSpecsTestJSON-313049337 tempest-QosSpecsTestJSON-313049337-project-admin] GET http://10.222.0.45/volume/v3/b46274f3107d4c6b9ad814cbc8c2e1d4/qos-specs/b6ba94b5-3658-48a7-8541-ab59327ed0b7/associate?vol_type_id=0b498cd7-086e-4e81-925d-a95dcbad8530
Jan 21 09:36:22.551574 dv-cinder-804035-25-iscsi devstack@c-api.service[110202]: DEBUG cinder.api.openstack.wsgi [None req-d7f98e60-0f14-4cb1-97c3-96d6d5ebfea4 tempest-QosSpecsTestJSON-313049337 tempest-QosSpecsTestJSON-313049337-project-admin] Empty body provided in request {{(pid=110202) get_body /opt/stack/cinder/cinder/api/openstack/wsgi.py:715}}
Jan 21 09:36:22.552223 dv-cinder-804035-25-iscsi devstack@c-api.service[110202]: DEBUG cinder.api.openstack.wsgi [None req-d7f98e60-0f14-4cb1-97c3-96d6d5ebfea4 tempest-QosSpecsTestJSON-313049337 tempest-QosSpecsTestJSON-313049337-project-admin] Calling method 'associate' {{(pid=110202) _process_stack /opt/stack/cinder/cinder/api/openstack/wsgi.py:868}}
Jan 21 09:36:22.552859 dv-cinder-804035-25-iscsi devstack@c-api.service[110202]: /usr/local/lib/python3.8/dist-packages/oslo_context/context.py:105: DeprecationWarning: Policy enforcement is depending on the value of is_admin. This key is deprecated. Please update your policy file to use the standard policy values.
Jan 21 09:36:22.552859 dv-cinder-804035-25-iscsi devstack@c-api.service[110202]: warnings.warn('Policy enforcement is depending on the value of '
Jan 21 09:36:22.553644 dv-cinder-804035-25-iscsi devstack@c-api.service[110202]: DEBUG cinder.api.contrib.qos_specs_manage [None req-d7f98e60-0f14-4cb1-97c3-96d6d5ebfea4 tempest-QosSpecsTestJSON-313049337 tempest-QosSpecsTestJSON-313049337-project-admin] Associate qos_spec: b6ba94b5-3658-48a7-8541-ab59327ed0b7 with type: 0b498cd7-086e-4e81-925d-a95dcbad8530 {{(pid=110202) associate /opt/stack/cinder/cinder/api/contrib/qos_specs_manage.py:275}}
Jan 21 09:36:22.660113 dv-cinder-804035-25-iscsi devstack@c-api.service[110202]: INFO cinder.api.openstack.wsgi [None req-d7f98e60-0f14-4cb1-97c3-96d6d5ebfea4 tempest-QosSpecsTestJSON-313049337 tempest-QosSpecsTestJSON-313049337-project-admin] http://10.222.0.45/volume/v3/b46274f3107d4c6b9ad814cbc8c2e1d4/qos-specs/b6ba94b5-3658-48a7-8541-ab59327ed0b7/associate?vol_type_id=0b498cd7-086e-4e81-925d-a95dcbad8530 returned with HTTP 202
Jan 21 09:36:22.661204 dv-cinder-804035-25-iscsi devstack@c-api.service[110202]: [pid: 110202|app: 0|req: 102/202] 10.222.0.45 () {58 vars in 1457 bytes} [Fri Jan 21 09:36:22 2022] GET /volume/v3/b46274f3107d4c6b9ad814cbc8c2e1d4/qos-specs/b6ba94b5-3658-48a7-8541-ab59327ed0b7/associate?vol_type_id=0b498cd7-086e-4e81-925d-a95dcbad8530 => generated 0 bytes in 115 msecs (HTTP/1.1 202) 6 headers in 233 bytes (1 switches on core 0)
Jan 21 09:36:22.675816 dv-cinder-804035-25-iscsi devstack@c-api.service[110201]: INFO cinder.api.openstack.wsgi [None req-09ec6558-40a0-4230-9565-6e2570846d4f tempest-QosSpecsTestJSON-313049337 tempest-QosSpecsTestJSON-313049337-project-admin] GET http://10.222.0.45/volume/v3/b46274f3107d4c6b9ad814cbc8c2e1d4/qos-specs/b6ba94b5-3658-48a7-8541-ab59327ed0b7/associations
Jan 21 09:36:22.676183 dv-cinder-804035-25-iscsi devstack@c-api.service[110201]: DEBUG cinder.api.openstack.wsgi [None req-09ec6558-40a0-4230-9565-6e2570846d4f tempest-QosSpecsTestJSON-313049337 tempest-QosSpecsTestJSON-313049337-project-admin] Empty body provided in request {{(pid=110201) get_body /opt/stack/cinder/cinder/api/openstack/wsgi.py:715}}
Jan 21 09:36:22.676811 dv-cinder-804035-25-iscsi devstack@c-api.service[110201]: DEBUG cinder.api.openstack.wsgi [None req-09ec6558-40a0-4230-9565-6e2570846d4f tempest-QosSpecsTestJSON-313049337 tempest-QosSpecsTestJSON-313049337-project-admin] Calling method 'associations' {{(pid=110201) _process_stack /opt/stack/cinder/cinder/api/openstack/wsgi.py:868}}
Jan 21 09:36:22.677529 dv-cinder-804035-25-iscsi devstack@c-api.service[110201]: /usr/local/lib/python3.8/dist-packages/oslo_context/context.py:105: DeprecationWarning: Policy enforcement is depending on the value of is_admin. This key is deprecated. Please update your policy file to use the standard policy values.
Jan 21 09:36:22.677529 dv-cinder-804035-25-iscsi devstack@c-api.service[110201]: warnings.warn('Policy enforcement is depending on the value of '
Jan 21 09:36:22.678708 dv-cinder-804035-25-iscsi devstack@c-api.service[110201]: DEBUG cinder.api.contrib.qos_specs_manage [None req-09ec6558-40a0-4230-9565-6e2570846d4f tempest-QosSpecsTestJSON-313049337 tempest-QosSpecsTestJSON-313049337-project-admin] Get associations for qos_spec id: b6ba94b5-3658-48a7-8541-ab59327ed0b7 {{(pid=110201) associations /opt/stack/cinder/cinder/api/contrib/qos_specs_manage.py:233}}
Jan 21 09:36:22.702345 dv-cinder-804035-25-iscsi devstack@c-api.service[110201]: INFO cinder.api.openstack.wsgi [None req-09ec6558-40a0-4230-9565-6e2570846d4f tempest-QosSpecsTestJSON-313049337 tempest-QosSpecsTestJSON-313049337-project-admin] http://10.222.0.45/volume/v3/b46274f3107d4c6b9ad814cbc8c2e1d4/qos-specs/b6ba94b5-3658-48a7-8541-ab59327ed0b7/associations returned with HTTP 200
Jan 21 09:36:22.703105 dv-cinder-804035-25-iscsi devstack@c-api.service[110201]: [pid: 110201|app: 0|req: 101/203] 10.222.0.45 () {58 vars in 1369 bytes} [Fri Jan 21 09:36:22 2022] GET /volume/v3/b46274f3107d4c6b9ad814cbc8c2e1d4/qos-specs/b6ba94b5-3658-48a7-8541-ab59327ed0b7/associations => generated 446 bytes in 33 msecs (HTTP/1.1 200) 7 headers in 285 bytes (1 switches on core 0)
Jan 21 09:36:22.714306 dv-cinder-804035-25-iscsi devstack@c-api.service[110202]: INFO cinder.api.openstack.wsgi [None req-442e71af-c266-499e-8a86-2473b47a53c6 tempest-QosSpecsTestJSON-313049337 tempest-QosSpecsTestJSON-313049337-project-admin] GET http://10.222.0.45/volume/v3/b46274f3107d4c6b9ad814cbc8c2e1d4/qos-specs/b6ba94b5-3658-48a7-8541-ab59327ed0b7/disassociate?vol_type_id=3d35699c-c3ea-4868-982e-73c7387e3051
Jan 21 09:36:22.714833 dv-cinder-804035-25-iscsi devstack@c-api.service[110202]: DEBUG cinder.api.openstack.wsgi [None req-442e71af-c266-499e-8a86-2473b47a53c6 tempest-QosSpecsTestJSON-313049337 tempest-QosSpecsTestJSON-313049337-project-admin] Empty body provided in request {{(pid=110202) get_body /opt/stack/cinder/cinder/api/openstack/wsgi.py:715}}
Jan 21 09:36:22.715231 dv-cinder-804035-25-iscsi devstack@c-api.service[110202]: DEBUG cinder.api.openstack.wsgi [None req-442e71af-c266-499e-8a86-2473b47a53c6 tempest-QosSpecsTestJSON-313049337 tempest-QosSpecsTestJSON-313049337-project-admin] Calling method 'disassociate' {{(pid=110202) _process_stack /opt/stack/cinder/cinder/api/openstack/wsgi.py:868}}
Jan 21 09:36:22.717053 dv-cinder-804035-25-iscsi devstack@c-api.service[110202]: /usr/local/lib/python3.8/dist-packages/oslo_context/context.py:105: DeprecationWarning: Policy enforcement is depending on the value of is_admin. This key is deprecated. Please update your policy file to use the standard policy values.
Jan 21 09:36:22.717053 dv-cinder-804035-25-iscsi devstack@c-api.service[110202]: warnings.warn('Policy enforcement is depending on the value of '
Jan 21 09:36:22.717053 dv-cinder-804035-25-iscsi devstack@c-api.service[110202]: DEBUG cinder.api.contrib.qos_specs_manage [None req-442e71af-c266-499e-8a86-2473b47a53c6 tempest-QosSpecsTestJSON-313049337 tempest-QosSpecsTestJSON-313049337-project-admin] Disassociate qos_spec: b6ba94b5-3658-48a7-8541-ab59327ed0b7 from type: 3d35699c-c3ea-4868-982e-73c7387e3051 {{(pid=110202) disassociate /opt/stack/cinder/cinder/api/contrib/qos_specs_manage.py:327}}
Jan 21 09:36:22.722587 dv-cinder-804035-25-iscsi devstack@c-api.service[110201]: INFO cinder.api.openstack.wsgi [None req-669da84c-98f2-48f6-9d49-08449bea0d02 tempest-SnapshotsActionsTest-1739415075 tempest-SnapshotsActionsTest-1739415075-project] GET http://10.222.0.45/volume/v3/5f98f0e358434a6287446b82576b8b56/snapshots/5c296a2a-aa39-47ca-b676-ef160fd31eb8
Jan 21 09:36:22.723036 dv-cinder-804035-25-iscsi devstack@c-api.service[110201]: DEBUG cinder.api.openstack.wsgi [None req-669da84c-98f2-48f6-9d49-08449bea0d02 tempest-SnapshotsActionsTest-1739415075 tempest-SnapshotsActionsTest-1739415075-project] Empty body provided in request {{(pid=110201) get_body /opt/stack/cinder/cinder/api/openstack/wsgi.py:715}}
Jan 21 09:36:22.723484 dv-cinder-804035-25-iscsi devstack@c-api.service[110201]: DEBUG cinder.api.openstack.wsgi [None req-669da84c-98f2-48f6-9d49-08449bea0d02 tempest-SnapshotsActionsTest-1739415075 tempest-SnapshotsActionsTest-1739415075-project] Calling method 'show' {{(pid=110201) _process_stack /opt/stack/cinder/cinder/api/openstack/wsgi.py:868}}
Jan 21 09:36:22.733941 dv-cinder-804035-25-iscsi devstack@c-api.service[110201]: /usr/local/lib/python3.8/dist-packages/oslo_context/context.py:105: DeprecationWarning: Policy enforcement is depending on the value of is_admin. This key is deprecated. Please update your policy file to use the standard policy values.
Jan 21 09:36:22.733941 dv-cinder-804035-25-iscsi devstack@c-api.service[110201]: warnings.warn('Policy enforcement is depending on the value of '
Jan 21 09:36:22.734952 dv-cinder-804035-25-iscsi devstack@c-api.service[110201]: INFO cinder.volume.api [None req-669da84c-98f2-48f6-9d49-08449bea0d02 tempest-SnapshotsActionsTest-1739415075 tempest-SnapshotsActionsTest-1739415075-project] Snapshot retrieved successfully.
Jan 21 09:36:22.736783 dv-cinder-804035-25-iscsi devstack@c-api.service[110201]: INFO cinder.api.openstack.wsgi [None req-669da84c-98f2-48f6-9d49-08449bea0d02 tempest-SnapshotsActionsTest-1739415075 tempest-SnapshotsActionsTest-1739415075-project] http://10.222.0.45/volume/v3/5f98f0e358434a6287446b82576b8b56/snapshots/5c296a2a-aa39-47ca-b676-ef160fd31eb8 returned with HTTP 200
Jan 21 09:36:22.737541 dv-cinder-804035-25-iscsi devstack@c-api.service[110201]: [pid: 110201|app: 0|req: 102/204] 10.222.0.45 () {58 vars in 1330 bytes} [Fri Jan 21 09:36:22 2022] GET /volume/v3/5f98f0e358434a6287446b82576b8b56/snapshots/5c296a2a-aa39-47ca-b676-ef160fd31eb8 => generated 438 bytes in 20 msecs (HTTP/1.1 200) 7 headers in 285 bytes (1 switches on core 0)
Jan 21 09:36:22.813862 dv-cinder-804035-25-iscsi devstack@c-api.service[110202]: INFO cinder.api.openstack.wsgi [None req-442e71af-c266-499e-8a86-2473b47a53c6 tempest-QosSpecsTestJSON-313049337 tempest-QosSpecsTestJSON-313049337-project-admin] http://10.222.0.45/volume/v3/b46274f3107d4c6b9ad814cbc8c2e1d4/qos-specs/b6ba94b5-3658-48a7-8541-ab59327ed0b7/disassociate?vol_type_id=3d35699c-c3ea-4868-982e-73c7387e3051 returned with HTTP 202
Jan 21 09:36:22.814651 dv-cinder-804035-25-iscsi devstack@c-api.service[110202]: [pid: 110202|app: 0|req: 103/205] 10.222.0.45 () {58 vars in 1466 bytes} [Fri Jan 21 09:36:22 2022] GET /volume/v3/b46274f3107d4c6b9ad814cbc8c2e1d4/qos-specs/b6ba94b5-3658-48a7-8541-ab59327ed0b7/disassociate?vol_type_id=3d35699c-c3ea-4868-982e-73c7387e3051 => generated 0 bytes in 106 msecs (HTTP/1.1 202) 6 headers in 233 bytes (1 switches on core 0)
Jan 21 09:36:22.823950 dv-cinder-804035-25-iscsi devstack@c-api.service[110201]: INFO cinder.api.openstack.wsgi [None req-b6fb93d5-fe1e-4803-9576-e527f41f1104 tempest-QosSpecsTestJSON-313049337 tempest-QosSpecsTestJSON-313049337-project-admin] GET http://10.222.0.45/volume/v3/b46274f3107d4c6b9ad814cbc8c2e1d4/qos-specs/b6ba94b5-3658-48a7-8541-ab59327ed0b7/associations
Jan 21 09:36:22.828602 dv-cinder-804035-25-iscsi devstack@c-api.service[110201]: DEBUG cinder.api.openstack.wsgi [None req-b6fb93d5-fe1e-4803-9576-e527f41f1104 tempest-QosSpecsTestJSON-313049337 tempest-QosSpecsTestJSON-313049337-project-admin] Empty body provided in request {{(pid=110201) get_body /opt/stack/cinder/cinder/api/openstack/wsgi.py:715}}
Jan 21 09:36:22.828602 dv-cinder-804035-25-iscsi devstack@c-api.service[110201]: DEBUG cinder.api.openstack.wsgi [None req-b6fb93d5-fe1e-4803-9576-e527f41f1104 tempest-QosSpecsTestJSON-313049337 tempest-QosSpecsTestJSON-313049337-project-admin] Calling method 'associations' {{(pid=110201) _process_stack /opt/stack/cinder/cinder/api/openstack/wsgi.py:868}}
Jan 21 09:36:22.828602 dv-cinder-804035-25-iscsi devstack@c-api.service[110201]: DEBUG cinder.api.contrib.qos_specs_manage [None req-b6fb93d5-fe1e-4803-9576-e527f41f1104 tempest-QosSpecsTestJSON-313049337 tempest-QosSpecsTestJSON-313049337-project-admin] Get associations for qos_spec id: b6ba94b5-3658-48a7-8541-ab59327ed0b7 {{(pid=110201) associations /opt/stack/cinder/cinder/api/contrib/qos_specs_manage.py:233}}
Jan 21 09:36:22.839964 dv-cinder-804035-25-iscsi devstack@c-api.service[110201]: INFO cinder.api.openstack.wsgi [None req-b6fb93d5-fe1e-4803-9576-e527f41f1104 tempest-QosSpecsTestJSON-313049337 tempest-QosSpecsTestJSON-313049337-project-admin] http://10.222.0.45/volume/v3/b46274f3107d4c6b9ad814cbc8c2e1d4/qos-specs/b6ba94b5-3658-48a7-8541-ab59327ed0b7/associations returned with HTTP 200
Jan 21 09:36:22.840962 dv-cinder-804035-25-iscsi devstack@c-api.service[110201]: [pid: 110201|app: 0|req: 103/206] 10.222.0.45 () {58 vars in 1369 bytes} [Fri Jan 21 09:36:22 2022] GET /volume/v3/b46274f3107d4c6b9ad814cbc8c2e1d4/qos-specs/b6ba94b5-3658-48a7-8541-ab59327ed0b7/associations => generated 305 bytes in 23 msecs (HTTP/1.1 200) 7 headers in 285 bytes (1 switches on core 0)
Jan 21 09:36:22.851427 dv-cinder-804035-25-iscsi devstack@c-api.service[110202]: INFO cinder.api.openstack.wsgi [None req-04ffd388-2c55-4da0-a3cf-c6cfe7bf1be5 tempest-QosSpecsTestJSON-313049337 tempest-QosSpecsTestJSON-313049337-project-admin] GET http://10.222.0.45/volume/v3/b46274f3107d4c6b9ad814cbc8c2e1d4/qos-specs/b6ba94b5-3658-48a7-8541-ab59327ed0b7/disassociate_all
Jan 21 09:36:22.851870 dv-cinder-804035-25-iscsi devstack@c-api.service[110202]: DEBUG cinder.api.openstack.wsgi [None req-04ffd388-2c55-4da0-a3cf-c6cfe7bf1be5 tempest-QosSpecsTestJSON-313049337 tempest-QosSpecsTestJSON-313049337-project-admin] Empty body provided in request {{(pid=110202) get_body /opt/stack/cinder/cinder/api/openstack/wsgi.py:715}}
Jan 21 09:36:22.852421 dv-cinder-804035-25-iscsi devstack@c-api.service[110202]: DEBUG cinder.api.openstack.wsgi [None req-04ffd388-2c55-4da0-a3cf-c6cfe7bf1be5 tempest-QosSpecsTestJSON-313049337 tempest-QosSpecsTestJSON-313049337-project-admin] Calling method 'disassociate_all' {{(pid=110202) _process_stack /opt/stack/cinder/cinder/api/openstack/wsgi.py:868}}
Jan 21 09:36:22.852979 dv-cinder-804035-25-iscsi devstack@c-api.service[110202]: /usr/local/lib/python3.8/dist-packages/oslo_context/context.py:105: DeprecationWarning: Policy enforcement is depending on the value of is_admin. This key is deprecated. Please update your policy file to use the standard policy values.
Jan 21 09:36:22.852979 dv-cinder-804035-25-iscsi devstack@c-api.service[110202]: warnings.warn('Policy enforcement is depending on the value of '
Jan 21 09:36:22.853664 dv-cinder-804035-25-iscsi devstack@c-api.service[110202]: DEBUG cinder.api.contrib.qos_specs_manage [None req-04ffd388-2c55-4da0-a3cf-c6cfe7bf1be5 tempest-QosSpecsTestJSON-313049337 tempest-QosSpecsTestJSON-313049337-project-admin] Disassociate qos_spec: b6ba94b5-3658-48a7-8541-ab59327ed0b7 from all. {{(pid=110202) disassociate_all /opt/stack/cinder/cinder/api/contrib/qos_specs_manage.py:361}}
Jan 21 09:36:22.947338 dv-cinder-804035-25-iscsi devstack@c-api.service[110202]: INFO cinder.api.openstack.wsgi [None req-04ffd388-2c55-4da0-a3cf-c6cfe7bf1be5 tempest-QosSpecsTestJSON-313049337 tempest-QosSpecsTestJSON-313049337-project-admin] http://10.222.0.45/volume/v3/b46274f3107d4c6b9ad814cbc8c2e1d4/qos-specs/b6ba94b5-3658-48a7-8541-ab59327ed0b7/disassociate_all returned with HTTP 202
Jan 21 09:36:22.949076 dv-cinder-804035-25-iscsi devstack@c-api.service[110202]: [pid: 110202|app: 0|req: 104/207] 10.222.0.45 () {58 vars in 1381 bytes} [Fri Jan 21 09:36:22 2022] GET /volume/v3/b46274f3107d4c6b9ad814cbc8c2e1d4/qos-specs/b6ba94b5-3658-48a7-8541-ab59327ed0b7/disassociate_all => generated 0 bytes in 103 msecs (HTTP/1.1 202) 6 headers in 233 bytes (1 switches on core 0)
Jan 21 09:36:22.958815 dv-cinder-804035-25-iscsi devstack@c-api.service[110201]: INFO cinder.api.openstack.wsgi [None req-987e6c01-56d0-428d-b411-7d2b41d9d37e tempest-QosSpecsTestJSON-313049337 tempest-QosSpecsTestJSON-313049337-project-admin] GET http://10.222.0.45/volume/v3/b46274f3107d4c6b9ad814cbc8c2e1d4/qos-specs/b6ba94b5-3658-48a7-8541-ab59327ed0b7/associations
Jan 21 09:36:22.960528 dv-cinder-804035-25-iscsi devstack@c-api.service[110201]: DEBUG cinder.api.openstack.wsgi [None req-987e6c01-56d0-428d-b411-7d2b41d9d37e tempest-QosSpecsTestJSON-313049337 tempest-QosSpecsTestJSON-313049337-project-admin] Empty body provided in request {{(pid=110201) get_body /opt/stack/cinder/cinder/api/openstack/wsgi.py:715}}
Jan 21 09:36:22.960974 dv-cinder-804035-25-iscsi devstack@c-api.service[110201]: DEBUG cinder.api.openstack.wsgi [None req-987e6c01-56d0-428d-b411-7d2b41d9d37e tempest-QosSpecsTestJSON-313049337 tempest-QosSpecsTestJSON-313049337-project-admin] Calling method 'associations' {{(pid=110201) _process_stack /opt/stack/cinder/cinder/api/openstack/wsgi.py:868}}
Jan 21 09:36:22.961994 dv-cinder-804035-25-iscsi devstack@c-api.service[110201]: /usr/local/lib/python3.8/dist-packages/oslo_context/context.py:105: DeprecationWarning: Policy enforcement is depending on the value of is_admin. This key is deprecated. Please update your policy file to use the standard policy values.
Jan 21 09:36:22.961994 dv-cinder-804035-25-iscsi devstack@c-api.service[110201]: warnings.warn('Policy enforcement is depending on the value of '
Jan 21 09:36:22.962760 dv-cinder-804035-25-iscsi devstack@c-api.service[110201]: DEBUG cinder.api.contrib.qos_specs_manage [None req-987e6c01-56d0-428d-b411-7d2b41d9d37e tempest-QosSpecsTestJSON-313049337 tempest-QosSpecsTestJSON-313049337-project-admin] Get associations for qos_spec id: b6ba94b5-3658-48a7-8541-ab59327ed0b7 {{(pid=110201) associations /opt/stack/cinder/cinder/api/contrib/qos_specs_manage.py:233}}
Jan 21 09:36:22.980090 dv-cinder-804035-25-iscsi devstack@c-api.service[110201]: INFO cinder.api.openstack.wsgi [None req-987e6c01-56d0-428d-b411-7d2b41d9d37e tempest-QosSpecsTestJSON-313049337 tempest-QosSpecsTestJSON-313049337-project-admin] http://10.222.0.45/volume/v3/b46274f3107d4c6b9ad814cbc8c2e1d4/qos-specs/b6ba94b5-3658-48a7-8541-ab59327ed0b7/associations returned with HTTP 200
Jan 21 09:36:22.981442 dv-cinder-804035-25-iscsi devstack@c-api.service[110201]: [pid: 110201|app: 0|req: 104/208] 10.222.0.45 () {58 vars in 1369 bytes} [Fri Jan 21 09:36:22 2022] GET /volume/v3/b46274f3107d4c6b9ad814cbc8c2e1d4/qos-specs/b6ba94b5-3658-48a7-8541-ab59327ed0b7/associations => generated 24 bytes in 28 msecs (HTTP/1.1 200) 7 headers in 284 bytes (1 switches on core 0)
Jan 21 09:36:22.995822 dv-cinder-804035-25-iscsi devstack@c-api.service[110202]: INFO cinder.api.openstack.wsgi [None req-557abf86-9a57-48f0-adcb-4c3a4e3d6154 tempest-QosSpecsTestJSON-313049337 tempest-QosSpecsTestJSON-313049337-project-admin] POST http://10.222.0.45/volume/v3/b46274f3107d4c6b9ad814cbc8c2e1d4/qos-specs
Jan 21 09:36:22.996625 dv-cinder-804035-25-iscsi devstack@c-api.service[110202]: DEBUG cinder.api.openstack.wsgi [None req-557abf86-9a57-48f0-adcb-4c3a4e3d6154 tempest-QosSpecsTestJSON-313049337 tempest-QosSpecsTestJSON-313049337-project-admin] Action: 'create', calling method: create, body: {"qos_specs": {"name": "tempest-QosSpecsTestJSON-qos-1605145907", "consumer": "back-end"}} {{(pid=110202) _process_stack /opt/stack/cinder/cinder/api/openstack/wsgi.py:866}}
Jan 21 09:36:22.997875 dv-cinder-804035-25-iscsi devstack@c-api.service[110202]: /usr/local/lib/python3.8/dist-packages/oslo_context/context.py:105: DeprecationWarning: Policy enforcement is depending on the value of is_admin. This key is deprecated. Please update your policy file to use the standard policy values.
Jan 21 09:36:22.997875 dv-cinder-804035-25-iscsi devstack@c-api.service[110202]: warnings.warn('Policy enforcement is depending on the value of '
Jan 21 09:36:22.998627 dv-cinder-804035-25-iscsi devstack@c-api.service[110202]: DEBUG cinder.volume.qos_specs [None req-557abf86-9a57-48f0-adcb-4c3a4e3d6154 tempest-QosSpecsTestJSON-313049337 tempest-QosSpecsTestJSON-313049337-project-admin] Dict for qos_specs: {'name': 'tempest-QosSpecsTestJSON-qos-1605145907', 'consumer': 'back-end', 'specs': {}} {{(pid=110202) create /opt/stack/cinder/cinder/volume/qos_specs.py:64}}
Jan 21 09:36:23.007725 dv-cinder-804035-25-iscsi devstack@c-api.service[110202]: DEBUG cinder.db.sqlalchemy.api [None req-557abf86-9a57-48f0-adcb-4c3a4e3d6154 tempest-QosSpecsTestJSON-313049337 tempest-QosSpecsTestJSON-313049337-project-admin] DB qos_specs_create(): root {'id': '01813f0d-fa51-478b-b62b-04eb24f4d08a', 'key': 'QoS_Specs_Name', 'value': 'tempest-QosSpecsTestJSON-qos-1605145907'} {{(pid=110202) qos_specs_create /opt/stack/cinder/cinder/db/sqlalchemy/api.py:4631}}
Jan 21 09:36:23.126883 dv-cinder-804035-25-iscsi devstack@c-api.service[110202]: INFO cinder.api.openstack.wsgi [None req-557abf86-9a57-48f0-adcb-4c3a4e3d6154 tempest-QosSpecsTestJSON-313049337 tempest-QosSpecsTestJSON-313049337-project-admin] http://10.222.0.45/volume/v3/b46274f3107d4c6b9ad814cbc8c2e1d4/qos-specs returned with HTTP 200
Jan 21 09:36:23.133869 dv-cinder-804035-25-iscsi devstack@c-api.service[110202]: [pid: 110202|app: 0|req: 105/209] 10.222.0.45 () {60 vars in 1240 bytes} [Fri Jan 21 09:36:22 2022] POST /volume/v3/b46274f3107d4c6b9ad814cbc8c2e1d4/qos-specs => generated 435 bytes in 138 msecs (HTTP/1.1 200) 7 headers in 285 bytes (1 switches on core 0)
Jan 21 09:36:23.138937 dv-cinder-804035-25-iscsi devstack@c-api.service[110201]: INFO cinder.api.openstack.wsgi [None req-c7d600df-9c5d-4a33-9e30-4cdcc5e32e9a tempest-QosSpecsTestJSON-313049337 tempest-QosSpecsTestJSON-313049337-project-admin] DELETE http://10.222.0.45/volume/v3/b46274f3107d4c6b9ad814cbc8c2e1d4/qos-specs/01813f0d-fa51-478b-b62b-04eb24f4d08a?force=False
Jan 21 09:36:23.139399 dv-cinder-804035-25-iscsi devstack@c-api.service[110201]: DEBUG cinder.api.openstack.wsgi [None req-c7d600df-9c5d-4a33-9e30-4cdcc5e32e9a tempest-QosSpecsTestJSON-313049337 tempest-QosSpecsTestJSON-313049337-project-admin] Empty body provided in request {{(pid=110201) get_body /opt/stack/cinder/cinder/api/openstack/wsgi.py:715}}
Jan 21 09:36:23.139851 dv-cinder-804035-25-iscsi devstack@c-api.service[110201]: DEBUG cinder.api.openstack.wsgi [None req-c7d600df-9c5d-4a33-9e30-4cdcc5e32e9a tempest-QosSpecsTestJSON-313049337 tempest-QosSpecsTestJSON-313049337-project-admin] Calling method 'delete' {{(pid=110201) _process_stack /opt/stack/cinder/cinder/api/openstack/wsgi.py:868}}
Jan 21 09:36:23.140647 dv-cinder-804035-25-iscsi devstack@c-api.service[110201]: /usr/local/lib/python3.8/dist-packages/oslo_context/context.py:105: DeprecationWarning: Policy enforcement is depending on the value of is_admin. This key is deprecated. Please update your policy file to use the standard policy values.
Jan 21 09:36:23.140647 dv-cinder-804035-25-iscsi devstack@c-api.service[110201]: warnings.warn('Policy enforcement is depending on the value of '
Jan 21 09:36:23.141572 dv-cinder-804035-25-iscsi devstack@c-api.service[110201]: DEBUG cinder.api.contrib.qos_specs_manage [None req-c7d600df-9c5d-4a33-9e30-4cdcc5e32e9a tempest-QosSpecsTestJSON-313049337 tempest-QosSpecsTestJSON-313049337-project-admin] Delete qos_spec: 01813f0d-fa51-478b-b62b-04eb24f4d08a, force: False {{(pid=110201) delete /opt/stack/cinder/cinder/api/contrib/qos_specs_manage.py:168}}
Jan 21 09:36:23.286497 dv-cinder-804035-25-iscsi devstack@c-api.service[110201]: INFO cinder.api.openstack.wsgi [None req-c7d600df-9c5d-4a33-9e30-4cdcc5e32e9a tempest-QosSpecsTestJSON-313049337 tempest-QosSpecsTestJSON-313049337-project-admin] http://10.222.0.45/volume/v3/b46274f3107d4c6b9ad814cbc8c2e1d4/qos-specs/01813f0d-fa51-478b-b62b-04eb24f4d08a?force=False returned with HTTP 202
Jan 21 09:36:23.298178 dv-cinder-804035-25-iscsi devstack@c-api.service[110202]: INFO cinder.api.openstack.wsgi [None req-74e2acc6-64f4-4879-a532-a9a27a2ed7fc tempest-QosSpecsTestJSON-313049337 tempest-QosSpecsTestJSON-313049337-project-admin] GET http://10.222.0.45/volume/v3/b46274f3107d4c6b9ad814cbc8c2e1d4/qos-specs/01813f0d-fa51-478b-b62b-04eb24f4d08a
Jan 21 09:36:23.298863 dv-cinder-804035-25-iscsi devstack@c-api.service[110202]: DEBUG cinder.api.openstack.wsgi [None req-74e2acc6-64f4-4879-a532-a9a27a2ed7fc tempest-QosSpecsTestJSON-313049337 tempest-QosSpecsTestJSON-313049337-project-admin] Empty body provided in request {{(pid=110202) get_body /opt/stack/cinder/cinder/api/openstack/wsgi.py:715}}
Jan 21 09:36:23.299768 dv-cinder-804035-25-iscsi devstack@c-api.service[110202]: DEBUG cinder.api.openstack.wsgi [None req-74e2acc6-64f4-4879-a532-a9a27a2ed7fc tempest-QosSpecsTestJSON-313049337 tempest-QosSpecsTestJSON-313049337-project-admin] Calling method 'show' {{(pid=110202) _process_stack /opt/stack/cinder/cinder/api/openstack/wsgi.py:868}}
Jan 21 09:36:23.301471 dv-cinder-804035-25-iscsi devstack@c-api.service[110202]: /usr/local/lib/python3.8/dist-packages/oslo_context/context.py:105: DeprecationWarning: Policy enforcement is depending on the value of is_admin. This key is deprecated. Please update your policy file to use the standard policy values.
Jan 21 09:36:23.301471 dv-cinder-804035-25-iscsi devstack@c-api.service[110202]: warnings.warn('Policy enforcement is depending on the value of '
Jan 21 09:36:23.304745 dv-cinder-804035-25-iscsi devstack@c-api.service[110201]: [pid: 110201|app: 0|req: 105/210] 10.222.0.45 () {58 vars in 1356 bytes} [Fri Jan 21 09:36:23 2022] DELETE /volume/v3/b46274f3107d4c6b9ad814cbc8c2e1d4/qos-specs/01813f0d-fa51-478b-b62b-04eb24f4d08a?force=False => generated 0 bytes in 169 msecs (HTTP/1.1 202) 6 headers in 233 bytes (1 switches on core 0)
Jan 21 09:36:23.308983 dv-cinder-804035-25-iscsi devstack@c-api.service[110202]: INFO cinder.api.openstack.wsgi [None req-74e2acc6-64f4-4879-a532-a9a27a2ed7fc tempest-QosSpecsTestJSON-313049337 tempest-QosSpecsTestJSON-313049337-project-admin] http://10.222.0.45/volume/v3/b46274f3107d4c6b9ad814cbc8c2e1d4/qos-specs/01813f0d-fa51-478b-b62b-04eb24f4d08a returned with HTTP 404
Jan 21 09:36:23.321329 dv-cinder-804035-25-iscsi devstack@c-api.service[110202]: [pid: 110202|app: 0|req: 106/211] 10.222.0.45 () {58 vars in 1330 bytes} [Fri Jan 21 09:36:23 2022] GET /volume/v3/b46274f3107d4c6b9ad814cbc8c2e1d4/qos-specs/01813f0d-fa51-478b-b62b-04eb24f4d08a => generated 100 bytes in 19 msecs (HTTP/1.1 404) 7 headers in 292 bytes (1 switches on core 0)
Jan 21 09:36:23.328996 dv-cinder-804035-25-iscsi devstack@c-api.service[110201]: INFO cinder.api.openstack.wsgi [None req-79c02c61-2536-421d-9496-612cd3a245f7 tempest-QosSpecsTestJSON-313049337 tempest-QosSpecsTestJSON-313049337-project-admin] GET http://10.222.0.45/volume/v3/b46274f3107d4c6b9ad814cbc8c2e1d4/qos-specs
Jan 21 09:36:23.329634 dv-cinder-804035-25-iscsi devstack@c-api.service[110201]: DEBUG cinder.api.openstack.wsgi [None req-79c02c61-2536-421d-9496-612cd3a245f7 tempest-QosSpecsTestJSON-313049337 tempest-QosSpecsTestJSON-313049337-project-admin] Empty body provided in request {{(pid=110201) get_body /opt/stack/cinder/cinder/api/openstack/wsgi.py:715}}
Jan 21 09:36:23.330088 dv-cinder-804035-25-iscsi devstack@c-api.service[110201]: DEBUG cinder.api.openstack.wsgi [None req-79c02c61-2536-421d-9496-612cd3a245f7 tempest-QosSpecsTestJSON-313049337 tempest-QosSpecsTestJSON-313049337-project-admin] Calling method 'index' {{(pid=110201) _process_stack /opt/stack/cinder/cinder/api/openstack/wsgi.py:868}}
Jan 21 09:36:23.330723 dv-cinder-804035-25-iscsi devstack@c-api.service[110201]: /usr/local/lib/python3.8/dist-packages/oslo_context/context.py:105: DeprecationWarning: Policy enforcement is depending on the value of is_admin. This key is deprecated. Please update your policy file to use the standard policy values.
Jan 21 09:36:23.330723 dv-cinder-804035-25-iscsi devstack@c-api.service[110201]: warnings.warn('Policy enforcement is depending on the value of '
Jan 21 09:36:23.352992 dv-cinder-804035-25-iscsi devstack@c-api.service[110202]: INFO cinder.api.openstack.wsgi [None req-8092008a-acdf-432e-af84-4a41835bb87b tempest-GroupsTest-1155940836 tempest-GroupsTest-1155940836-project] GET http://10.222.0.45/volume/v3/c028a83436fa4691bfb139e1357368f3/volumes/ee0267ba-489e-4001-b8b6-80fa0b4b576d
Jan 21 09:36:23.353805 dv-cinder-804035-25-iscsi devstack@c-api.service[110202]: DEBUG cinder.api.openstack.wsgi [None req-8092008a-acdf-432e-af84-4a41835bb87b tempest-GroupsTest-1155940836 tempest-GroupsTest-1155940836-project] Empty body provided in request {{(pid=110202) get_body /opt/stack/cinder/cinder/api/openstack/wsgi.py:715}}
Jan 21 09:36:23.354598 dv-cinder-804035-25-iscsi devstack@c-api.service[110202]: DEBUG cinder.api.openstack.wsgi [None req-8092008a-acdf-432e-af84-4a41835bb87b tempest-GroupsTest-1155940836 tempest-GroupsTest-1155940836-project] Calling method 'show' {{(pid=110202) _process_stack /opt/stack/cinder/cinder/api/openstack/wsgi.py:868}}
Jan 21 09:36:23.358988 dv-cinder-804035-25-iscsi devstack@c-api.service[110201]: INFO cinder.api.openstack.wsgi [None req-79c02c61-2536-421d-9496-612cd3a245f7 tempest-QosSpecsTestJSON-313049337 tempest-QosSpecsTestJSON-313049337-project-admin] http://10.222.0.45/volume/v3/b46274f3107d4c6b9ad814cbc8c2e1d4/qos-specs returned with HTTP 200
Jan 21 09:36:23.359932 dv-cinder-804035-25-iscsi devstack@c-api.service[110201]: [pid: 110201|app: 0|req: 106/212] 10.222.0.45 () {58 vars in 1219 bytes} [Fri Jan 21 09:36:23 2022] GET /volume/v3/b46274f3107d4c6b9ad814cbc8c2e1d4/qos-specs => generated 174 bytes in 36 msecs (HTTP/1.1 200) 7 headers in 285 bytes (1 switches on core 0)
Jan 21 09:36:23.383834 dv-cinder-804035-25-iscsi devstack@c-api.service[110202]: /usr/local/lib/python3.8/dist-packages/oslo_context/context.py:105: DeprecationWarning: Policy enforcement is depending on the value of is_admin. This key is deprecated. Please update your policy file to use the standard policy values.
Jan 21 09:36:23.383834 dv-cinder-804035-25-iscsi devstack@c-api.service[110202]: warnings.warn('Policy enforcement is depending on the value of '
Jan 21 09:36:23.385994 dv-cinder-804035-25-iscsi devstack@c-api.service[110201]: INFO cinder.api.openstack.wsgi [None req-8ee194f7-ed56-4d7b-9099-3cb7845d62b2 tempest-QosSpecsTestJSON-313049337 tempest-QosSpecsTestJSON-313049337-project-admin] POST http://10.222.0.45/volume/v3/b46274f3107d4c6b9ad814cbc8c2e1d4/qos-specs
Jan 21 09:36:23.386706 dv-cinder-804035-25-iscsi devstack@c-api.service[110201]: DEBUG cinder.api.openstack.wsgi [None req-8ee194f7-ed56-4d7b-9099-3cb7845d62b2 tempest-QosSpecsTestJSON-313049337 tempest-QosSpecsTestJSON-313049337-project-admin] Action: 'create', calling method: create, body: {"qos_specs": {"name": "tempest-QosSpecsTestJSON-qos-1242251668", "consumer": "both"}} {{(pid=110201) _process_stack /opt/stack/cinder/cinder/api/openstack/wsgi.py:866}}
Jan 21 09:36:23.387839 dv-cinder-804035-25-iscsi devstack@c-api.service[110201]: /usr/local/lib/python3.8/dist-packages/oslo_context/context.py:105: DeprecationWarning: Policy enforcement is depending on the value of is_admin. This key is deprecated. Please update your policy file to use the standard policy values.
Jan 21 09:36:23.387839 dv-cinder-804035-25-iscsi devstack@c-api.service[110201]: warnings.warn('Policy enforcement is depending on the value of '
Jan 21 09:36:23.388540 dv-cinder-804035-25-iscsi devstack@c-api.service[110201]: DEBUG cinder.volume.qos_specs [None req-8ee194f7-ed56-4d7b-9099-3cb7845d62b2 tempest-QosSpecsTestJSON-313049337 tempest-QosSpecsTestJSON-313049337-project-admin] Dict for qos_specs: {'name': 'tempest-QosSpecsTestJSON-qos-1242251668', 'consumer': 'both', 'specs': {}} {{(pid=110201) create /opt/stack/cinder/cinder/volume/qos_specs.py:64}}
Jan 21 09:36:23.394099 dv-cinder-804035-25-iscsi devstack@c-api.service[110202]: INFO cinder.volume.api [None req-8092008a-acdf-432e-af84-4a41835bb87b tempest-GroupsTest-1155940836 tempest-GroupsTest-1155940836-project] Volume info retrieved successfully.
Jan 21 09:36:23.395936 dv-cinder-804035-25-iscsi devstack@c-api.service[110202]: WARNING stevedore.named [None req-8092008a-acdf-432e-af84-4a41835bb87b tempest-GroupsTest-1155940836 tempest-GroupsTest-1155940836-project] Could not load cinder.keymgr.conf_key_mgr.ConfKeyManager
Jan 21 09:36:23.396627 dv-cinder-804035-25-iscsi devstack@c-api.service[110202]: WARNING castellan.key_manager [None req-8092008a-acdf-432e-af84-4a41835bb87b tempest-GroupsTest-1155940836 tempest-GroupsTest-1155940836-project] Deprecation Warning : cinder.keymgr.conf_key_mgr.ConfKeyManager is not a stevedore based driver, trying to load it as a class: stevedore.exception.NoMatches: No 'castellan.drivers' driver found, looking for 'cinder.keymgr.conf_key_mgr.ConfKeyManager'
Jan 21 09:36:23.405486 dv-cinder-804035-25-iscsi devstack@c-api.service[110202]: DEBUG oslo_db.sqlalchemy.engines [None req-8092008a-acdf-432e-af84-4a41835bb87b tempest-GroupsTest-1155940836 tempest-GroupsTest-1155940836-project] MySQL server mode set to STRICT_TRANS_TABLES,STRICT_ALL_TABLES,NO_ZERO_IN_DATE,NO_ZERO_DATE,ERROR_FOR_DIVISION_BY_ZERO,TRADITIONAL,NO_ENGINE_SUBSTITUTION {{(pid=110202) _check_effective_sql_mode /usr/local/lib/python3.8/dist-packages/oslo_db/sqlalchemy/engines.py:314}}
Jan 21 09:36:23.413804 dv-cinder-804035-25-iscsi devstack@c-api.service[110202]: /usr/local/lib/python3.8/dist-packages/oslo_context/context.py:105: DeprecationWarning: Policy enforcement is depending on the value of is_admin. This key is deprecated. Please update your policy file to use the standard policy values.
Jan 21 09:36:23.413804 dv-cinder-804035-25-iscsi devstack@c-api.service[110202]: warnings.warn('Policy enforcement is depending on the value of '
Jan 21 09:36:23.417061 dv-cinder-804035-25-iscsi devstack@c-api.service[110201]: DEBUG cinder.db.sqlalchemy.api [None req-8ee194f7-ed56-4d7b-9099-3cb7845d62b2 tempest-QosSpecsTestJSON-313049337 tempest-QosSpecsTestJSON-313049337-project-admin] DB qos_specs_create(): root {'id': '10ba35fa-7a47-4b03-b10c-6f4e144793c0', 'key': 'QoS_Specs_Name', 'value': 'tempest-QosSpecsTestJSON-qos-1242251668'} {{(pid=110201) qos_specs_create /opt/stack/cinder/cinder/db/sqlalchemy/api.py:4631}}
Jan 21 09:36:23.431013 dv-cinder-804035-25-iscsi devstack@c-api.service[110202]: INFO cinder.api.openstack.wsgi [None req-8092008a-acdf-432e-af84-4a41835bb87b tempest-GroupsTest-1155940836 tempest-GroupsTest-1155940836-project] http://10.222.0.45/volume/v3/c028a83436fa4691bfb139e1357368f3/volumes/ee0267ba-489e-4001-b8b6-80fa0b4b576d returned with HTTP 200
Jan 21 09:36:23.432216 dv-cinder-804035-25-iscsi devstack@c-api.service[110202]: [pid: 110202|app: 0|req: 107/213] 10.222.0.45 () {60 vars in 1365 bytes} [Fri Jan 21 09:36:23 2022] GET /volume/v3/c028a83436fa4691bfb139e1357368f3/volumes/ee0267ba-489e-4001-b8b6-80fa0b4b576d => generated 972 bytes in 83 msecs (HTTP/1.1 200) 7 headers in 286 bytes (2 switches on core 0)
Jan 21 09:36:23.495204 dv-cinder-804035-25-iscsi devstack@c-api.service[110201]: INFO cinder.api.openstack.wsgi [None req-8ee194f7-ed56-4d7b-9099-3cb7845d62b2 tempest-QosSpecsTestJSON-313049337 tempest-QosSpecsTestJSON-313049337-project-admin] http://10.222.0.45/volume/v3/b46274f3107d4c6b9ad814cbc8c2e1d4/qos-specs returned with HTTP 200
Jan 21 09:36:23.500775 dv-cinder-804035-25-iscsi devstack@c-api.service[110201]: [pid: 110201|app: 0|req: 107/214] 10.222.0.45 () {60 vars in 1240 bytes} [Fri Jan 21 09:36:23 2022] POST /volume/v3/b46274f3107d4c6b9ad814cbc8c2e1d4/qos-specs => generated 431 bytes in 120 msecs (HTTP/1.1 200) 7 headers in 285 bytes (1 switches on core 0)
Jan 21 09:36:23.508262 dv-cinder-804035-25-iscsi devstack@c-api.service[110202]: INFO cinder.api.openstack.wsgi [None req-cfeaa547-0946-4058-92b0-aae2118196a0 tempest-QosSpecsTestJSON-313049337 tempest-QosSpecsTestJSON-313049337-project-admin] DELETE http://10.222.0.45/volume/v3/b46274f3107d4c6b9ad814cbc8c2e1d4/qos-specs/10ba35fa-7a47-4b03-b10c-6f4e144793c0?force=False
Jan 21 09:36:23.508960 dv-cinder-804035-25-iscsi devstack@c-api.service[110202]: DEBUG cinder.api.openstack.wsgi [None req-cfeaa547-0946-4058-92b0-aae2118196a0 tempest-QosSpecsTestJSON-313049337 tempest-QosSpecsTestJSON-313049337-project-admin] Empty body provided in request {{(pid=110202) get_body /opt/stack/cinder/cinder/api/openstack/wsgi.py:715}}
Jan 21 09:36:23.509900 dv-cinder-804035-25-iscsi devstack@c-api.service[110202]: DEBUG cinder.api.openstack.wsgi [None req-cfeaa547-0946-4058-92b0-aae2118196a0 tempest-QosSpecsTestJSON-313049337 tempest-QosSpecsTestJSON-313049337-project-admin] Calling method 'delete' {{(pid=110202) _process_stack /opt/stack/cinder/cinder/api/openstack/wsgi.py:868}}
Jan 21 09:36:23.511574 dv-cinder-804035-25-iscsi devstack@c-api.service[110202]: DEBUG cinder.api.contrib.qos_specs_manage [None req-cfeaa547-0946-4058-92b0-aae2118196a0 tempest-QosSpecsTestJSON-313049337 tempest-QosSpecsTestJSON-313049337-project-admin] Delete qos_spec: 10ba35fa-7a47-4b03-b10c-6f4e144793c0, force: False {{(pid=110202) delete /opt/stack/cinder/cinder/api/contrib/qos_specs_manage.py:168}}
Jan 21 09:36:23.666330 dv-cinder-804035-25-iscsi devstack@c-api.service[110202]: INFO cinder.api.openstack.wsgi [None req-cfeaa547-0946-4058-92b0-aae2118196a0 tempest-QosSpecsTestJSON-313049337 tempest-QosSpecsTestJSON-313049337-project-admin] http://10.222.0.45/volume/v3/b46274f3107d4c6b9ad814cbc8c2e1d4/qos-specs/10ba35fa-7a47-4b03-b10c-6f4e144793c0?force=False returned with HTTP 202
Jan 21 09:36:23.667625 dv-cinder-804035-25-iscsi devstack@c-api.service[110202]: [pid: 110202|app: 0|req: 108/215] 10.222.0.45 () {58 vars in 1356 bytes} [Fri Jan 21 09:36:23 2022] DELETE /volume/v3/b46274f3107d4c6b9ad814cbc8c2e1d4/qos-specs/10ba35fa-7a47-4b03-b10c-6f4e144793c0?force=False => generated 0 bytes in 165 msecs (HTTP/1.1 202) 6 headers in 233 bytes (1 switches on core 0)
Jan 21 09:36:23.675995 dv-cinder-804035-25-iscsi devstack@c-api.service[110201]: INFO cinder.api.openstack.wsgi [None req-ddb3111b-193f-4201-915c-551dcc99a08f tempest-QosSpecsTestJSON-313049337 tempest-QosSpecsTestJSON-313049337-project-admin] GET http://10.222.0.45/volume/v3/b46274f3107d4c6b9ad814cbc8c2e1d4/qos-specs/10ba35fa-7a47-4b03-b10c-6f4e144793c0
Jan 21 09:36:23.680551 dv-cinder-804035-25-iscsi devstack@c-api.service[110201]: DEBUG cinder.api.openstack.wsgi [None req-ddb3111b-193f-4201-915c-551dcc99a08f tempest-QosSpecsTestJSON-313049337 tempest-QosSpecsTestJSON-313049337-project-admin] Empty body provided in request {{(pid=110201) get_body /opt/stack/cinder/cinder/api/openstack/wsgi.py:715}}
Jan 21 09:36:23.680551 dv-cinder-804035-25-iscsi devstack@c-api.service[110201]: DEBUG cinder.api.openstack.wsgi [None req-ddb3111b-193f-4201-915c-551dcc99a08f tempest-QosSpecsTestJSON-313049337 tempest-QosSpecsTestJSON-313049337-project-admin] Calling method 'show' {{(pid=110201) _process_stack /opt/stack/cinder/cinder/api/openstack/wsgi.py:868}}
Jan 21 09:36:23.680551 dv-cinder-804035-25-iscsi devstack@c-api.service[110201]: /usr/local/lib/python3.8/dist-packages/oslo_context/context.py:105: DeprecationWarning: Policy enforcement is depending on the value of is_admin. This key is deprecated. Please update your policy file to use the standard policy values.
Jan 21 09:36:23.680551 dv-cinder-804035-25-iscsi devstack@c-api.service[110201]: warnings.warn('Policy enforcement is depending on the value of '
