Nov 24 15:19:12.559493 dv-cinder-804035-20-smb devstack@n-api.service[116086]: DEBUG oslo_concurrency.lockutils [None req-811de72d-6e2f-42b1-83c0-19d503192c70 tempest-DeleteServersTestJSON-1678978451 tempest-DeleteServersTestJSON-1678978451-project] Lock "d8c12458-85f9-44ee-9bd9-16de8a6eda8a" "released" by "nova.context.set_target_cell..get_or_set_cached_cell_and_set_connections" :: held 0.001s {{(pid=116086) inner /usr/local/lib/python3.8/dist-packages/oslo_concurrency/lockutils.py:400}}
Nov 24 15:19:12.595278 dv-cinder-804035-20-smb devstack@n-api.service[116086]: DEBUG nova.quota [None req-811de72d-6e2f-42b1-83c0-19d503192c70 tempest-DeleteServersTestJSON-1678978451 tempest-DeleteServersTestJSON-1678978451-project] Getting quotas for project c0605007c7b340deb10edea30085be02. Resources: {'instances', 'ram', 'cores'} {{(pid=116086) _get_quotas /opt/stack/nova/nova/quota.py:387}}
Nov 24 15:19:12.603237 dv-cinder-804035-20-smb devstack@n-api.service[116086]: DEBUG nova.quota [None req-811de72d-6e2f-42b1-83c0-19d503192c70 tempest-DeleteServersTestJSON-1678978451 tempest-DeleteServersTestJSON-1678978451-project] Getting quotas for user dfa694725a8c4996b01124c571ec42d9 and project c0605007c7b340deb10edea30085be02. Resources: {'instances', 'ram', 'cores'} {{(pid=116086) _get_quotas /opt/stack/nova/nova/quota.py:377}}
Nov 24 15:19:12.617548 dv-cinder-804035-20-smb devstack@n-api.service[116086]: DEBUG nova.compute.api [None req-811de72d-6e2f-42b1-83c0-19d503192c70 tempest-DeleteServersTestJSON-1678978451 tempest-DeleteServersTestJSON-1678978451-project] Going to run 1 instances... {{(pid=116086) _provision_instances /opt/stack/nova/nova/compute/api.py:1350}}
Nov 24 15:19:12.620807 dv-cinder-804035-20-smb devstack@n-api.service[116086]: DEBUG nova.compute.api [None req-811de72d-6e2f-42b1-83c0-19d503192c70 tempest-DeleteServersTestJSON-1678978451 tempest-DeleteServersTestJSON-1678978451-project] [instance: 9ade21f8-46a5-46ba-af07-78b5d7a8289b] block_device_mapping [BlockDeviceMapping(attachment_id=,boot_index=0,connection_info=None,created_at=,delete_on_termination=True,deleted=,deleted_at=,destination_type='local',device_name=None,device_type='disk',disk_bus=None,guest_format=None,id=,image_id='d89722b4-337e-4699-8f14-4b874678fe5f',instance=,instance_uuid=,no_device=False,snapshot_id=None,source_type='image',tag=None,updated_at=,uuid=,volume_id=None,volume_size=None,volume_type=None)] {{(pid=116086) _bdm_validate_set_size_and_instance /opt/stack/nova/nova/compute/api.py:1757}}
Nov 24 15:19:12.726465 dv-cinder-804035-20-smb devstack@n-api.service[116086]: INFO nova.api.openstack.requestlog [None req-811de72d-6e2f-42b1-83c0-19d503192c70 tempest-DeleteServersTestJSON-1678978451 tempest-DeleteServersTestJSON-1678978451-project] 10.222.0.62 "POST /compute/v2.1/servers" status: 202 len: 380 microversion: 2.1 time: 2.624953
Nov 24 15:19:12.728910 dv-cinder-804035-20-smb devstack@n-api.service[116086]: [pid: 116086|app: 0|req: 1/2] 10.222.0.62 () {60 vars in 1146 bytes} [Wed Nov 24 15:19:10 2021] POST /compute/v2.1/servers => generated 380 bytes in 2630 msecs (HTTP/1.1 202) 10 headers in 451 bytes (2 switches on core 0)
Nov 24 15:19:12.742529 dv-cinder-804035-20-smb devstack@n-api.service[116086]: DEBUG nova.api.openstack.wsgi [None req-853fe0da-5cc1-47f2-926d-77eebf558178 tempest-VolumesSnapshotsTestJSON-933777312 tempest-VolumesSnapshotsTestJSON-933777312-project] Calling method '.version_select at 0x7f1cc40f5820>' {{(pid=116086) _process_stack /opt/stack/nova/nova/api/openstack/wsgi.py:513}}
Nov 24 15:19:12.902734 dv-cinder-804035-20-smb devstack@n-api.service[116086]: INFO nova.api.openstack.requestlog [None req-853fe0da-5cc1-47f2-926d-77eebf558178 tempest-VolumesSnapshotsTestJSON-933777312 tempest-VolumesSnapshotsTestJSON-933777312-project] 10.222.0.62 "GET /compute/v2.1/os-volumes/81923eb2-11a8-45e3-8fe7-5f33fe7aa1c0" status: 200 len: 346 microversion: 2.1 time: 0.172228
Nov 24 15:19:12.911077 dv-cinder-804035-20-smb devstack@n-api.service[116086]: [pid: 116086|app: 0|req: 2/3] 10.222.0.62 () {58 vars in 1244 bytes} [Wed Nov 24 15:19:12 2021] GET /compute/v2.1/os-volumes/81923eb2-11a8-45e3-8fe7-5f33fe7aa1c0 => generated 346 bytes in 181 msecs (HTTP/1.1 200) 9 headers in 357 bytes (1 switches on core 0)
Nov 24 15:19:12.916890 dv-cinder-804035-20-smb devstack@n-api.service[116086]: DEBUG nova.api.openstack.wsgi [None req-8af2cfb3-a441-4ec0-8bbf-5380df55994f tempest-VolumesTestJSON-1944746192 tempest-VolumesTestJSON-1944746192-project] Calling method '.version_select at 0x7f1cc3887af0>' {{(pid=116086) _process_stack /opt/stack/nova/nova/api/openstack/wsgi.py:513}}
Nov 24 15:19:13.024322 dv-cinder-804035-20-smb devstack@n-api.service[116086]: INFO nova.api.openstack.requestlog [None req-8af2cfb3-a441-4ec0-8bbf-5380df55994f tempest-VolumesTestJSON-1944746192 tempest-VolumesTestJSON-1944746192-project] 10.222.0.62 "GET /compute/v2.1/os-volumes/6d3b89bc-73e2-458a-976d-7bfbaf3da852" status: 200 len: 351 microversion: 2.1 time: 0.110147
Nov 24 15:19:13.025257 dv-cinder-804035-20-smb devstack@n-api.service[116086]: [pid: 116086|app: 0|req: 3/4] 10.222.0.62 () {58 vars in 1244 bytes} [Wed Nov 24 15:19:12 2021] GET /compute/v2.1/os-volumes/6d3b89bc-73e2-458a-976d-7bfbaf3da852 => generated 351 bytes in 114 msecs (HTTP/1.1 200) 9 headers in 357 bytes (1 switches on core 0)
Nov 24 15:19:13.037665 dv-cinder-804035-20-smb devstack@n-api.service[116086]: DEBUG nova.api.openstack.wsgi [None req-24aa97df-8a4d-4d75-9a15-3811cc23c4d6 tempest-DeleteServersTestJSON-1678978451 tempest-DeleteServersTestJSON-1678978451-project] Calling method '>' {{(pid=116086) _process_stack /opt/stack/nova/nova/api/openstack/wsgi.py:513}}
Nov 24 15:19:13.047834 dv-cinder-804035-20-smb devstack@n-api.service[116086]: DEBUG nova.compute.api [None req-24aa97df-8a4d-4d75-9a15-3811cc23c4d6 tempest-DeleteServersTestJSON-1678978451 tempest-DeleteServersTestJSON-1678978451-project] [instance: 9ade21f8-46a5-46ba-af07-78b5d7a8289b] Fetching instance by UUID {{(pid=116086) get /opt/stack/nova/nova/compute/api.py:2865}}
Nov 24 15:19:13.226353 dv-cinder-804035-20-smb devstack@n-api.service[116086]: DEBUG nova.policy [None req-24aa97df-8a4d-4d75-9a15-3811cc23c4d6 tempest-DeleteServersTestJSON-1678978451 tempest-DeleteServersTestJSON-1678978451-project] Policy check for os_compute_api:os-extended-server-attributes failed with credentials {'is_admin': False, 'user_id': 'dfa694725a8c4996b01124c571ec42d9', 'user_domain_id': 'default', 'system_scope': None, 'domain_id': None, 'project_id': 'c0605007c7b340deb10edea30085be02', 'project_domain_id': 'default', 'roles': ['reader', 'member'], 'is_admin_project': True, 'service_user_id': None, 'service_user_domain_id': None, 'service_project_id': None, 'service_project_domain_id': None, 'service_roles': []} {{(pid=116086) authorize /opt/stack/nova/nova/policy.py:199}}
Nov 24 15:19:13.242025 dv-cinder-804035-20-smb devstack@n-api.service[116086]: INFO nova.api.openstack.requestlog [None req-24aa97df-8a4d-4d75-9a15-3811cc23c4d6 tempest-DeleteServersTestJSON-1678978451 tempest-DeleteServersTestJSON-1678978451-project] 10.222.0.62 "GET /compute/v2.1/servers/9ade21f8-46a5-46ba-af07-78b5d7a8289b" status: 200 len: 1215 microversion: 2.1 time: 0.214778
Nov 24 15:19:13.242702 dv-cinder-804035-20-smb devstack@n-api.service[116086]: [pid: 116086|app: 0|req: 4/5] 10.222.0.62 () {58 vars in 1235 bytes} [Wed Nov 24 15:19:13 2021] GET /compute/v2.1/servers/9ade21f8-46a5-46ba-af07-78b5d7a8289b => generated 1215 bytes in 216 msecs (HTTP/1.1 200) 9 headers in 358 bytes (1 switches on core 0)
Nov 24 15:19:13.266421 dv-cinder-804035-20-smb devstack@n-api.service[116086]: DEBUG nova.api.openstack.wsgi [None req-523ea279-fa51-431d-b1a7-b5c6be74bec5 tempest-VolumesSnapshotsTestJSON-933777312 tempest-VolumesSnapshotsTestJSON-933777312-project] Action: 'create', calling method: .version_select at 0x7f1cc300d550>, body: {"snapshot": {"volume_id": "81923eb2-11a8-45e3-8fe7-5f33fe7aa1c0", "display_name": "tempest-VolumesSnapshotsTestJSON-Snapshot-797024129"}} {{(pid=116086) _process_stack /opt/stack/nova/nova/api/openstack/wsgi.py:511}}
Nov 24 15:19:13.312973 dv-cinder-804035-20-smb devstack@n-api.service[116085]: DEBUG nova.virt.hardware [None req-f28ed5b3-8498-4889-b5fc-b41a2b73166e tempest-AttachVolumeNegativeTest-587163348 tempest-AttachVolumeNegativeTest-587163348-project] Flavor limits 0:0:0 {{(pid=116085) get_cpu_topology_constraints /opt/stack/nova/nova/virt/hardware.py:343}}
Nov 24 15:19:13.313488 dv-cinder-804035-20-smb devstack@n-api.service[116085]: DEBUG nova.virt.hardware [None req-f28ed5b3-8498-4889-b5fc-b41a2b73166e tempest-AttachVolumeNegativeTest-587163348 tempest-AttachVolumeNegativeTest-587163348-project] Image limits 0:0:0 {{(pid=116085) get_cpu_topology_constraints /opt/stack/nova/nova/virt/hardware.py:347}}
Nov 24 15:19:13.314056 dv-cinder-804035-20-smb devstack@n-api.service[116085]: DEBUG nova.virt.hardware [None req-f28ed5b3-8498-4889-b5fc-b41a2b73166e tempest-AttachVolumeNegativeTest-587163348 tempest-AttachVolumeNegativeTest-587163348-project] Flavor pref 0:0:0 {{(pid=116085) get_cpu_topology_constraints /opt/stack/nova/nova/virt/hardware.py:383}}
Nov 24 15:19:13.314747 dv-cinder-804035-20-smb devstack@n-api.service[116085]: DEBUG nova.virt.hardware [None req-f28ed5b3-8498-4889-b5fc-b41a2b73166e tempest-AttachVolumeNegativeTest-587163348 tempest-AttachVolumeNegativeTest-587163348-project] Image pref 0:0:0 {{(pid=116085) get_cpu_topology_constraints /opt/stack/nova/nova/virt/hardware.py:387}}
Nov 24 15:19:13.315161 dv-cinder-804035-20-smb devstack@n-api.service[116085]: DEBUG nova.virt.hardware [None req-f28ed5b3-8498-4889-b5fc-b41a2b73166e tempest-AttachVolumeNegativeTest-587163348 tempest-AttachVolumeNegativeTest-587163348-project] Chose sockets=0, cores=0, threads=0; limits were sockets=65536, cores=65536, threads=65536 {{(pid=116085) get_cpu_topology_constraints /opt/stack/nova/nova/virt/hardware.py:425}}
Nov 24 15:19:13.366523 dv-cinder-804035-20-smb devstack@n-api.service[116085]: DEBUG oslo_concurrency.lockutils [None req-f28ed5b3-8498-4889-b5fc-b41a2b73166e tempest-AttachVolumeNegativeTest-587163348 tempest-AttachVolumeNegativeTest-587163348-project] Lock "00000000-0000-0000-0000-000000000000" acquired by "nova.context.set_target_cell..get_or_set_cached_cell_and_set_connections" :: waited 0.000s {{(pid=116085) inner /usr/local/lib/python3.8/dist-packages/oslo_concurrency/lockutils.py:386}}
Nov 24 15:19:13.368678 dv-cinder-804035-20-smb devstack@n-api.service[116085]: DEBUG oslo_concurrency.lockutils [None req-f28ed5b3-8498-4889-b5fc-b41a2b73166e tempest-AttachVolumeNegativeTest-587163348 tempest-AttachVolumeNegativeTest-587163348-project] Lock "00000000-0000-0000-0000-000000000000" "released" by "nova.context.set_target_cell..get_or_set_cached_cell_and_set_connections" :: held 0.002s {{(pid=116085) inner /usr/local/lib/python3.8/dist-packages/oslo_concurrency/lockutils.py:400}}
Nov 24 15:19:13.372091 dv-cinder-804035-20-smb devstack@n-api.service[116085]: DEBUG oslo_concurrency.lockutils [None req-f28ed5b3-8498-4889-b5fc-b41a2b73166e tempest-AttachVolumeNegativeTest-587163348 tempest-AttachVolumeNegativeTest-587163348-project] Lock "d8c12458-85f9-44ee-9bd9-16de8a6eda8a" acquired by "nova.context.set_target_cell..get_or_set_cached_cell_and_set_connections" :: waited 0.000s {{(pid=116085) inner /usr/local/lib/python3.8/dist-packages/oslo_concurrency/lockutils.py:386}}
Nov 24 15:19:13.377535 dv-cinder-804035-20-smb devstack@n-api.service[116085]: DEBUG oslo_concurrency.lockutils [None req-f28ed5b3-8498-4889-b5fc-b41a2b73166e tempest-AttachVolumeNegativeTest-587163348 tempest-AttachVolumeNegativeTest-587163348-project] Lock "d8c12458-85f9-44ee-9bd9-16de8a6eda8a" "released" by "nova.context.set_target_cell..get_or_set_cached_cell_and_set_connections" :: held 0.003s {{(pid=116085) inner /usr/local/lib/python3.8/dist-packages/oslo_concurrency/lockutils.py:400}}
Nov 24 15:19:13.471893 dv-cinder-804035-20-smb devstack@n-api.service[116085]: DEBUG nova.quota [None req-f28ed5b3-8498-4889-b5fc-b41a2b73166e tempest-AttachVolumeNegativeTest-587163348 tempest-AttachVolumeNegativeTest-587163348-project] Getting quotas for project a01101f608d14749afd6afa36990df1d. Resources: {'instances', 'ram', 'cores'} {{(pid=116085) _get_quotas /opt/stack/nova/nova/quota.py:387}}
Nov 24 15:19:13.496089 dv-cinder-804035-20-smb devstack@n-api.service[116085]: DEBUG nova.quota [None req-f28ed5b3-8498-4889-b5fc-b41a2b73166e tempest-AttachVolumeNegativeTest-587163348 tempest-AttachVolumeNegativeTest-587163348-project] Getting quotas for user d256fa14dcd2472cb983e3a850483c69 and project a01101f608d14749afd6afa36990df1d. Resources: {'instances', 'ram', 'cores'} {{(pid=116085) _get_quotas /opt/stack/nova/nova/quota.py:377}}
Nov 24 15:19:13.526182 dv-cinder-804035-20-smb devstack@n-api.service[116085]: DEBUG nova.compute.api [None req-f28ed5b3-8498-4889-b5fc-b41a2b73166e tempest-AttachVolumeNegativeTest-587163348 tempest-AttachVolumeNegativeTest-587163348-project] Going to run 1 instances... {{(pid=116085) _provision_instances /opt/stack/nova/nova/compute/api.py:1350}}
Nov 24 15:19:13.532280 dv-cinder-804035-20-smb devstack@n-api.service[116085]: DEBUG nova.compute.api [None req-f28ed5b3-8498-4889-b5fc-b41a2b73166e tempest-AttachVolumeNegativeTest-587163348 tempest-AttachVolumeNegativeTest-587163348-project] [instance: a643a6c1-f632-4123-820b-ac3e69c419dc] block_device_mapping [BlockDeviceMapping(attachment_id=,boot_index=0,connection_info=None,created_at=,delete_on_termination=True,deleted=,deleted_at=,destination_type='local',device_name=None,device_type='disk',disk_bus=None,guest_format=None,id=,image_id='d89722b4-337e-4699-8f14-4b874678fe5f',instance=,instance_uuid=,no_device=False,snapshot_id=None,source_type='image',tag=None,updated_at=,uuid=,volume_id=None,volume_size=None,volume_type=None)] {{(pid=116085) _bdm_validate_set_size_and_instance /opt/stack/nova/nova/compute/api.py:1757}}
Nov 24 15:19:13.678913 dv-cinder-804035-20-smb devstack@n-api.service[116086]: INFO nova.api.openstack.requestlog [None req-523ea279-fa51-431d-b1a7-b5c6be74bec5 tempest-VolumesSnapshotsTestJSON-933777312 tempest-VolumesSnapshotsTestJSON-933777312-project] 10.222.0.62 "POST /compute/v2.1/os-snapshots" status: 200 len: 286 microversion: 2.1 time: 0.422313
Nov 24 15:19:13.679540 dv-cinder-804035-20-smb devstack@n-api.service[116086]: [pid: 116086|app: 0|req: 5/6] 10.222.0.62 () {60 vars in 1161 bytes} [Wed Nov 24 15:19:13 2021] POST /compute/v2.1/os-snapshots => generated 286 bytes in 436 msecs (HTTP/1.1 200) 9 headers in 357 bytes (1 switches on core 0)
Nov 24 15:19:13.690935 dv-cinder-804035-20-smb devstack@n-api.service[116086]: DEBUG nova.api.openstack.wsgi [None req-8c183489-581f-4912-b81b-9a7ff6087af1 tempest-VolumesSnapshotsTestJSON-933777312 tempest-VolumesSnapshotsTestJSON-933777312-project] Calling method '.version_select at 0x7f1cc2f9e790>' {{(pid=116086) _process_stack /opt/stack/nova/nova/api/openstack/wsgi.py:513}}
Nov 24 15:19:13.694045 dv-cinder-804035-20-smb devstack@n-api.service[116085]: INFO nova.api.openstack.requestlog [None req-f28ed5b3-8498-4889-b5fc-b41a2b73166e tempest-AttachVolumeNegativeTest-587163348 tempest-AttachVolumeNegativeTest-587163348-project] 10.222.0.62 "POST /compute/v2.1/servers" status: 202 len: 380 microversion: 2.1 time: 3.192063
Nov 24 15:19:13.702988 dv-cinder-804035-20-smb devstack@n-api.service[116085]: [pid: 116085|app: 0|req: 2/7] 10.222.0.62 () {60 vars in 1146 bytes} [Wed Nov 24 15:19:10 2021] POST /compute/v2.1/servers => generated 380 bytes in 3203 msecs (HTTP/1.1 202) 10 headers in 451 bytes (1 switches on core 0)
Nov 24 15:19:13.714586 dv-cinder-804035-20-smb devstack@n-api.service[116085]: DEBUG nova.api.openstack.wsgi [None req-5f75002d-c409-4069-b78b-d91ec197c805 tempest-AttachVolumeNegativeTest-587163348 tempest-AttachVolumeNegativeTest-587163348-project] Calling method '>' {{(pid=116085) _process_stack /opt/stack/nova/nova/api/openstack/wsgi.py:513}}
Nov 24 15:19:13.717487 dv-cinder-804035-20-smb devstack@n-api.service[116085]: DEBUG nova.compute.api [None req-5f75002d-c409-4069-b78b-d91ec197c805 tempest-AttachVolumeNegativeTest-587163348 tempest-AttachVolumeNegativeTest-587163348-project] [instance: a643a6c1-f632-4123-820b-ac3e69c419dc] Fetching instance by UUID {{(pid=116085) get /opt/stack/nova/nova/compute/api.py:2865}}
Nov 24 15:19:13.771982 dv-cinder-804035-20-smb devstack@n-api.service[116086]: INFO nova.api.openstack.requestlog [None req-8c183489-581f-4912-b81b-9a7ff6087af1 tempest-VolumesSnapshotsTestJSON-933777312 tempest-VolumesSnapshotsTestJSON-933777312-project] 10.222.0.62 "GET /compute/v2.1/os-snapshots/8c69da98-3012-48f6-8106-6a3013651026" status: 200 len: 286 microversion: 2.1 time: 0.085901
Nov 24 15:19:13.777420 dv-cinder-804035-20-smb devstack@n-api.service[116086]: [pid: 116086|app: 0|req: 6/8] 10.222.0.62 () {58 vars in 1250 bytes} [Wed Nov 24 15:19:13 2021] GET /compute/v2.1/os-snapshots/8c69da98-3012-48f6-8106-6a3013651026 => generated 286 bytes in 87 msecs (HTTP/1.1 200) 9 headers in 357 bytes (1 switches on core 0)
Nov 24 15:19:13.781846 dv-cinder-804035-20-smb devstack@n-api.service[116086]: DEBUG nova.api.openstack.wsgi [None req-eedd91a5-bd49-4c6b-8aa6-276fce6a94de tempest-VolumesSnapshotsTestJSON-933777312 tempest-VolumesSnapshotsTestJSON-933777312-project] Calling method '.version_select at 0x7f1cc2fad160>' {{(pid=116086) _process_stack /opt/stack/nova/nova/api/openstack/wsgi.py:513}}
Nov 24 15:19:13.950664 dv-cinder-804035-20-smb devstack@n-api.service[116086]: INFO nova.api.openstack.requestlog [None req-eedd91a5-bd49-4c6b-8aa6-276fce6a94de tempest-VolumesSnapshotsTestJSON-933777312 tempest-VolumesSnapshotsTestJSON-933777312-project] 10.222.0.62 "GET /compute/v2.1/os-snapshots" status: 200 len: 289 microversion: 2.1 time: 0.172139
Nov 24 15:19:13.960361 dv-cinder-804035-20-smb devstack@n-api.service[116086]: [pid: 116086|app: 0|req: 7/9] 10.222.0.62 () {58 vars in 1139 bytes} [Wed Nov 24 15:19:13 2021] GET /compute/v2.1/os-snapshots => generated 289 bytes in 182 msecs (HTTP/1.1 200) 9 headers in 357 bytes (2 switches on core 0)
Nov 24 15:19:13.968000 dv-cinder-804035-20-smb devstack@n-api.service[116086]: DEBUG nova.api.openstack.wsgi [None req-9b26b54a-cda5-44f4-b78e-2186c0c98ba9 tempest-VolumesSnapshotsTestJSON-933777312 tempest-VolumesSnapshotsTestJSON-933777312-project] Calling method '.version_select at 0x7f1cc2f9eaf0>' {{(pid=116086) _process_stack /opt/stack/nova/nova/api/openstack/wsgi.py:513}}
Nov 24 15:19:14.041323 dv-cinder-804035-20-smb devstack@n-api.service[116086]: INFO nova.api.openstack.requestlog [None req-9b26b54a-cda5-44f4-b78e-2186c0c98ba9 tempest-VolumesSnapshotsTestJSON-933777312 tempest-VolumesSnapshotsTestJSON-933777312-project] 10.222.0.62 "GET /compute/v2.1/os-snapshots/8c69da98-3012-48f6-8106-6a3013651026" status: 200 len: 286 microversion: 2.1 time: 0.079351
Nov 24 15:19:14.041894 dv-cinder-804035-20-smb devstack@n-api.service[116086]: [pid: 116086|app: 0|req: 8/10] 10.222.0.62 () {58 vars in 1250 bytes} [Wed Nov 24 15:19:13 2021] GET /compute/v2.1/os-snapshots/8c69da98-3012-48f6-8106-6a3013651026 => generated 286 bytes in 81 msecs (HTTP/1.1 200) 9 headers in 357 bytes (1 switches on core 0)
Nov 24 15:19:14.070132 dv-cinder-804035-20-smb devstack@n-api.service[116085]: DEBUG nova.policy [None req-5f75002d-c409-4069-b78b-d91ec197c805 tempest-AttachVolumeNegativeTest-587163348 tempest-AttachVolumeNegativeTest-587163348-project] Policy check for os_compute_api:os-extended-server-attributes failed with credentials {'is_admin': False, 'user_id': 'd256fa14dcd2472cb983e3a850483c69', 'user_domain_id': 'default', 'system_scope': None, 'domain_id': None, 'project_id': 'a01101f608d14749afd6afa36990df1d', 'project_domain_id': 'default', 'roles': ['reader', 'member'], 'is_admin_project': True, 'service_user_id': None, 'service_user_domain_id': None, 'service_project_id': None, 'service_project_domain_id': None, 'service_roles': []} {{(pid=116085) authorize /opt/stack/nova/nova/policy.py:199}}
Nov 24 15:19:14.102101 dv-cinder-804035-20-smb devstack@n-api.service[116085]: INFO nova.api.openstack.requestlog [None req-5f75002d-c409-4069-b78b-d91ec197c805 tempest-AttachVolumeNegativeTest-587163348 tempest-AttachVolumeNegativeTest-587163348-project] 10.222.0.62 "GET /compute/v2.1/servers/a643a6c1-f632-4123-820b-ac3e69c419dc" status: 200 len: 1218 microversion: 2.1 time: 0.397629
Nov 24 15:19:14.103471 dv-cinder-804035-20-smb devstack@n-api.service[116085]: [pid: 116085|app: 0|req: 3/11] 10.222.0.62 () {58 vars in 1235 bytes} [Wed Nov 24 15:19:13 2021] GET /compute/v2.1/servers/a643a6c1-f632-4123-820b-ac3e69c419dc => generated 1218 bytes in 400 msecs (HTTP/1.1 200) 9 headers in 358 bytes (1 switches on core 0)
Nov 24 15:19:14.262007 dv-cinder-804035-20-smb devstack@n-api.service[116086]: DEBUG nova.api.openstack.wsgi [None req-c658b107-60bc-4a57-9290-9103bfcb4999 tempest-DeleteServersTestJSON-1678978451 tempest-DeleteServersTestJSON-1678978451-project] Calling method '>' {{(pid=116086) _process_stack /opt/stack/nova/nova/api/openstack/wsgi.py:513}}
Nov 24 15:19:14.262757 dv-cinder-804035-20-smb devstack@n-api.service[116086]: DEBUG nova.compute.api [None req-c658b107-60bc-4a57-9290-9103bfcb4999 tempest-DeleteServersTestJSON-1678978451 tempest-DeleteServersTestJSON-1678978451-project] [instance: 9ade21f8-46a5-46ba-af07-78b5d7a8289b] Fetching instance by UUID {{(pid=116086) get /opt/stack/nova/nova/compute/api.py:2865}}
Nov 24 15:19:14.415416 dv-cinder-804035-20-smb devstack@n-api.service[116086]: DEBUG nova.policy [None req-c658b107-60bc-4a57-9290-9103bfcb4999 tempest-DeleteServersTestJSON-1678978451 tempest-DeleteServersTestJSON-1678978451-project] Policy check for os_compute_api:os-extended-server-attributes failed with credentials {'is_admin': False, 'user_id': 'dfa694725a8c4996b01124c571ec42d9', 'user_domain_id': 'default', 'system_scope': None, 'domain_id': None, 'project_id': 'c0605007c7b340deb10edea30085be02', 'project_domain_id': 'default', 'roles': ['reader', 'member'], 'is_admin_project': True, 'service_user_id': None, 'service_user_domain_id': None, 'service_project_id': None, 'service_project_domain_id': None, 'service_roles': []} {{(pid=116086) authorize /opt/stack/nova/nova/policy.py:199}}
Nov 24 15:19:14.429336 dv-cinder-804035-20-smb devstack@n-api.service[116086]: INFO nova.api.openstack.requestlog [None req-c658b107-60bc-4a57-9290-9103bfcb4999 tempest-DeleteServersTestJSON-1678978451 tempest-DeleteServersTestJSON-1678978451-project] 10.222.0.62 "GET /compute/v2.1/servers/9ade21f8-46a5-46ba-af07-78b5d7a8289b" status: 200 len: 1215 microversion: 2.1 time: 0.172340
Nov 24 15:19:14.448649 dv-cinder-804035-20-smb devstack@n-api.service[116086]: [pid: 116086|app: 0|req: 9/12] 10.222.0.62 () {58 vars in 1235 bytes} [Wed Nov 24 15:19:14 2021] GET /compute/v2.1/servers/9ade21f8-46a5-46ba-af07-78b5d7a8289b => generated 1215 bytes in 183 msecs (HTTP/1.1 200) 9 headers in 358 bytes (1 switches on core 0)
Nov 24 15:19:14.837045 dv-cinder-804035-20-smb devstack@n-api.service[116085]: DEBUG nova.api.openstack.wsgi [None req-97bb4d26-b536-4de7-ac6b-7cdb6cb8c6ef tempest-VolumesTestJSON-1944746192 tempest-VolumesTestJSON-1944746192-project] Calling method '.version_select at 0x7f1cc3811b80>' {{(pid=116085) _process_stack /opt/stack/nova/nova/api/openstack/wsgi.py:513}}
Nov 24 15:19:14.922067 dv-cinder-804035-20-smb devstack@n-api.service[116085]: INFO nova.api.openstack.requestlog [None req-97bb4d26-b536-4de7-ac6b-7cdb6cb8c6ef tempest-VolumesTestJSON-1944746192 tempest-VolumesTestJSON-1944746192-project] 10.222.0.62 "GET /compute/v2.1/os-volumes/8a29cae3-bae3-4991-a4a3-b1f6c35d315e" status: 200 len: 350 microversion: 2.1 time: 0.093316
Nov 24 15:19:14.923098 dv-cinder-804035-20-smb devstack@n-api.service[116085]: [pid: 116085|app: 0|req: 4/13] 10.222.0.62 () {58 vars in 1244 bytes} [Wed Nov 24 15:19:14 2021] GET /compute/v2.1/os-volumes/8a29cae3-bae3-4991-a4a3-b1f6c35d315e => generated 350 bytes in 95 msecs (HTTP/1.1 200) 9 headers in 357 bytes (1 switches on core 0)
Nov 24 15:19:15.054263 dv-cinder-804035-20-smb devstack@n-api.service[116086]: DEBUG nova.api.openstack.wsgi [None req-c32f03c7-b7f7-4b4b-ab88-734171c339b1 tempest-VolumesSnapshotsTestJSON-933777312 tempest-VolumesSnapshotsTestJSON-933777312-project] Calling method '.version_select at 0x7f1cc2fee5e0>' {{(pid=116086) _process_stack /opt/stack/nova/nova/api/openstack/wsgi.py:513}}
Nov 24 15:19:15.121842 dv-cinder-804035-20-smb devstack@n-api.service[116085]: DEBUG nova.api.openstack.wsgi [None req-dffda400-2f20-416c-bee6-c9f911f279c8 tempest-AttachVolumeNegativeTest-587163348 tempest-AttachVolumeNegativeTest-587163348-project] Calling method '>' {{(pid=116085) _process_stack /opt/stack/nova/nova/api/openstack/wsgi.py:513}}
Nov 24 15:19:15.123376 dv-cinder-804035-20-smb devstack@n-api.service[116085]: DEBUG nova.compute.api [None req-dffda400-2f20-416c-bee6-c9f911f279c8 tempest-AttachVolumeNegativeTest-587163348 tempest-AttachVolumeNegativeTest-587163348-project] [instance: a643a6c1-f632-4123-820b-ac3e69c419dc] Fetching instance by UUID {{(pid=116085) get /opt/stack/nova/nova/compute/api.py:2865}}
Nov 24 15:19:15.135790 dv-cinder-804035-20-smb devstack@n-api.service[116086]: INFO nova.api.openstack.requestlog [None req-c32f03c7-b7f7-4b4b-ab88-734171c339b1 tempest-VolumesSnapshotsTestJSON-933777312 tempest-VolumesSnapshotsTestJSON-933777312-project] 10.222.0.62 "GET /compute/v2.1/os-snapshots/8c69da98-3012-48f6-8106-6a3013651026" status: 200 len: 287 microversion: 2.1 time: 0.085156
Nov 24 15:19:15.143194 dv-cinder-804035-20-smb devstack@n-api.service[116086]: [pid: 116086|app: 0|req: 10/14] 10.222.0.62 () {58 vars in 1250 bytes} [Wed Nov 24 15:19:15 2021] GET /compute/v2.1/os-snapshots/8c69da98-3012-48f6-8106-6a3013651026 => generated 287 bytes in 88 msecs (HTTP/1.1 200) 9 headers in 357 bytes (1 switches on core 0)
Nov 24 15:19:15.152077 dv-cinder-804035-20-smb devstack@n-api.service[116086]: DEBUG nova.api.openstack.wsgi [None req-b8cee6ca-5a62-4e6e-9e86-5fb1858f72a5 tempest-VolumesSnapshotsTestJSON-933777312 tempest-VolumesSnapshotsTestJSON-933777312-project] Calling method '.version_select at 0x7f1cc2f9e1f0>' {{(pid=116086) _process_stack /opt/stack/nova/nova/api/openstack/wsgi.py:513}}
Nov 24 15:19:15.342075 dv-cinder-804035-20-smb devstack@n-api.service[116086]: INFO nova.api.openstack.requestlog [None req-b8cee6ca-5a62-4e6e-9e86-5fb1858f72a5 tempest-VolumesSnapshotsTestJSON-933777312 tempest-VolumesSnapshotsTestJSON-933777312-project] 10.222.0.62 "DELETE /compute/v2.1/os-snapshots/8c69da98-3012-48f6-8106-6a3013651026" status: 202 len: 0 microversion: 2.1 time: 0.195815
Nov 24 15:19:15.342943 dv-cinder-804035-20-smb devstack@n-api.service[116086]: [pid: 116086|app: 0|req: 11/15] 10.222.0.62 () {58 vars in 1253 bytes} [Wed Nov 24 15:19:15 2021] DELETE /compute/v2.1/os-snapshots/8c69da98-3012-48f6-8106-6a3013651026 => generated 0 bytes in 198 msecs (HTTP/1.1 202) 9 headers in 361 bytes (1 switches on core 0)
Nov 24 15:19:15.352585 dv-cinder-804035-20-smb devstack@n-api.service[116086]: DEBUG nova.api.openstack.wsgi [None req-e913ebbd-95c6-4e3e-9912-24e5911a7804 tempest-VolumesSnapshotsTestJSON-933777312 tempest-VolumesSnapshotsTestJSON-933777312-project] Calling method '.version_select at 0x7f1cc2f9ea60>' {{(pid=116086) _process_stack /opt/stack/nova/nova/api/openstack/wsgi.py:513}}
Nov 24 15:19:15.363132 dv-cinder-804035-20-smb devstack@n-api.service[116085]: DEBUG nova.policy [None req-dffda400-2f20-416c-bee6-c9f911f279c8 tempest-AttachVolumeNegativeTest-587163348 tempest-AttachVolumeNegativeTest-587163348-project] Policy check for os_compute_api:os-extended-server-attributes failed with credentials {'is_admin': False, 'user_id': 'd256fa14dcd2472cb983e3a850483c69', 'user_domain_id': 'default', 'system_scope': None, 'domain_id': None, 'project_id': 'a01101f608d14749afd6afa36990df1d', 'project_domain_id': 'default', 'roles': ['reader', 'member'], 'is_admin_project': True, 'service_user_id': None, 'service_user_domain_id': None, 'service_project_id': None, 'service_project_domain_id': None, 'service_roles': []} {{(pid=116085) authorize /opt/stack/nova/nova/policy.py:199}}
Nov 24 15:19:15.381325 dv-cinder-804035-20-smb devstack@n-api.service[116085]: INFO nova.api.openstack.requestlog [None req-dffda400-2f20-416c-bee6-c9f911f279c8 tempest-AttachVolumeNegativeTest-587163348 tempest-AttachVolumeNegativeTest-587163348-project] 10.222.0.62 "GET /compute/v2.1/servers/a643a6c1-f632-4123-820b-ac3e69c419dc" status: 200 len: 1218 microversion: 2.1 time: 0.261225
Nov 24 15:19:15.382268 dv-cinder-804035-20-smb devstack@n-api.service[116085]: [pid: 116085|app: 0|req: 5/16] 10.222.0.62 () {58 vars in 1235 bytes} [Wed Nov 24 15:19:15 2021] GET /compute/v2.1/servers/a643a6c1-f632-4123-820b-ac3e69c419dc => generated 1218 bytes in 266 msecs (HTTP/1.1 200) 9 headers in 358 bytes (2 switches on core 0)
Nov 24 15:19:15.450727 dv-cinder-804035-20-smb devstack@n-api.service[116085]: DEBUG nova.api.openstack.wsgi [None req-42b1ae81-e2a8-4da7-9c92-4257d3320d9f tempest-DeleteServersTestJSON-1678978451 tempest-DeleteServersTestJSON-1678978451-project] Calling method '>' {{(pid=116085) _process_stack /opt/stack/nova/nova/api/openstack/wsgi.py:513}}
Nov 24 15:19:15.451853 dv-cinder-804035-20-smb devstack@n-api.service[116085]: DEBUG nova.compute.api [None req-42b1ae81-e2a8-4da7-9c92-4257d3320d9f tempest-DeleteServersTestJSON-1678978451 tempest-DeleteServersTestJSON-1678978451-project] [instance: 9ade21f8-46a5-46ba-af07-78b5d7a8289b] Fetching instance by UUID {{(pid=116085) get /opt/stack/nova/nova/compute/api.py:2865}}
Nov 24 15:19:15.462712 dv-cinder-804035-20-smb devstack@n-api.service[116085]: DEBUG oslo_concurrency.lockutils [None req-42b1ae81-e2a8-4da7-9c92-4257d3320d9f tempest-DeleteServersTestJSON-1678978451 tempest-DeleteServersTestJSON-1678978451-project] Lock "d8c12458-85f9-44ee-9bd9-16de8a6eda8a" acquired by "nova.context.set_target_cell..get_or_set_cached_cell_and_set_connections" :: waited 0.000s {{(pid=116085) inner /usr/local/lib/python3.8/dist-packages/oslo_concurrency/lockutils.py:386}}
Nov 24 15:19:15.463157 dv-cinder-804035-20-smb devstack@n-api.service[116085]: DEBUG oslo_concurrency.lockutils [None req-42b1ae81-e2a8-4da7-9c92-4257d3320d9f tempest-DeleteServersTestJSON-1678978451 tempest-DeleteServersTestJSON-1678978451-project] Lock "d8c12458-85f9-44ee-9bd9-16de8a6eda8a" "released" by "nova.context.set_target_cell..get_or_set_cached_cell_and_set_connections" :: held 0.001s {{(pid=116085) inner /usr/local/lib/python3.8/dist-packages/oslo_concurrency/lockutils.py:400}}
Nov 24 15:19:15.468365 dv-cinder-804035-20-smb devstack@n-api.service[116085]: DEBUG oslo_concurrency.lockutils [None req-42b1ae81-e2a8-4da7-9c92-4257d3320d9f tempest-DeleteServersTestJSON-1678978451 tempest-DeleteServersTestJSON-1678978451-project] Lock "d8c12458-85f9-44ee-9bd9-16de8a6eda8a" acquired by "nova.context.set_target_cell..get_or_set_cached_cell_and_set_connections" :: waited 0.000s {{(pid=116085) inner /usr/local/lib/python3.8/dist-packages/oslo_concurrency/lockutils.py:386}}
Nov 24 15:19:15.469089 dv-cinder-804035-20-smb devstack@n-api.service[116085]: DEBUG oslo_concurrency.lockutils [None req-42b1ae81-e2a8-4da7-9c92-4257d3320d9f tempest-DeleteServersTestJSON-1678978451 tempest-DeleteServersTestJSON-1678978451-project] Lock "d8c12458-85f9-44ee-9bd9-16de8a6eda8a" "released" by "nova.context.set_target_cell..get_or_set_cached_cell_and_set_connections" :: held 0.002s {{(pid=116085) inner /usr/local/lib/python3.8/dist-packages/oslo_concurrency/lockutils.py:400}}
Nov 24 15:19:15.477512 dv-cinder-804035-20-smb devstack@n-api.service[116086]: INFO nova.api.openstack.requestlog [None req-e913ebbd-95c6-4e3e-9912-24e5911a7804 tempest-VolumesSnapshotsTestJSON-933777312 tempest-VolumesSnapshotsTestJSON-933777312-project] 10.222.0.62 "GET /compute/v2.1/os-snapshots/8c69da98-3012-48f6-8106-6a3013651026" status: 200 len: 286 microversion: 2.1 time: 0.129368
Nov 24 15:19:15.479192 dv-cinder-804035-20-smb devstack@n-api.service[116086]: [pid: 116086|app: 0|req: 12/17] 10.222.0.62 () {58 vars in 1250 bytes} [Wed Nov 24 15:19:15 2021] GET /compute/v2.1/os-snapshots/8c69da98-3012-48f6-8106-6a3013651026 => generated 286 bytes in 132 msecs (HTTP/1.1 200) 9 headers in 357 bytes (1 switches on core 0)
Nov 24 15:19:16.006278 dv-cinder-804035-20-smb devstack@n-api.service[116085]: DEBUG nova.policy [None req-42b1ae81-e2a8-4da7-9c92-4257d3320d9f tempest-DeleteServersTestJSON-1678978451 tempest-DeleteServersTestJSON-1678978451-project] Policy check for os_compute_api:os-extended-server-attributes failed with credentials {'is_admin': False, 'user_id': 'dfa694725a8c4996b01124c571ec42d9', 'user_domain_id': 'default', 'system_scope': None, 'domain_id': None, 'project_id': 'c0605007c7b340deb10edea30085be02', 'project_domain_id': 'default', 'roles': ['reader', 'member'], 'is_admin_project': True, 'service_user_id': None, 'service_user_domain_id': None, 'service_project_id': None, 'service_project_domain_id': None, 'service_roles': []} {{(pid=116085) authorize /opt/stack/nova/nova/policy.py:199}}
Nov 24 15:19:16.021895 dv-cinder-804035-20-smb devstack@n-api.service[116085]: INFO nova.api.openstack.requestlog [None req-42b1ae81-e2a8-4da7-9c92-4257d3320d9f tempest-DeleteServersTestJSON-1678978451 tempest-DeleteServersTestJSON-1678978451-project] 10.222.0.62 "GET /compute/v2.1/servers/9ade21f8-46a5-46ba-af07-78b5d7a8289b" status: 200 len: 1211 microversion: 2.1 time: 0.578344
Nov 24 15:19:16.032052 dv-cinder-804035-20-smb devstack@n-api.service[116085]: [pid: 116085|app: 0|req: 6/18] 10.222.0.62 () {58 vars in 1235 bytes} [Wed Nov 24 15:19:15 2021] GET /compute/v2.1/servers/9ade21f8-46a5-46ba-af07-78b5d7a8289b => generated 1211 bytes in 589 msecs (HTTP/1.1 200) 9 headers in 358 bytes (1 switches on core 0)
Nov 24 15:19:16.399102 dv-cinder-804035-20-smb devstack@n-api.service[116086]: DEBUG nova.api.openstack.wsgi [None req-409fed43-a671-4ecf-91e5-776d2b81f005 tempest-AttachVolumeNegativeTest-587163348 tempest-AttachVolumeNegativeTest-587163348-project] Calling method '>' {{(pid=116086) _process_stack /opt/stack/nova/nova/api/openstack/wsgi.py:513}}
Nov 24 15:19:16.399711 dv-cinder-804035-20-smb devstack@n-api.service[116086]: DEBUG nova.compute.api [None req-409fed43-a671-4ecf-91e5-776d2b81f005 tempest-AttachVolumeNegativeTest-587163348 tempest-AttachVolumeNegativeTest-587163348-project] [instance: a643a6c1-f632-4123-820b-ac3e69c419dc] Fetching instance by UUID {{(pid=116086) get /opt/stack/nova/nova/compute/api.py:2865}}
Nov 24 15:19:16.413324 dv-cinder-804035-20-smb devstack@n-api.service[116086]: DEBUG oslo_concurrency.lockutils [None req-409fed43-a671-4ecf-91e5-776d2b81f005 tempest-AttachVolumeNegativeTest-587163348 tempest-AttachVolumeNegativeTest-587163348-project] Lock "d8c12458-85f9-44ee-9bd9-16de8a6eda8a" acquired by "nova.context.set_target_cell..get_or_set_cached_cell_and_set_connections" :: waited 0.000s {{(pid=116086) inner /usr/local/lib/python3.8/dist-packages/oslo_concurrency/lockutils.py:386}}
Nov 24 15:19:16.415575 dv-cinder-804035-20-smb devstack@n-api.service[116086]: DEBUG oslo_concurrency.lockutils [None req-409fed43-a671-4ecf-91e5-776d2b81f005 tempest-AttachVolumeNegativeTest-587163348 tempest-AttachVolumeNegativeTest-587163348-project] Lock "d8c12458-85f9-44ee-9bd9-16de8a6eda8a" "released" by "nova.context.set_target_cell..get_or_set_cached_cell_and_set_connections" :: held 0.002s {{(pid=116086) inner /usr/local/lib/python3.8/dist-packages/oslo_concurrency/lockutils.py:400}}
Nov 24 15:19:16.416568 dv-cinder-804035-20-smb devstack@n-api.service[116086]: DEBUG oslo_concurrency.lockutils [None req-409fed43-a671-4ecf-91e5-776d2b81f005 tempest-AttachVolumeNegativeTest-587163348 tempest-AttachVolumeNegativeTest-587163348-project] Lock "d8c12458-85f9-44ee-9bd9-16de8a6eda8a" acquired by "nova.context.set_target_cell..get_or_set_cached_cell_and_set_connections" :: waited 0.000s {{(pid=116086) inner /usr/local/lib/python3.8/dist-packages/oslo_concurrency/lockutils.py:386}}
Nov 24 15:19:16.417155 dv-cinder-804035-20-smb devstack@n-api.service[116086]: DEBUG oslo_concurrency.lockutils [None req-409fed43-a671-4ecf-91e5-776d2b81f005 tempest-AttachVolumeNegativeTest-587163348 tempest-AttachVolumeNegativeTest-587163348-project] Lock "d8c12458-85f9-44ee-9bd9-16de8a6eda8a" "released" by "nova.context.set_target_cell..get_or_set_cached_cell_and_set_connections" :: held 0.001s {{(pid=116086) inner /usr/local/lib/python3.8/dist-packages/oslo_concurrency/lockutils.py:400}}
Nov 24 15:19:16.490626 dv-cinder-804035-20-smb devstack@n-api.service[116085]: DEBUG nova.api.openstack.wsgi [None req-8faa5d6d-6907-4f2a-a640-ba625f371c0c tempest-VolumesSnapshotsTestJSON-933777312 tempest-VolumesSnapshotsTestJSON-933777312-project] Calling method '.version_select at 0x7f1cc2f8bb80>' {{(pid=116085) _process_stack /opt/stack/nova/nova/api/openstack/wsgi.py:513}}
Nov 24 15:19:16.701635 dv-cinder-804035-20-smb devstack@n-api.service[116085]: INFO nova.api.openstack.wsgi [None req-8faa5d6d-6907-4f2a-a640-ba625f371c0c tempest-VolumesSnapshotsTestJSON-933777312 tempest-VolumesSnapshotsTestJSON-933777312-project] HTTP exception thrown: Snapshot 8c69da98-3012-48f6-8106-6a3013651026 could not be found.
Nov 24 15:19:16.704112 dv-cinder-804035-20-smb devstack@n-api.service[116085]: DEBUG nova.api.openstack.wsgi [None req-8faa5d6d-6907-4f2a-a640-ba625f371c0c tempest-VolumesSnapshotsTestJSON-933777312 tempest-VolumesSnapshotsTestJSON-933777312-project] Returning 404 to user: Snapshot 8c69da98-3012-48f6-8106-6a3013651026 could not be found. {{(pid=116085) __call__ /opt/stack/nova/nova/api/openstack/wsgi.py:936}}
Nov 24 15:19:16.706884 dv-cinder-804035-20-smb devstack@n-api.service[116085]: INFO nova.api.openstack.requestlog [None req-8faa5d6d-6907-4f2a-a640-ba625f371c0c tempest-VolumesSnapshotsTestJSON-933777312 tempest-VolumesSnapshotsTestJSON-933777312-project] 10.222.0.62 "GET /compute/v2.1/os-snapshots/8c69da98-3012-48f6-8106-6a3013651026" status: 404 len: 111 microversion: 2.1 time: 0.220596
Nov 24 15:19:16.707663 dv-cinder-804035-20-smb devstack@n-api.service[116085]: [pid: 116085|app: 0|req: 7/19] 10.222.0.62 () {58 vars in 1250 bytes} [Wed Nov 24 15:19:16 2021] GET /compute/v2.1/os-snapshots/8c69da98-3012-48f6-8106-6a3013651026 => generated 111 bytes in 222 msecs (HTTP/1.1 404) 9 headers in 379 bytes (2 switches on core 0)
Nov 24 15:19:16.718837 dv-cinder-804035-20-smb devstack@n-api.service[116085]: DEBUG nova.api.openstack.wsgi [None req-0c7a8077-46bb-4d89-8349-bca4b12c484d tempest-VolumesSnapshotsTestJSON-933777312 tempest-VolumesSnapshotsTestJSON-933777312-project] Calling method '.version_select at 0x7f1cc2f8b670>' {{(pid=116085) _process_stack /opt/stack/nova/nova/api/openstack/wsgi.py:513}}
Nov 24 15:19:16.877332 dv-cinder-804035-20-smb devstack@n-api.service[116085]: INFO nova.api.openstack.requestlog [None req-0c7a8077-46bb-4d89-8349-bca4b12c484d tempest-VolumesSnapshotsTestJSON-933777312 tempest-VolumesSnapshotsTestJSON-933777312-project] 10.222.0.62 "DELETE /compute/v2.1/os-volumes/81923eb2-11a8-45e3-8fe7-5f33fe7aa1c0" status: 202 len: 0 microversion: 2.1 time: 0.163675
Nov 24 15:19:16.878147 dv-cinder-804035-20-smb devstack@n-api.service[116085]: [pid: 116085|app: 0|req: 8/20] 10.222.0.62 () {58 vars in 1247 bytes} [Wed Nov 24 15:19:16 2021] DELETE /compute/v2.1/os-volumes/81923eb2-11a8-45e3-8fe7-5f33fe7aa1c0 => generated 0 bytes in 166 msecs (HTTP/1.1 202) 9 headers in 361 bytes (1 switches on core 0)
Nov 24 15:19:16.940519 dv-cinder-804035-20-smb devstack@n-api.service[116085]: DEBUG nova.api.openstack.wsgi [None req-c30946ed-345d-48ca-b522-f2c7838b2c75 tempest-VolumesSnapshotsTestJSON-933777312 tempest-VolumesSnapshotsTestJSON-933777312-project] Calling method '.version_select at 0x7f1cc2f9e430>' {{(pid=116085) _process_stack /opt/stack/nova/nova/api/openstack/wsgi.py:513}}
Nov 24 15:19:16.968882 dv-cinder-804035-20-smb devstack@n-api.service[116086]: DEBUG nova.policy [None req-409fed43-a671-4ecf-91e5-776d2b81f005 tempest-AttachVolumeNegativeTest-587163348 tempest-AttachVolumeNegativeTest-587163348-project] Policy check for os_compute_api:os-extended-server-attributes failed with credentials {'is_admin': False, 'user_id': 'd256fa14dcd2472cb983e3a850483c69', 'user_domain_id': 'default', 'system_scope': None, 'domain_id': None, 'project_id': 'a01101f608d14749afd6afa36990df1d', 'project_domain_id': 'default', 'roles': ['reader', 'member'], 'is_admin_project': True, 'service_user_id': None, 'service_user_domain_id': None, 'service_project_id': None, 'service_project_domain_id': None, 'service_roles': []} {{(pid=116086) authorize /opt/stack/nova/nova/policy.py:199}}
Nov 24 15:19:17.001899 dv-cinder-804035-20-smb devstack@n-api.service[116086]: INFO nova.api.openstack.requestlog [None req-409fed43-a671-4ecf-91e5-776d2b81f005 tempest-AttachVolumeNegativeTest-587163348 tempest-AttachVolumeNegativeTest-587163348-project] 10.222.0.62 "GET /compute/v2.1/servers/a643a6c1-f632-4123-820b-ac3e69c419dc" status: 200 len: 1270 microversion: 2.1 time: 0.603564
Nov 24 15:19:17.002815 dv-cinder-804035-20-smb devstack@n-api.service[116086]: [pid: 116086|app: 0|req: 13/21] 10.222.0.62 () {58 vars in 1235 bytes} [Wed Nov 24 15:19:16 2021] GET /compute/v2.1/servers/a643a6c1-f632-4123-820b-ac3e69c419dc => generated 1270 bytes in 608 msecs (HTTP/1.1 200) 9 headers in 358 bytes (1 switches on core 0)
Nov 24 15:19:17.016020 dv-cinder-804035-20-smb devstack@n-api.service[116086]: DEBUG nova.api.openstack.wsgi [None req-393782cb-2ca7-4ba1-88dc-4fc2e9b5bca8 tempest-VolumesTestJSON-1944746192 tempest-VolumesTestJSON-1944746192-project] Calling method '.version_select at 0x7f1cc2f3c700>' {{(pid=116086) _process_stack /opt/stack/nova/nova/api/openstack/wsgi.py:513}}
Nov 24 15:19:17.130388 dv-cinder-804035-20-smb devstack@n-api.service[116085]: INFO nova.api.openstack.requestlog [None req-c30946ed-345d-48ca-b522-f2c7838b2c75 tempest-VolumesSnapshotsTestJSON-933777312 tempest-VolumesSnapshotsTestJSON-933777312-project] 10.222.0.62 "GET /compute/v2.1/os-volumes/81923eb2-11a8-45e3-8fe7-5f33fe7aa1c0" status: 200 len: 345 microversion: 2.1 time: 0.246655
Nov 24 15:19:17.134833 dv-cinder-804035-20-smb devstack@n-api.service[116085]: [pid: 116085|app: 0|req: 9/22] 10.222.0.62 () {58 vars in 1244 bytes} [Wed Nov 24 15:19:16 2021] GET /compute/v2.1/os-volumes/81923eb2-11a8-45e3-8fe7-5f33fe7aa1c0 => generated 345 bytes in 252 msecs (HTTP/1.1 200) 9 headers in 357 bytes (1 switches on core 0)
Nov 24 15:19:17.139942 dv-cinder-804035-20-smb devstack@n-api.service[116085]: DEBUG nova.api.openstack.wsgi [None req-f6b0b41d-c72f-4fe3-86e9-41f29a30e824 tempest-DeleteServersTestJSON-1678978451 tempest-DeleteServersTestJSON-1678978451-project] Calling method '>' {{(pid=116085) _process_stack /opt/stack/nova/nova/api/openstack/wsgi.py:513}}
Nov 24 15:19:17.140890 dv-cinder-804035-20-smb devstack@n-api.service[116085]: DEBUG nova.compute.api [None req-f6b0b41d-c72f-4fe3-86e9-41f29a30e824 tempest-DeleteServersTestJSON-1678978451 tempest-DeleteServersTestJSON-1678978451-project] [instance: 9ade21f8-46a5-46ba-af07-78b5d7a8289b] Fetching instance by UUID {{(pid=116085) get /opt/stack/nova/nova/compute/api.py:2865}}
Nov 24 15:19:17.162616 dv-cinder-804035-20-smb devstack@n-api.service[116086]: INFO nova.api.openstack.requestlog [None req-393782cb-2ca7-4ba1-88dc-4fc2e9b5bca8 tempest-VolumesTestJSON-1944746192 tempest-VolumesTestJSON-1944746192-project] 10.222.0.62 "GET /compute/v2.1/os-volumes/8cdbae8c-32a4-4f3c-a943-97833c6b33a6" status: 200 len: 351 microversion: 2.1 time: 0.156811
Nov 24 15:19:17.170738 dv-cinder-804035-20-smb devstack@n-api.service[116086]: [pid: 116086|app: 0|req: 14/23] 10.222.0.62 () {58 vars in 1244 bytes} [Wed Nov 24 15:19:17 2021] GET /compute/v2.1/os-volumes/8cdbae8c-32a4-4f3c-a943-97833c6b33a6 => generated 351 bytes in 167 msecs (HTTP/1.1 200) 9 headers in 357 bytes (1 switches on core 0)
Nov 24 15:19:17.177956 dv-cinder-804035-20-smb devstack@n-api.service[116086]: DEBUG nova.api.openstack.wsgi [None req-dd6f742d-ccc5-4d4d-b95c-8df7aec12a22 tempest-VolumesTestJSON-1944746192 tempest-VolumesTestJSON-1944746192-project] Calling method '.version_select at 0x7f1cc40f5820>' {{(pid=116086) _process_stack /opt/stack/nova/nova/api/openstack/wsgi.py:513}}
Nov 24 15:19:17.180025 dv-cinder-804035-20-smb devstack@n-api.service[116085]: DEBUG oslo_concurrency.lockutils [None req-f6b0b41d-c72f-4fe3-86e9-41f29a30e824 tempest-DeleteServersTestJSON-1678978451 tempest-DeleteServersTestJSON-1678978451-project] Lock "d8c12458-85f9-44ee-9bd9-16de8a6eda8a" acquired by "nova.context.set_target_cell..get_or_set_cached_cell_and_set_connections" :: waited 0.000s {{(pid=116085) inner /usr/local/lib/python3.8/dist-packages/oslo_concurrency/lockutils.py:386}}
Nov 24 15:19:17.182828 dv-cinder-804035-20-smb devstack@n-api.service[116085]: DEBUG oslo_concurrency.lockutils [None req-f6b0b41d-c72f-4fe3-86e9-41f29a30e824 tempest-DeleteServersTestJSON-1678978451 tempest-DeleteServersTestJSON-1678978451-project] Lock "d8c12458-85f9-44ee-9bd9-16de8a6eda8a" "released" by "nova.context.set_target_cell..get_or_set_cached_cell_and_set_connections" :: held 0.024s {{(pid=116085) inner /usr/local/lib/python3.8/dist-packages/oslo_concurrency/lockutils.py:400}}
Nov 24 15:19:17.185009 dv-cinder-804035-20-smb devstack@n-api.service[116085]: DEBUG oslo_concurrency.lockutils [None req-f6b0b41d-c72f-4fe3-86e9-41f29a30e824 tempest-DeleteServersTestJSON-1678978451 tempest-DeleteServersTestJSON-1678978451-project] Lock "d8c12458-85f9-44ee-9bd9-16de8a6eda8a" acquired by "nova.context.set_target_cell..get_or_set_cached_cell_and_set_connections" :: waited 0.000s {{(pid=116085) inner /usr/local/lib/python3.8/dist-packages/oslo_concurrency/lockutils.py:386}}
Nov 24 15:19:17.185603 dv-cinder-804035-20-smb devstack@n-api.service[116085]: DEBUG oslo_concurrency.lockutils [None req-f6b0b41d-c72f-4fe3-86e9-41f29a30e824 tempest-DeleteServersTestJSON-1678978451 tempest-DeleteServersTestJSON-1678978451-project] Lock "d8c12458-85f9-44ee-9bd9-16de8a6eda8a" "released" by "nova.context.set_target_cell..get_or_set_cached_cell_and_set_connections" :: held 0.001s {{(pid=116085) inner /usr/local/lib/python3.8/dist-packages/oslo_concurrency/lockutils.py:400}}
Nov 24 15:19:17.361313 dv-cinder-804035-20-smb devstack@n-api.service[116086]: INFO nova.api.openstack.requestlog [None req-dd6f742d-ccc5-4d4d-b95c-8df7aec12a22 tempest-VolumesTestJSON-1944746192 tempest-VolumesTestJSON-1944746192-project] 10.222.0.62 "GET /compute/v2.1/os-volumes" status: 200 len: 1035 microversion: 2.1 time: 0.188684
Nov 24 15:19:17.363257 dv-cinder-804035-20-smb devstack@n-api.service[116086]: [pid: 116086|app: 0|req: 15/24] 10.222.0.62 () {58 vars in 1133 bytes} [Wed Nov 24 15:19:17 2021] GET /compute/v2.1/os-volumes => generated 1035 bytes in 192 msecs (HTTP/1.1 200) 9 headers in 358 bytes (1 switches on core 0)
Nov 24 15:19:17.375208 dv-cinder-804035-20-smb devstack@n-api.service[116086]: DEBUG nova.api.openstack.wsgi [None req-144cdf2e-f549-4524-a4cf-2923329f9399 tempest-VolumesTestJSON-1944746192 tempest-VolumesTestJSON-1944746192-project] Calling method '.version_select at 0x7f1cc2ee00d0>' {{(pid=116086) _process_stack /opt/stack/nova/nova/api/openstack/wsgi.py:513}}
Nov 24 15:19:17.592372 dv-cinder-804035-20-smb devstack@n-api.service[116086]: INFO nova.api.openstack.requestlog [None req-144cdf2e-f549-4524-a4cf-2923329f9399 tempest-VolumesTestJSON-1944746192 tempest-VolumesTestJSON-1944746192-project] 10.222.0.62 "GET /compute/v2.1/os-volumes?limit=2" status: 200 len: 694 microversion: 2.1 time: 0.220715
Nov 24 15:19:17.593110 dv-cinder-804035-20-smb devstack@n-api.service[116086]: [pid: 116086|app: 0|req: 16/25] 10.222.0.62 () {58 vars in 1148 bytes} [Wed Nov 24 15:19:17 2021] GET /compute/v2.1/os-volumes?limit=2 => generated 694 bytes in 222 msecs (HTTP/1.1 200) 9 headers in 357 bytes (2 switches on core 0)
Nov 24 15:19:17.606853 dv-cinder-804035-20-smb devstack@n-api.service[116086]: DEBUG nova.api.openstack.wsgi [None req-46a3fba7-401c-4612-8974-42ee4ba06df7 tempest-VolumesTestJSON-1944746192 tempest-VolumesTestJSON-1944746192-project] Calling method '.version_select at 0x7f1cc2f54430>' {{(pid=116086) _process_stack /opt/stack/nova/nova/api/openstack/wsgi.py:513}}
Nov 24 15:19:17.738847 dv-cinder-804035-20-smb devstack@n-api.service[116086]: INFO nova.api.openstack.requestlog [None req-46a3fba7-401c-4612-8974-42ee4ba06df7 tempest-VolumesTestJSON-1944746192 tempest-VolumesTestJSON-1944746192-project] 10.222.0.62 "GET /compute/v2.1/os-volumes" status: 200 len: 1035 microversion: 2.1 time: 0.135228
Nov 24 15:19:17.746269 dv-cinder-804035-20-smb devstack@n-api.service[116086]: [pid: 116086|app: 0|req: 17/26] 10.222.0.62 () {58 vars in 1133 bytes} [Wed Nov 24 15:19:17 2021] GET /compute/v2.1/os-volumes => generated 1035 bytes in 144 msecs (HTTP/1.1 200) 9 headers in 358 bytes (2 switches on core 0)
Nov 24 15:19:17.751607 dv-cinder-804035-20-smb devstack@n-api.service[116086]: DEBUG nova.api.openstack.wsgi [None req-3601be79-0137-47ca-a816-5d9364dcad0a tempest-VolumesTestJSON-1944746192 tempest-VolumesTestJSON-1944746192-project] Calling method '.version_select at 0x7f1cc2f303a0>' {{(pid=116086) _process_stack /opt/stack/nova/nova/api/openstack/wsgi.py:513}}
