Nov 24 11:02:54.234250 dv-cinder-804035-18-smb devstack@c-api.service[109512]: INFO cinder.api.openstack.wsgi [None req-d022abe8-c376-43ce-84f6-35a28ff35d7d tempest-QosSpecsTestJSON-708175484 tempest-QosSpecsTestJSON-708175484-project-admin] GET http://10.222.0.50/volume/v3/d086e86797fc45fa924d2165eeccd313/qos-specs/9d6a228e-55f4-48f2-80d0-52a0da053284/associations
Nov 24 11:02:54.234745 dv-cinder-804035-18-smb devstack@c-api.service[109512]: DEBUG cinder.api.openstack.wsgi [None req-d022abe8-c376-43ce-84f6-35a28ff35d7d tempest-QosSpecsTestJSON-708175484 tempest-QosSpecsTestJSON-708175484-project-admin] Empty body provided in request {{(pid=109512) get_body /opt/stack/cinder/cinder/api/openstack/wsgi.py:703}}
Nov 24 11:02:54.234956 dv-cinder-804035-18-smb devstack@c-api.service[109512]: /usr/local/lib/python3.8/dist-packages/webob/acceptparse.py:1047: DeprecationWarning: The behavior of AcceptValidHeader.best_match is currently being maintained for backward compatibility, but it will be deprecated in the future, as it does not conform to the RFC.
Nov 24 11:02:54.234956 dv-cinder-804035-18-smb devstack@c-api.service[109512]: warnings.warn(
Nov 24 11:02:54.235272 dv-cinder-804035-18-smb devstack@c-api.service[109512]: DEBUG cinder.api.openstack.wsgi [None req-d022abe8-c376-43ce-84f6-35a28ff35d7d tempest-QosSpecsTestJSON-708175484 tempest-QosSpecsTestJSON-708175484-project-admin] Calling method 'associations' {{(pid=109512) _process_stack /opt/stack/cinder/cinder/api/openstack/wsgi.py:856}}
Nov 24 11:02:54.236024 dv-cinder-804035-18-smb devstack@c-api.service[109512]: /usr/local/lib/python3.8/dist-packages/oslo_context/context.py:105: DeprecationWarning: Policy enforcement is depending on the value of is_admin. This key is deprecated. Please update your policy file to use the standard policy values.
Nov 24 11:02:54.236024 dv-cinder-804035-18-smb devstack@c-api.service[109512]: warnings.warn('Policy enforcement is depending on the value of '
Nov 24 11:02:54.236764 dv-cinder-804035-18-smb devstack@c-api.service[109512]: DEBUG cinder.api.contrib.qos_specs_manage [None req-d022abe8-c376-43ce-84f6-35a28ff35d7d tempest-QosSpecsTestJSON-708175484 tempest-QosSpecsTestJSON-708175484-project-admin] Get associations for qos_spec id: 9d6a228e-55f4-48f2-80d0-52a0da053284 {{(pid=109512) associations /opt/stack/cinder/cinder/api/contrib/qos_specs_manage.py:233}}
Nov 24 11:02:54.253411 dv-cinder-804035-18-smb devstack@c-api.service[109512]: INFO cinder.api.openstack.wsgi [None req-d022abe8-c376-43ce-84f6-35a28ff35d7d tempest-QosSpecsTestJSON-708175484 tempest-QosSpecsTestJSON-708175484-project-admin] http://10.222.0.50/volume/v3/d086e86797fc45fa924d2165eeccd313/qos-specs/9d6a228e-55f4-48f2-80d0-52a0da053284/associations returned with HTTP 200
Nov 24 11:02:54.255196 dv-cinder-804035-18-smb devstack@c-api.service[109512]: [pid: 109512|app: 0|req: 15/26] 10.222.0.50 () {58 vars in 1369 bytes} [Wed Nov 24 11:02:54 2021] GET /volume/v3/d086e86797fc45fa924d2165eeccd313/qos-specs/9d6a228e-55f4-48f2-80d0-52a0da053284/associations => generated 303 bytes in 27 msecs (HTTP/1.1 200) 7 headers in 285 bytes (2 switches on core 0)
Nov 24 11:02:54.266154 dv-cinder-804035-18-smb devstack@c-api.service[109513]: INFO cinder.api.openstack.wsgi [None req-467aa841-17fa-4918-8c84-1339895125d9 tempest-QosSpecsTestJSON-708175484 tempest-QosSpecsTestJSON-708175484-project-admin] GET http://10.222.0.50/volume/v3/d086e86797fc45fa924d2165eeccd313/qos-specs/9d6a228e-55f4-48f2-80d0-52a0da053284/disassociate_all
Nov 24 11:02:54.267080 dv-cinder-804035-18-smb devstack@c-api.service[109513]: DEBUG cinder.api.openstack.wsgi [None req-467aa841-17fa-4918-8c84-1339895125d9 tempest-QosSpecsTestJSON-708175484 tempest-QosSpecsTestJSON-708175484-project-admin] Empty body provided in request {{(pid=109513) get_body /opt/stack/cinder/cinder/api/openstack/wsgi.py:703}}
Nov 24 11:02:54.267466 dv-cinder-804035-18-smb devstack@c-api.service[109513]: /usr/local/lib/python3.8/dist-packages/webob/acceptparse.py:1047: DeprecationWarning: The behavior of AcceptValidHeader.best_match is currently being maintained for backward compatibility, but it will be deprecated in the future, as it does not conform to the RFC.
Nov 24 11:02:54.267466 dv-cinder-804035-18-smb devstack@c-api.service[109513]: warnings.warn(
Nov 24 11:02:54.268053 dv-cinder-804035-18-smb devstack@c-api.service[109513]: DEBUG cinder.api.openstack.wsgi [None req-467aa841-17fa-4918-8c84-1339895125d9 tempest-QosSpecsTestJSON-708175484 tempest-QosSpecsTestJSON-708175484-project-admin] Calling method 'disassociate_all' {{(pid=109513) _process_stack /opt/stack/cinder/cinder/api/openstack/wsgi.py:856}}
Nov 24 11:02:54.268956 dv-cinder-804035-18-smb devstack@c-api.service[109513]: /usr/local/lib/python3.8/dist-packages/oslo_context/context.py:105: DeprecationWarning: Policy enforcement is depending on the value of is_admin. This key is deprecated. Please update your policy file to use the standard policy values.
Nov 24 11:02:54.268956 dv-cinder-804035-18-smb devstack@c-api.service[109513]: warnings.warn('Policy enforcement is depending on the value of '
Nov 24 11:02:54.270784 dv-cinder-804035-18-smb devstack@c-api.service[109513]: DEBUG cinder.api.contrib.qos_specs_manage [None req-467aa841-17fa-4918-8c84-1339895125d9 tempest-QosSpecsTestJSON-708175484 tempest-QosSpecsTestJSON-708175484-project-admin] Disassociate qos_spec: 9d6a228e-55f4-48f2-80d0-52a0da053284 from all. {{(pid=109513) disassociate_all /opt/stack/cinder/cinder/api/contrib/qos_specs_manage.py:361}}
Nov 24 11:02:54.307597 dv-cinder-804035-18-smb devstack@c-api.service[109513]: INFO cinder.api.openstack.wsgi [None req-467aa841-17fa-4918-8c84-1339895125d9 tempest-QosSpecsTestJSON-708175484 tempest-QosSpecsTestJSON-708175484-project-admin] http://10.222.0.50/volume/v3/d086e86797fc45fa924d2165eeccd313/qos-specs/9d6a228e-55f4-48f2-80d0-52a0da053284/disassociate_all returned with HTTP 202
Nov 24 11:02:54.313708 dv-cinder-804035-18-smb devstack@c-api.service[109513]: [pid: 109513|app: 0|req: 12/27] 10.222.0.50 () {58 vars in 1381 bytes} [Wed Nov 24 11:02:54 2021] GET /volume/v3/d086e86797fc45fa924d2165eeccd313/qos-specs/9d6a228e-55f4-48f2-80d0-52a0da053284/disassociate_all => generated 0 bytes in 54 msecs (HTTP/1.1 202) 6 headers in 233 bytes (1 switches on core 0)
Nov 24 11:02:54.323614 dv-cinder-804035-18-smb devstack@c-api.service[109512]: INFO cinder.api.openstack.wsgi [None req-bfe27508-534b-451e-ba6f-b47b266ab910 tempest-QosSpecsTestJSON-708175484 tempest-QosSpecsTestJSON-708175484-project-admin] GET http://10.222.0.50/volume/v3/d086e86797fc45fa924d2165eeccd313/qos-specs/9d6a228e-55f4-48f2-80d0-52a0da053284/associations
Nov 24 11:02:54.325040 dv-cinder-804035-18-smb devstack@c-api.service[109512]: DEBUG cinder.api.openstack.wsgi [None req-bfe27508-534b-451e-ba6f-b47b266ab910 tempest-QosSpecsTestJSON-708175484 tempest-QosSpecsTestJSON-708175484-project-admin] Empty body provided in request {{(pid=109512) get_body /opt/stack/cinder/cinder/api/openstack/wsgi.py:703}}
Nov 24 11:02:54.325399 dv-cinder-804035-18-smb devstack@c-api.service[109512]: /usr/local/lib/python3.8/dist-packages/webob/acceptparse.py:1047: DeprecationWarning: The behavior of AcceptValidHeader.best_match is currently being maintained for backward compatibility, but it will be deprecated in the future, as it does not conform to the RFC.
Nov 24 11:02:54.325399 dv-cinder-804035-18-smb devstack@c-api.service[109512]: warnings.warn(
Nov 24 11:02:54.325709 dv-cinder-804035-18-smb devstack@c-api.service[109512]: DEBUG cinder.api.openstack.wsgi [None req-bfe27508-534b-451e-ba6f-b47b266ab910 tempest-QosSpecsTestJSON-708175484 tempest-QosSpecsTestJSON-708175484-project-admin] Calling method 'associations' {{(pid=109512) _process_stack /opt/stack/cinder/cinder/api/openstack/wsgi.py:856}}
Nov 24 11:02:54.326359 dv-cinder-804035-18-smb devstack@c-api.service[109512]: /usr/local/lib/python3.8/dist-packages/oslo_context/context.py:105: DeprecationWarning: Policy enforcement is depending on the value of is_admin. This key is deprecated. Please update your policy file to use the standard policy values.
Nov 24 11:02:54.326359 dv-cinder-804035-18-smb devstack@c-api.service[109512]: warnings.warn('Policy enforcement is depending on the value of '
Nov 24 11:02:54.327032 dv-cinder-804035-18-smb devstack@c-api.service[109512]: DEBUG cinder.api.contrib.qos_specs_manage [None req-bfe27508-534b-451e-ba6f-b47b266ab910 tempest-QosSpecsTestJSON-708175484 tempest-QosSpecsTestJSON-708175484-project-admin] Get associations for qos_spec id: 9d6a228e-55f4-48f2-80d0-52a0da053284 {{(pid=109512) associations /opt/stack/cinder/cinder/api/contrib/qos_specs_manage.py:233}}
Nov 24 11:02:54.359732 dv-cinder-804035-18-smb devstack@c-api.service[109512]: INFO cinder.api.openstack.wsgi [None req-bfe27508-534b-451e-ba6f-b47b266ab910 tempest-QosSpecsTestJSON-708175484 tempest-QosSpecsTestJSON-708175484-project-admin] http://10.222.0.50/volume/v3/d086e86797fc45fa924d2165eeccd313/qos-specs/9d6a228e-55f4-48f2-80d0-52a0da053284/associations returned with HTTP 200
Nov 24 11:02:54.360516 dv-cinder-804035-18-smb devstack@c-api.service[109512]: [pid: 109512|app: 0|req: 16/28] 10.222.0.50 () {58 vars in 1369 bytes} [Wed Nov 24 11:02:54 2021] GET /volume/v3/d086e86797fc45fa924d2165eeccd313/qos-specs/9d6a228e-55f4-48f2-80d0-52a0da053284/associations => generated 24 bytes in 47 msecs (HTTP/1.1 200) 7 headers in 284 bytes (2 switches on core 0)
Nov 24 11:02:54.380355 dv-cinder-804035-18-smb devstack@c-api.service[109513]: INFO cinder.api.openstack.wsgi [None req-cfc001bd-e880-4fdc-9e36-c78347398bc8 tempest-QosSpecsTestJSON-708175484 tempest-QosSpecsTestJSON-708175484-project-admin] POST http://10.222.0.50/volume/v3/d086e86797fc45fa924d2165eeccd313/qos-specs
Nov 24 11:02:54.380355 dv-cinder-804035-18-smb devstack@c-api.service[109513]: /usr/local/lib/python3.8/dist-packages/webob/acceptparse.py:1047: DeprecationWarning: The behavior of AcceptValidHeader.best_match is currently being maintained for backward compatibility, but it will be deprecated in the future, as it does not conform to the RFC.
Nov 24 11:02:54.380355 dv-cinder-804035-18-smb devstack@c-api.service[109513]: warnings.warn(
Nov 24 11:02:54.380896 dv-cinder-804035-18-smb devstack@c-api.service[109513]: DEBUG cinder.api.openstack.wsgi [None req-cfc001bd-e880-4fdc-9e36-c78347398bc8 tempest-QosSpecsTestJSON-708175484 tempest-QosSpecsTestJSON-708175484-project-admin] Action: 'create', calling method: create, body: {"qos_specs": {"name": "tempest-QosSpecsTestJSON-qos-1774478390", "consumer": "back-end"}} {{(pid=109513) _process_stack /opt/stack/cinder/cinder/api/openstack/wsgi.py:854}}
Nov 24 11:02:54.382160 dv-cinder-804035-18-smb devstack@c-api.service[109513]: /usr/local/lib/python3.8/dist-packages/oslo_context/context.py:105: DeprecationWarning: Policy enforcement is depending on the value of is_admin. This key is deprecated. Please update your policy file to use the standard policy values.
Nov 24 11:02:54.382160 dv-cinder-804035-18-smb devstack@c-api.service[109513]: warnings.warn('Policy enforcement is depending on the value of '
Nov 24 11:02:54.383019 dv-cinder-804035-18-smb devstack@c-api.service[109513]: DEBUG cinder.volume.qos_specs [None req-cfc001bd-e880-4fdc-9e36-c78347398bc8 tempest-QosSpecsTestJSON-708175484 tempest-QosSpecsTestJSON-708175484-project-admin] Dict for qos_specs: {'name': 'tempest-QosSpecsTestJSON-qos-1774478390', 'consumer': 'back-end', 'specs': {}} {{(pid=109513) create /opt/stack/cinder/cinder/volume/qos_specs.py:64}}
Nov 24 11:02:54.388372 dv-cinder-804035-18-smb devstack@c-api.service[109513]: DEBUG cinder.db.sqlalchemy.api [None req-cfc001bd-e880-4fdc-9e36-c78347398bc8 tempest-QosSpecsTestJSON-708175484 tempest-QosSpecsTestJSON-708175484-project-admin] DB qos_specs_create(): root {'id': '36a5aeb4-71d8-4f9c-9f8e-165b3efcbf6d', 'key': 'QoS_Specs_Name', 'value': 'tempest-QosSpecsTestJSON-qos-1774478390'} {{(pid=109513) qos_specs_create /opt/stack/cinder/cinder/db/sqlalchemy/api.py:4631}}
Nov 24 11:02:54.395831 dv-cinder-804035-18-smb devstack@c-api.service[109513]: INFO cinder.api.openstack.wsgi [None req-cfc001bd-e880-4fdc-9e36-c78347398bc8 tempest-QosSpecsTestJSON-708175484 tempest-QosSpecsTestJSON-708175484-project-admin] http://10.222.0.50/volume/v3/d086e86797fc45fa924d2165eeccd313/qos-specs returned with HTTP 200
Nov 24 11:02:54.401017 dv-cinder-804035-18-smb devstack@c-api.service[109513]: [pid: 109513|app: 0|req: 13/29] 10.222.0.50 () {60 vars in 1240 bytes} [Wed Nov 24 11:02:54 2021] POST /volume/v3/d086e86797fc45fa924d2165eeccd313/qos-specs => generated 435 bytes in 34 msecs (HTTP/1.1 200) 7 headers in 285 bytes (1 switches on core 0)
Nov 24 11:02:54.408699 dv-cinder-804035-18-smb devstack@c-api.service[109512]: INFO cinder.api.openstack.wsgi [None req-44c0aabb-edde-47ba-a561-fab4d2ddcd1a tempest-QosSpecsTestJSON-708175484 tempest-QosSpecsTestJSON-708175484-project-admin] DELETE http://10.222.0.50/volume/v3/d086e86797fc45fa924d2165eeccd313/qos-specs/36a5aeb4-71d8-4f9c-9f8e-165b3efcbf6d?force=False
Nov 24 11:02:54.409412 dv-cinder-804035-18-smb devstack@c-api.service[109512]: DEBUG cinder.api.openstack.wsgi [None req-44c0aabb-edde-47ba-a561-fab4d2ddcd1a tempest-QosSpecsTestJSON-708175484 tempest-QosSpecsTestJSON-708175484-project-admin] Empty body provided in request {{(pid=109512) get_body /opt/stack/cinder/cinder/api/openstack/wsgi.py:703}}
Nov 24 11:02:54.409868 dv-cinder-804035-18-smb devstack@c-api.service[109512]: /usr/local/lib/python3.8/dist-packages/webob/acceptparse.py:1047: DeprecationWarning: The behavior of AcceptValidHeader.best_match is currently being maintained for backward compatibility, but it will be deprecated in the future, as it does not conform to the RFC.
Nov 24 11:02:54.409868 dv-cinder-804035-18-smb devstack@c-api.service[109512]: warnings.warn(
Nov 24 11:02:54.410727 dv-cinder-804035-18-smb devstack@c-api.service[109512]: DEBUG cinder.api.openstack.wsgi [None req-44c0aabb-edde-47ba-a561-fab4d2ddcd1a tempest-QosSpecsTestJSON-708175484 tempest-QosSpecsTestJSON-708175484-project-admin] Calling method 'delete' {{(pid=109512) _process_stack /opt/stack/cinder/cinder/api/openstack/wsgi.py:856}}
Nov 24 11:02:54.410886 dv-cinder-804035-18-smb devstack@c-api.service[109512]: /usr/local/lib/python3.8/dist-packages/oslo_context/context.py:105: DeprecationWarning: Policy enforcement is depending on the value of is_admin. This key is deprecated. Please update your policy file to use the standard policy values.
Nov 24 11:02:54.410886 dv-cinder-804035-18-smb devstack@c-api.service[109512]: warnings.warn('Policy enforcement is depending on the value of '
Nov 24 11:02:54.411754 dv-cinder-804035-18-smb devstack@c-api.service[109512]: DEBUG cinder.api.contrib.qos_specs_manage [None req-44c0aabb-edde-47ba-a561-fab4d2ddcd1a tempest-QosSpecsTestJSON-708175484 tempest-QosSpecsTestJSON-708175484-project-admin] Delete qos_spec: 36a5aeb4-71d8-4f9c-9f8e-165b3efcbf6d, force: False {{(pid=109512) delete /opt/stack/cinder/cinder/api/contrib/qos_specs_manage.py:168}}
Nov 24 11:02:54.442967 dv-cinder-804035-18-smb devstack@c-api.service[109512]: INFO cinder.api.openstack.wsgi [None req-44c0aabb-edde-47ba-a561-fab4d2ddcd1a tempest-QosSpecsTestJSON-708175484 tempest-QosSpecsTestJSON-708175484-project-admin] http://10.222.0.50/volume/v3/d086e86797fc45fa924d2165eeccd313/qos-specs/36a5aeb4-71d8-4f9c-9f8e-165b3efcbf6d?force=False returned with HTTP 202
Nov 24 11:02:54.447264 dv-cinder-804035-18-smb devstack@c-api.service[109512]: [pid: 109512|app: 0|req: 17/30] 10.222.0.50 () {58 vars in 1356 bytes} [Wed Nov 24 11:02:54 2021] DELETE /volume/v3/d086e86797fc45fa924d2165eeccd313/qos-specs/36a5aeb4-71d8-4f9c-9f8e-165b3efcbf6d?force=False => generated 0 bytes in 42 msecs (HTTP/1.1 202) 6 headers in 233 bytes (1 switches on core 0)
Nov 24 11:02:54.473598 dv-cinder-804035-18-smb devstack@c-api.service[109512]: INFO cinder.api.openstack.wsgi [None req-23047452-d385-4c3c-89fd-f3a1e88f181c tempest-VolumesTestJSON-1830025841 tempest-VolumesTestJSON-1830025841-project] GET http://10.222.0.50/volume/v3/a1b8d6beca4d47ebb4956fc0897f1995/volumes/caf03b8f-2e65-4ca7-b5c6-84ddcf248a64
Nov 24 11:02:54.479292 dv-cinder-804035-18-smb devstack@c-api.service[109512]: DEBUG cinder.api.openstack.wsgi [None req-23047452-d385-4c3c-89fd-f3a1e88f181c tempest-VolumesTestJSON-1830025841 tempest-VolumesTestJSON-1830025841-project] Empty body provided in request {{(pid=109512) get_body /opt/stack/cinder/cinder/api/openstack/wsgi.py:703}}
Nov 24 11:02:54.479524 dv-cinder-804035-18-smb devstack@c-api.service[109512]: /usr/local/lib/python3.8/dist-packages/webob/acceptparse.py:1047: DeprecationWarning: The behavior of AcceptValidHeader.best_match is currently being maintained for backward compatibility, but it will be deprecated in the future, as it does not conform to the RFC.
Nov 24 11:02:54.479524 dv-cinder-804035-18-smb devstack@c-api.service[109512]: warnings.warn(
Nov 24 11:02:54.480913 dv-cinder-804035-18-smb devstack@c-api.service[109512]: DEBUG cinder.api.openstack.wsgi [None req-23047452-d385-4c3c-89fd-f3a1e88f181c tempest-VolumesTestJSON-1830025841 tempest-VolumesTestJSON-1830025841-project] Calling method 'show' {{(pid=109512) _process_stack /opt/stack/cinder/cinder/api/openstack/wsgi.py:856}}
Nov 24 11:02:54.489790 dv-cinder-804035-18-smb devstack@c-api.service[109513]: INFO cinder.api.openstack.wsgi [None req-b68d6df6-b884-4189-9ce9-1308660a8208 tempest-QosSpecsTestJSON-708175484 tempest-QosSpecsTestJSON-708175484-project-admin] GET http://10.222.0.50/volume/v3/d086e86797fc45fa924d2165eeccd313/qos-specs/36a5aeb4-71d8-4f9c-9f8e-165b3efcbf6d
Nov 24 11:02:54.492344 dv-cinder-804035-18-smb devstack@c-api.service[109513]: DEBUG cinder.api.openstack.wsgi [None req-b68d6df6-b884-4189-9ce9-1308660a8208 tempest-QosSpecsTestJSON-708175484 tempest-QosSpecsTestJSON-708175484-project-admin] Empty body provided in request {{(pid=109513) get_body /opt/stack/cinder/cinder/api/openstack/wsgi.py:703}}
Nov 24 11:02:54.494525 dv-cinder-804035-18-smb devstack@c-api.service[109513]: /usr/local/lib/python3.8/dist-packages/webob/acceptparse.py:1047: DeprecationWarning: The behavior of AcceptValidHeader.best_match is currently being maintained for backward compatibility, but it will be deprecated in the future, as it does not conform to the RFC.
Nov 24 11:02:54.494525 dv-cinder-804035-18-smb devstack@c-api.service[109513]: warnings.warn(
Nov 24 11:02:54.498501 dv-cinder-804035-18-smb devstack@c-api.service[109513]: DEBUG cinder.api.openstack.wsgi [None req-b68d6df6-b884-4189-9ce9-1308660a8208 tempest-QosSpecsTestJSON-708175484 tempest-QosSpecsTestJSON-708175484-project-admin] Calling method 'show' {{(pid=109513) _process_stack /opt/stack/cinder/cinder/api/openstack/wsgi.py:856}}
Nov 24 11:02:54.498501 dv-cinder-804035-18-smb devstack@c-api.service[109513]: /usr/local/lib/python3.8/dist-packages/oslo_context/context.py:105: DeprecationWarning: Policy enforcement is depending on the value of is_admin. This key is deprecated. Please update your policy file to use the standard policy values.
Nov 24 11:02:54.498501 dv-cinder-804035-18-smb devstack@c-api.service[109513]: warnings.warn('Policy enforcement is depending on the value of '
Nov 24 11:02:54.510578 dv-cinder-804035-18-smb devstack@c-api.service[109513]: INFO cinder.api.openstack.wsgi [None req-b68d6df6-b884-4189-9ce9-1308660a8208 tempest-QosSpecsTestJSON-708175484 tempest-QosSpecsTestJSON-708175484-project-admin] http://10.222.0.50/volume/v3/d086e86797fc45fa924d2165eeccd313/qos-specs/36a5aeb4-71d8-4f9c-9f8e-165b3efcbf6d returned with HTTP 404
Nov 24 11:02:54.518181 dv-cinder-804035-18-smb devstack@c-api.service[109513]: [pid: 109513|app: 0|req: 14/31] 10.222.0.50 () {58 vars in 1330 bytes} [Wed Nov 24 11:02:54 2021] GET /volume/v3/d086e86797fc45fa924d2165eeccd313/qos-specs/36a5aeb4-71d8-4f9c-9f8e-165b3efcbf6d => generated 100 bytes in 65 msecs (HTTP/1.1 404) 7 headers in 292 bytes (1 switches on core 0)
Nov 24 11:02:54.520207 dv-cinder-804035-18-smb devstack@c-api.service[109512]: /usr/local/lib/python3.8/dist-packages/oslo_context/context.py:105: DeprecationWarning: Policy enforcement is depending on the value of is_admin. This key is deprecated. Please update your policy file to use the standard policy values.
Nov 24 11:02:54.520207 dv-cinder-804035-18-smb devstack@c-api.service[109512]: warnings.warn('Policy enforcement is depending on the value of '
Nov 24 11:02:54.528321 dv-cinder-804035-18-smb devstack@c-api.service[109513]: INFO cinder.api.openstack.wsgi [None req-516d3115-bd9c-4361-b676-9f8f41daef92 tempest-QosSpecsTestJSON-708175484 tempest-QosSpecsTestJSON-708175484-project-admin] GET http://10.222.0.50/volume/v3/d086e86797fc45fa924d2165eeccd313/qos-specs
Nov 24 11:02:54.528961 dv-cinder-804035-18-smb devstack@c-api.service[109513]: DEBUG cinder.api.openstack.wsgi [None req-516d3115-bd9c-4361-b676-9f8f41daef92 tempest-QosSpecsTestJSON-708175484 tempest-QosSpecsTestJSON-708175484-project-admin] Empty body provided in request {{(pid=109513) get_body /opt/stack/cinder/cinder/api/openstack/wsgi.py:703}}
Nov 24 11:02:54.529384 dv-cinder-804035-18-smb devstack@c-api.service[109513]: DEBUG cinder.api.openstack.wsgi [None req-516d3115-bd9c-4361-b676-9f8f41daef92 tempest-QosSpecsTestJSON-708175484 tempest-QosSpecsTestJSON-708175484-project-admin] Calling method 'index' {{(pid=109513) _process_stack /opt/stack/cinder/cinder/api/openstack/wsgi.py:856}}
Nov 24 11:02:54.533032 dv-cinder-804035-18-smb devstack@c-api.service[109512]: INFO cinder.volume.api [None req-23047452-d385-4c3c-89fd-f3a1e88f181c tempest-VolumesTestJSON-1830025841 tempest-VolumesTestJSON-1830025841-project] Volume info retrieved successfully.
Nov 24 11:02:54.548653 dv-cinder-804035-18-smb devstack@c-api.service[109513]: INFO cinder.api.openstack.wsgi [None req-516d3115-bd9c-4361-b676-9f8f41daef92 tempest-QosSpecsTestJSON-708175484 tempest-QosSpecsTestJSON-708175484-project-admin] http://10.222.0.50/volume/v3/d086e86797fc45fa924d2165eeccd313/qos-specs returned with HTTP 200
Nov 24 11:02:54.549742 dv-cinder-804035-18-smb devstack@c-api.service[109513]: [pid: 109513|app: 0|req: 15/32] 10.222.0.50 () {58 vars in 1219 bytes} [Wed Nov 24 11:02:54 2021] GET /volume/v3/d086e86797fc45fa924d2165eeccd313/qos-specs => generated 175 bytes in 31 msecs (HTTP/1.1 200) 7 headers in 285 bytes (1 switches on core 0)
Nov 24 11:02:54.550916 dv-cinder-804035-18-smb devstack@c-api.service[109512]: INFO cinder.api.openstack.wsgi [None req-23047452-d385-4c3c-89fd-f3a1e88f181c tempest-VolumesTestJSON-1830025841 tempest-VolumesTestJSON-1830025841-project] http://10.222.0.50/volume/v3/a1b8d6beca4d47ebb4956fc0897f1995/volumes/caf03b8f-2e65-4ca7-b5c6-84ddcf248a64 returned with HTTP 200
Nov 24 11:02:54.551837 dv-cinder-804035-18-smb devstack@c-api.service[109512]: [pid: 109512|app: 0|req: 18/33] 10.222.0.50 () {58 vars in 1324 bytes} [Wed Nov 24 11:02:54 2021] GET /volume/v3/a1b8d6beca4d47ebb4956fc0897f1995/volumes/caf03b8f-2e65-4ca7-b5c6-84ddcf248a64 => generated 922 bytes in 91 msecs (HTTP/1.1 200) 7 headers in 285 bytes (1 switches on core 0)
Nov 24 11:02:54.571900 dv-cinder-804035-18-smb devstack@c-api.service[109512]: INFO cinder.api.openstack.wsgi [None req-a905cd21-0f06-4202-a9bb-23c0793a26bb tempest-VolumeQuotasNegativeTestJSON-836277225 tempest-VolumeQuotasNegativeTestJSON-836277225-project] GET http://10.222.0.50/volume/v3/c5f6d77a0ca1449cb44f02a03bfff0cb/volumes/c93016a6-5e07-448c-b615-8994eae1b4a9
Nov 24 11:02:54.573467 dv-cinder-804035-18-smb devstack@c-api.service[109512]: DEBUG cinder.api.openstack.wsgi [None req-a905cd21-0f06-4202-a9bb-23c0793a26bb tempest-VolumeQuotasNegativeTestJSON-836277225 tempest-VolumeQuotasNegativeTestJSON-836277225-project] Empty body provided in request {{(pid=109512) get_body /opt/stack/cinder/cinder/api/openstack/wsgi.py:703}}
Nov 24 11:02:54.573749 dv-cinder-804035-18-smb devstack@c-api.service[109512]: /usr/local/lib/python3.8/dist-packages/webob/acceptparse.py:1047: DeprecationWarning: The behavior of AcceptValidHeader.best_match is currently being maintained for backward compatibility, but it will be deprecated in the future, as it does not conform to the RFC.
Nov 24 11:02:54.573749 dv-cinder-804035-18-smb devstack@c-api.service[109512]: warnings.warn(
Nov 24 11:02:54.574602 dv-cinder-804035-18-smb devstack@c-api.service[109512]: DEBUG cinder.api.openstack.wsgi [None req-a905cd21-0f06-4202-a9bb-23c0793a26bb tempest-VolumeQuotasNegativeTestJSON-836277225 tempest-VolumeQuotasNegativeTestJSON-836277225-project] Calling method 'show' {{(pid=109512) _process_stack /opt/stack/cinder/cinder/api/openstack/wsgi.py:856}}
Nov 24 11:02:54.577427 dv-cinder-804035-18-smb devstack@c-api.service[109513]: INFO cinder.api.openstack.wsgi [None req-d11c5b45-10c8-4c97-823e-d62d8dfdf785 tempest-QosSpecsTestJSON-708175484 tempest-QosSpecsTestJSON-708175484-project-admin] POST http://10.222.0.50/volume/v3/d086e86797fc45fa924d2165eeccd313/qos-specs
Nov 24 11:02:54.578594 dv-cinder-804035-18-smb devstack@c-api.service[109513]: /usr/local/lib/python3.8/dist-packages/webob/acceptparse.py:1047: DeprecationWarning: The behavior of AcceptValidHeader.best_match is currently being maintained for backward compatibility, but it will be deprecated in the future, as it does not conform to the RFC.
Nov 24 11:02:54.578594 dv-cinder-804035-18-smb devstack@c-api.service[109513]: warnings.warn(
Nov 24 11:02:54.581367 dv-cinder-804035-18-smb devstack@c-api.service[109513]: DEBUG cinder.api.openstack.wsgi [None req-d11c5b45-10c8-4c97-823e-d62d8dfdf785 tempest-QosSpecsTestJSON-708175484 tempest-QosSpecsTestJSON-708175484-project-admin] Action: 'create', calling method: create, body: {"qos_specs": {"name": "tempest-QosSpecsTestJSON-qos-1886759500", "consumer": "both"}} {{(pid=109513) _process_stack /opt/stack/cinder/cinder/api/openstack/wsgi.py:854}}
Nov 24 11:02:54.582799 dv-cinder-804035-18-smb devstack@c-api.service[109513]: /usr/local/lib/python3.8/dist-packages/oslo_context/context.py:105: DeprecationWarning: Policy enforcement is depending on the value of is_admin. This key is deprecated. Please update your policy file to use the standard policy values.
Nov 24 11:02:54.582799 dv-cinder-804035-18-smb devstack@c-api.service[109513]: warnings.warn('Policy enforcement is depending on the value of '
Nov 24 11:02:54.584071 dv-cinder-804035-18-smb devstack@c-api.service[109513]: DEBUG cinder.volume.qos_specs [None req-d11c5b45-10c8-4c97-823e-d62d8dfdf785 tempest-QosSpecsTestJSON-708175484 tempest-QosSpecsTestJSON-708175484-project-admin] Dict for qos_specs: {'name': 'tempest-QosSpecsTestJSON-qos-1886759500', 'consumer': 'both', 'specs': {}} {{(pid=109513) create /opt/stack/cinder/cinder/volume/qos_specs.py:64}}
Nov 24 11:02:54.591167 dv-cinder-804035-18-smb devstack@c-api.service[109513]: DEBUG cinder.db.sqlalchemy.api [None req-d11c5b45-10c8-4c97-823e-d62d8dfdf785 tempest-QosSpecsTestJSON-708175484 tempest-QosSpecsTestJSON-708175484-project-admin] DB qos_specs_create(): root {'id': '6adbd86f-7530-4eb9-ac45-e6a5ca729efd', 'key': 'QoS_Specs_Name', 'value': 'tempest-QosSpecsTestJSON-qos-1886759500'} {{(pid=109513) qos_specs_create /opt/stack/cinder/cinder/db/sqlalchemy/api.py:4631}}
Nov 24 11:02:54.600441 dv-cinder-804035-18-smb devstack@c-api.service[109513]: INFO cinder.api.openstack.wsgi [None req-d11c5b45-10c8-4c97-823e-d62d8dfdf785 tempest-QosSpecsTestJSON-708175484 tempest-QosSpecsTestJSON-708175484-project-admin] http://10.222.0.50/volume/v3/d086e86797fc45fa924d2165eeccd313/qos-specs returned with HTTP 200
Nov 24 11:02:54.602237 dv-cinder-804035-18-smb devstack@c-api.service[109513]: [pid: 109513|app: 0|req: 16/34] 10.222.0.50 () {60 vars in 1240 bytes} [Wed Nov 24 11:02:54 2021] POST /volume/v3/d086e86797fc45fa924d2165eeccd313/qos-specs => generated 431 bytes in 40 msecs (HTTP/1.1 200) 7 headers in 285 bytes (1 switches on core 0)
Nov 24 11:02:54.608329 dv-cinder-804035-18-smb devstack@c-api.service[109512]: /usr/local/lib/python3.8/dist-packages/oslo_context/context.py:105: DeprecationWarning: Policy enforcement is depending on the value of is_admin. This key is deprecated. Please update your policy file to use the standard policy values.
Nov 24 11:02:54.608329 dv-cinder-804035-18-smb devstack@c-api.service[109512]: warnings.warn('Policy enforcement is depending on the value of '
Nov 24 11:02:54.616507 dv-cinder-804035-18-smb devstack@c-api.service[109513]: INFO cinder.api.openstack.wsgi [None req-f4607b9e-9442-4b5b-b6fa-a643f7003bc5 tempest-QosSpecsTestJSON-708175484 tempest-QosSpecsTestJSON-708175484-project-admin] DELETE http://10.222.0.50/volume/v3/d086e86797fc45fa924d2165eeccd313/qos-specs/6adbd86f-7530-4eb9-ac45-e6a5ca729efd?force=False
Nov 24 11:02:54.618024 dv-cinder-804035-18-smb devstack@c-api.service[109513]: DEBUG cinder.api.openstack.wsgi [None req-f4607b9e-9442-4b5b-b6fa-a643f7003bc5 tempest-QosSpecsTestJSON-708175484 tempest-QosSpecsTestJSON-708175484-project-admin] Empty body provided in request {{(pid=109513) get_body /opt/stack/cinder/cinder/api/openstack/wsgi.py:703}}
Nov 24 11:02:54.618487 dv-cinder-804035-18-smb devstack@c-api.service[109513]: /usr/local/lib/python3.8/dist-packages/webob/acceptparse.py:1047: DeprecationWarning: The behavior of AcceptValidHeader.best_match is currently being maintained for backward compatibility, but it will be deprecated in the future, as it does not conform to the RFC.
Nov 24 11:02:54.618487 dv-cinder-804035-18-smb devstack@c-api.service[109513]: warnings.warn(
Nov 24 11:02:54.619228 dv-cinder-804035-18-smb devstack@c-api.service[109512]: INFO cinder.volume.api [None req-a905cd21-0f06-4202-a9bb-23c0793a26bb tempest-VolumeQuotasNegativeTestJSON-836277225 tempest-VolumeQuotasNegativeTestJSON-836277225-project] Volume info retrieved successfully.
Nov 24 11:02:54.621474 dv-cinder-804035-18-smb devstack@c-api.service[109513]: DEBUG cinder.api.openstack.wsgi [None req-f4607b9e-9442-4b5b-b6fa-a643f7003bc5 tempest-QosSpecsTestJSON-708175484 tempest-QosSpecsTestJSON-708175484-project-admin] Calling method 'delete' {{(pid=109513) _process_stack /opt/stack/cinder/cinder/api/openstack/wsgi.py:856}}
Nov 24 11:02:54.622798 dv-cinder-804035-18-smb devstack@c-api.service[109513]: /usr/local/lib/python3.8/dist-packages/oslo_context/context.py:105: DeprecationWarning: Policy enforcement is depending on the value of is_admin. This key is deprecated. Please update your policy file to use the standard policy values.
Nov 24 11:02:54.622798 dv-cinder-804035-18-smb devstack@c-api.service[109513]: warnings.warn('Policy enforcement is depending on the value of '
Nov 24 11:02:54.623798 dv-cinder-804035-18-smb devstack@c-api.service[109513]: DEBUG cinder.api.contrib.qos_specs_manage [None req-f4607b9e-9442-4b5b-b6fa-a643f7003bc5 tempest-QosSpecsTestJSON-708175484 tempest-QosSpecsTestJSON-708175484-project-admin] Delete qos_spec: 6adbd86f-7530-4eb9-ac45-e6a5ca729efd, force: False {{(pid=109513) delete /opt/stack/cinder/cinder/api/contrib/qos_specs_manage.py:168}}
Nov 24 11:02:54.641796 dv-cinder-804035-18-smb devstack@c-api.service[109512]: INFO cinder.api.openstack.wsgi [None req-a905cd21-0f06-4202-a9bb-23c0793a26bb tempest-VolumeQuotasNegativeTestJSON-836277225 tempest-VolumeQuotasNegativeTestJSON-836277225-project] http://10.222.0.50/volume/v3/c5f6d77a0ca1449cb44f02a03bfff0cb/volumes/c93016a6-5e07-448c-b615-8994eae1b4a9 returned with HTTP 200
Nov 24 11:02:54.653604 dv-cinder-804035-18-smb devstack@c-api.service[109512]: [pid: 109512|app: 0|req: 19/35] 10.222.0.50 () {58 vars in 1324 bytes} [Wed Nov 24 11:02:54 2021] GET /volume/v3/c5f6d77a0ca1449cb44f02a03bfff0cb/volumes/c93016a6-5e07-448c-b615-8994eae1b4a9 => generated 921 bytes in 76 msecs (HTTP/1.1 200) 7 headers in 285 bytes (1 switches on core 0)
Nov 24 11:02:54.660310 dv-cinder-804035-18-smb devstack@c-api.service[109512]: INFO cinder.api.openstack.wsgi [None req-5e2eb8cd-4955-4697-a1f5-1916260d1089 tempest-VolumeQuotasNegativeTestJSON-1368541765 tempest-VolumeQuotasNegativeTestJSON-1368541765-project-admin] PUT http://10.222.0.50/volume/v3/5586a353fdd1403c8ed97f1be32e1fce/os-quota-sets/c5f6d77a0ca1449cb44f02a03bfff0cb
Nov 24 11:02:54.662785 dv-cinder-804035-18-smb devstack@c-api.service[109512]: /usr/local/lib/python3.8/dist-packages/webob/acceptparse.py:1047: DeprecationWarning: The behavior of AcceptValidHeader.best_match is currently being maintained for backward compatibility, but it will be deprecated in the future, as it does not conform to the RFC.
Nov 24 11:02:54.662785 dv-cinder-804035-18-smb devstack@c-api.service[109512]: warnings.warn(
Nov 24 11:02:54.663376 dv-cinder-804035-18-smb devstack@c-api.service[109512]: DEBUG cinder.api.openstack.wsgi [None req-5e2eb8cd-4955-4697-a1f5-1916260d1089 tempest-VolumeQuotasNegativeTestJSON-1368541765 tempest-VolumeQuotasNegativeTestJSON-1368541765-project-admin] Action: 'update', calling method: update, body: {"quota_set": {"gigabytes": 1, "volumes": -1}} {{(pid=109512) _process_stack /opt/stack/cinder/cinder/api/openstack/wsgi.py:854}}
Nov 24 11:02:54.714276 dv-cinder-804035-18-smb devstack@c-api.service[109513]: INFO cinder.api.openstack.wsgi [None req-f4607b9e-9442-4b5b-b6fa-a643f7003bc5 tempest-QosSpecsTestJSON-708175484 tempest-QosSpecsTestJSON-708175484-project-admin] http://10.222.0.50/volume/v3/d086e86797fc45fa924d2165eeccd313/qos-specs/6adbd86f-7530-4eb9-ac45-e6a5ca729efd?force=False returned with HTTP 202
Nov 24 11:02:54.719091 dv-cinder-804035-18-smb devstack@c-api.service[109513]: [pid: 109513|app: 0|req: 17/36] 10.222.0.50 () {58 vars in 1356 bytes} [Wed Nov 24 11:02:54 2021] DELETE /volume/v3/d086e86797fc45fa924d2165eeccd313/qos-specs/6adbd86f-7530-4eb9-ac45-e6a5ca729efd?force=False => generated 0 bytes in 109 msecs (HTTP/1.1 202) 6 headers in 233 bytes (1 switches on core 0)
Nov 24 11:02:54.726390 dv-cinder-804035-18-smb devstack@c-api.service[109513]: INFO cinder.api.openstack.wsgi [None req-f3e832e9-0fc6-403c-ad8b-0961f1a1a856 tempest-QosSpecsTestJSON-708175484 tempest-QosSpecsTestJSON-708175484-project-admin] GET http://10.222.0.50/volume/v3/d086e86797fc45fa924d2165eeccd313/qos-specs/6adbd86f-7530-4eb9-ac45-e6a5ca729efd
Nov 24 11:02:54.727068 dv-cinder-804035-18-smb devstack@c-api.service[109513]: DEBUG cinder.api.openstack.wsgi [None req-f3e832e9-0fc6-403c-ad8b-0961f1a1a856 tempest-QosSpecsTestJSON-708175484 tempest-QosSpecsTestJSON-708175484-project-admin] Empty body provided in request {{(pid=109513) get_body /opt/stack/cinder/cinder/api/openstack/wsgi.py:703}}
Nov 24 11:02:54.727341 dv-cinder-804035-18-smb devstack@c-api.service[109513]: /usr/local/lib/python3.8/dist-packages/webob/acceptparse.py:1047: DeprecationWarning: The behavior of AcceptValidHeader.best_match is currently being maintained for backward compatibility, but it will be deprecated in the future, as it does not conform to the RFC.
Nov 24 11:02:54.727341 dv-cinder-804035-18-smb devstack@c-api.service[109513]: warnings.warn(
Nov 24 11:02:54.727755 dv-cinder-804035-18-smb devstack@c-api.service[109513]: DEBUG cinder.api.openstack.wsgi [None req-f3e832e9-0fc6-403c-ad8b-0961f1a1a856 tempest-QosSpecsTestJSON-708175484 tempest-QosSpecsTestJSON-708175484-project-admin] Calling method 'show' {{(pid=109513) _process_stack /opt/stack/cinder/cinder/api/openstack/wsgi.py:856}}
Nov 24 11:02:54.728752 dv-cinder-804035-18-smb devstack@c-api.service[109513]: /usr/local/lib/python3.8/dist-packages/oslo_context/context.py:105: DeprecationWarning: Policy enforcement is depending on the value of is_admin. This key is deprecated. Please update your policy file to use the standard policy values.
Nov 24 11:02:54.728752 dv-cinder-804035-18-smb devstack@c-api.service[109513]: warnings.warn('Policy enforcement is depending on the value of '
Nov 24 11:02:54.737843 dv-cinder-804035-18-smb devstack@c-api.service[109513]: INFO cinder.api.openstack.wsgi [None req-f3e832e9-0fc6-403c-ad8b-0961f1a1a856 tempest-QosSpecsTestJSON-708175484 tempest-QosSpecsTestJSON-708175484-project-admin] http://10.222.0.50/volume/v3/d086e86797fc45fa924d2165eeccd313/qos-specs/6adbd86f-7530-4eb9-ac45-e6a5ca729efd returned with HTTP 404
Nov 24 11:02:54.740981 dv-cinder-804035-18-smb devstack@c-api.service[109513]: [pid: 109513|app: 0|req: 18/37] 10.222.0.50 () {58 vars in 1330 bytes} [Wed Nov 24 11:02:54 2021] GET /volume/v3/d086e86797fc45fa924d2165eeccd313/qos-specs/6adbd86f-7530-4eb9-ac45-e6a5ca729efd => generated 100 bytes in 21 msecs (HTTP/1.1 404) 7 headers in 292 bytes (1 switches on core 0)
Nov 24 11:02:54.751537 dv-cinder-804035-18-smb devstack@c-api.service[109513]: INFO cinder.api.openstack.wsgi [None req-a908fc6e-383b-443b-85e4-0c09483ca1a2 tempest-QosSpecsTestJSON-708175484 tempest-QosSpecsTestJSON-708175484-project-admin] GET http://10.222.0.50/volume/v3/d086e86797fc45fa924d2165eeccd313/qos-specs
Nov 24 11:02:54.753290 dv-cinder-804035-18-smb devstack@c-api.service[109513]: DEBUG cinder.api.openstack.wsgi [None req-a908fc6e-383b-443b-85e4-0c09483ca1a2 tempest-QosSpecsTestJSON-708175484 tempest-QosSpecsTestJSON-708175484-project-admin] Empty body provided in request {{(pid=109513) get_body /opt/stack/cinder/cinder/api/openstack/wsgi.py:703}}
Nov 24 11:02:54.754114 dv-cinder-804035-18-smb devstack@c-api.service[109513]: DEBUG cinder.api.openstack.wsgi [None req-a908fc6e-383b-443b-85e4-0c09483ca1a2 tempest-QosSpecsTestJSON-708175484 tempest-QosSpecsTestJSON-708175484-project-admin] Calling method 'index' {{(pid=109513) _process_stack /opt/stack/cinder/cinder/api/openstack/wsgi.py:856}}
Nov 24 11:02:54.766854 dv-cinder-804035-18-smb devstack@c-api.service[109513]: INFO cinder.api.openstack.wsgi [None req-a908fc6e-383b-443b-85e4-0c09483ca1a2 tempest-QosSpecsTestJSON-708175484 tempest-QosSpecsTestJSON-708175484-project-admin] http://10.222.0.50/volume/v3/d086e86797fc45fa924d2165eeccd313/qos-specs returned with HTTP 200
Nov 24 11:02:54.768333 dv-cinder-804035-18-smb devstack@c-api.service[109513]: [pid: 109513|app: 0|req: 19/38] 10.222.0.50 () {58 vars in 1219 bytes} [Wed Nov 24 11:02:54 2021] GET /volume/v3/d086e86797fc45fa924d2165eeccd313/qos-specs => generated 175 bytes in 25 msecs (HTTP/1.1 200) 7 headers in 285 bytes (1 switches on core 0)
Nov 24 11:02:54.783636 dv-cinder-804035-18-smb devstack@c-api.service[109512]: WARNING cinder.quota [None req-5e2eb8cd-4955-4697-a1f5-1916260d1089 tempest-VolumeQuotasNegativeTestJSON-1368541765 tempest-VolumeQuotasNegativeTestJSON-1368541765-project-admin] Deprecated: Default quota for resource: volumes_tempest-QosSpecsTestJSON-volume-type-3801662 is set by the default quota flag: quota_volumes_tempest-QosSpecsTestJSON-volume-type-3801662, it is now deprecated. Please use the default quota class for default quota.
Nov 24 11:02:54.784398 dv-cinder-804035-18-smb devstack@c-api.service[109512]: WARNING cinder.quota [None req-5e2eb8cd-4955-4697-a1f5-1916260d1089 tempest-VolumeQuotasNegativeTestJSON-1368541765 tempest-VolumeQuotasNegativeTestJSON-1368541765-project-admin] Deprecated: Default quota for resource: gigabytes_tempest-QosSpecsTestJSON-volume-type-3801662 is set by the default quota flag: quota_gigabytes_tempest-QosSpecsTestJSON-volume-type-3801662, it is now deprecated. Please use the default quota class for default quota.
Nov 24 11:02:54.786308 dv-cinder-804035-18-smb devstack@c-api.service[109512]: WARNING cinder.quota [None req-5e2eb8cd-4955-4697-a1f5-1916260d1089 tempest-VolumeQuotasNegativeTestJSON-1368541765 tempest-VolumeQuotasNegativeTestJSON-1368541765-project-admin] Deprecated: Default quota for resource: snapshots_tempest-QosSpecsTestJSON-volume-type-3801662 is set by the default quota flag: quota_snapshots_tempest-QosSpecsTestJSON-volume-type-3801662, it is now deprecated. Please use the default quota class for default quota.
Nov 24 11:02:54.786456 dv-cinder-804035-18-smb devstack@c-api.service[109512]: WARNING cinder.quota [None req-5e2eb8cd-4955-4697-a1f5-1916260d1089 tempest-VolumeQuotasNegativeTestJSON-1368541765 tempest-VolumeQuotasNegativeTestJSON-1368541765-project-admin] Deprecated: Default quota for resource: volumes_tempest-QosSpecsTestJSON-volume-type-1206502425 is set by the default quota flag: quota_volumes_tempest-QosSpecsTestJSON-volume-type-1206502425, it is now deprecated. Please use the default quota class for default quota.
Nov 24 11:02:54.787187 dv-cinder-804035-18-smb devstack@c-api.service[109512]: WARNING cinder.quota [None req-5e2eb8cd-4955-4697-a1f5-1916260d1089 tempest-VolumeQuotasNegativeTestJSON-1368541765 tempest-VolumeQuotasNegativeTestJSON-1368541765-project-admin] Deprecated: Default quota for resource: gigabytes_tempest-QosSpecsTestJSON-volume-type-1206502425 is set by the default quota flag: quota_gigabytes_tempest-QosSpecsTestJSON-volume-type-1206502425, it is now deprecated. Please use the default quota class for default quota.
Nov 24 11:02:54.788070 dv-cinder-804035-18-smb devstack@c-api.service[109512]: WARNING cinder.quota [None req-5e2eb8cd-4955-4697-a1f5-1916260d1089 tempest-VolumeQuotasNegativeTestJSON-1368541765 tempest-VolumeQuotasNegativeTestJSON-1368541765-project-admin] Deprecated: Default quota for resource: snapshots_tempest-QosSpecsTestJSON-volume-type-1206502425 is set by the default quota flag: quota_snapshots_tempest-QosSpecsTestJSON-volume-type-1206502425, it is now deprecated. Please use the default quota class for default quota.
Nov 24 11:02:54.789098 dv-cinder-804035-18-smb devstack@c-api.service[109512]: WARNING cinder.quota [None req-5e2eb8cd-4955-4697-a1f5-1916260d1089 tempest-VolumeQuotasNegativeTestJSON-1368541765 tempest-VolumeQuotasNegativeTestJSON-1368541765-project-admin] Deprecated: Default quota for resource: volumes_tempest-QosSpecsTestJSON-volume-type-466641318 is set by the default quota flag: quota_volumes_tempest-QosSpecsTestJSON-volume-type-466641318, it is now deprecated. Please use the default quota class for default quota.
Nov 24 11:02:54.789831 dv-cinder-804035-18-smb devstack@c-api.service[109512]: WARNING cinder.quota [None req-5e2eb8cd-4955-4697-a1f5-1916260d1089 tempest-VolumeQuotasNegativeTestJSON-1368541765 tempest-VolumeQuotasNegativeTestJSON-1368541765-project-admin] Deprecated: Default quota for resource: gigabytes_tempest-QosSpecsTestJSON-volume-type-466641318 is set by the default quota flag: quota_gigabytes_tempest-QosSpecsTestJSON-volume-type-466641318, it is now deprecated. Please use the default quota class for default quota.
Nov 24 11:02:54.790660 dv-cinder-804035-18-smb devstack@c-api.service[109512]: WARNING cinder.quota [None req-5e2eb8cd-4955-4697-a1f5-1916260d1089 tempest-VolumeQuotasNegativeTestJSON-1368541765 tempest-VolumeQuotasNegativeTestJSON-1368541765-project-admin] Deprecated: Default quota for resource: snapshots_tempest-QosSpecsTestJSON-volume-type-466641318 is set by the default quota flag: quota_snapshots_tempest-QosSpecsTestJSON-volume-type-466641318, it is now deprecated. Please use the default quota class for default quota.
Nov 24 11:02:54.791360 dv-cinder-804035-18-smb devstack@c-api.service[109513]: INFO cinder.api.openstack.wsgi [None req-c9835717-fc57-4f96-ab7d-398e46d2f4ec tempest-QosSpecsTestJSON-708175484 tempest-QosSpecsTestJSON-708175484-project-admin] POST http://10.222.0.50/volume/v3/d086e86797fc45fa924d2165eeccd313/qos-specs
Nov 24 11:02:54.794366 dv-cinder-804035-18-smb devstack@c-api.service[109513]: /usr/local/lib/python3.8/dist-packages/webob/acceptparse.py:1047: DeprecationWarning: The behavior of AcceptValidHeader.best_match is currently being maintained for backward compatibility, but it will be deprecated in the future, as it does not conform to the RFC.
Nov 24 11:02:54.794366 dv-cinder-804035-18-smb devstack@c-api.service[109513]: warnings.warn(
Nov 24 11:02:54.795593 dv-cinder-804035-18-smb devstack@c-api.service[109513]: DEBUG cinder.api.openstack.wsgi [None req-c9835717-fc57-4f96-ab7d-398e46d2f4ec tempest-QosSpecsTestJSON-708175484 tempest-QosSpecsTestJSON-708175484-project-admin] Action: 'create', calling method: create, body: {"qos_specs": {"name": "tempest-QosSpecsTestJSON-qos-685166777", "consumer": "front-end"}} {{(pid=109513) _process_stack /opt/stack/cinder/cinder/api/openstack/wsgi.py:854}}
Nov 24 11:02:54.796957 dv-cinder-804035-18-smb devstack@c-api.service[109513]: /usr/local/lib/python3.8/dist-packages/oslo_context/context.py:105: DeprecationWarning: Policy enforcement is depending on the value of is_admin. This key is deprecated. Please update your policy file to use the standard policy values.
Nov 24 11:02:54.796957 dv-cinder-804035-18-smb devstack@c-api.service[109513]: warnings.warn('Policy enforcement is depending on the value of '
Nov 24 11:02:54.797918 dv-cinder-804035-18-smb devstack@c-api.service[109513]: DEBUG cinder.volume.qos_specs [None req-c9835717-fc57-4f96-ab7d-398e46d2f4ec tempest-QosSpecsTestJSON-708175484 tempest-QosSpecsTestJSON-708175484-project-admin] Dict for qos_specs: {'name': 'tempest-QosSpecsTestJSON-qos-685166777', 'consumer': 'front-end', 'specs': {}} {{(pid=109513) create /opt/stack/cinder/cinder/volume/qos_specs.py:64}}
Nov 24 11:02:54.802412 dv-cinder-804035-18-smb devstack@c-api.service[109512]: INFO cinder.api.openstack.wsgi [None req-5e2eb8cd-4955-4697-a1f5-1916260d1089 tempest-VolumeQuotasNegativeTestJSON-1368541765 tempest-VolumeQuotasNegativeTestJSON-1368541765-project-admin] http://10.222.0.50/volume/v3/5586a353fdd1403c8ed97f1be32e1fce/os-quota-sets/c5f6d77a0ca1449cb44f02a03bfff0cb returned with HTTP 200
Nov 24 11:02:54.809104 dv-cinder-804035-18-smb devstack@c-api.service[109513]: DEBUG cinder.db.sqlalchemy.api [None req-c9835717-fc57-4f96-ab7d-398e46d2f4ec tempest-QosSpecsTestJSON-708175484 tempest-QosSpecsTestJSON-708175484-project-admin] DB qos_specs_create(): root {'id': 'd6d39ee3-7198-4416-81cd-c11f6bbff6f8', 'key': 'QoS_Specs_Name', 'value': 'tempest-QosSpecsTestJSON-qos-685166777'} {{(pid=109513) qos_specs_create /opt/stack/cinder/cinder/db/sqlalchemy/api.py:4631}}
Nov 24 11:02:54.810249 dv-cinder-804035-18-smb devstack@c-api.service[109512]: [pid: 109512|app: 0|req: 20/39] 10.222.0.50 () {60 vars in 1350 bytes} [Wed Nov 24 11:02:54 2021] PUT /volume/v3/5586a353fdd1403c8ed97f1be32e1fce/os-quota-sets/c5f6d77a0ca1449cb44f02a03bfff0cb => generated 883 bytes in 156 msecs (HTTP/1.1 200) 7 headers in 285 bytes (1 switches on core 0)
Nov 24 11:02:54.815447 dv-cinder-804035-18-smb devstack@c-api.service[109512]: INFO cinder.api.openstack.wsgi [None req-d08f42d5-09ac-48ee-9776-a1044357a5d9 tempest-VolumeQuotasNegativeTestJSON-836277225 tempest-VolumeQuotasNegativeTestJSON-836277225-project] POST http://10.222.0.50/volume/v3/c5f6d77a0ca1449cb44f02a03bfff0cb/volumes
Nov 24 11:02:54.816290 dv-cinder-804035-18-smb devstack@c-api.service[109512]: DEBUG cinder.api.openstack.wsgi [None req-d08f42d5-09ac-48ee-9776-a1044357a5d9 tempest-VolumeQuotasNegativeTestJSON-836277225 tempest-VolumeQuotasNegativeTestJSON-836277225-project] Action: 'create', calling method: create, body: {"volume": {"size": 2}} {{(pid=109512) _process_stack /opt/stack/cinder/cinder/api/openstack/wsgi.py:854}}
Nov 24 11:02:54.817334 dv-cinder-804035-18-smb devstack@c-api.service[109512]: DEBUG cinder.api.v3.volumes [None req-d08f42d5-09ac-48ee-9776-a1044357a5d9 tempest-VolumeQuotasNegativeTestJSON-836277225 tempest-VolumeQuotasNegativeTestJSON-836277225-project] Create volume request body: {'volume': {'size': 2}} {{(pid=109512) create /opt/stack/cinder/cinder/api/v3/volumes.py:298}}
Nov 24 11:02:54.817796 dv-cinder-804035-18-smb devstack@c-api.service[109512]: INFO cinder.api.v3.volumes [None req-d08f42d5-09ac-48ee-9776-a1044357a5d9 tempest-VolumeQuotasNegativeTestJSON-836277225 tempest-VolumeQuotasNegativeTestJSON-836277225-project] Create volume of 2 GB
Nov 24 11:02:54.821146 dv-cinder-804035-18-smb devstack@c-api.service[109513]: INFO cinder.api.openstack.wsgi [None req-c9835717-fc57-4f96-ab7d-398e46d2f4ec tempest-QosSpecsTestJSON-708175484 tempest-QosSpecsTestJSON-708175484-project-admin] http://10.222.0.50/volume/v3/d086e86797fc45fa924d2165eeccd313/qos-specs returned with HTTP 200
Nov 24 11:02:54.822680 dv-cinder-804035-18-smb devstack@c-api.service[109513]: [pid: 109513|app: 0|req: 20/40] 10.222.0.50 () {60 vars in 1240 bytes} [Wed Nov 24 11:02:54 2021] POST /volume/v3/d086e86797fc45fa924d2165eeccd313/qos-specs => generated 435 bytes in 47 msecs (HTTP/1.1 200) 7 headers in 285 bytes (1 switches on core 0)
Nov 24 11:02:54.829388 dv-cinder-804035-18-smb devstack@c-api.service[109512]: INFO cinder.volume.api [None req-d08f42d5-09ac-48ee-9776-a1044357a5d9 tempest-VolumeQuotasNegativeTestJSON-836277225 tempest-VolumeQuotasNegativeTestJSON-836277225-project] Availability Zones retrieved successfully.
Nov 24 11:02:54.834715 dv-cinder-804035-18-smb devstack@c-api.service[109513]: INFO cinder.api.openstack.wsgi [None req-6fc685d2-1729-469d-a97c-6753691de408 tempest-QosSpecsTestJSON-708175484 tempest-QosSpecsTestJSON-708175484-project-admin] DELETE http://10.222.0.50/volume/v3/d086e86797fc45fa924d2165eeccd313/qos-specs/d6d39ee3-7198-4416-81cd-c11f6bbff6f8?force=False
Nov 24 11:02:54.835176 dv-cinder-804035-18-smb devstack@c-api.service[109513]: DEBUG cinder.api.openstack.wsgi [None req-6fc685d2-1729-469d-a97c-6753691de408 tempest-QosSpecsTestJSON-708175484 tempest-QosSpecsTestJSON-708175484-project-admin] Empty body provided in request {{(pid=109513) get_body /opt/stack/cinder/cinder/api/openstack/wsgi.py:703}}
Nov 24 11:02:54.835348 dv-cinder-804035-18-smb devstack@c-api.service[109513]: /usr/local/lib/python3.8/dist-packages/webob/acceptparse.py:1047: DeprecationWarning: The behavior of AcceptValidHeader.best_match is currently being maintained for backward compatibility, but it will be deprecated in the future, as it does not conform to the RFC.
Nov 24 11:02:54.835348 dv-cinder-804035-18-smb devstack@c-api.service[109513]: warnings.warn(
