Nov 22 10:36:48.366167 dv-cinder-804035-13-smb devstack@c-api.service[109779]: DEBUG cinder.volume.api [None req-a7b6f062-ec11-477f-94d7-f6b326fc5a87 tempest-VolumesExtendTest-404088550 tempest-VolumesExtendTest-404088550-project] Flow 'volume_create_api' (f08549c3-8331-4dd9-a3a3-ee9aac3ac522) transitioned into state 'SUCCESS' from state 'RUNNING' {{(pid=109779) _flow_receiver /usr/local/lib/python3.8/dist-packages/taskflow/listeners/logging.py:141}}
Nov 22 10:36:48.366936 dv-cinder-804035-13-smb devstack@c-api.service[109779]: INFO cinder.volume.api [None req-a7b6f062-ec11-477f-94d7-f6b326fc5a87 tempest-VolumesExtendTest-404088550 tempest-VolumesExtendTest-404088550-project] Create volume request issued successfully.
Nov 22 10:36:48.368784 dv-cinder-804035-13-smb devstack@c-api.service[109779]: INFO cinder.api.openstack.wsgi [None req-a7b6f062-ec11-477f-94d7-f6b326fc5a87 tempest-VolumesExtendTest-404088550 tempest-VolumesExtendTest-404088550-project] http://10.222.0.54/volume/v3/b80e69358215452c97e658165d65d42b/volumes returned with HTTP 202
Nov 22 10:36:48.370503 dv-cinder-804035-13-smb devstack@c-api.service[109779]: [pid: 109779|app: 0|req: 152/299] 10.222.0.54 () {60 vars in 1235 bytes} [Mon Nov 22 10:36:47 2021] POST /volume/v3/b80e69358215452c97e658165d65d42b/volumes => generated 817 bytes in 654 msecs (HTTP/1.1 202) 7 headers in 291 bytes (1 switches on core 0)
Nov 22 10:36:48.379302 dv-cinder-804035-13-smb devstack@c-api.service[109779]: INFO cinder.api.openstack.wsgi [None req-7f692652-0d57-4f9c-8f32-2ceb253ecb0f tempest-VolumeTypesExtraSpecsTest-508945874 tempest-VolumeTypesExtraSpecsTest-508945874-project-admin] POST http://10.222.0.54/volume/v3/57a1370ad63c4dcfa5ab0c86f21a8e84/types/62b7d109-ca99-4e91-a6e2-41d948b158e6/extra_specs
Nov 22 10:36:48.379846 dv-cinder-804035-13-smb devstack@c-api.service[109779]: /usr/local/lib/python3.8/dist-packages/webob/acceptparse.py:1047: DeprecationWarning: The behavior of AcceptValidHeader.best_match is currently being maintained for backward compatibility, but it will be deprecated in the future, as it does not conform to the RFC.
Nov 22 10:36:48.379846 dv-cinder-804035-13-smb devstack@c-api.service[109779]: warnings.warn(
Nov 22 10:36:48.380357 dv-cinder-804035-13-smb devstack@c-api.service[109779]: DEBUG cinder.api.openstack.wsgi [None req-7f692652-0d57-4f9c-8f32-2ceb253ecb0f tempest-VolumeTypesExtraSpecsTest-508945874 tempest-VolumeTypesExtraSpecsTest-508945874-project-admin] Action: 'create', calling method: create, body: {"extra_specs": {"spec2": "val1"}} {{(pid=109779) _process_stack /opt/stack/cinder/cinder/api/openstack/wsgi.py:854}}
Nov 22 10:36:48.381933 dv-cinder-804035-13-smb devstack@c-api.service[109779]: /usr/local/lib/python3.8/dist-packages/oslo_context/context.py:105: DeprecationWarning: Policy enforcement is depending on the value of is_admin. This key is deprecated. Please update your policy file to use the standard policy values.
Nov 22 10:36:48.381933 dv-cinder-804035-13-smb devstack@c-api.service[109779]: warnings.warn('Policy enforcement is depending on the value of '
Nov 22 10:36:48.383046 dv-cinder-804035-13-smb devstack@c-api.service[109780]: DEBUG cinder.volume.api [None req-6718e1d6-475c-46ac-8c79-d5edf922e5ad tempest-VolumesServicesTestJSON-1978703476 tempest-VolumesServicesTestJSON-1978703476-project] Flow 'volume_create_api' (c9eee8a3-3575-42f5-848e-446ad9faff84) transitioned into state 'RUNNING' from state 'PENDING' {{(pid=109780) _flow_receiver /usr/local/lib/python3.8/dist-packages/taskflow/listeners/logging.py:141}}
Nov 22 10:36:48.386921 dv-cinder-804035-13-smb devstack@c-api.service[109780]: DEBUG cinder.volume.api [None req-6718e1d6-475c-46ac-8c79-d5edf922e5ad tempest-VolumesServicesTestJSON-1978703476 tempest-VolumesServicesTestJSON-1978703476-project] Task 'cinder.volume.flows.api.create_volume.ExtractVolumeRequestTask;volume:create' (905f3c60-6190-4922-a918-afb83ca8050c) transitioned into state 'RUNNING' from state 'PENDING' {{(pid=109780) _task_receiver /usr/local/lib/python3.8/dist-packages/taskflow/listeners/logging.py:190}}
Nov 22 10:36:48.389529 dv-cinder-804035-13-smb devstack@c-api.service[109780]: DEBUG cinder.volume.flows.api.create_volume [None req-6718e1d6-475c-46ac-8c79-d5edf922e5ad tempest-VolumesServicesTestJSON-1978703476 tempest-VolumesServicesTestJSON-1978703476-project] Validating volume size '1' using validate_int {{(pid=109780) _extract_size /opt/stack/cinder/cinder/volume/flows/api/create_volume.py:225}}
Nov 22 10:36:48.425271 dv-cinder-804035-13-smb devstack@c-api.service[109780]: DEBUG cinder.volume.api [None req-6718e1d6-475c-46ac-8c79-d5edf922e5ad tempest-VolumesServicesTestJSON-1978703476 tempest-VolumesServicesTestJSON-1978703476-project] Task 'cinder.volume.flows.api.create_volume.ExtractVolumeRequestTask;volume:create' (905f3c60-6190-4922-a918-afb83ca8050c) transitioned into state 'SUCCESS' from state 'RUNNING' with result '{'size': 1, 'snapshot_id': None, 'source_volid': None, 'volume_type': VolumeType(created_at=2021-11-22T10:25:51Z,deleted=False,deleted_at=None,description='Default Volume Type',extra_specs={},id=f84cd839-017b-4373-8f05-5502a3f6626d,is_public=True,name='__DEFAULT__',projects=[],qos_specs=,qos_specs_id=None,updated_at=2021-11-22T10:25:51Z), 'volume_type_id': 'f84cd839-017b-4373-8f05-5502a3f6626d', 'encryption_key_id': None, 'qos_specs': None, 'consistencygroup_id': None, 'cgsnapshot_id': None, 'group_id': None, 'replication_status': 'disabled', 'refresh_az': False, 'backup_id': None, 'multiattach': False, 'availability_zones': ['nova']}' {{(pid=109780) _task_receiver /usr/local/lib/python3.8/dist-packages/taskflow/listeners/logging.py:178}}
Nov 22 10:36:48.428011 dv-cinder-804035-13-smb devstack@c-api.service[109780]: DEBUG cinder.volume.api [None req-6718e1d6-475c-46ac-8c79-d5edf922e5ad tempest-VolumesServicesTestJSON-1978703476 tempest-VolumesServicesTestJSON-1978703476-project] Task 'cinder.volume.flows.api.create_volume.QuotaReserveTask;volume:create' (0f863289-2adb-40b1-91dd-b9bea65124f5) transitioned into state 'RUNNING' from state 'PENDING' {{(pid=109780) _task_receiver /usr/local/lib/python3.8/dist-packages/taskflow/listeners/logging.py:190}}
Nov 22 10:36:48.458485 dv-cinder-804035-13-smb devstack@c-api.service[109779]: INFO cinder.api.openstack.wsgi [None req-7f692652-0d57-4f9c-8f32-2ceb253ecb0f tempest-VolumeTypesExtraSpecsTest-508945874 tempest-VolumeTypesExtraSpecsTest-508945874-project-admin] http://10.222.0.54/volume/v3/57a1370ad63c4dcfa5ab0c86f21a8e84/types/62b7d109-ca99-4e91-a6e2-41d948b158e6/extra_specs returned with HTTP 200
Nov 22 10:36:48.460718 dv-cinder-804035-13-smb devstack@c-api.service[109779]: [pid: 109779|app: 0|req: 153/300] 10.222.0.54 () {60 vars in 1375 bytes} [Mon Nov 22 10:36:48 2021] POST /volume/v3/57a1370ad63c4dcfa5ab0c86f21a8e84/types/62b7d109-ca99-4e91-a6e2-41d948b158e6/extra_specs => generated 34 bytes in 89 msecs (HTTP/1.1 200) 7 headers in 284 bytes (1 switches on core 0)
Nov 22 10:36:48.469140 dv-cinder-804035-13-smb devstack@c-api.service[109779]: INFO cinder.api.openstack.wsgi [None req-e2d6bb7b-a5f3-4833-80ec-6e841718b9e4 tempest-VolumesExtendTest-404088550 tempest-VolumesExtendTest-404088550-project] GET http://10.222.0.54/volume/v3/b80e69358215452c97e658165d65d42b/volumes/419a0f76-69e1-495a-9182-a10119bace59
Nov 22 10:36:48.470170 dv-cinder-804035-13-smb devstack@c-api.service[109779]: DEBUG cinder.api.openstack.wsgi [None req-e2d6bb7b-a5f3-4833-80ec-6e841718b9e4 tempest-VolumesExtendTest-404088550 tempest-VolumesExtendTest-404088550-project] Empty body provided in request {{(pid=109779) get_body /opt/stack/cinder/cinder/api/openstack/wsgi.py:703}}
Nov 22 10:36:48.470931 dv-cinder-804035-13-smb devstack@c-api.service[109779]: DEBUG cinder.api.openstack.wsgi [None req-e2d6bb7b-a5f3-4833-80ec-6e841718b9e4 tempest-VolumesExtendTest-404088550 tempest-VolumesExtendTest-404088550-project] Calling method 'show' {{(pid=109779) _process_stack /opt/stack/cinder/cinder/api/openstack/wsgi.py:856}}
Nov 22 10:36:48.512867 dv-cinder-804035-13-smb devstack@c-api.service[109779]: /usr/local/lib/python3.8/dist-packages/oslo_context/context.py:105: DeprecationWarning: Policy enforcement is depending on the value of is_admin. This key is deprecated. Please update your policy file to use the standard policy values.
Nov 22 10:36:48.512867 dv-cinder-804035-13-smb devstack@c-api.service[109779]: warnings.warn('Policy enforcement is depending on the value of '
Nov 22 10:36:48.532378 dv-cinder-804035-13-smb devstack@c-api.service[109779]: INFO cinder.volume.api [None req-e2d6bb7b-a5f3-4833-80ec-6e841718b9e4 tempest-VolumesExtendTest-404088550 tempest-VolumesExtendTest-404088550-project] Volume info retrieved successfully.
Nov 22 10:36:48.565036 dv-cinder-804035-13-smb devstack@c-api.service[109779]: INFO cinder.api.openstack.wsgi [None req-e2d6bb7b-a5f3-4833-80ec-6e841718b9e4 tempest-VolumesExtendTest-404088550 tempest-VolumesExtendTest-404088550-project] http://10.222.0.54/volume/v3/b80e69358215452c97e658165d65d42b/volumes/419a0f76-69e1-495a-9182-a10119bace59 returned with HTTP 200
Nov 22 10:36:48.566290 dv-cinder-804035-13-smb devstack@c-api.service[109779]: [pid: 109779|app: 0|req: 154/301] 10.222.0.54 () {58 vars in 1324 bytes} [Mon Nov 22 10:36:48 2021] GET /volume/v3/b80e69358215452c97e658165d65d42b/volumes/419a0f76-69e1-495a-9182-a10119bace59 => generated 885 bytes in 105 msecs (HTTP/1.1 200) 7 headers in 285 bytes (1 switches on core 0)
Nov 22 10:36:48.572539 dv-cinder-804035-13-smb devstack@c-api.service[109779]: INFO cinder.api.openstack.wsgi [None req-7e900f1d-0703-4a3c-a2e3-21e5bc6b2f88 tempest-VolumeTypesExtraSpecsTest-508945874 tempest-VolumeTypesExtraSpecsTest-508945874-project-admin] PUT http://10.222.0.54/volume/v3/57a1370ad63c4dcfa5ab0c86f21a8e84/types/62b7d109-ca99-4e91-a6e2-41d948b158e6/extra_specs/spec2
Nov 22 10:36:48.572968 dv-cinder-804035-13-smb devstack@c-api.service[109779]: /usr/local/lib/python3.8/dist-packages/webob/acceptparse.py:1047: DeprecationWarning: The behavior of AcceptValidHeader.best_match is currently being maintained for backward compatibility, but it will be deprecated in the future, as it does not conform to the RFC.
Nov 22 10:36:48.572968 dv-cinder-804035-13-smb devstack@c-api.service[109779]: warnings.warn(
Nov 22 10:36:48.573399 dv-cinder-804035-13-smb devstack@c-api.service[109779]: DEBUG cinder.api.openstack.wsgi [None req-7e900f1d-0703-4a3c-a2e3-21e5bc6b2f88 tempest-VolumeTypesExtraSpecsTest-508945874 tempest-VolumeTypesExtraSpecsTest-508945874-project-admin] Action: 'update', calling method: update, body: {"spec2": "val2"} {{(pid=109779) _process_stack /opt/stack/cinder/cinder/api/openstack/wsgi.py:854}}
Nov 22 10:36:48.579699 dv-cinder-804035-13-smb devstack@c-api.service[109780]: DEBUG cinder.quota [None req-6718e1d6-475c-46ac-8c79-d5edf922e5ad tempest-VolumesServicesTestJSON-1978703476 tempest-VolumesServicesTestJSON-1978703476-project] Created reservations ['31c0c5fc-9bca-41e7-8ee1-19dfec800be2', '6d259f57-cb09-42dc-b784-3b2e8a02dc64', '25cb088d-2c1d-46a0-b2c5-11efad16226d', '08563585-4015-4b32-891b-63fcbe77eb7a'] {{(pid=109780) reserve /opt/stack/cinder/cinder/quota.py:755}}
Nov 22 10:36:48.582139 dv-cinder-804035-13-smb devstack@c-api.service[109780]: DEBUG cinder.volume.api [None req-6718e1d6-475c-46ac-8c79-d5edf922e5ad tempest-VolumesServicesTestJSON-1978703476 tempest-VolumesServicesTestJSON-1978703476-project] Task 'cinder.volume.flows.api.create_volume.QuotaReserveTask;volume:create' (0f863289-2adb-40b1-91dd-b9bea65124f5) transitioned into state 'SUCCESS' from state 'RUNNING' with result '{'reservations': ['31c0c5fc-9bca-41e7-8ee1-19dfec800be2', '6d259f57-cb09-42dc-b784-3b2e8a02dc64', '25cb088d-2c1d-46a0-b2c5-11efad16226d', '08563585-4015-4b32-891b-63fcbe77eb7a']}' {{(pid=109780) _task_receiver /usr/local/lib/python3.8/dist-packages/taskflow/listeners/logging.py:178}}
Nov 22 10:36:48.584675 dv-cinder-804035-13-smb devstack@c-api.service[109780]: DEBUG cinder.volume.api [None req-6718e1d6-475c-46ac-8c79-d5edf922e5ad tempest-VolumesServicesTestJSON-1978703476 tempest-VolumesServicesTestJSON-1978703476-project] Task 'cinder.volume.flows.api.create_volume.EntryCreateTask;volume:create' (e90ffd2b-34cd-48f9-9230-29134e46e24f) transitioned into state 'RUNNING' from state 'PENDING' {{(pid=109780) _task_receiver /usr/local/lib/python3.8/dist-packages/taskflow/listeners/logging.py:190}}
Nov 22 10:36:48.611636 dv-cinder-804035-13-smb devstack@c-api.service[109779]: INFO cinder.api.openstack.wsgi [None req-7e900f1d-0703-4a3c-a2e3-21e5bc6b2f88 tempest-VolumeTypesExtraSpecsTest-508945874 tempest-VolumeTypesExtraSpecsTest-508945874-project-admin] http://10.222.0.54/volume/v3/57a1370ad63c4dcfa5ab0c86f21a8e84/types/62b7d109-ca99-4e91-a6e2-41d948b158e6/extra_specs/spec2 returned with HTTP 200
Nov 22 10:36:48.612871 dv-cinder-804035-13-smb devstack@c-api.service[109779]: [pid: 109779|app: 0|req: 155/302] 10.222.0.54 () {60 vars in 1392 bytes} [Mon Nov 22 10:36:48 2021] PUT /volume/v3/57a1370ad63c4dcfa5ab0c86f21a8e84/types/62b7d109-ca99-4e91-a6e2-41d948b158e6/extra_specs/spec2 => generated 17 bytes in 46 msecs (HTTP/1.1 200) 7 headers in 284 bytes (1 switches on core 0)
Nov 22 10:36:48.624087 dv-cinder-804035-13-smb devstack@c-api.service[109780]: DEBUG cinder.volume.api [None req-6718e1d6-475c-46ac-8c79-d5edf922e5ad tempest-VolumesServicesTestJSON-1978703476 tempest-VolumesServicesTestJSON-1978703476-project] Task 'cinder.volume.flows.api.create_volume.EntryCreateTask;volume:create' (e90ffd2b-34cd-48f9-9230-29134e46e24f) transitioned into state 'SUCCESS' from state 'RUNNING' with result '{'volume_id': '1b0336e3-8984-4f9d-ab3f-a2d503e2294b', 'volume_properties': VolumeProperties(attach_status='detached',availability_zone='nova',cgsnapshot_id=None,consistencygroup_id=None,display_description=None,display_name='tempest-VolumesServicesTestJSON-Volume-741395469',encryption_key_id=None,group_id=None,group_type_id=,metadata={},multiattach=False,project_id='4746fd3ffa0243f993d4ce3d5064d733',qos_specs=None,replication_status=,reservations=['31c0c5fc-9bca-41e7-8ee1-19dfec800be2','6d259f57-cb09-42dc-b784-3b2e8a02dc64','25cb088d-2c1d-46a0-b2c5-11efad16226d','08563585-4015-4b32-891b-63fcbe77eb7a'],size=1,snapshot_id=None,source_replicaid=,source_volid=None,status='creating',user_id='160b8ad1f40c4d19b4677a40bdc3635f',volume_type_id=f84cd839-017b-4373-8f05-5502a3f6626d), 'volume': Volume(_name_id=None,admin_metadata=,attach_status='detached',availability_zone='nova',bootable=False,cluster=,cluster_name=None,consistencygroup=,consistencygroup_id=None,created_at=2021-11-22T10:36:48Z,deleted=False,deleted_at=None,display_description=None,display_name='tempest-VolumesServicesTestJSON-Volume-741395469',ec2_id=None,encryption_key_id=None,glance_metadata=,group=,group_id=None,host=None,id=1b0336e3-8984-4f9d-ab3f-a2d503e2294b,launched_at=None,metadata={},migration_status=None,multiattach=False,previous_status=None,project_id='4746fd3ffa0243f993d4ce3d5064d733',provider_auth=None,provider_geometry=None,provider_id=None,provider_location=None,replication_driver_data=None,replication_extended_status=None,replication_status=None,scheduled_at=None,service_uuid=None,shared_targets=True,size=1,snapshot_id=None,snapshots=,source_volid=None,status='creating',terminated_at=None,updated_at=None,use_quota=True,user_id='160b8ad1f40c4d19b4677a40bdc3635f',volume_attachment=VolumeAttachmentList,volume_type=VolumeType(f84cd839-017b-4373-8f05-5502a3f6626d),volume_type_id=f84cd839-017b-4373-8f05-5502a3f6626d)}' {{(pid=109780) _task_receiver /usr/local/lib/python3.8/dist-packages/taskflow/listeners/logging.py:178}}
Nov 22 10:36:48.625305 dv-cinder-804035-13-smb devstack@c-api.service[109779]: INFO cinder.api.openstack.wsgi [None req-3ed57f23-fca9-4cda-8a07-0a11ac702d3d tempest-VolumeTypesExtraSpecsTest-508945874 tempest-VolumeTypesExtraSpecsTest-508945874-project-admin] GET http://10.222.0.54/volume/v3/57a1370ad63c4dcfa5ab0c86f21a8e84/types/62b7d109-ca99-4e91-a6e2-41d948b158e6/extra_specs/spec2
Nov 22 10:36:48.625790 dv-cinder-804035-13-smb devstack@c-api.service[109779]: DEBUG cinder.api.openstack.wsgi [None req-3ed57f23-fca9-4cda-8a07-0a11ac702d3d tempest-VolumeTypesExtraSpecsTest-508945874 tempest-VolumeTypesExtraSpecsTest-508945874-project-admin] Empty body provided in request {{(pid=109779) get_body /opt/stack/cinder/cinder/api/openstack/wsgi.py:703}}
Nov 22 10:36:48.626213 dv-cinder-804035-13-smb devstack@c-api.service[109779]: DEBUG cinder.api.openstack.wsgi [None req-3ed57f23-fca9-4cda-8a07-0a11ac702d3d tempest-VolumeTypesExtraSpecsTest-508945874 tempest-VolumeTypesExtraSpecsTest-508945874-project-admin] Calling method 'show' {{(pid=109779) _process_stack /opt/stack/cinder/cinder/api/openstack/wsgi.py:856}}
Nov 22 10:36:48.626370 dv-cinder-804035-13-smb devstack@c-api.service[109780]: DEBUG cinder.volume.api [None req-6718e1d6-475c-46ac-8c79-d5edf922e5ad tempest-VolumesServicesTestJSON-1978703476 tempest-VolumesServicesTestJSON-1978703476-project] Task 'cinder.volume.flows.api.create_volume.QuotaCommitTask;volume:create' (42d5b529-bd3e-4822-96a3-c9094a9cd308) transitioned into state 'RUNNING' from state 'PENDING' {{(pid=109780) _task_receiver /usr/local/lib/python3.8/dist-packages/taskflow/listeners/logging.py:190}}
Nov 22 10:36:48.638995 dv-cinder-804035-13-smb devstack@c-api.service[109779]: INFO cinder.api.openstack.wsgi [None req-3ed57f23-fca9-4cda-8a07-0a11ac702d3d tempest-VolumeTypesExtraSpecsTest-508945874 tempest-VolumeTypesExtraSpecsTest-508945874-project-admin] http://10.222.0.54/volume/v3/57a1370ad63c4dcfa5ab0c86f21a8e84/types/62b7d109-ca99-4e91-a6e2-41d948b158e6/extra_specs/spec2 returned with HTTP 200
Nov 22 10:36:48.644101 dv-cinder-804035-13-smb devstack@c-api.service[109779]: [pid: 109779|app: 0|req: 156/303] 10.222.0.54 () {58 vars in 1372 bytes} [Mon Nov 22 10:36:48 2021] GET /volume/v3/57a1370ad63c4dcfa5ab0c86f21a8e84/types/62b7d109-ca99-4e91-a6e2-41d948b158e6/extra_specs/spec2 => generated 17 bytes in 23 msecs (HTTP/1.1 200) 7 headers in 284 bytes (1 switches on core 0)
Nov 22 10:36:48.660988 dv-cinder-804035-13-smb devstack@c-api.service[109780]: DEBUG cinder.volume.api [None req-6718e1d6-475c-46ac-8c79-d5edf922e5ad tempest-VolumesServicesTestJSON-1978703476 tempest-VolumesServicesTestJSON-1978703476-project] Task 'cinder.volume.flows.api.create_volume.QuotaCommitTask;volume:create' (42d5b529-bd3e-4822-96a3-c9094a9cd308) transitioned into state 'SUCCESS' from state 'RUNNING' with result '{'volume_properties': VolumeProperties(attach_status='detached',availability_zone='nova',cgsnapshot_id=None,consistencygroup_id=None,display_description=None,display_name='tempest-VolumesServicesTestJSON-Volume-741395469',encryption_key_id=None,group_id=None,group_type_id=,metadata={},multiattach=False,project_id='4746fd3ffa0243f993d4ce3d5064d733',qos_specs=None,replication_status=,reservations=['31c0c5fc-9bca-41e7-8ee1-19dfec800be2','6d259f57-cb09-42dc-b784-3b2e8a02dc64','25cb088d-2c1d-46a0-b2c5-11efad16226d','08563585-4015-4b32-891b-63fcbe77eb7a'],size=1,snapshot_id=None,source_replicaid=,source_volid=None,status='creating',user_id='160b8ad1f40c4d19b4677a40bdc3635f',volume_type_id=f84cd839-017b-4373-8f05-5502a3f6626d)}' {{(pid=109780) _task_receiver /usr/local/lib/python3.8/dist-packages/taskflow/listeners/logging.py:178}}
Nov 22 10:36:48.661298 dv-cinder-804035-13-smb devstack@c-api.service[109779]: INFO cinder.api.openstack.wsgi [None req-96de10eb-12f8-4bbb-8a54-2062d5deeece tempest-VolumeTypesExtraSpecsTest-508945874 tempest-VolumeTypesExtraSpecsTest-508945874-project-admin] POST http://10.222.0.54/volume/v3/57a1370ad63c4dcfa5ab0c86f21a8e84/types/62b7d109-ca99-4e91-a6e2-41d948b158e6/extra_specs
Nov 22 10:36:48.661898 dv-cinder-804035-13-smb devstack@c-api.service[109779]: DEBUG cinder.api.openstack.wsgi [None req-96de10eb-12f8-4bbb-8a54-2062d5deeece tempest-VolumeTypesExtraSpecsTest-508945874 tempest-VolumeTypesExtraSpecsTest-508945874-project-admin] Action: 'create', calling method: create, body: {"extra_specs": {"spec2": "val3", "spec4": "val4"}} {{(pid=109779) _process_stack /opt/stack/cinder/cinder/api/openstack/wsgi.py:854}}
Nov 22 10:36:48.663242 dv-cinder-804035-13-smb devstack@c-api.service[109780]: DEBUG cinder.volume.api [None req-6718e1d6-475c-46ac-8c79-d5edf922e5ad tempest-VolumesServicesTestJSON-1978703476 tempest-VolumesServicesTestJSON-1978703476-project] Task 'cinder.volume.flows.api.create_volume.VolumeCastTask;volume:create' (23ababe7-746b-4137-967a-140179485b81) transitioned into state 'RUNNING' from state 'PENDING' {{(pid=109780) _task_receiver /usr/local/lib/python3.8/dist-packages/taskflow/listeners/logging.py:190}}
Nov 22 10:36:48.695002 dv-cinder-804035-13-smb devstack@c-api.service[109780]: DEBUG cinder.volume.api [None req-6718e1d6-475c-46ac-8c79-d5edf922e5ad tempest-VolumesServicesTestJSON-1978703476 tempest-VolumesServicesTestJSON-1978703476-project] Task 'cinder.volume.flows.api.create_volume.VolumeCastTask;volume:create' (23ababe7-746b-4137-967a-140179485b81) transitioned into state 'SUCCESS' from state 'RUNNING' with result 'None' {{(pid=109780) _task_receiver /usr/local/lib/python3.8/dist-packages/taskflow/listeners/logging.py:178}}
Nov 22 10:36:48.702206 dv-cinder-804035-13-smb devstack@c-api.service[109780]: DEBUG cinder.volume.api [None req-6718e1d6-475c-46ac-8c79-d5edf922e5ad tempest-VolumesServicesTestJSON-1978703476 tempest-VolumesServicesTestJSON-1978703476-project] Flow 'volume_create_api' (c9eee8a3-3575-42f5-848e-446ad9faff84) transitioned into state 'SUCCESS' from state 'RUNNING' {{(pid=109780) _flow_receiver /usr/local/lib/python3.8/dist-packages/taskflow/listeners/logging.py:141}}
Nov 22 10:36:48.705045 dv-cinder-804035-13-smb devstack@c-api.service[109780]: INFO cinder.volume.api [None req-6718e1d6-475c-46ac-8c79-d5edf922e5ad tempest-VolumesServicesTestJSON-1978703476 tempest-VolumesServicesTestJSON-1978703476-project] Create volume request issued successfully.
Nov 22 10:36:48.710061 dv-cinder-804035-13-smb devstack@c-api.service[109780]: INFO cinder.api.openstack.wsgi [None req-6718e1d6-475c-46ac-8c79-d5edf922e5ad tempest-VolumesServicesTestJSON-1978703476 tempest-VolumesServicesTestJSON-1978703476-project] http://10.222.0.54/volume/v3/4746fd3ffa0243f993d4ce3d5064d733/volumes returned with HTTP 202
Nov 22 10:36:48.711650 dv-cinder-804035-13-smb devstack@c-api.service[109780]: [pid: 109780|app: 0|req: 148/304] 10.222.0.54 () {60 vars in 1234 bytes} [Mon Nov 22 10:36:48 2021] POST /volume/v3/4746fd3ffa0243f993d4ce3d5064d733/volumes => generated 822 bytes in 544 msecs (HTTP/1.1 202) 7 headers in 291 bytes (1 switches on core 0)
Nov 22 10:36:48.725024 dv-cinder-804035-13-smb devstack@c-api.service[109780]: INFO cinder.api.openstack.wsgi [None req-c9ef1770-0aa7-46d1-a623-33723f8e324a tempest-GroupSnapshotsTest-232886379 tempest-GroupSnapshotsTest-232886379-project] GET http://10.222.0.54/volume/v3/ebe0c0218438486d906d04a802d436a0/volumes/f69a4243-0c12-495c-9afc-e9aebf58ae4f
Nov 22 10:36:48.726130 dv-cinder-804035-13-smb devstack@c-api.service[109780]: DEBUG cinder.api.openstack.wsgi [None req-c9ef1770-0aa7-46d1-a623-33723f8e324a tempest-GroupSnapshotsTest-232886379 tempest-GroupSnapshotsTest-232886379-project] Empty body provided in request {{(pid=109780) get_body /opt/stack/cinder/cinder/api/openstack/wsgi.py:703}}
Nov 22 10:36:48.726416 dv-cinder-804035-13-smb devstack@c-api.service[109780]: /usr/local/lib/python3.8/dist-packages/webob/acceptparse.py:1047: DeprecationWarning: The behavior of AcceptValidHeader.best_match is currently being maintained for backward compatibility, but it will be deprecated in the future, as it does not conform to the RFC.
Nov 22 10:36:48.726416 dv-cinder-804035-13-smb devstack@c-api.service[109780]: warnings.warn(
Nov 22 10:36:48.727250 dv-cinder-804035-13-smb devstack@c-api.service[109780]: DEBUG cinder.api.openstack.wsgi [None req-c9ef1770-0aa7-46d1-a623-33723f8e324a tempest-GroupSnapshotsTest-232886379 tempest-GroupSnapshotsTest-232886379-project] Calling method 'show' {{(pid=109780) _process_stack /opt/stack/cinder/cinder/api/openstack/wsgi.py:856}}
Nov 22 10:36:48.744540 dv-cinder-804035-13-smb devstack@c-api.service[109779]: INFO cinder.api.openstack.wsgi [None req-96de10eb-12f8-4bbb-8a54-2062d5deeece tempest-VolumeTypesExtraSpecsTest-508945874 tempest-VolumeTypesExtraSpecsTest-508945874-project-admin] http://10.222.0.54/volume/v3/57a1370ad63c4dcfa5ab0c86f21a8e84/types/62b7d109-ca99-4e91-a6e2-41d948b158e6/extra_specs returned with HTTP 200
Nov 22 10:36:48.752701 dv-cinder-804035-13-smb devstack@c-api.service[109779]: [pid: 109779|app: 0|req: 157/305] 10.222.0.54 () {60 vars in 1375 bytes} [Mon Nov 22 10:36:48 2021] POST /volume/v3/57a1370ad63c4dcfa5ab0c86f21a8e84/types/62b7d109-ca99-4e91-a6e2-41d948b158e6/extra_specs => generated 51 bytes in 99 msecs (HTTP/1.1 200) 7 headers in 284 bytes (1 switches on core 0)
Nov 22 10:36:48.760556 dv-cinder-804035-13-smb devstack@c-api.service[109779]: INFO cinder.api.openstack.wsgi [None req-25bf127b-b893-425f-84c5-e98dbf7e80e6 tempest-VolumesServicesTestJSON-1978703476 tempest-VolumesServicesTestJSON-1978703476-project] GET http://10.222.0.54/volume/v3/4746fd3ffa0243f993d4ce3d5064d733/volumes/1b0336e3-8984-4f9d-ab3f-a2d503e2294b
Nov 22 10:36:48.761320 dv-cinder-804035-13-smb devstack@c-api.service[109779]: DEBUG cinder.api.openstack.wsgi [None req-25bf127b-b893-425f-84c5-e98dbf7e80e6 tempest-VolumesServicesTestJSON-1978703476 tempest-VolumesServicesTestJSON-1978703476-project] Empty body provided in request {{(pid=109779) get_body /opt/stack/cinder/cinder/api/openstack/wsgi.py:703}}
Nov 22 10:36:48.764267 dv-cinder-804035-13-smb devstack@c-api.service[109779]: DEBUG cinder.api.openstack.wsgi [None req-25bf127b-b893-425f-84c5-e98dbf7e80e6 tempest-VolumesServicesTestJSON-1978703476 tempest-VolumesServicesTestJSON-1978703476-project] Calling method 'show' {{(pid=109779) _process_stack /opt/stack/cinder/cinder/api/openstack/wsgi.py:856}}
Nov 22 10:36:48.783621 dv-cinder-804035-13-smb devstack@c-api.service[109779]: /usr/local/lib/python3.8/dist-packages/oslo_context/context.py:105: DeprecationWarning: Policy enforcement is depending on the value of is_admin. This key is deprecated. Please update your policy file to use the standard policy values.
Nov 22 10:36:48.783621 dv-cinder-804035-13-smb devstack@c-api.service[109779]: warnings.warn('Policy enforcement is depending on the value of '
Nov 22 10:36:48.786822 dv-cinder-804035-13-smb devstack@c-api.service[109780]: /usr/local/lib/python3.8/dist-packages/oslo_context/context.py:105: DeprecationWarning: Policy enforcement is depending on the value of is_admin. This key is deprecated. Please update your policy file to use the standard policy values.
Nov 22 10:36:48.786822 dv-cinder-804035-13-smb devstack@c-api.service[109780]: warnings.warn('Policy enforcement is depending on the value of '
Nov 22 10:36:48.791982 dv-cinder-804035-13-smb devstack@c-api.service[109779]: INFO cinder.volume.api [None req-25bf127b-b893-425f-84c5-e98dbf7e80e6 tempest-VolumesServicesTestJSON-1978703476 tempest-VolumesServicesTestJSON-1978703476-project] Volume info retrieved successfully.
Nov 22 10:36:48.795498 dv-cinder-804035-13-smb devstack@c-api.service[109780]: INFO cinder.volume.api [None req-c9ef1770-0aa7-46d1-a623-33723f8e324a tempest-GroupSnapshotsTest-232886379 tempest-GroupSnapshotsTest-232886379-project] Volume info retrieved successfully.
Nov 22 10:36:48.797026 dv-cinder-804035-13-smb devstack@c-api.service[109780]: WARNING stevedore.named [None req-c9ef1770-0aa7-46d1-a623-33723f8e324a tempest-GroupSnapshotsTest-232886379 tempest-GroupSnapshotsTest-232886379-project] Could not load cinder.keymgr.conf_key_mgr.ConfKeyManager
Nov 22 10:36:48.797561 dv-cinder-804035-13-smb devstack@c-api.service[109780]: WARNING castellan.key_manager [None req-c9ef1770-0aa7-46d1-a623-33723f8e324a tempest-GroupSnapshotsTest-232886379 tempest-GroupSnapshotsTest-232886379-project] Deprecation Warning : cinder.keymgr.conf_key_mgr.ConfKeyManager is not a stevedore based driver, trying to load it as a class: stevedore.exception.NoMatches: No 'castellan.drivers' driver found, looking for 'cinder.keymgr.conf_key_mgr.ConfKeyManager'
Nov 22 10:36:48.805087 dv-cinder-804035-13-smb devstack@c-api.service[109779]: INFO cinder.api.openstack.wsgi [None req-25bf127b-b893-425f-84c5-e98dbf7e80e6 tempest-VolumesServicesTestJSON-1978703476 tempest-VolumesServicesTestJSON-1978703476-project] http://10.222.0.54/volume/v3/4746fd3ffa0243f993d4ce3d5064d733/volumes/1b0336e3-8984-4f9d-ab3f-a2d503e2294b returned with HTTP 200
Nov 22 10:36:48.805087 dv-cinder-804035-13-smb devstack@c-api.service[109779]: [pid: 109779|app: 0|req: 158/306] 10.222.0.54 () {58 vars in 1324 bytes} [Mon Nov 22 10:36:48 2021] GET /volume/v3/4746fd3ffa0243f993d4ce3d5064d733/volumes/1b0336e3-8984-4f9d-ab3f-a2d503e2294b => generated 890 bytes in 56 msecs (HTTP/1.1 200) 7 headers in 285 bytes (1 switches on core 0)
Nov 22 10:36:48.806320 dv-cinder-804035-13-smb devstack@c-api.service[109780]: DEBUG oslo_db.sqlalchemy.engines [None req-c9ef1770-0aa7-46d1-a623-33723f8e324a tempest-GroupSnapshotsTest-232886379 tempest-GroupSnapshotsTest-232886379-project] MySQL server mode set to STRICT_TRANS_TABLES,STRICT_ALL_TABLES,NO_ZERO_IN_DATE,NO_ZERO_DATE,ERROR_FOR_DIVISION_BY_ZERO,TRADITIONAL,NO_ENGINE_SUBSTITUTION {{(pid=109780) _check_effective_sql_mode /usr/local/lib/python3.8/dist-packages/oslo_db/sqlalchemy/engines.py:314}}
Nov 22 10:36:48.813036 dv-cinder-804035-13-smb devstack@c-api.service[109780]: /usr/local/lib/python3.8/dist-packages/oslo_context/context.py:105: DeprecationWarning: Policy enforcement is depending on the value of is_admin. This key is deprecated. Please update your policy file to use the standard policy values.
Nov 22 10:36:48.813036 dv-cinder-804035-13-smb devstack@c-api.service[109780]: warnings.warn('Policy enforcement is depending on the value of '
Nov 22 10:36:48.822472 dv-cinder-804035-13-smb devstack@c-api.service[109779]: INFO cinder.api.openstack.wsgi [None req-ca8b42aa-3e0f-47b7-9b7d-fd82c3a17a9c tempest-VolumeTypesExtraSpecsTest-508945874 tempest-VolumeTypesExtraSpecsTest-508945874-project-admin] GET http://10.222.0.54/volume/v3/57a1370ad63c4dcfa5ab0c86f21a8e84/types/62b7d109-ca99-4e91-a6e2-41d948b158e6/extra_specs
Nov 22 10:36:48.823128 dv-cinder-804035-13-smb devstack@c-api.service[109779]: DEBUG cinder.api.openstack.wsgi [None req-ca8b42aa-3e0f-47b7-9b7d-fd82c3a17a9c tempest-VolumeTypesExtraSpecsTest-508945874 tempest-VolumeTypesExtraSpecsTest-508945874-project-admin] Empty body provided in request {{(pid=109779) get_body /opt/stack/cinder/cinder/api/openstack/wsgi.py:703}}
Nov 22 10:36:48.823475 dv-cinder-804035-13-smb devstack@c-api.service[109779]: /usr/local/lib/python3.8/dist-packages/webob/acceptparse.py:1047: DeprecationWarning: The behavior of AcceptValidHeader.best_match is currently being maintained for backward compatibility, but it will be deprecated in the future, as it does not conform to the RFC.
Nov 22 10:36:48.823475 dv-cinder-804035-13-smb devstack@c-api.service[109779]: warnings.warn(
Nov 22 10:36:48.824107 dv-cinder-804035-13-smb devstack@c-api.service[109779]: DEBUG cinder.api.openstack.wsgi [None req-ca8b42aa-3e0f-47b7-9b7d-fd82c3a17a9c tempest-VolumeTypesExtraSpecsTest-508945874 tempest-VolumeTypesExtraSpecsTest-508945874-project-admin] Calling method 'index' {{(pid=109779) _process_stack /opt/stack/cinder/cinder/api/openstack/wsgi.py:856}}
Nov 22 10:36:48.830638 dv-cinder-804035-13-smb devstack@c-api.service[109780]: INFO cinder.api.openstack.wsgi [None req-c9ef1770-0aa7-46d1-a623-33723f8e324a tempest-GroupSnapshotsTest-232886379 tempest-GroupSnapshotsTest-232886379-project] http://10.222.0.54/volume/v3/ebe0c0218438486d906d04a802d436a0/volumes/f69a4243-0c12-495c-9afc-e9aebf58ae4f returned with HTTP 200
Nov 22 10:36:48.832053 dv-cinder-804035-13-smb devstack@c-api.service[109780]: [pid: 109780|app: 0|req: 149/307] 10.222.0.54 () {60 vars in 1365 bytes} [Mon Nov 22 10:36:48 2021] GET /volume/v3/ebe0c0218438486d906d04a802d436a0/volumes/f69a4243-0c12-495c-9afc-e9aebf58ae4f => generated 1001 bytes in 120 msecs (HTTP/1.1 200) 7 headers in 287 bytes (1 switches on core 0)
Nov 22 10:36:48.838891 dv-cinder-804035-13-smb devstack@c-api.service[109779]: INFO cinder.api.openstack.wsgi [None req-ca8b42aa-3e0f-47b7-9b7d-fd82c3a17a9c tempest-VolumeTypesExtraSpecsTest-508945874 tempest-VolumeTypesExtraSpecsTest-508945874-project-admin] http://10.222.0.54/volume/v3/57a1370ad63c4dcfa5ab0c86f21a8e84/types/62b7d109-ca99-4e91-a6e2-41d948b158e6/extra_specs returned with HTTP 200
Nov 22 10:36:48.840812 dv-cinder-804035-13-smb devstack@c-api.service[109779]: [pid: 109779|app: 0|req: 159/308] 10.222.0.54 () {58 vars in 1354 bytes} [Mon Nov 22 10:36:48 2021] GET /volume/v3/57a1370ad63c4dcfa5ab0c86f21a8e84/types/62b7d109-ca99-4e91-a6e2-41d948b158e6/extra_specs => generated 68 bytes in 36 msecs (HTTP/1.1 200) 7 headers in 284 bytes (1 switches on core 0)
Nov 22 10:36:48.858504 dv-cinder-804035-13-smb devstack@c-api.service[109780]: INFO cinder.api.openstack.wsgi [None req-33022f72-3130-4e81-ba75-5386a3f5fa4e tempest-VolumeTypesExtraSpecsTest-508945874 tempest-VolumeTypesExtraSpecsTest-508945874-project-admin] DELETE http://10.222.0.54/volume/v3/57a1370ad63c4dcfa5ab0c86f21a8e84/types/62b7d109-ca99-4e91-a6e2-41d948b158e6
Nov 22 10:36:48.859294 dv-cinder-804035-13-smb devstack@c-api.service[109780]: DEBUG cinder.api.openstack.wsgi [None req-33022f72-3130-4e81-ba75-5386a3f5fa4e tempest-VolumeTypesExtraSpecsTest-508945874 tempest-VolumeTypesExtraSpecsTest-508945874-project-admin] Empty body provided in request {{(pid=109780) get_body /opt/stack/cinder/cinder/api/openstack/wsgi.py:703}}
Nov 22 10:36:48.859566 dv-cinder-804035-13-smb devstack@c-api.service[109780]: /usr/local/lib/python3.8/dist-packages/webob/acceptparse.py:1047: DeprecationWarning: The behavior of AcceptValidHeader.best_match is currently being maintained for backward compatibility, but it will be deprecated in the future, as it does not conform to the RFC.
Nov 22 10:36:48.859566 dv-cinder-804035-13-smb devstack@c-api.service[109780]: warnings.warn(
Nov 22 10:36:48.860091 dv-cinder-804035-13-smb devstack@c-api.service[109780]: DEBUG cinder.api.openstack.wsgi [None req-33022f72-3130-4e81-ba75-5386a3f5fa4e tempest-VolumeTypesExtraSpecsTest-508945874 tempest-VolumeTypesExtraSpecsTest-508945874-project-admin] Calling method '_delete' {{(pid=109780) _process_stack /opt/stack/cinder/cinder/api/openstack/wsgi.py:856}}
Nov 22 10:36:48.886376 dv-cinder-804035-13-smb devstack@c-api.service[109779]: INFO cinder.api.openstack.wsgi [None req-6b473921-bf26-4078-86b7-22915efb4296 tempest-GroupSnapshotsTest-232886379 tempest-GroupSnapshotsTest-232886379-project] POST http://10.222.0.54/volume/v3/ebe0c0218438486d906d04a802d436a0/group_snapshots
Nov 22 10:36:48.887281 dv-cinder-804035-13-smb devstack@c-api.service[109779]: DEBUG cinder.api.openstack.wsgi [None req-6b473921-bf26-4078-86b7-22915efb4296 tempest-GroupSnapshotsTest-232886379 tempest-GroupSnapshotsTest-232886379-project] Action: 'create', calling method: version_select, body: {"group_snapshot": {"group_id": "7c52ca77-030e-403a-97ac-7cbfe3be7405", "name": "tempest-group_snapshot-1433043617"}} {{(pid=109779) _process_stack /opt/stack/cinder/cinder/api/openstack/wsgi.py:854}}
Nov 22 10:36:48.888407 dv-cinder-804035-13-smb devstack@c-api.service[109779]: DEBUG cinder.api.v3.group_snapshots [None req-6b473921-bf26-4078-86b7-22915efb4296 tempest-GroupSnapshotsTest-232886379 tempest-GroupSnapshotsTest-232886379-project] Creating new group_snapshot {'group_snapshot': {'group_id': '7c52ca77-030e-403a-97ac-7cbfe3be7405', 'name': 'tempest-group_snapshot-1433043617'}} {{(pid=109779) create /opt/stack/cinder/cinder/api/v3/group_snapshots.py:154}}
Nov 22 10:36:48.896590 dv-cinder-804035-13-smb devstack@c-api.service[109779]: /usr/local/lib/python3.8/dist-packages/oslo_context/context.py:105: DeprecationWarning: Policy enforcement is depending on the value of is_admin. This key is deprecated. Please update your policy file to use the standard policy values.
Nov 22 10:36:48.896590 dv-cinder-804035-13-smb devstack@c-api.service[109779]: warnings.warn('Policy enforcement is depending on the value of '
Nov 22 10:36:48.903371 dv-cinder-804035-13-smb devstack@c-api.service[109779]: INFO cinder.api.v3.group_snapshots [None req-6b473921-bf26-4078-86b7-22915efb4296 tempest-GroupSnapshotsTest-232886379 tempest-GroupSnapshotsTest-232886379-project] Creating group_snapshot tempest-group_snapshot-1433043617.
Nov 22 10:36:48.942422 dv-cinder-804035-13-smb devstack@c-api.service[109779]: /usr/local/lib/python3.8/dist-packages/oslo_context/context.py:105: DeprecationWarning: Policy enforcement is depending on the value of is_admin. This key is deprecated. Please update your policy file to use the standard policy values.
Nov 22 10:36:48.942422 dv-cinder-804035-13-smb devstack@c-api.service[109779]: warnings.warn('Policy enforcement is depending on the value of '
Nov 22 10:36:48.955844 dv-cinder-804035-13-smb devstack@c-api.service[109780]: INFO cinder.api.openstack.wsgi [None req-33022f72-3130-4e81-ba75-5386a3f5fa4e tempest-VolumeTypesExtraSpecsTest-508945874 tempest-VolumeTypesExtraSpecsTest-508945874-project-admin] http://10.222.0.54/volume/v3/57a1370ad63c4dcfa5ab0c86f21a8e84/types/62b7d109-ca99-4e91-a6e2-41d948b158e6 returned with HTTP 202
Nov 22 10:36:48.960682 dv-cinder-804035-13-smb devstack@c-api.service[109780]: [pid: 109780|app: 0|req: 150/309] 10.222.0.54 () {58 vars in 1321 bytes} [Mon Nov 22 10:36:48 2021] DELETE /volume/v3/57a1370ad63c4dcfa5ab0c86f21a8e84/types/62b7d109-ca99-4e91-a6e2-41d948b158e6 => generated 0 bytes in 113 msecs (HTTP/1.1 202) 6 headers in 233 bytes (1 switches on core 0)
Nov 22 10:36:48.966302 dv-cinder-804035-13-smb devstack@c-api.service[109780]: INFO cinder.api.openstack.wsgi [None req-6e6db098-2343-416c-8bb0-26e1491b6682 tempest-VolumeManageAdminTest-1069166021 tempest-VolumeManageAdminTest-1069166021-project] GET http://10.222.0.54/volume/v3/1c8cc20b2830481b99160d501de4a078/volumes/c8ab1093-c2a8-466d-ab43-2b2f3a24560f
Nov 22 10:36:48.967047 dv-cinder-804035-13-smb devstack@c-api.service[109780]: DEBUG cinder.api.openstack.wsgi [None req-6e6db098-2343-416c-8bb0-26e1491b6682 tempest-VolumeManageAdminTest-1069166021 tempest-VolumeManageAdminTest-1069166021-project] Empty body provided in request {{(pid=109780) get_body /opt/stack/cinder/cinder/api/openstack/wsgi.py:703}}
Nov 22 10:36:48.967604 dv-cinder-804035-13-smb devstack@c-api.service[109780]: DEBUG cinder.api.openstack.wsgi [None req-6e6db098-2343-416c-8bb0-26e1491b6682 tempest-VolumeManageAdminTest-1069166021 tempest-VolumeManageAdminTest-1069166021-project] Calling method 'show' {{(pid=109780) _process_stack /opt/stack/cinder/cinder/api/openstack/wsgi.py:856}}
Nov 22 10:36:48.970667 dv-cinder-804035-13-smb devstack@c-api.service[109779]: WARNING cinder.quota [None req-6b473921-bf26-4078-86b7-22915efb4296 tempest-GroupSnapshotsTest-232886379 tempest-GroupSnapshotsTest-232886379-project] Deprecated: Default quota for resource: snapshots_tempest-GroupSnapshotsTest-volume-type-1629549911 is set by the default quota flag: quota_snapshots_tempest-GroupSnapshotsTest-volume-type-1629549911, it is now deprecated. Please use the default quota class for default quota.
Nov 22 10:36:49.006501 dv-cinder-804035-13-smb devstack@c-api.service[109780]: /usr/local/lib/python3.8/dist-packages/oslo_context/context.py:105: DeprecationWarning: Policy enforcement is depending on the value of is_admin. This key is deprecated. Please update your policy file to use the standard policy values.
Nov 22 10:36:49.006501 dv-cinder-804035-13-smb devstack@c-api.service[109780]: warnings.warn('Policy enforcement is depending on the value of '
Nov 22 10:36:49.022775 dv-cinder-804035-13-smb devstack@c-api.service[109779]: DEBUG cinder.quota [None req-6b473921-bf26-4078-86b7-22915efb4296 tempest-GroupSnapshotsTest-232886379 tempest-GroupSnapshotsTest-232886379-project] Created reservations ['aea08fe0-a63b-4709-be69-f19328974c3e', 'fba56133-e899-46fd-8b04-e78ee7ca8276', '7963afbe-7644-45a3-b385-9838cacd5f93', '45491afc-ebd3-4233-9269-a7f32f3f3e2b'] {{(pid=109779) reserve /opt/stack/cinder/cinder/quota.py:755}}
Nov 22 10:36:49.026179 dv-cinder-804035-13-smb devstack@c-api.service[109780]: INFO cinder.volume.api [None req-6e6db098-2343-416c-8bb0-26e1491b6682 tempest-VolumeManageAdminTest-1069166021 tempest-VolumeManageAdminTest-1069166021-project] Volume info retrieved successfully.
Nov 22 10:36:49.038433 dv-cinder-804035-13-smb devstack@c-api.service[109780]: INFO cinder.api.openstack.wsgi [None req-6e6db098-2343-416c-8bb0-26e1491b6682 tempest-VolumeManageAdminTest-1069166021 tempest-VolumeManageAdminTest-1069166021-project] http://10.222.0.54/volume/v3/1c8cc20b2830481b99160d501de4a078/volumes/c8ab1093-c2a8-466d-ab43-2b2f3a24560f returned with HTTP 200
Nov 22 10:36:49.039255 dv-cinder-804035-13-smb devstack@c-api.service[109780]: [pid: 109780|app: 0|req: 151/310] 10.222.0.54 () {58 vars in 1324 bytes} [Mon Nov 22 10:36:48 2021] GET /volume/v3/1c8cc20b2830481b99160d501de4a078/volumes/c8ab1093-c2a8-466d-ab43-2b2f3a24560f => generated 913 bytes in 78 msecs (HTTP/1.1 200) 7 headers in 285 bytes (1 switches on core 0)
Nov 22 10:36:49.043657 dv-cinder-804035-13-smb devstack@c-api.service[109780]: INFO cinder.api.openstack.wsgi [None req-845c4336-5ef0-4be0-b4b6-3740323428d5 tempest-VolumeTypesExtraSpecsTest-508945874 tempest-VolumeTypesExtraSpecsTest-508945874-project-admin] GET http://10.222.0.54/volume/v3/57a1370ad63c4dcfa5ab0c86f21a8e84/types/62b7d109-ca99-4e91-a6e2-41d948b158e6
Nov 22 10:36:49.044104 dv-cinder-804035-13-smb devstack@c-api.service[109780]: DEBUG cinder.api.openstack.wsgi [None req-845c4336-5ef0-4be0-b4b6-3740323428d5 tempest-VolumeTypesExtraSpecsTest-508945874 tempest-VolumeTypesExtraSpecsTest-508945874-project-admin] Empty body provided in request {{(pid=109780) get_body /opt/stack/cinder/cinder/api/openstack/wsgi.py:703}}
Nov 22 10:36:49.044271 dv-cinder-804035-13-smb devstack@c-api.service[109780]: /usr/local/lib/python3.8/dist-packages/webob/acceptparse.py:1047: DeprecationWarning: The behavior of AcceptValidHeader.best_match is currently being maintained for backward compatibility, but it will be deprecated in the future, as it does not conform to the RFC.
Nov 22 10:36:49.044271 dv-cinder-804035-13-smb devstack@c-api.service[109780]: warnings.warn(
Nov 22 10:36:49.044611 dv-cinder-804035-13-smb devstack@c-api.service[109780]: DEBUG cinder.api.openstack.wsgi [None req-845c4336-5ef0-4be0-b4b6-3740323428d5 tempest-VolumeTypesExtraSpecsTest-508945874 tempest-VolumeTypesExtraSpecsTest-508945874-project-admin] Calling method 'show' {{(pid=109780) _process_stack /opt/stack/cinder/cinder/api/openstack/wsgi.py:856}}
Nov 22 10:36:49.050534 dv-cinder-804035-13-smb devstack@c-api.service[109780]: INFO cinder.api.openstack.wsgi [None req-845c4336-5ef0-4be0-b4b6-3740323428d5 tempest-VolumeTypesExtraSpecsTest-508945874 tempest-VolumeTypesExtraSpecsTest-508945874-project-admin] http://10.222.0.54/volume/v3/57a1370ad63c4dcfa5ab0c86f21a8e84/types/62b7d109-ca99-4e91-a6e2-41d948b158e6 returned with HTTP 404
Nov 22 10:36:49.055165 dv-cinder-804035-13-smb devstack@c-api.service[109780]: [pid: 109780|app: 0|req: 152/311] 10.222.0.54 () {58 vars in 1318 bytes} [Mon Nov 22 10:36:49 2021] GET /volume/v3/57a1370ad63c4dcfa5ab0c86f21a8e84/types/62b7d109-ca99-4e91-a6e2-41d948b158e6 => generated 114 bytes in 12 msecs (HTTP/1.1 404) 7 headers in 292 bytes (1 switches on core 0)
Nov 22 10:36:49.114259 dv-cinder-804035-13-smb devstack@c-api.service[109779]: INFO cinder.api.openstack.wsgi [None req-6b473921-bf26-4078-86b7-22915efb4296 tempest-GroupSnapshotsTest-232886379 tempest-GroupSnapshotsTest-232886379-project] http://10.222.0.54/volume/v3/ebe0c0218438486d906d04a802d436a0/group_snapshots returned with HTTP 202
Nov 22 10:36:49.116531 dv-cinder-804035-13-smb devstack@c-api.service[109779]: [pid: 109779|app: 0|req: 160/312] 10.222.0.54 () {62 vars in 1300 bytes} [Mon Nov 22 10:36:48 2021] POST /volume/v3/ebe0c0218438486d906d04a802d436a0/group_snapshots => generated 168 bytes in 235 msecs (HTTP/1.1 202) 7 headers in 292 bytes (1 switches on core 0)
Nov 22 10:36:49.129253 dv-cinder-804035-13-smb devstack@c-api.service[109779]: INFO cinder.api.openstack.wsgi [None req-1e93b8ff-66f3-49a8-9d13-58caf6471999 tempest-GroupSnapshotsTest-232886379 tempest-GroupSnapshotsTest-232886379-project] GET http://10.222.0.54/volume/v3/ebe0c0218438486d906d04a802d436a0/group_snapshots/e3141731-3987-4fe3-991a-957ef07ac8b6
Nov 22 10:36:49.129965 dv-cinder-804035-13-smb devstack@c-api.service[109779]: DEBUG cinder.api.openstack.wsgi [None req-1e93b8ff-66f3-49a8-9d13-58caf6471999 tempest-GroupSnapshotsTest-232886379 tempest-GroupSnapshotsTest-232886379-project] Empty body provided in request {{(pid=109779) get_body /opt/stack/cinder/cinder/api/openstack/wsgi.py:703}}
Nov 22 10:36:49.130171 dv-cinder-804035-13-smb devstack@c-api.service[109779]: /usr/local/lib/python3.8/dist-packages/webob/acceptparse.py:1047: DeprecationWarning: The behavior of AcceptValidHeader.best_match is currently being maintained for backward compatibility, but it will be deprecated in the future, as it does not conform to the RFC.
Nov 22 10:36:49.130171 dv-cinder-804035-13-smb devstack@c-api.service[109779]: warnings.warn(
Nov 22 10:36:49.131381 dv-cinder-804035-13-smb devstack@c-api.service[109779]: DEBUG cinder.api.openstack.wsgi [None req-1e93b8ff-66f3-49a8-9d13-58caf6471999 tempest-GroupSnapshotsTest-232886379 tempest-GroupSnapshotsTest-232886379-project] Calling method 'version_select' {{(pid=109779) _process_stack /opt/stack/cinder/cinder/api/openstack/wsgi.py:856}}
Nov 22 10:36:49.131859 dv-cinder-804035-13-smb devstack@c-api.service[109779]: DEBUG cinder.api.v3.group_snapshots [None req-1e93b8ff-66f3-49a8-9d13-58caf6471999 tempest-GroupSnapshotsTest-232886379 tempest-GroupSnapshotsTest-232886379-project] show called for member e3141731-3987-4fe3-991a-957ef07ac8b6 {{(pid=109779) show /opt/stack/cinder/cinder/api/v3/group_snapshots.py:58}}
Nov 22 10:36:49.137535 dv-cinder-804035-13-smb devstack@c-api.service[109779]: /usr/local/lib/python3.8/dist-packages/oslo_context/context.py:105: DeprecationWarning: Policy enforcement is depending on the value of is_admin. This key is deprecated. Please update your policy file to use the standard policy values.
Nov 22 10:36:49.137535 dv-cinder-804035-13-smb devstack@c-api.service[109779]: warnings.warn('Policy enforcement is depending on the value of '
Nov 22 10:36:49.145496 dv-cinder-804035-13-smb devstack@c-api.service[109779]: INFO cinder.api.openstack.wsgi [None req-1e93b8ff-66f3-49a8-9d13-58caf6471999 tempest-GroupSnapshotsTest-232886379 tempest-GroupSnapshotsTest-232886379-project] http://10.222.0.54/volume/v3/ebe0c0218438486d906d04a802d436a0/group_snapshots/e3141731-3987-4fe3-991a-957ef07ac8b6 returned with HTTP 200
Nov 22 10:36:49.146663 dv-cinder-804035-13-smb devstack@c-api.service[109779]: [pid: 109779|app: 0|req: 161/313] 10.222.0.54 () {60 vars in 1389 bytes} [Mon Nov 22 10:36:49 2021] GET /volume/v3/ebe0c0218438486d906d04a802d436a0/group_snapshots/e3141731-3987-4fe3-991a-957ef07ac8b6 => generated 307 bytes in 25 msecs (HTTP/1.1 200) 7 headers in 286 bytes (1 switches on core 0)
Nov 22 10:36:49.286671 dv-cinder-804035-13-smb devstack@c-api.service[109780]: INFO cinder.api.openstack.wsgi [None req-72f9c373-c217-4225-823c-f0cd626ca95a tempest-VolumeManageAdminTest-1624541504 tempest-VolumeManageAdminTest-1624541504-project-admin] GET http://10.222.0.54/volume/v3/db4da187cef24f56a272d2e6205270b0/volumes/c8ab1093-c2a8-466d-ab43-2b2f3a24560f
Nov 22 10:36:49.287441 dv-cinder-804035-13-smb devstack@c-api.service[109780]: DEBUG cinder.api.openstack.wsgi [None req-72f9c373-c217-4225-823c-f0cd626ca95a tempest-VolumeManageAdminTest-1624541504 tempest-VolumeManageAdminTest-1624541504-project-admin] Empty body provided in request {{(pid=109780) get_body /opt/stack/cinder/cinder/api/openstack/wsgi.py:703}}
Nov 22 10:36:49.288048 dv-cinder-804035-13-smb devstack@c-api.service[109780]: DEBUG cinder.api.openstack.wsgi [None req-72f9c373-c217-4225-823c-f0cd626ca95a tempest-VolumeManageAdminTest-1624541504 tempest-VolumeManageAdminTest-1624541504-project-admin] Calling method 'show' {{(pid=109780) _process_stack /opt/stack/cinder/cinder/api/openstack/wsgi.py:856}}
Nov 22 10:36:49.347592 dv-cinder-804035-13-smb devstack@c-api.service[109780]: /usr/local/lib/python3.8/dist-packages/oslo_context/context.py:105: DeprecationWarning: Policy enforcement is depending on the value of is_admin. This key is deprecated. Please update your policy file to use the standard policy values.
Nov 22 10:36:49.347592 dv-cinder-804035-13-smb devstack@c-api.service[109780]: warnings.warn('Policy enforcement is depending on the value of '
Nov 22 10:36:49.354988 dv-cinder-804035-13-smb devstack@c-api.service[109780]: INFO cinder.volume.api [None req-72f9c373-c217-4225-823c-f0cd626ca95a tempest-VolumeManageAdminTest-1624541504 tempest-VolumeManageAdminTest-1624541504-project-admin] Volume info retrieved successfully.
Nov 22 10:36:49.375052 dv-cinder-804035-13-smb devstack@c-api.service[109780]: INFO cinder.api.openstack.wsgi [None req-72f9c373-c217-4225-823c-f0cd626ca95a tempest-VolumeManageAdminTest-1624541504 tempest-VolumeManageAdminTest-1624541504-project-admin] http://10.222.0.54/volume/v3/db4da187cef24f56a272d2e6205270b0/volumes/c8ab1093-c2a8-466d-ab43-2b2f3a24560f returned with HTTP 200
