Aug 09 18:44:29.810400 dv-cinder-803941-1-iscsi devstack@c-api.service[112185]: INFO cinder.volume.api [None req-c842f69c-4f4d-4842-afb8-5cf9a4495bb3 tempest-GroupSnapshotsTest-1005598253 tempest-GroupSnapshotsTest-1005598253-project] Availability Zones retrieved successfully.
Aug 09 18:44:29.818785 dv-cinder-803941-1-iscsi devstack@c-api.service[112186]: INFO cinder.api.openstack.wsgi [req-a4e4377d-1c2b-4cfc-b455-e02894ec22af req-196421f5-e1b2-47b0-8ef2-a916308a2943 tempest-VolumesSnapshotsTestJSON-1656502471 tempest-VolumesSnapshotsTestJSON-1656502471-project] GET http://10.222.0.38/volume/v3/631cf9c5ebc946e5bfc84f775506c766/volumes/10108098-cf51-45df-b873-f7fe0f889bb1
Aug 09 18:44:29.819601 dv-cinder-803941-1-iscsi devstack@c-api.service[112186]: DEBUG cinder.api.openstack.wsgi [req-a4e4377d-1c2b-4cfc-b455-e02894ec22af req-196421f5-e1b2-47b0-8ef2-a916308a2943 tempest-VolumesSnapshotsTestJSON-1656502471 tempest-VolumesSnapshotsTestJSON-1656502471-project] Empty body provided in request {{(pid=112186) get_body /opt/stack/cinder/cinder/api/openstack/wsgi.py:703}}
Aug 09 18:44:29.819853 dv-cinder-803941-1-iscsi devstack@c-api.service[112186]: /usr/local/lib/python3.8/dist-packages/webob/acceptparse.py:1047: DeprecationWarning: The behavior of AcceptValidHeader.best_match is currently being maintained for backward compatibility, but it will be deprecated in the future, as it does not conform to the RFC.
Aug 09 18:44:29.819853 dv-cinder-803941-1-iscsi devstack@c-api.service[112186]: warnings.warn(
Aug 09 18:44:29.820259 dv-cinder-803941-1-iscsi devstack@c-api.service[112186]: DEBUG cinder.api.openstack.wsgi [req-a4e4377d-1c2b-4cfc-b455-e02894ec22af req-196421f5-e1b2-47b0-8ef2-a916308a2943 tempest-VolumesSnapshotsTestJSON-1656502471 tempest-VolumesSnapshotsTestJSON-1656502471-project] Calling method 'show' {{(pid=112186) _process_stack /opt/stack/cinder/cinder/api/openstack/wsgi.py:856}}
Aug 09 18:44:29.853714 dv-cinder-803941-1-iscsi devstack@c-api.service[112186]: /usr/local/lib/python3.8/dist-packages/oslo_context/context.py:105: DeprecationWarning: Policy enforcement is depending on the value of is_admin. This key is deprecated. Please update your policy file to use the standard policy values.
Aug 09 18:44:29.853714 dv-cinder-803941-1-iscsi devstack@c-api.service[112186]: warnings.warn('Policy enforcement is depending on the value of '
Aug 09 18:44:29.869725 dv-cinder-803941-1-iscsi devstack@c-api.service[112186]: INFO cinder.volume.api [req-a4e4377d-1c2b-4cfc-b455-e02894ec22af req-196421f5-e1b2-47b0-8ef2-a916308a2943 tempest-VolumesSnapshotsTestJSON-1656502471 tempest-VolumesSnapshotsTestJSON-1656502471-project] Volume info retrieved successfully.
Aug 09 18:44:29.886225 dv-cinder-803941-1-iscsi devstack@c-api.service[112186]: INFO cinder.api.openstack.wsgi [req-a4e4377d-1c2b-4cfc-b455-e02894ec22af req-196421f5-e1b2-47b0-8ef2-a916308a2943 tempest-VolumesSnapshotsTestJSON-1656502471 tempest-VolumesSnapshotsTestJSON-1656502471-project] http://10.222.0.38/volume/v3/631cf9c5ebc946e5bfc84f775506c766/volumes/10108098-cf51-45df-b873-f7fe0f889bb1 returned with HTTP 200
Aug 09 18:44:29.900744 dv-cinder-803941-1-iscsi devstack@c-api.service[112186]: [pid: 112186|app: 0|req: 13/30] 10.222.0.38 () {60 vars in 1579 bytes} [Mon Aug 9 18:44:29 2021] GET /volume/v3/631cf9c5ebc946e5bfc84f775506c766/volumes/10108098-cf51-45df-b873-f7fe0f889bb1 => generated 916 bytes in 86 msecs (HTTP/1.1 200) 7 headers in 285 bytes (1 switches on core 0)
Aug 09 18:44:29.901452 dv-cinder-803941-1-iscsi devstack@c-api.service[112185]: DEBUG cinder.volume.api [None req-c842f69c-4f4d-4842-afb8-5cf9a4495bb3 tempest-GroupSnapshotsTest-1005598253 tempest-GroupSnapshotsTest-1005598253-project] Flow 'volume_create_api' (734bbb00-c89f-4774-821f-6e1c79fa75c1) transitioned into state 'RUNNING' from state 'PENDING' {{(pid=112185) _flow_receiver /usr/local/lib/python3.8/dist-packages/taskflow/listeners/logging.py:141}}
Aug 09 18:44:29.908107 dv-cinder-803941-1-iscsi devstack@c-api.service[112185]: DEBUG cinder.volume.api [None req-c842f69c-4f4d-4842-afb8-5cf9a4495bb3 tempest-GroupSnapshotsTest-1005598253 tempest-GroupSnapshotsTest-1005598253-project] Task 'cinder.volume.flows.api.create_volume.ExtractVolumeRequestTask;volume:create' (011a8a72-69cf-4137-8f3f-be5842338ae3) transitioned into state 'RUNNING' from state 'PENDING' {{(pid=112185) _task_receiver /usr/local/lib/python3.8/dist-packages/taskflow/listeners/logging.py:190}}
Aug 09 18:44:29.909460 dv-cinder-803941-1-iscsi devstack@c-api.service[112186]: INFO cinder.api.openstack.wsgi [req-11a2dda1-9273-4101-848e-1e7ae6e39399 req-b85bf340-25de-41ad-b969-8153e0c905a8 tempest-VolumesGetTestJSON-1819473058 tempest-VolumesGetTestJSON-1819473058-project] DELETE http://10.222.0.38/volume/v3/ea5496fd672545acb49f30bb321d1378/volumes/7dc30b53-f2d2-45f4-b78f-15cc5b438268
Aug 09 18:44:29.910064 dv-cinder-803941-1-iscsi devstack@c-api.service[112186]: DEBUG cinder.api.openstack.wsgi [req-11a2dda1-9273-4101-848e-1e7ae6e39399 req-b85bf340-25de-41ad-b969-8153e0c905a8 tempest-VolumesGetTestJSON-1819473058 tempest-VolumesGetTestJSON-1819473058-project] Empty body provided in request {{(pid=112186) get_body /opt/stack/cinder/cinder/api/openstack/wsgi.py:703}}
Aug 09 18:44:29.910391 dv-cinder-803941-1-iscsi devstack@c-api.service[112186]: /usr/local/lib/python3.8/dist-packages/webob/acceptparse.py:1047: DeprecationWarning: The behavior of AcceptValidHeader.best_match is currently being maintained for backward compatibility, but it will be deprecated in the future, as it does not conform to the RFC.
Aug 09 18:44:29.910391 dv-cinder-803941-1-iscsi devstack@c-api.service[112186]: warnings.warn(
Aug 09 18:44:29.910978 dv-cinder-803941-1-iscsi devstack@c-api.service[112186]: DEBUG cinder.api.openstack.wsgi [req-11a2dda1-9273-4101-848e-1e7ae6e39399 req-b85bf340-25de-41ad-b969-8153e0c905a8 tempest-VolumesGetTestJSON-1819473058 tempest-VolumesGetTestJSON-1819473058-project] Calling method 'delete' {{(pid=112186) _process_stack /opt/stack/cinder/cinder/api/openstack/wsgi.py:856}}
Aug 09 18:44:29.912207 dv-cinder-803941-1-iscsi devstack@c-api.service[112186]: INFO cinder.api.v3.volumes [req-11a2dda1-9273-4101-848e-1e7ae6e39399 req-b85bf340-25de-41ad-b969-8153e0c905a8 tempest-VolumesGetTestJSON-1819473058 tempest-VolumesGetTestJSON-1819473058-project] Delete volume with id: 7dc30b53-f2d2-45f4-b78f-15cc5b438268
Aug 09 18:44:29.924086 dv-cinder-803941-1-iscsi devstack@c-api.service[112185]: /usr/local/lib/python3.8/dist-packages/oslo_context/context.py:105: DeprecationWarning: Policy enforcement is depending on the value of is_admin. This key is deprecated. Please update your policy file to use the standard policy values.
Aug 09 18:44:29.924086 dv-cinder-803941-1-iscsi devstack@c-api.service[112185]: warnings.warn('Policy enforcement is depending on the value of '
Aug 09 18:44:29.924894 dv-cinder-803941-1-iscsi devstack@c-api.service[112185]: DEBUG cinder.volume.flows.api.create_volume [None req-c842f69c-4f4d-4842-afb8-5cf9a4495bb3 tempest-GroupSnapshotsTest-1005598253 tempest-GroupSnapshotsTest-1005598253-project] Validating volume size '1' using validate_int {{(pid=112185) _extract_size /opt/stack/cinder/cinder/volume/flows/api/create_volume.py:201}}
Aug 09 18:44:29.928253 dv-cinder-803941-1-iscsi devstack@c-api.service[112186]: /usr/local/lib/python3.8/dist-packages/oslo_context/context.py:105: DeprecationWarning: Policy enforcement is depending on the value of is_admin. This key is deprecated. Please update your policy file to use the standard policy values.
Aug 09 18:44:29.928253 dv-cinder-803941-1-iscsi devstack@c-api.service[112186]: warnings.warn('Policy enforcement is depending on the value of '
Aug 09 18:44:29.929976 dv-cinder-803941-1-iscsi devstack@c-api.service[112186]: INFO cinder.volume.api [req-11a2dda1-9273-4101-848e-1e7ae6e39399 req-b85bf340-25de-41ad-b969-8153e0c905a8 tempest-VolumesGetTestJSON-1819473058 tempest-VolumesGetTestJSON-1819473058-project] Volume info retrieved successfully.
Aug 09 18:44:29.980697 dv-cinder-803941-1-iscsi devstack@c-api.service[112185]: DEBUG cinder.volume.api [None req-c842f69c-4f4d-4842-afb8-5cf9a4495bb3 tempest-GroupSnapshotsTest-1005598253 tempest-GroupSnapshotsTest-1005598253-project] Task 'cinder.volume.flows.api.create_volume.ExtractVolumeRequestTask;volume:create' (011a8a72-69cf-4137-8f3f-be5842338ae3) transitioned into state 'SUCCESS' from state 'RUNNING' with result '{'size': 1, 'snapshot_id': None, 'source_volid': None, 'volume_type': VolumeType(created_at=2021-08-09T18:44:26Z,deleted=False,deleted_at=None,description=None,extra_specs={},id=feebc43a-4865-49c3-9aee-1fbc870124e8,is_public=True,name='tempest-GroupSnapshotsTest-volume-type-1602534053',projects=[],qos_specs=,qos_specs_id=None,updated_at=None), 'volume_type_id': 'feebc43a-4865-49c3-9aee-1fbc870124e8', 'encryption_key_id': None, 'qos_specs': None, 'consistencygroup_id': None, 'cgsnapshot_id': None, 'group_id': '467982d3-0c63-4e98-9d0c-ea08f3ee5317', 'replication_status': 'disabled', 'refresh_az': False, 'backup_id': None, 'multiattach': False, 'availability_zones': ['nova']}' {{(pid=112185) _task_receiver /usr/local/lib/python3.8/dist-packages/taskflow/listeners/logging.py:178}}
Aug 09 18:44:29.983215 dv-cinder-803941-1-iscsi devstack@c-api.service[112185]: DEBUG cinder.volume.api [None req-c842f69c-4f4d-4842-afb8-5cf9a4495bb3 tempest-GroupSnapshotsTest-1005598253 tempest-GroupSnapshotsTest-1005598253-project] Task 'cinder.volume.flows.api.create_volume.QuotaReserveTask;volume:create' (0e5a4431-1386-455d-b682-b12efe295a93) transitioned into state 'RUNNING' from state 'PENDING' {{(pid=112185) _task_receiver /usr/local/lib/python3.8/dist-packages/taskflow/listeners/logging.py:190}}
Aug 09 18:44:29.994868 dv-cinder-803941-1-iscsi devstack@c-api.service[112186]: INFO cinder.volume.api [req-11a2dda1-9273-4101-848e-1e7ae6e39399 req-b85bf340-25de-41ad-b969-8153e0c905a8 tempest-VolumesGetTestJSON-1819473058 tempest-VolumesGetTestJSON-1819473058-project] Delete volume request issued successfully.
Aug 09 18:44:29.995287 dv-cinder-803941-1-iscsi devstack@c-api.service[112186]: INFO cinder.api.openstack.wsgi [req-11a2dda1-9273-4101-848e-1e7ae6e39399 req-b85bf340-25de-41ad-b969-8153e0c905a8 tempest-VolumesGetTestJSON-1819473058 tempest-VolumesGetTestJSON-1819473058-project] http://10.222.0.38/volume/v3/ea5496fd672545acb49f30bb321d1378/volumes/7dc30b53-f2d2-45f4-b78f-15cc5b438268 returned with HTTP 202
Aug 09 18:44:30.003047 dv-cinder-803941-1-iscsi devstack@c-api.service[112186]: [pid: 112186|app: 0|req: 14/31] 10.222.0.38 () {62 vars in 1601 bytes} [Mon Aug 9 18:44:29 2021] DELETE /volume/v3/ea5496fd672545acb49f30bb321d1378/volumes/7dc30b53-f2d2-45f4-b78f-15cc5b438268 => generated 0 bytes in 98 msecs (HTTP/1.1 202) 6 headers in 233 bytes (1 switches on core 0)
Aug 09 18:44:30.019189 dv-cinder-803941-1-iscsi devstack@c-api.service[112186]: INFO cinder.api.openstack.wsgi [None req-5810d752-d51c-488d-902f-636f75ff836a tempest-GroupsV314Test-142446338 tempest-GroupsV314Test-142446338-project] GET http://10.222.0.38/volume/v3/92fc782a211148de9f89e63feb07550d/groups/6fbf5b32-73ce-4217-b8af-87373726275f
Aug 09 18:44:30.020589 dv-cinder-803941-1-iscsi devstack@c-api.service[112186]: DEBUG cinder.api.openstack.wsgi [None req-5810d752-d51c-488d-902f-636f75ff836a tempest-GroupsV314Test-142446338 tempest-GroupsV314Test-142446338-project] Empty body provided in request {{(pid=112186) get_body /opt/stack/cinder/cinder/api/openstack/wsgi.py:703}}
Aug 09 18:44:30.022002 dv-cinder-803941-1-iscsi devstack@c-api.service[112186]: /usr/local/lib/python3.8/dist-packages/webob/acceptparse.py:1047: DeprecationWarning: The behavior of AcceptValidHeader.best_match is currently being maintained for backward compatibility, but it will be deprecated in the future, as it does not conform to the RFC.
Aug 09 18:44:30.022002 dv-cinder-803941-1-iscsi devstack@c-api.service[112186]: warnings.warn(
Aug 09 18:44:30.023986 dv-cinder-803941-1-iscsi devstack@c-api.service[112186]: DEBUG cinder.api.openstack.wsgi [None req-5810d752-d51c-488d-902f-636f75ff836a tempest-GroupsV314Test-142446338 tempest-GroupsV314Test-142446338-project] Calling method 'version_select' {{(pid=112186) _process_stack /opt/stack/cinder/cinder/api/openstack/wsgi.py:856}}
Aug 09 18:44:30.024575 dv-cinder-803941-1-iscsi devstack@c-api.service[112186]: DEBUG cinder.api.v3.groups [None req-5810d752-d51c-488d-902f-636f75ff836a tempest-GroupsV314Test-142446338 tempest-GroupsV314Test-142446338-project] show called for member 6fbf5b32-73ce-4217-b8af-87373726275f {{(pid=112186) show /opt/stack/cinder/cinder/api/v3/groups.py:58}}
Aug 09 18:44:30.048261 dv-cinder-803941-1-iscsi devstack@c-api.service[112186]: /usr/local/lib/python3.8/dist-packages/oslo_context/context.py:105: DeprecationWarning: Policy enforcement is depending on the value of is_admin. This key is deprecated. Please update your policy file to use the standard policy values.
Aug 09 18:44:30.048261 dv-cinder-803941-1-iscsi devstack@c-api.service[112186]: warnings.warn('Policy enforcement is depending on the value of '
Aug 09 18:44:30.074414 dv-cinder-803941-1-iscsi devstack@c-api.service[112185]: WARNING cinder.quota [None req-c842f69c-4f4d-4842-afb8-5cf9a4495bb3 tempest-GroupSnapshotsTest-1005598253 tempest-GroupSnapshotsTest-1005598253-project] Deprecated: Default quota for resource: volumes_tempest-GroupSnapshotsTest-volume-type-1602534053 is set by the default quota flag: quota_volumes_tempest-GroupSnapshotsTest-volume-type-1602534053, it is now deprecated. Please use the default quota class for default quota.
Aug 09 18:44:30.075699 dv-cinder-803941-1-iscsi devstack@c-api.service[112185]: WARNING cinder.quota [None req-c842f69c-4f4d-4842-afb8-5cf9a4495bb3 tempest-GroupSnapshotsTest-1005598253 tempest-GroupSnapshotsTest-1005598253-project] Deprecated: Default quota for resource: gigabytes_tempest-GroupSnapshotsTest-volume-type-1602534053 is set by the default quota flag: quota_gigabytes_tempest-GroupSnapshotsTest-volume-type-1602534053, it is now deprecated. Please use the default quota class for default quota.
Aug 09 18:44:30.129656 dv-cinder-803941-1-iscsi devstack@c-api.service[112186]: INFO cinder.api.openstack.wsgi [None req-5810d752-d51c-488d-902f-636f75ff836a tempest-GroupsV314Test-142446338 tempest-GroupsV314Test-142446338-project] http://10.222.0.38/volume/v3/92fc782a211148de9f89e63feb07550d/groups/6fbf5b32-73ce-4217-b8af-87373726275f returned with HTTP 200
Aug 09 18:44:30.139940 dv-cinder-803941-1-iscsi devstack@c-api.service[112186]: [pid: 112186|app: 0|req: 15/32] 10.222.0.38 () {60 vars in 1363 bytes} [Mon Aug 9 18:44:30 2021] GET /volume/v3/92fc782a211148de9f89e63feb07550d/groups/6fbf5b32-73ce-4217-b8af-87373726275f => generated 388 bytes in 136 msecs (HTTP/1.1 200) 7 headers in 286 bytes (1 switches on core 0)
Aug 09 18:44:30.163477 dv-cinder-803941-1-iscsi devstack@c-api.service[112186]: INFO cinder.api.openstack.wsgi [req-2b612302-b0cd-4426-9654-46f69f52a1d8 req-4cdcb454-2133-4a5b-a604-2659250700c3 tempest-VolumesSnapshotsTestJSON-1656502471 tempest-VolumesSnapshotsTestJSON-1656502471-project] POST http://10.222.0.38/volume/v3/631cf9c5ebc946e5bfc84f775506c766/snapshots
Aug 09 18:44:30.167919 dv-cinder-803941-1-iscsi devstack@c-api.service[112186]: /usr/local/lib/python3.8/dist-packages/webob/acceptparse.py:1047: DeprecationWarning: The behavior of AcceptValidHeader.best_match is currently being maintained for backward compatibility, but it will be deprecated in the future, as it does not conform to the RFC.
Aug 09 18:44:30.167919 dv-cinder-803941-1-iscsi devstack@c-api.service[112186]: warnings.warn(
Aug 09 18:44:30.168411 dv-cinder-803941-1-iscsi devstack@c-api.service[112186]: DEBUG cinder.api.openstack.wsgi [req-2b612302-b0cd-4426-9654-46f69f52a1d8 req-4cdcb454-2133-4a5b-a604-2659250700c3 tempest-VolumesSnapshotsTestJSON-1656502471 tempest-VolumesSnapshotsTestJSON-1656502471-project] Action: 'create', calling method: create, body: {"snapshot": {"volume_id": "10108098-cf51-45df-b873-f7fe0f889bb1", "force": false, "name": "tempest-VolumesSnapshotsTestJSON-Snapshot-1264791936", "description": null, "metadata": {}}} {{(pid=112186) _process_stack /opt/stack/cinder/cinder/api/openstack/wsgi.py:854}}
Aug 09 18:44:30.186700 dv-cinder-803941-1-iscsi devstack@c-api.service[112185]: DEBUG cinder.quota [None req-c842f69c-4f4d-4842-afb8-5cf9a4495bb3 tempest-GroupSnapshotsTest-1005598253 tempest-GroupSnapshotsTest-1005598253-project] Created reservations ['4af26450-0fc2-4587-81c8-eee8f864ee3c', '0662c098-9f46-4b0c-b812-e3c34ec26d54', '774cef2d-b2e1-4d5b-a454-f050f7b9e461', '0ee69b6f-d952-4c62-b2c6-95a0b2be0d5e'] {{(pid=112185) reserve /opt/stack/cinder/cinder/quota.py:755}}
Aug 09 18:44:30.189252 dv-cinder-803941-1-iscsi devstack@c-api.service[112185]: DEBUG cinder.volume.api [None req-c842f69c-4f4d-4842-afb8-5cf9a4495bb3 tempest-GroupSnapshotsTest-1005598253 tempest-GroupSnapshotsTest-1005598253-project] Task 'cinder.volume.flows.api.create_volume.QuotaReserveTask;volume:create' (0e5a4431-1386-455d-b682-b12efe295a93) transitioned into state 'SUCCESS' from state 'RUNNING' with result '{'reservations': ['4af26450-0fc2-4587-81c8-eee8f864ee3c', '0662c098-9f46-4b0c-b812-e3c34ec26d54', '774cef2d-b2e1-4d5b-a454-f050f7b9e461', '0ee69b6f-d952-4c62-b2c6-95a0b2be0d5e']}' {{(pid=112185) _task_receiver /usr/local/lib/python3.8/dist-packages/taskflow/listeners/logging.py:178}}
Aug 09 18:44:30.192323 dv-cinder-803941-1-iscsi devstack@c-api.service[112185]: DEBUG cinder.volume.api [None req-c842f69c-4f4d-4842-afb8-5cf9a4495bb3 tempest-GroupSnapshotsTest-1005598253 tempest-GroupSnapshotsTest-1005598253-project] Task 'cinder.volume.flows.api.create_volume.EntryCreateTask;volume:create' (9835610f-9cd1-45b3-bec0-06396f36d073) transitioned into state 'RUNNING' from state 'PENDING' {{(pid=112185) _task_receiver /usr/local/lib/python3.8/dist-packages/taskflow/listeners/logging.py:190}}
Aug 09 18:44:30.217782 dv-cinder-803941-1-iscsi devstack@c-api.service[112186]: /usr/local/lib/python3.8/dist-packages/oslo_context/context.py:105: DeprecationWarning: Policy enforcement is depending on the value of is_admin. This key is deprecated. Please update your policy file to use the standard policy values.
Aug 09 18:44:30.217782 dv-cinder-803941-1-iscsi devstack@c-api.service[112186]: warnings.warn('Policy enforcement is depending on the value of '
Aug 09 18:44:30.218602 dv-cinder-803941-1-iscsi devstack@c-api.service[112186]: INFO cinder.volume.api [req-2b612302-b0cd-4426-9654-46f69f52a1d8 req-4cdcb454-2133-4a5b-a604-2659250700c3 tempest-VolumesSnapshotsTestJSON-1656502471 tempest-VolumesSnapshotsTestJSON-1656502471-project] Volume info retrieved successfully.
Aug 09 18:44:30.218938 dv-cinder-803941-1-iscsi devstack@c-api.service[112186]: INFO cinder.api.v2.snapshots [req-2b612302-b0cd-4426-9654-46f69f52a1d8 req-4cdcb454-2133-4a5b-a604-2659250700c3 tempest-VolumesSnapshotsTestJSON-1656502471 tempest-VolumesSnapshotsTestJSON-1656502471-project] Create snapshot from volume 10108098-cf51-45df-b873-f7fe0f889bb1
Aug 09 18:44:30.235342 dv-cinder-803941-1-iscsi devstack@c-api.service[112185]: DEBUG cinder.volume.api [None req-c842f69c-4f4d-4842-afb8-5cf9a4495bb3 tempest-GroupSnapshotsTest-1005598253 tempest-GroupSnapshotsTest-1005598253-project] Task 'cinder.volume.flows.api.create_volume.EntryCreateTask;volume:create' (9835610f-9cd1-45b3-bec0-06396f36d073) transitioned into state 'SUCCESS' from state 'RUNNING' with result '{'volume_id': 'c28025dc-cd9f-48ee-8d0e-7f70c8ce1ea2', 'volume_properties': VolumeProperties(attach_status='detached',availability_zone='nova',cgsnapshot_id=None,consistencygroup_id=None,display_description=None,display_name='tempest-GroupSnapshotsTest-Volume-785584665',encryption_key_id=None,group_id=467982d3-0c63-4e98-9d0c-ea08f3ee5317,group_type_id=,metadata={},multiattach=False,project_id='09b456215e2b441782af1bc315df0b95',qos_specs=None,replication_status=,reservations=['4af26450-0fc2-4587-81c8-eee8f864ee3c','0662c098-9f46-4b0c-b812-e3c34ec26d54','774cef2d-b2e1-4d5b-a454-f050f7b9e461','0ee69b6f-d952-4c62-b2c6-95a0b2be0d5e'],size=1,snapshot_id=None,source_replicaid=,source_volid=None,status='creating',user_id='f99c0a39076d41acb4f3f4cc221a6c6c',volume_type_id=feebc43a-4865-49c3-9aee-1fbc870124e8), 'volume': Volume(_name_id=None,admin_metadata=,attach_status='detached',availability_zone='nova',bootable=False,cluster=,cluster_name=None,consistencygroup=,consistencygroup_id=None,created_at=2021-08-09T18:44:30Z,deleted=False,deleted_at=None,display_description=None,display_name='tempest-GroupSnapshotsTest-Volume-785584665',ec2_id=None,encryption_key_id=None,glance_metadata=,group=,group_id=467982d3-0c63-4e98-9d0c-ea08f3ee5317,host=None,id=c28025dc-cd9f-48ee-8d0e-7f70c8ce1ea2,launched_at=None,metadata={},migration_status=None,multiattach=False,previous_status=None,project_id='09b456215e2b441782af1bc315df0b95',provider_auth=None,provider_geometry=None,provider_id=None,provider_location=None,replication_driver_data=None,replication_extended_status=None,replication_status=None,scheduled_at=None,service_uuid=None,shared_targets=True,size=1,snapshot_id=None,snapshots=,source_volid=None,status='creating',terminated_at=None,updated_at=None,user_id='f99c0a39076d41acb4f3f4cc221a6c6c',volume_attachment=,volume_type=VolumeType(feebc43a-4865-49c3-9aee-1fbc870124e8),volume_type_id=feebc43a-4865-49c3-9aee-1fbc870124e8)}' {{(pid=112185) _task_receiver /usr/local/lib/python3.8/dist-packages/taskflow/listeners/logging.py:178}}
Aug 09 18:44:30.237867 dv-cinder-803941-1-iscsi devstack@c-api.service[112185]: DEBUG cinder.volume.api [None req-c842f69c-4f4d-4842-afb8-5cf9a4495bb3 tempest-GroupSnapshotsTest-1005598253 tempest-GroupSnapshotsTest-1005598253-project] Task 'cinder.volume.flows.api.create_volume.QuotaCommitTask;volume:create' (259be5a9-9bfd-48ff-b9f3-72fa7c5db26a) transitioned into state 'RUNNING' from state 'PENDING' {{(pid=112185) _task_receiver /usr/local/lib/python3.8/dist-packages/taskflow/listeners/logging.py:190}}
Aug 09 18:44:30.280271 dv-cinder-803941-1-iscsi devstack@c-api.service[112185]: DEBUG cinder.volume.api [None req-c842f69c-4f4d-4842-afb8-5cf9a4495bb3 tempest-GroupSnapshotsTest-1005598253 tempest-GroupSnapshotsTest-1005598253-project] Task 'cinder.volume.flows.api.create_volume.QuotaCommitTask;volume:create' (259be5a9-9bfd-48ff-b9f3-72fa7c5db26a) transitioned into state 'SUCCESS' from state 'RUNNING' with result '{'volume_properties': VolumeProperties(attach_status='detached',availability_zone='nova',cgsnapshot_id=None,consistencygroup_id=None,display_description=None,display_name='tempest-GroupSnapshotsTest-Volume-785584665',encryption_key_id=None,group_id=467982d3-0c63-4e98-9d0c-ea08f3ee5317,group_type_id=,metadata={},multiattach=False,project_id='09b456215e2b441782af1bc315df0b95',qos_specs=None,replication_status=,reservations=['4af26450-0fc2-4587-81c8-eee8f864ee3c','0662c098-9f46-4b0c-b812-e3c34ec26d54','774cef2d-b2e1-4d5b-a454-f050f7b9e461','0ee69b6f-d952-4c62-b2c6-95a0b2be0d5e'],size=1,snapshot_id=None,source_replicaid=,source_volid=None,status='creating',user_id='f99c0a39076d41acb4f3f4cc221a6c6c',volume_type_id=feebc43a-4865-49c3-9aee-1fbc870124e8)}' {{(pid=112185) _task_receiver /usr/local/lib/python3.8/dist-packages/taskflow/listeners/logging.py:178}}
Aug 09 18:44:30.284163 dv-cinder-803941-1-iscsi devstack@c-api.service[112185]: DEBUG cinder.volume.api [None req-c842f69c-4f4d-4842-afb8-5cf9a4495bb3 tempest-GroupSnapshotsTest-1005598253 tempest-GroupSnapshotsTest-1005598253-project] Task 'cinder.volume.flows.api.create_volume.VolumeCastTask;volume:create' (17b0656c-689b-4baf-bf04-9174c7c7394e) transitioned into state 'RUNNING' from state 'PENDING' {{(pid=112185) _task_receiver /usr/local/lib/python3.8/dist-packages/taskflow/listeners/logging.py:190}}
Aug 09 18:44:30.316903 dv-cinder-803941-1-iscsi devstack@c-api.service[112186]: WARNING cinder.quota [req-2b612302-b0cd-4426-9654-46f69f52a1d8 req-4cdcb454-2133-4a5b-a604-2659250700c3 tempest-VolumesSnapshotsTestJSON-1656502471 tempest-VolumesSnapshotsTestJSON-1656502471-project] Deprecated: Default quota for resource: gigabytes___DEFAULT__ is set by the default quota flag: quota_gigabytes___DEFAULT__, it is now deprecated. Please use the default quota class for default quota.
Aug 09 18:44:30.319607 dv-cinder-803941-1-iscsi devstack@c-api.service[112186]: WARNING cinder.quota [req-2b612302-b0cd-4426-9654-46f69f52a1d8 req-4cdcb454-2133-4a5b-a604-2659250700c3 tempest-VolumesSnapshotsTestJSON-1656502471 tempest-VolumesSnapshotsTestJSON-1656502471-project] Deprecated: Default quota for resource: snapshots___DEFAULT__ is set by the default quota flag: quota_snapshots___DEFAULT__, it is now deprecated. Please use the default quota class for default quota.
Aug 09 18:44:30.328310 dv-cinder-803941-1-iscsi devstack@c-api.service[112185]: DEBUG cinder.volume.api [None req-c842f69c-4f4d-4842-afb8-5cf9a4495bb3 tempest-GroupSnapshotsTest-1005598253 tempest-GroupSnapshotsTest-1005598253-project] Task 'cinder.volume.flows.api.create_volume.VolumeCastTask;volume:create' (17b0656c-689b-4baf-bf04-9174c7c7394e) transitioned into state 'SUCCESS' from state 'RUNNING' with result 'None' {{(pid=112185) _task_receiver /usr/local/lib/python3.8/dist-packages/taskflow/listeners/logging.py:178}}
Aug 09 18:44:30.351072 dv-cinder-803941-1-iscsi devstack@c-api.service[112185]: DEBUG cinder.volume.api [None req-c842f69c-4f4d-4842-afb8-5cf9a4495bb3 tempest-GroupSnapshotsTest-1005598253 tempest-GroupSnapshotsTest-1005598253-project] Flow 'volume_create_api' (734bbb00-c89f-4774-821f-6e1c79fa75c1) transitioned into state 'SUCCESS' from state 'RUNNING' {{(pid=112185) _flow_receiver /usr/local/lib/python3.8/dist-packages/taskflow/listeners/logging.py:141}}
Aug 09 18:44:30.355038 dv-cinder-803941-1-iscsi devstack@c-api.service[112185]: INFO cinder.volume.api [None req-c842f69c-4f4d-4842-afb8-5cf9a4495bb3 tempest-GroupSnapshotsTest-1005598253 tempest-GroupSnapshotsTest-1005598253-project] Create volume request issued successfully.
Aug 09 18:44:30.402307 dv-cinder-803941-1-iscsi devstack@c-api.service[112185]: WARNING stevedore.named [None req-c842f69c-4f4d-4842-afb8-5cf9a4495bb3 tempest-GroupSnapshotsTest-1005598253 tempest-GroupSnapshotsTest-1005598253-project] Could not load cinder.keymgr.conf_key_mgr.ConfKeyManager
Aug 09 18:44:30.403355 dv-cinder-803941-1-iscsi devstack@c-api.service[112185]: WARNING castellan.key_manager [None req-c842f69c-4f4d-4842-afb8-5cf9a4495bb3 tempest-GroupSnapshotsTest-1005598253 tempest-GroupSnapshotsTest-1005598253-project] Deprecation Warning : cinder.keymgr.conf_key_mgr.ConfKeyManager is not a stevedore based driver, trying to load it as a class: stevedore.exception.NoMatches: No 'castellan.drivers' driver found, looking for 'cinder.keymgr.conf_key_mgr.ConfKeyManager'
Aug 09 18:44:30.409762 dv-cinder-803941-1-iscsi devstack@c-api.service[112186]: DEBUG cinder.quota [req-2b612302-b0cd-4426-9654-46f69f52a1d8 req-4cdcb454-2133-4a5b-a604-2659250700c3 tempest-VolumesSnapshotsTestJSON-1656502471 tempest-VolumesSnapshotsTestJSON-1656502471-project] Created reservations ['2222c5f8-1845-4f24-9c1a-f8fd0e412a37', 'f541f1cd-d135-431b-821a-dfc814748f0a', 'ceb70a70-44cd-4ce6-9b8c-1c6253a1c021', '7b0adb4f-cebd-46b1-8dce-46b018a7db85'] {{(pid=112186) reserve /opt/stack/cinder/cinder/quota.py:755}}
Aug 09 18:44:30.423410 dv-cinder-803941-1-iscsi devstack@c-api.service[112185]: DEBUG oslo_db.sqlalchemy.engines [None req-c842f69c-4f4d-4842-afb8-5cf9a4495bb3 tempest-GroupSnapshotsTest-1005598253 tempest-GroupSnapshotsTest-1005598253-project] MySQL server mode set to STRICT_TRANS_TABLES,STRICT_ALL_TABLES,NO_ZERO_IN_DATE,NO_ZERO_DATE,ERROR_FOR_DIVISION_BY_ZERO,TRADITIONAL,NO_ENGINE_SUBSTITUTION {{(pid=112185) _check_effective_sql_mode /usr/local/lib/python3.8/dist-packages/oslo_db/sqlalchemy/engines.py:314}}
Aug 09 18:44:30.443001 dv-cinder-803941-1-iscsi devstack@c-api.service[112185]: /usr/local/lib/python3.8/dist-packages/oslo_context/context.py:105: DeprecationWarning: Policy enforcement is depending on the value of is_admin. This key is deprecated. Please update your policy file to use the standard policy values.
Aug 09 18:44:30.443001 dv-cinder-803941-1-iscsi devstack@c-api.service[112185]: warnings.warn('Policy enforcement is depending on the value of '
Aug 09 18:44:30.450445 dv-cinder-803941-1-iscsi devstack@c-api.service[112185]: INFO cinder.api.openstack.wsgi [None req-c842f69c-4f4d-4842-afb8-5cf9a4495bb3 tempest-GroupSnapshotsTest-1005598253 tempest-GroupSnapshotsTest-1005598253-project] http://10.222.0.38/volume/v3/09b456215e2b441782af1bc315df0b95/volumes returned with HTTP 202
Aug 09 18:44:30.452756 dv-cinder-803941-1-iscsi devstack@c-api.service[112185]: [pid: 112185|app: 0|req: 18/33] 10.222.0.38 () {62 vars in 1277 bytes} [Mon Aug 9 18:44:29 2021] POST /volume/v3/09b456215e2b441782af1bc315df0b95/volumes => generated 907 bytes in 726 msecs (HTTP/1.1 202) 7 headers in 292 bytes (2 switches on core 0)
Aug 09 18:44:30.458158 dv-cinder-803941-1-iscsi devstack@c-api.service[112185]: INFO cinder.api.openstack.wsgi [req-6b2c4406-c8c7-4f0d-a270-3966ab41dbe1 req-606665b0-24fd-4f39-b117-f038d42c13e6 tempest-VolumesGetTestJSON-1819473058 tempest-VolumesGetTestJSON-1819473058-project] GET http://10.222.0.38/volume/v3/ea5496fd672545acb49f30bb321d1378/volumes/7dc30b53-f2d2-45f4-b78f-15cc5b438268
Aug 09 18:44:30.459537 dv-cinder-803941-1-iscsi devstack@c-api.service[112185]: DEBUG cinder.api.openstack.wsgi [req-6b2c4406-c8c7-4f0d-a270-3966ab41dbe1 req-606665b0-24fd-4f39-b117-f038d42c13e6 tempest-VolumesGetTestJSON-1819473058 tempest-VolumesGetTestJSON-1819473058-project] Empty body provided in request {{(pid=112185) get_body /opt/stack/cinder/cinder/api/openstack/wsgi.py:703}}
Aug 09 18:44:30.459774 dv-cinder-803941-1-iscsi devstack@c-api.service[112185]: /usr/local/lib/python3.8/dist-packages/webob/acceptparse.py:1047: DeprecationWarning: The behavior of AcceptValidHeader.best_match is currently being maintained for backward compatibility, but it will be deprecated in the future, as it does not conform to the RFC.
Aug 09 18:44:30.459774 dv-cinder-803941-1-iscsi devstack@c-api.service[112185]: warnings.warn(
Aug 09 18:44:30.460450 dv-cinder-803941-1-iscsi devstack@c-api.service[112185]: DEBUG cinder.api.openstack.wsgi [req-6b2c4406-c8c7-4f0d-a270-3966ab41dbe1 req-606665b0-24fd-4f39-b117-f038d42c13e6 tempest-VolumesGetTestJSON-1819473058 tempest-VolumesGetTestJSON-1819473058-project] Calling method 'show' {{(pid=112185) _process_stack /opt/stack/cinder/cinder/api/openstack/wsgi.py:856}}
Aug 09 18:44:30.478144 dv-cinder-803941-1-iscsi devstack@c-api.service[112185]: INFO cinder.api.openstack.wsgi [req-6b2c4406-c8c7-4f0d-a270-3966ab41dbe1 req-606665b0-24fd-4f39-b117-f038d42c13e6 tempest-VolumesGetTestJSON-1819473058 tempest-VolumesGetTestJSON-1819473058-project] http://10.222.0.38/volume/v3/ea5496fd672545acb49f30bb321d1378/volumes/7dc30b53-f2d2-45f4-b78f-15cc5b438268 returned with HTTP 404
Aug 09 18:44:30.480126 dv-cinder-803941-1-iscsi devstack@c-api.service[112185]: [pid: 112185|app: 0|req: 19/34] 10.222.0.38 () {60 vars in 1579 bytes} [Mon Aug 9 18:44:30 2021] GET /volume/v3/ea5496fd672545acb49f30bb321d1378/volumes/7dc30b53-f2d2-45f4-b78f-15cc5b438268 => generated 109 bytes in 27 msecs (HTTP/1.1 404) 7 headers in 292 bytes (1 switches on core 0)
Aug 09 18:44:30.514918 dv-cinder-803941-1-iscsi devstack@c-api.service[112185]: INFO cinder.api.openstack.wsgi [None req-467d4a0f-70b2-4330-9d5c-242b8a75166e tempest-GroupsV314Test-142446338 tempest-GroupsV314Test-142446338-project] POST http://10.222.0.38/volume/v3/92fc782a211148de9f89e63feb07550d/volumes
Aug 09 18:44:30.515937 dv-cinder-803941-1-iscsi devstack@c-api.service[112185]: DEBUG cinder.api.openstack.wsgi [None req-467d4a0f-70b2-4330-9d5c-242b8a75166e tempest-GroupsV314Test-142446338 tempest-GroupsV314Test-142446338-project] Action: 'create', calling method: create, body: {"volume": {"volume_type": "880082cd-aeb0-469b-8692-294c0e156c4d", "group_id": "6fbf5b32-73ce-4217-b8af-87373726275f", "size": 1, "name": "tempest-GroupsV314Test-Volume-1917882976"}} {{(pid=112185) _process_stack /opt/stack/cinder/cinder/api/openstack/wsgi.py:854}}
Aug 09 18:44:30.519061 dv-cinder-803941-1-iscsi devstack@c-api.service[112185]: DEBUG cinder.api.v3.volumes [None req-467d4a0f-70b2-4330-9d5c-242b8a75166e tempest-GroupsV314Test-142446338 tempest-GroupsV314Test-142446338-project] Create volume request body: {'volume': {'volume_type': '880082cd-aeb0-469b-8692-294c0e156c4d', 'group_id': '6fbf5b32-73ce-4217-b8af-87373726275f', 'size': 1, 'name': 'tempest-GroupsV314Test-Volume-1917882976'}} {{(pid=112185) create /opt/stack/cinder/cinder/api/v3/volumes.py:290}}
Aug 09 18:44:30.547752 dv-cinder-803941-1-iscsi devstack@c-api.service[112186]: INFO cinder.volume.api [req-2b612302-b0cd-4426-9654-46f69f52a1d8 req-4cdcb454-2133-4a5b-a604-2659250700c3 tempest-VolumesSnapshotsTestJSON-1656502471 tempest-VolumesSnapshotsTestJSON-1656502471-project] Snapshot create request issued successfully.
Aug 09 18:44:30.550656 dv-cinder-803941-1-iscsi devstack@c-api.service[112186]: INFO cinder.api.openstack.wsgi [req-2b612302-b0cd-4426-9654-46f69f52a1d8 req-4cdcb454-2133-4a5b-a604-2659250700c3 tempest-VolumesSnapshotsTestJSON-1656502471 tempest-VolumesSnapshotsTestJSON-1656502471-project] http://10.222.0.38/volume/v3/631cf9c5ebc946e5bfc84f775506c766/snapshots returned with HTTP 202
Aug 09 18:44:30.553340 dv-cinder-803941-1-iscsi devstack@c-api.service[112186]: [pid: 112186|app: 0|req: 16/35] 10.222.0.38 () {64 vars in 1528 bytes} [Mon Aug 9 18:44:30 2021] POST /volume/v3/631cf9c5ebc946e5bfc84f775506c766/snapshots => generated 311 bytes in 413 msecs (HTTP/1.1 202) 7 headers in 291 bytes (1 switches on core 0)
Aug 09 18:44:30.557013 dv-cinder-803941-1-iscsi devstack@c-api.service[112185]: /usr/local/lib/python3.8/dist-packages/oslo_context/context.py:105: DeprecationWarning: Policy enforcement is depending on the value of is_admin. This key is deprecated. Please update your policy file to use the standard policy values.
Aug 09 18:44:30.557013 dv-cinder-803941-1-iscsi devstack@c-api.service[112185]: warnings.warn('Policy enforcement is depending on the value of '
Aug 09 18:44:30.558804 dv-cinder-803941-1-iscsi devstack@c-api.service[112185]: INFO cinder.api.v3.volumes [None req-467d4a0f-70b2-4330-9d5c-242b8a75166e tempest-GroupsV314Test-142446338 tempest-GroupsV314Test-142446338-project] Create volume of 1 GB
Aug 09 18:44:30.566358 dv-cinder-803941-1-iscsi devstack@c-api.service[112186]: INFO cinder.api.openstack.wsgi [None req-74a8bf4a-a3f7-484d-9a3f-cb84f77a54c8 tempest-GroupSnapshotsTest-1005598253 tempest-GroupSnapshotsTest-1005598253-project] GET http://10.222.0.38/volume/v3/09b456215e2b441782af1bc315df0b95/volumes/c28025dc-cd9f-48ee-8d0e-7f70c8ce1ea2
Aug 09 18:44:30.566854 dv-cinder-803941-1-iscsi devstack@c-api.service[112186]: DEBUG cinder.api.openstack.wsgi [None req-74a8bf4a-a3f7-484d-9a3f-cb84f77a54c8 tempest-GroupSnapshotsTest-1005598253 tempest-GroupSnapshotsTest-1005598253-project] Empty body provided in request {{(pid=112186) get_body /opt/stack/cinder/cinder/api/openstack/wsgi.py:703}}
Aug 09 18:44:30.567960 dv-cinder-803941-1-iscsi devstack@c-api.service[112186]: /usr/local/lib/python3.8/dist-packages/webob/acceptparse.py:1047: DeprecationWarning: The behavior of AcceptValidHeader.best_match is currently being maintained for backward compatibility, but it will be deprecated in the future, as it does not conform to the RFC.
Aug 09 18:44:30.567960 dv-cinder-803941-1-iscsi devstack@c-api.service[112186]: warnings.warn(
Aug 09 18:44:30.568777 dv-cinder-803941-1-iscsi devstack@c-api.service[112186]: DEBUG cinder.api.openstack.wsgi [None req-74a8bf4a-a3f7-484d-9a3f-cb84f77a54c8 tempest-GroupSnapshotsTest-1005598253 tempest-GroupSnapshotsTest-1005598253-project] Calling method 'show' {{(pid=112186) _process_stack /opt/stack/cinder/cinder/api/openstack/wsgi.py:856}}
Aug 09 18:44:30.592509 dv-cinder-803941-1-iscsi devstack@c-api.service[112185]: INFO cinder.volume.api [None req-467d4a0f-70b2-4330-9d5c-242b8a75166e tempest-GroupsV314Test-142446338 tempest-GroupsV314Test-142446338-project] Availability Zones retrieved successfully.
Aug 09 18:44:30.612639 dv-cinder-803941-1-iscsi devstack@c-api.service[112186]: /usr/local/lib/python3.8/dist-packages/oslo_context/context.py:105: DeprecationWarning: Policy enforcement is depending on the value of is_admin. This key is deprecated. Please update your policy file to use the standard policy values.
Aug 09 18:44:30.612639 dv-cinder-803941-1-iscsi devstack@c-api.service[112186]: warnings.warn('Policy enforcement is depending on the value of '
Aug 09 18:44:30.627992 dv-cinder-803941-1-iscsi devstack@c-api.service[112186]: INFO cinder.volume.api [None req-74a8bf4a-a3f7-484d-9a3f-cb84f77a54c8 tempest-GroupSnapshotsTest-1005598253 tempest-GroupSnapshotsTest-1005598253-project] Volume info retrieved successfully.
Aug 09 18:44:30.634840 dv-cinder-803941-1-iscsi devstack@c-api.service[112185]: DEBUG cinder.volume.api [None req-467d4a0f-70b2-4330-9d5c-242b8a75166e tempest-GroupsV314Test-142446338 tempest-GroupsV314Test-142446338-project] Flow 'volume_create_api' (d0a476be-6dd8-4ac3-a2c8-49aa3fd33ddd) transitioned into state 'RUNNING' from state 'PENDING' {{(pid=112185) _flow_receiver /usr/local/lib/python3.8/dist-packages/taskflow/listeners/logging.py:141}}
Aug 09 18:44:30.641006 dv-cinder-803941-1-iscsi devstack@c-api.service[112185]: DEBUG cinder.volume.api [None req-467d4a0f-70b2-4330-9d5c-242b8a75166e tempest-GroupsV314Test-142446338 tempest-GroupsV314Test-142446338-project] Task 'cinder.volume.flows.api.create_volume.ExtractVolumeRequestTask;volume:create' (500a4fcd-2bc5-4d5d-9c7a-4136cb4635aa) transitioned into state 'RUNNING' from state 'PENDING' {{(pid=112185) _task_receiver /usr/local/lib/python3.8/dist-packages/taskflow/listeners/logging.py:190}}
Aug 09 18:44:30.647536 dv-cinder-803941-1-iscsi devstack@c-api.service[112185]: /usr/local/lib/python3.8/dist-packages/oslo_context/context.py:105: DeprecationWarning: Policy enforcement is depending on the value of is_admin. This key is deprecated. Please update your policy file to use the standard policy values.
Aug 09 18:44:30.647536 dv-cinder-803941-1-iscsi devstack@c-api.service[112185]: warnings.warn('Policy enforcement is depending on the value of '
Aug 09 18:44:30.648871 dv-cinder-803941-1-iscsi devstack@c-api.service[112186]: WARNING stevedore.named [None req-74a8bf4a-a3f7-484d-9a3f-cb84f77a54c8 tempest-GroupSnapshotsTest-1005598253 tempest-GroupSnapshotsTest-1005598253-project] Could not load cinder.keymgr.conf_key_mgr.ConfKeyManager
Aug 09 18:44:30.649600 dv-cinder-803941-1-iscsi devstack@c-api.service[112185]: DEBUG cinder.volume.flows.api.create_volume [None req-467d4a0f-70b2-4330-9d5c-242b8a75166e tempest-GroupsV314Test-142446338 tempest-GroupsV314Test-142446338-project] Validating volume size '1' using validate_int {{(pid=112185) _extract_size /opt/stack/cinder/cinder/volume/flows/api/create_volume.py:201}}
Aug 09 18:44:30.650173 dv-cinder-803941-1-iscsi devstack@c-api.service[112186]: WARNING castellan.key_manager [None req-74a8bf4a-a3f7-484d-9a3f-cb84f77a54c8 tempest-GroupSnapshotsTest-1005598253 tempest-GroupSnapshotsTest-1005598253-project] Deprecation Warning : cinder.keymgr.conf_key_mgr.ConfKeyManager is not a stevedore based driver, trying to load it as a class: stevedore.exception.NoMatches: No 'castellan.drivers' driver found, looking for 'cinder.keymgr.conf_key_mgr.ConfKeyManager'
Aug 09 18:44:30.667239 dv-cinder-803941-1-iscsi devstack@c-api.service[112186]: DEBUG oslo_db.sqlalchemy.engines [None req-74a8bf4a-a3f7-484d-9a3f-cb84f77a54c8 tempest-GroupSnapshotsTest-1005598253 tempest-GroupSnapshotsTest-1005598253-project] MySQL server mode set to STRICT_TRANS_TABLES,STRICT_ALL_TABLES,NO_ZERO_IN_DATE,NO_ZERO_DATE,ERROR_FOR_DIVISION_BY_ZERO,TRADITIONAL,NO_ENGINE_SUBSTITUTION {{(pid=112186) _check_effective_sql_mode /usr/local/lib/python3.8/dist-packages/oslo_db/sqlalchemy/engines.py:314}}
Aug 09 18:44:30.676058 dv-cinder-803941-1-iscsi devstack@c-api.service[112186]: /usr/local/lib/python3.8/dist-packages/oslo_context/context.py:105: DeprecationWarning: Policy enforcement is depending on the value of is_admin. This key is deprecated. Please update your policy file to use the standard policy values.
Aug 09 18:44:30.676058 dv-cinder-803941-1-iscsi devstack@c-api.service[112186]: warnings.warn('Policy enforcement is depending on the value of '
Aug 09 18:44:30.700660 dv-cinder-803941-1-iscsi devstack@c-api.service[112186]: INFO cinder.api.openstack.wsgi [None req-74a8bf4a-a3f7-484d-9a3f-cb84f77a54c8 tempest-GroupSnapshotsTest-1005598253 tempest-GroupSnapshotsTest-1005598253-project] http://10.222.0.38/volume/v3/09b456215e2b441782af1bc315df0b95/volumes/c28025dc-cd9f-48ee-8d0e-7f70c8ce1ea2 returned with HTTP 200
Aug 09 18:44:30.701686 dv-cinder-803941-1-iscsi devstack@c-api.service[112186]: [pid: 112186|app: 0|req: 17/36] 10.222.0.38 () {60 vars in 1366 bytes} [Mon Aug 9 18:44:30 2021] GET /volume/v3/09b456215e2b441782af1bc315df0b95/volumes/c28025dc-cd9f-48ee-8d0e-7f70c8ce1ea2 => generated 999 bytes in 148 msecs (HTTP/1.1 200) 7 headers in 286 bytes (1 switches on core 0)
Aug 09 18:44:30.712126 dv-cinder-803941-1-iscsi devstack@c-api.service[112185]: DEBUG cinder.volume.api [None req-467d4a0f-70b2-4330-9d5c-242b8a75166e tempest-GroupsV314Test-142446338 tempest-GroupsV314Test-142446338-project] Task 'cinder.volume.flows.api.create_volume.ExtractVolumeRequestTask;volume:create' (500a4fcd-2bc5-4d5d-9c7a-4136cb4635aa) transitioned into state 'SUCCESS' from state 'RUNNING' with result '{'size': 1, 'snapshot_id': None, 'source_volid': None, 'volume_type': VolumeType(created_at=2021-08-09T18:44:28Z,deleted=False,deleted_at=None,description=None,extra_specs={},id=880082cd-aeb0-469b-8692-294c0e156c4d,is_public=True,name='tempest-GroupsV314Test-volume-type-74490555',projects=[],qos_specs=,qos_specs_id=None,updated_at=None), 'volume_type_id': '880082cd-aeb0-469b-8692-294c0e156c4d', 'encryption_key_id': None, 'qos_specs': None, 'consistencygroup_id': None, 'cgsnapshot_id': None, 'group_id': '6fbf5b32-73ce-4217-b8af-87373726275f', 'replication_status': 'disabled', 'refresh_az': False, 'backup_id': None, 'multiattach': False, 'availability_zones': ['nova']}' {{(pid=112185) _task_receiver /usr/local/lib/python3.8/dist-packages/taskflow/listeners/logging.py:178}}
Aug 09 18:44:30.718829 dv-cinder-803941-1-iscsi devstack@c-api.service[112186]: INFO cinder.api.openstack.wsgi [req-fa7354c6-0aee-477b-88cf-00f3d44195f2 req-b510fbf4-baac-4e9f-82be-aa2de10ec969 tempest-VolumesSnapshotsTestJSON-1656502471 tempest-VolumesSnapshotsTestJSON-1656502471-project] GET http://10.222.0.38/volume/v3/631cf9c5ebc946e5bfc84f775506c766/snapshots/63fdfa46-2744-40ca-bf31-42de352eaf1f
Aug 09 18:44:30.719494 dv-cinder-803941-1-iscsi devstack@c-api.service[112186]: DEBUG cinder.api.openstack.wsgi [req-fa7354c6-0aee-477b-88cf-00f3d44195f2 req-b510fbf4-baac-4e9f-82be-aa2de10ec969 tempest-VolumesSnapshotsTestJSON-1656502471 tempest-VolumesSnapshotsTestJSON-1656502471-project] Empty body provided in request {{(pid=112186) get_body /opt/stack/cinder/cinder/api/openstack/wsgi.py:703}}
Aug 09 18:44:30.719903 dv-cinder-803941-1-iscsi devstack@c-api.service[112186]: /usr/local/lib/python3.8/dist-packages/webob/acceptparse.py:1047: DeprecationWarning: The behavior of AcceptValidHeader.best_match is currently being maintained for backward compatibility, but it will be deprecated in the future, as it does not conform to the RFC.
Aug 09 18:44:30.719903 dv-cinder-803941-1-iscsi devstack@c-api.service[112186]: warnings.warn(
Aug 09 18:44:30.720506 dv-cinder-803941-1-iscsi devstack@c-api.service[112186]: DEBUG cinder.api.openstack.wsgi [req-fa7354c6-0aee-477b-88cf-00f3d44195f2 req-b510fbf4-baac-4e9f-82be-aa2de10ec969 tempest-VolumesSnapshotsTestJSON-1656502471 tempest-VolumesSnapshotsTestJSON-1656502471-project] Calling method 'show' {{(pid=112186) _process_stack /opt/stack/cinder/cinder/api/openstack/wsgi.py:856}}
Aug 09 18:44:30.723230 dv-cinder-803941-1-iscsi devstack@c-api.service[112185]: DEBUG cinder.volume.api [None req-467d4a0f-70b2-4330-9d5c-242b8a75166e tempest-GroupsV314Test-142446338 tempest-GroupsV314Test-142446338-project] Task 'cinder.volume.flows.api.create_volume.QuotaReserveTask;volume:create' (5bac8387-9b1e-4dac-b2f8-7d1e6c4c0c60) transitioned into state 'RUNNING' from state 'PENDING' {{(pid=112185) _task_receiver /usr/local/lib/python3.8/dist-packages/taskflow/listeners/logging.py:190}}
Aug 09 18:44:30.731847 dv-cinder-803941-1-iscsi devstack@c-api.service[112186]: /usr/local/lib/python3.8/dist-packages/oslo_context/context.py:105: DeprecationWarning: Policy enforcement is depending on the value of is_admin. This key is deprecated. Please update your policy file to use the standard policy values.
Aug 09 18:44:30.731847 dv-cinder-803941-1-iscsi devstack@c-api.service[112186]: warnings.warn('Policy enforcement is depending on the value of '
Aug 09 18:44:30.733496 dv-cinder-803941-1-iscsi devstack@c-api.service[112186]: INFO cinder.volume.api [req-fa7354c6-0aee-477b-88cf-00f3d44195f2 req-b510fbf4-baac-4e9f-82be-aa2de10ec969 tempest-VolumesSnapshotsTestJSON-1656502471 tempest-VolumesSnapshotsTestJSON-1656502471-project] Snapshot retrieved successfully.
Aug 09 18:44:30.751358 dv-cinder-803941-1-iscsi devstack@c-api.service[112186]: INFO cinder.api.openstack.wsgi [req-fa7354c6-0aee-477b-88cf-00f3d44195f2 req-b510fbf4-baac-4e9f-82be-aa2de10ec969 tempest-VolumesSnapshotsTestJSON-1656502471 tempest-VolumesSnapshotsTestJSON-1656502471-project] http://10.222.0.38/volume/v3/631cf9c5ebc946e5bfc84f775506c766/snapshots/63fdfa46-2744-40ca-bf31-42de352eaf1f returned with HTTP 200
Aug 09 18:44:30.756061 dv-cinder-803941-1-iscsi devstack@c-api.service[112186]: [pid: 112186|app: 0|req: 18/37] 10.222.0.38 () {60 vars in 1585 bytes} [Mon Aug 9 18:44:30 2021] GET /volume/v3/631cf9c5ebc946e5bfc84f775506c766/snapshots/63fdfa46-2744-40ca-bf31-42de352eaf1f => generated 443 bytes in 42 msecs (HTTP/1.1 200) 7 headers in 285 bytes (1 switches on core 0)
Aug 09 18:44:30.793097 dv-cinder-803941-1-iscsi devstack@c-api.service[112186]: INFO cinder.api.openstack.wsgi [req-aa5f160e-81a3-4eff-a1ef-46fe08b12024 req-3e987419-e2f3-49c9-aa0b-0ab2f5722ef6 tempest-VolumesSnapshotsTestJSON-1656502471 tempest-VolumesSnapshotsTestJSON-1656502471-project] GET http://10.222.0.38/volume/v3/631cf9c5ebc946e5bfc84f775506c766/snapshots/detail
Aug 09 18:44:30.794173 dv-cinder-803941-1-iscsi devstack@c-api.service[112186]: DEBUG cinder.api.openstack.wsgi [req-aa5f160e-81a3-4eff-a1ef-46fe08b12024 req-3e987419-e2f3-49c9-aa0b-0ab2f5722ef6 tempest-VolumesSnapshotsTestJSON-1656502471 tempest-VolumesSnapshotsTestJSON-1656502471-project] Empty body provided in request {{(pid=112186) get_body /opt/stack/cinder/cinder/api/openstack/wsgi.py:703}}
Aug 09 18:44:30.794701 dv-cinder-803941-1-iscsi devstack@c-api.service[112186]: /usr/local/lib/python3.8/dist-packages/webob/acceptparse.py:1047: DeprecationWarning: The behavior of AcceptValidHeader.best_match is currently being maintained for backward compatibility, but it will be deprecated in the future, as it does not conform to the RFC.
Aug 09 18:44:30.794701 dv-cinder-803941-1-iscsi devstack@c-api.service[112186]: warnings.warn(
Aug 09 18:44:30.795438 dv-cinder-803941-1-iscsi devstack@c-api.service[112186]: DEBUG cinder.api.openstack.wsgi [req-aa5f160e-81a3-4eff-a1ef-46fe08b12024 req-3e987419-e2f3-49c9-aa0b-0ab2f5722ef6 tempest-VolumesSnapshotsTestJSON-1656502471 tempest-VolumesSnapshotsTestJSON-1656502471-project] Calling method 'detail' {{(pid=112186) _process_stack /opt/stack/cinder/cinder/api/openstack/wsgi.py:856}}
Aug 09 18:44:30.796319 dv-cinder-803941-1-iscsi devstack@c-api.service[112186]: DEBUG cinder.api.api_utils [req-aa5f160e-81a3-4eff-a1ef-46fe08b12024 req-3e987419-e2f3-49c9-aa0b-0ab2f5722ef6 tempest-VolumesSnapshotsTestJSON-1656502471 tempest-VolumesSnapshotsTestJSON-1656502471-project] Removing options '' from query. {{(pid=112186) remove_invalid_filter_options /opt/stack/cinder/cinder/api/api_utils.py:73}}
Aug 09 18:44:30.798705 dv-cinder-803941-1-iscsi devstack@c-api.service[112186]: DEBUG cinder.db.sqlalchemy.api [req-aa5f160e-81a3-4eff-a1ef-46fe08b12024 req-3e987419-e2f3-49c9-aa0b-0ab2f5722ef6 tempest-VolumesSnapshotsTestJSON-1656502471 tempest-VolumesSnapshotsTestJSON-1656502471-project] Building query based on filter {{(pid=112186) _process_snaps_filters /opt/stack/cinder/cinder/db/sqlalchemy/api.py:3138}}
Aug 09 18:44:30.846566 dv-cinder-803941-1-iscsi devstack@c-api.service[112186]: INFO cinder.volume.api [req-aa5f160e-81a3-4eff-a1ef-46fe08b12024 req-3e987419-e2f3-49c9-aa0b-0ab2f5722ef6 tempest-VolumesSnapshotsTestJSON-1656502471 tempest-VolumesSnapshotsTestJSON-1656502471-project] Get all snapshots completed successfully.
Aug 09 18:44:30.847562 dv-cinder-803941-1-iscsi devstack@c-api.service[112186]: /usr/local/lib/python3.8/dist-packages/oslo_context/context.py:105: DeprecationWarning: Policy enforcement is depending on the value of is_admin. This key is deprecated. Please update your policy file to use the standard policy values.
Aug 09 18:44:30.847562 dv-cinder-803941-1-iscsi devstack@c-api.service[112186]: warnings.warn('Policy enforcement is depending on the value of '
Aug 09 18:44:30.849428 dv-cinder-803941-1-iscsi devstack@c-api.service[112186]: INFO cinder.api.openstack.wsgi [req-aa5f160e-81a3-4eff-a1ef-46fe08b12024 req-3e987419-e2f3-49c9-aa0b-0ab2f5722ef6 tempest-VolumesSnapshotsTestJSON-1656502471 tempest-VolumesSnapshotsTestJSON-1656502471-project] http://10.222.0.38/volume/v3/631cf9c5ebc946e5bfc84f775506c766/snapshots/detail returned with HTTP 200
