Aug 10 05:15:34.162108 dv-cinder-803901-2-iscsi neutron-server[93918]: DEBUG neutron.api.rpc.handlers.l3_rpc [None req-5298f89b-2326-4eb3-850a-f6f309132be8 None None] Checking router: 62293975-7113-488e-8f20-d2ddd483eb26 for host: dv-cinder-803901-2-iscsi {{(pid=93918) _ensure_host_set_on_ports /opt/stack/neutron/neutron/api/rpc/handlers/l3_rpc.py:155}}
Aug 10 05:15:34.163164 dv-cinder-803901-2-iscsi neutron-server[93918]: DEBUG neutron.api.rpc.handlers.l3_rpc [None req-5298f89b-2326-4eb3-850a-f6f309132be8 None None] Updating router 62293975-7113-488e-8f20-d2ddd483eb26 port 178e8830-7226-441e-9a5b-f4028f30053c binding host dv-cinder-803901-2-iscsi {{(pid=93918) _ensure_host_set_on_port /opt/stack/neutron/neutron/api/rpc/handlers/l3_rpc.py:205}}
Aug 10 05:15:34.190653 dv-cinder-803901-2-iscsi neutron-server[93918]: DEBUG neutron_lib.callbacks.manager [None req-5298f89b-2326-4eb3-850a-f6f309132be8 None None] Notify callbacks ['neutron.plugins.ml2.plugin.SecurityGroupDbMixin._ensure_default_security_group_handler-32992802'] for port, before_update {{(pid=93918) _notify_loop /usr/local/lib/python3.8/dist-packages/neutron_lib/callbacks/manager.py:192}}
Aug 10 05:15:34.236825 dv-cinder-803901-2-iscsi neutron-server[93917]: DEBUG neutron.db.provisioning_blocks [None req-0ae86763-4056-458b-8872-be8e225f7b3c None None] Provisioning for port ca4a3c28-b7b6-4499-a76c-9752401e3ccd completed by entity L2. {{(pid=93917) provisioning_complete /opt/stack/neutron/neutron/db/provisioning_blocks.py:133}}
Aug 10 05:15:34.240991 dv-cinder-803901-2-iscsi neutron-server[93917]: DEBUG neutron.db.provisioning_blocks [None req-0ae86763-4056-458b-8872-be8e225f7b3c None None] Provisioning complete for port ca4a3c28-b7b6-4499-a76c-9752401e3ccd triggered by entity L2. {{(pid=93917) provisioning_complete /opt/stack/neutron/neutron/db/provisioning_blocks.py:139}}
Aug 10 05:15:34.241472 dv-cinder-803901-2-iscsi neutron-server[93917]: DEBUG neutron_lib.callbacks.manager [None req-0ae86763-4056-458b-8872-be8e225f7b3c None None] Notify callbacks ['neutron.plugins.ml2.plugin.Ml2Plugin._port_provisioned-525409'] for port, provisioning_complete {{(pid=93917) _notify_loop /usr/local/lib/python3.8/dist-packages/neutron_lib/callbacks/manager.py:192}}
Aug 10 05:15:34.377613 dv-cinder-803901-2-iscsi neutron-server[93916]: DEBUG neutron.scheduler.dhcp_agent_scheduler [None req-852a2871-c3c6-4f3d-b722-bcc419782938 admin admin] Network ebe8d311-e31a-4f21-9601-a30658ed0a72 is already hosted by enough agents. {{(pid=93916) _get_dhcp_agents_hosting_network /opt/stack/neutron/neutron/scheduler/dhcp_agent_scheduler.py:275}}
Aug 10 05:15:34.382134 dv-cinder-803901-2-iscsi neutron-server[93916]: DEBUG neutron.scheduler.base_scheduler [None req-852a2871-c3c6-4f3d-b722-bcc419782938 admin admin] Resources bound (agent type, host, resource id): {{(pid=93916) schedule /opt/stack/neutron/neutron/scheduler/base_scheduler.py:57}}
Aug 10 05:15:34.385650 dv-cinder-803901-2-iscsi neutron-server[93916]: DEBUG neutron.db.l3_dvrscheduler_db [None req-852a2871-c3c6-4f3d-b722-bcc419782938 admin admin] Received port after_create {{(pid=93916) _notify_l3_agent_new_port /opt/stack/neutron/neutron/db/l3_dvrscheduler_db.py:535}}
Aug 10 05:15:34.436849 dv-cinder-803901-2-iscsi neutron-server[93917]: DEBUG neutron_lib.callbacks.manager [None req-0ae86763-4056-458b-8872-be8e225f7b3c None None] Notify callbacks ['neutron.plugins.ml2.plugin.SecurityGroupDbMixin._ensure_default_security_group_handler-32992802'] for port, before_update {{(pid=93917) _notify_loop /usr/local/lib/python3.8/dist-packages/neutron_lib/callbacks/manager.py:192}}
Aug 10 05:15:34.560561 dv-cinder-803901-2-iscsi neutron-server[93917]: DEBUG neutron.plugins.ml2.db [None req-0ae86763-4056-458b-8872-be8e225f7b3c None None] For port ca4a3c28-b7b6-4499-a76c-9752401e3ccd, host dv-cinder-803901-2-iscsi, got binding levels [PortBindingLevel(driver='openvswitch',host='dv-cinder-803901-2-iscsi',level=0,port_id=ca4a3c28-b7b6-4499-a76c-9752401e3ccd,segment=NetworkSegment(44b4e7e1-2d4a-46cc-9872-06ecd148e424),segment_id=44b4e7e1-2d4a-46cc-9872-06ecd148e424)] {{(pid=93917) get_binding_level_objs /opt/stack/neutron/neutron/plugins/ml2/db.py:74}}
Aug 10 05:15:34.582411 dv-cinder-803901-2-iscsi neutron-server[93916]: INFO neutron.wsgi [None req-4fd5ef12-e4c2-45a2-a86f-e925cff06c57 admin admin] 10.222.0.16 "GET /v2.0/security-groups?tenant_id=f914c8ce34d5428ab7529ff358ada4e4&name=default HTTP/1.1" status: 200 len: 2975 time: 1.9962442
Aug 10 05:15:34.583781 dv-cinder-803901-2-iscsi neutron-server[93916]: DEBUG neutron.wsgi [-] (93916) accepted ('10.222.0.16', 50894) {{(pid=93916) server /usr/local/lib/python3.8/dist-packages/eventlet/wsgi.py:982}}
Aug 10 05:15:34.658336 dv-cinder-803901-2-iscsi neutron-server[93917]: DEBUG neutron_lib.callbacks.manager [None req-0ae86763-4056-458b-8872-be8e225f7b3c None None] Notify callbacks ['neutron.plugins.ml2.plugin.SecurityGroupServerNotifierRpcMixin._notify_sg_on_port_change-32992652', 'neutron.plugins.ml2.ovo_rpc._ObjectChangeHandler.handle_event-170207', 'neutron.api.rpc.agentnotifiers.dhcp_rpc_agent_api.DhcpAgentNotifyAPI._native_event_send_dhcp_notification-554556', 'neutron.db.l3_db.L3RpcNotifierMixin._notify_gateway_port_ip_changed-8742254762653', 'neutron.db.l3_dvrscheduler_db._notify_l3_agent_port_update-8742254373614', 'neutron.db.l3_hascheduler_db._notify_l3_agent_ha_port_update-8742254374916'] for port, after_update {{(pid=93917) _notify_loop /usr/local/lib/python3.8/dist-packages/neutron_lib/callbacks/manager.py:192}}
Aug 10 05:15:34.659233 dv-cinder-803901-2-iscsi neutron-server[93917]: DEBUG neutron.plugins.ml2.rpc [None req-0ae86763-4056-458b-8872-be8e225f7b3c None None] Device 7b3ae030-0486-48b8-928e-f244173b7876 up at agent ovs-agent-dv-cinder-803901-2-iscsi {{(pid=93917) update_device_up /opt/stack/neutron/neutron/plugins/ml2/rpc.py:296}}
Aug 10 05:15:34.735037 dv-cinder-803901-2-iscsi neutron-server[93917]: DEBUG neutron.db.provisioning_blocks [None req-7f3fe408-3483-4067-875d-7c6f7da48d3e None None] Provisioning complete for port ca4a3c28-b7b6-4499-a76c-9752401e3ccd triggered by entity DHCP. {{(pid=93917) provisioning_complete /opt/stack/neutron/neutron/db/provisioning_blocks.py:139}}
Aug 10 05:15:34.735245 dv-cinder-803901-2-iscsi neutron-server[93917]: DEBUG neutron_lib.callbacks.manager [None req-7f3fe408-3483-4067-875d-7c6f7da48d3e None None] Notify callbacks ['neutron.plugins.ml2.plugin.Ml2Plugin._port_provisioned-525409'] for port, provisioning_complete {{(pid=93917) _notify_loop /usr/local/lib/python3.8/dist-packages/neutron_lib/callbacks/manager.py:192}}
Aug 10 05:15:34.781607 dv-cinder-803901-2-iscsi neutron-server[93918]: DEBUG neutron_lib.callbacks.manager [None req-5298f89b-2326-4eb3-850a-f6f309132be8 None None] Notify callbacks [] for port, precommit_update {{(pid=93918) _notify_loop /usr/local/lib/python3.8/dist-packages/neutron_lib/callbacks/manager.py:192}}
Aug 10 05:15:34.782689 dv-cinder-803901-2-iscsi neutron-server[93915]: DEBUG neutron_lib.callbacks.manager [None req-8e0e3e47-ad79-4cb6-a71b-2d969cd2a97d admin admin] Notify callbacks ['neutron.plugins.ml2.plugin.SecurityGroupDbMixin._ensure_default_security_group_handler-32992802'] for port, before_create {{(pid=93915) _notify_loop /usr/local/lib/python3.8/dist-packages/neutron_lib/callbacks/manager.py:192}}
Aug 10 05:15:34.806503 dv-cinder-803901-2-iscsi neutron-server[93918]: DEBUG neutron.db.provisioning_blocks [None req-5298f89b-2326-4eb3-850a-f6f309132be8 None None] Transition to ACTIVE for port object 178e8830-7226-441e-9a5b-f4028f30053c will not be triggered until provisioned by entity L2. {{(pid=93918) add_provisioning_component /opt/stack/neutron/neutron/db/provisioning_blocks.py:73}}
Aug 10 05:15:34.828621 dv-cinder-803901-2-iscsi neutron-server[93917]: DEBUG neutron.api.rpc.handlers.dhcp_rpc [None req-78706ada-69b0-42b6-9f23-712e7b64021d None None] Network e7136196-3303-4185-b6f3-4307c2ed7cf9 requested from dv-cinder-803901-2-iscsi {{(pid=93917) get_network_info /opt/stack/neutron/neutron/api/rpc/handlers/dhcp_rpc.py:218}}
Aug 10 05:15:34.879721 dv-cinder-803901-2-iscsi neutron-server[93916]: INFO neutron.wsgi [req-58aad4f9-b0cf-4cb5-9ba7-1301c593948e req-1aa8d0b5-1807-44cb-be1e-f7d0897f84f9 tempest-DeleteServersTestJSON-772874386 tempest-DeleteServersTestJSON-772874386-project] 10.222.0.16 "GET /v2.0/ports?device_id=a8698eb3-233c-4555-9695-cef046edd246 HTTP/1.1" status: 200 len: 210 time: 0.3047655
Aug 10 05:15:34.900164 dv-cinder-803901-2-iscsi neutron-server[93918]: DEBUG neutron_lib.callbacks.manager [None req-5298f89b-2326-4eb3-850a-f6f309132be8 None None] Notify callbacks ['neutron.plugins.ml2.plugin.SecurityGroupServerNotifierRpcMixin._notify_sg_on_port_change-32992652', 'neutron.plugins.ml2.ovo_rpc._ObjectChangeHandler.handle_event-170207', 'neutron.api.rpc.agentnotifiers.dhcp_rpc_agent_api.DhcpAgentNotifyAPI._native_event_send_dhcp_notification-554556', 'neutron.db.l3_db.L3RpcNotifierMixin._notify_gateway_port_ip_changed-8742254762653', 'neutron.db.l3_dvrscheduler_db._notify_l3_agent_port_update-8742254373614', 'neutron.db.l3_hascheduler_db._notify_l3_agent_ha_port_update-8742254374916'] for port, after_update {{(pid=93918) _notify_loop /usr/local/lib/python3.8/dist-packages/neutron_lib/callbacks/manager.py:192}}
Aug 10 05:15:34.923216 dv-cinder-803901-2-iscsi neutron-server[93916]: DEBUG neutron.api.rpc.handlers.resources_rpc [None req-852a2871-c3c6-4f3d-b722-bcc419782938 admin admin] Pushing event updated for resources: {'Port': ['ID=666b0a53-0f55-46b4-b077-1e3a10c34d41,revision_number=1']} {{(pid=93916) push /opt/stack/neutron/neutron/api/rpc/handlers/resources_rpc.py:237}}
Aug 10 05:15:34.940730 dv-cinder-803901-2-iscsi neutron-server[93917]: DEBUG neutron.api.rpc.handlers.resources_rpc [None req-0ae86763-4056-458b-8872-be8e225f7b3c None None] Pushing event updated for resources: {'Port': ['ID=ca4a3c28-b7b6-4499-a76c-9752401e3ccd,revision_number=3']} {{(pid=93917) push /opt/stack/neutron/neutron/api/rpc/handlers/resources_rpc.py:237}}
Aug 10 05:15:34.959121 dv-cinder-803901-2-iscsi neutron-server[93916]: DEBUG neutron_lib.callbacks.manager [None req-87b32c9c-2419-48d3-a3cd-63e779cf9100 admin admin] Notify callbacks [] for router_gateway, after_create {{(pid=93916) _notify_loop /usr/local/lib/python3.8/dist-packages/neutron_lib/callbacks/manager.py:192}}
Aug 10 05:15:35.001034 dv-cinder-803901-2-iscsi neutron-server[93917]: DEBUG neutron.db.provisioning_blocks [None req-0ae86763-4056-458b-8872-be8e225f7b3c None None] Provisioning for port 7b3ae030-0486-48b8-928e-f244173b7876 completed by entity L2. {{(pid=93917) provisioning_complete /opt/stack/neutron/neutron/db/provisioning_blocks.py:133}}
Aug 10 05:15:35.017950 dv-cinder-803901-2-iscsi neutron-server[93918]: DEBUG neutron.plugins.ml2.managers [None req-5298f89b-2326-4eb3-850a-f6f309132be8 None None] Attempting to bind port 178e8830-7226-441e-9a5b-f4028f30053c on host dv-cinder-803901-2-iscsi for vnic_type normal with profile {{(pid=93918) bind_port /opt/stack/neutron/neutron/plugins/ml2/managers.py:790}}
Aug 10 05:15:35.018470 dv-cinder-803901-2-iscsi neutron-server[93918]: DEBUG neutron.plugins.ml2.managers [None req-5298f89b-2326-4eb3-850a-f6f309132be8 None None] Attempting to bind port 178e8830-7226-441e-9a5b-f4028f30053c by drivers openvswitch,hyperv on host dv-cinder-803901-2-iscsi at level 0 using segments [{'id': '0876fa82-d4f2-45da-a336-758bed35190e', 'network_type': 'flat', 'physical_network': 'physnet1', 'segmentation_id': None, 'network_id': 'ebe8d311-e31a-4f21-9601-a30658ed0a72'}] {{(pid=93918) _bind_port_level /opt/stack/neutron/neutron/plugins/ml2/managers.py:815}}
Aug 10 05:15:35.018973 dv-cinder-803901-2-iscsi neutron-server[93918]: DEBUG neutron.plugins.ml2.drivers.mech_agent [None req-5298f89b-2326-4eb3-850a-f6f309132be8 None None] Attempting to bind port 178e8830-7226-441e-9a5b-f4028f30053c on network ebe8d311-e31a-4f21-9601-a30658ed0a72 {{(pid=93918) bind_port /opt/stack/neutron/neutron/plugins/ml2/drivers/mech_agent.py:85}}
Aug 10 05:15:35.020289 dv-cinder-803901-2-iscsi neutron-server[93916]: DEBUG neutron_lib.callbacks.manager [None req-33727095-cab0-4af6-acf8-9461bb6df2c7 admin admin] Notify callbacks [] for security_group, before_delete {{(pid=93916) _notify_loop /usr/local/lib/python3.8/dist-packages/neutron_lib/callbacks/manager.py:192}}
Aug 10 05:15:35.035598 dv-cinder-803901-2-iscsi neutron-server[93918]: DEBUG neutron.api.rpc.handlers.resources_rpc [None req-ef328a8c-9dbf-43f5-9595-90ba21738ad2 None None] Pushing event updated for resources: {'Port': ['ID=178e8830-7226-441e-9a5b-f4028f30053c,revision_number=2']} {{(pid=93918) push /opt/stack/neutron/neutron/api/rpc/handlers/resources_rpc.py:237}}
Aug 10 05:15:35.039844 dv-cinder-803901-2-iscsi neutron-server[93918]: DEBUG neutron.plugins.ml2.drivers.mech_agent [None req-5298f89b-2326-4eb3-850a-f6f309132be8 None None] Checking agent: {'id': '657ebf9d-1e31-4749-ad16-1d1684a45841', 'agent_type': 'Open vSwitch agent', 'binary': 'neutron-openvswitch-agent', 'topic': 'N/A', 'host': 'dv-cinder-803901-2-iscsi', 'admin_state_up': True, 'created_at': datetime.datetime(2021, 8, 10, 5, 7, 25), 'started_at': datetime.datetime(2021, 8, 10, 5, 7, 55), 'heartbeat_timestamp': datetime.datetime(2021, 8, 10, 5, 15, 25), 'description': None, 'resources_synced': None, 'availability_zone': None, 'alive': True, 'configurations': {'arp_responder_enabled': False, 'baremetal_smartnic': False, 'bridge_mappings': {'physnet1': 'br-data'}, 'datapath_type': 'system', 'devices': 0, 'enable_distributed_routing': False, 'extensions': [], 'in_distributed_mode': False, 'integration_bridge': 'br-int', 'l2_population': False, 'log_agent_heartbeats': False, 'ovs_capabilities': {'datapath_types': ['netdev', 'system'], 'iface_types': ['erspan', 'geneve', 'gre', 'internal', 'ip6erspan', 'ip6gre', 'lisp', 'patch', 'stt', 'system', 'tap', 'vxlan']}, 'ovs_hybrid_plug': False, 'resource_provider_bandwidths': {}, 'resource_provider_hypervisors': {'br-data': 'dv-cinder-803901-2-iscsi'}, 'resource_provider_inventory_defaults': {'allocation_ratio': 1.0, 'min_unit': 1, 'step_size': 1, 'reserved': 0}, 'tunnel_types': [], 'tunneling_ip': None, 'vhostuser_socket_dir': '/var/run/openvswitch'}, 'resource_versions': {'AddressGroup': '1.2', 'ConntrackHelper': '1.0', 'Log': '1.0', 'Network': '1.1', 'Port': '1.7', 'PortForwarding': '1.2', 'QosPolicy': '1.9', 'SecurityGroup': '1.4', 'SecurityGroupRule': '1.2', 'SubPort': '1.0', 'Subnet': '1.1', 'Trunk': '1.1'}} {{(pid=93918) bind_port /opt/stack/neutron/neutron/plugins/ml2/drivers/mech_agent.py:104}}
Aug 10 05:15:35.040452 dv-cinder-803901-2-iscsi neutron-server[93918]: DEBUG neutron.plugins.ml2.drivers.mech_agent [None req-5298f89b-2326-4eb3-850a-f6f309132be8 None None] Checking segment: {'id': '0876fa82-d4f2-45da-a336-758bed35190e', 'network_type': 'flat', 'physical_network': 'physnet1', 'segmentation_id': None, 'network_id': 'ebe8d311-e31a-4f21-9601-a30658ed0a72'} for mappings: {'physnet1': 'br-data'} with network types: ['local', 'flat', 'vlan'] {{(pid=93918) check_segment_for_agent /opt/stack/neutron/neutron/plugins/ml2/drivers/mech_agent.py:352}}
Aug 10 05:15:35.040862 dv-cinder-803901-2-iscsi neutron-server[93918]: DEBUG neutron_lib.callbacks.manager [None req-5298f89b-2326-4eb3-850a-f6f309132be8 None None] Notify callbacks [] for ovs_bridge_name, before_read {{(pid=93918) _notify_loop /usr/local/lib/python3.8/dist-packages/neutron_lib/callbacks/manager.py:192}}
Aug 10 05:15:35.041282 dv-cinder-803901-2-iscsi neutron-server[93918]: DEBUG neutron.plugins.ml2.drivers.mech_agent [None req-5298f89b-2326-4eb3-850a-f6f309132be8 None None] Bound using segment: {'id': '0876fa82-d4f2-45da-a336-758bed35190e', 'network_type': 'flat', 'physical_network': 'physnet1', 'segmentation_id': None, 'network_id': 'ebe8d311-e31a-4f21-9601-a30658ed0a72'} {{(pid=93918) bind_port /opt/stack/neutron/neutron/plugins/ml2/drivers/mech_agent.py:114}}
Aug 10 05:15:35.042728 dv-cinder-803901-2-iscsi neutron-server[93918]: DEBUG neutron.plugins.ml2.managers [None req-5298f89b-2326-4eb3-850a-f6f309132be8 None None] Bound port: 178e8830-7226-441e-9a5b-f4028f30053c, host: dv-cinder-803901-2-iscsi, vif_type: ovs, vif_details: {"connectivity": "l2", "port_filter": true, "ovs_hybrid_plug": false, "datapath_type": "system", "bridge_name": "br-int"}, binding_levels: [{'bound_driver': 'openvswitch', 'bound_segment': {'id': '0876fa82-d4f2-45da-a336-758bed35190e', 'network_type': 'flat', 'physical_network': 'physnet1', 'segmentation_id': None, 'network_id': 'ebe8d311-e31a-4f21-9601-a30658ed0a72'}}] {{(pid=93918) _bind_port_level /opt/stack/neutron/neutron/plugins/ml2/managers.py:928}}
Aug 10 05:15:35.043146 dv-cinder-803901-2-iscsi neutron-server[93918]: DEBUG neutron_lib.callbacks.manager [None req-5298f89b-2326-4eb3-850a-f6f309132be8 None None] Notify callbacks ['neutron.plugins.ml2.plugin.SecurityGroupDbMixin._ensure_default_security_group_handler-32992802'] for port, before_update {{(pid=93918) _notify_loop /usr/local/lib/python3.8/dist-packages/neutron_lib/callbacks/manager.py:192}}
Aug 10 05:15:35.052016 dv-cinder-803901-2-iscsi neutron-server[93915]: DEBUG neutron.db.db_base_plugin_common [None req-8e0e3e47-ad79-4cb6-a71b-2d969cd2a97d admin admin] Allocated IP 172.20.0.1 (e5888986-d0a6-413e-a11d-31e19ef566b9/b01cc9f6-354b-4ee6-ab6a-d70c35233070/d070feba-7575-42dd-a14b-5ab566470073) {{(pid=93915) _store_ip_allocation /opt/stack/neutron/neutron/db/db_base_plugin_common.py:131}}
Aug 10 05:15:35.068821 dv-cinder-803901-2-iscsi neutron-server[93918]: DEBUG neutron.api.rpc.callbacks.version_manager [None req-ef328a8c-9dbf-43f5-9595-90ba21738ad2 None None] Version for resource type AddressGroup changed None to 1.2 on consumer Open vSwitch agent@dv-cinder-803901-2-iscsi {{(pid=93918) _set_version /opt/stack/neutron/neutron/api/rpc/callbacks/version_manager.py:113}}
Aug 10 05:15:35.069165 dv-cinder-803901-2-iscsi neutron-server[93918]: DEBUG neutron.api.rpc.callbacks.version_manager [None req-ef328a8c-9dbf-43f5-9595-90ba21738ad2 None None] Version for resource type ConntrackHelper changed None to 1.0 on consumer Open vSwitch agent@dv-cinder-803901-2-iscsi {{(pid=93918) _set_version /opt/stack/neutron/neutron/api/rpc/callbacks/version_manager.py:113}}
Aug 10 05:15:35.069701 dv-cinder-803901-2-iscsi neutron-server[93918]: DEBUG neutron.api.rpc.callbacks.version_manager [None req-ef328a8c-9dbf-43f5-9595-90ba21738ad2 None None] Version for resource type Log changed None to 1.0 on consumer Open vSwitch agent@dv-cinder-803901-2-iscsi {{(pid=93918) _set_version /opt/stack/neutron/neutron/api/rpc/callbacks/version_manager.py:113}}
Aug 10 05:15:35.070207 dv-cinder-803901-2-iscsi neutron-server[93918]: DEBUG neutron.api.rpc.callbacks.version_manager [None req-ef328a8c-9dbf-43f5-9595-90ba21738ad2 None None] Version for resource type Network changed None to 1.1 on consumer Open vSwitch agent@dv-cinder-803901-2-iscsi {{(pid=93918) _set_version /opt/stack/neutron/neutron/api/rpc/callbacks/version_manager.py:113}}
Aug 10 05:15:35.070822 dv-cinder-803901-2-iscsi neutron-server[93918]: DEBUG neutron.api.rpc.callbacks.version_manager [None req-ef328a8c-9dbf-43f5-9595-90ba21738ad2 None None] Version for resource type Port changed None to 1.7 on consumer Open vSwitch agent@dv-cinder-803901-2-iscsi {{(pid=93918) _set_version /opt/stack/neutron/neutron/api/rpc/callbacks/version_manager.py:113}}
Aug 10 05:15:35.071304 dv-cinder-803901-2-iscsi neutron-server[93918]: DEBUG neutron.api.rpc.callbacks.version_manager [None req-ef328a8c-9dbf-43f5-9595-90ba21738ad2 None None] Version for resource type PortForwarding changed None to 1.2 on consumer Open vSwitch agent@dv-cinder-803901-2-iscsi {{(pid=93918) _set_version /opt/stack/neutron/neutron/api/rpc/callbacks/version_manager.py:113}}
Aug 10 05:15:35.071810 dv-cinder-803901-2-iscsi neutron-server[93918]: DEBUG neutron.api.rpc.callbacks.version_manager [None req-ef328a8c-9dbf-43f5-9595-90ba21738ad2 None None] Version for resource type QosPolicy changed None to 1.9 on consumer Open vSwitch agent@dv-cinder-803901-2-iscsi {{(pid=93918) _set_version /opt/stack/neutron/neutron/api/rpc/callbacks/version_manager.py:113}}
Aug 10 05:15:35.072308 dv-cinder-803901-2-iscsi neutron-server[93918]: DEBUG neutron.api.rpc.callbacks.version_manager [None req-ef328a8c-9dbf-43f5-9595-90ba21738ad2 None None] Version for resource type SecurityGroup changed None to 1.4 on consumer Open vSwitch agent@dv-cinder-803901-2-iscsi {{(pid=93918) _set_version /opt/stack/neutron/neutron/api/rpc/callbacks/version_manager.py:113}}
Aug 10 05:15:35.073594 dv-cinder-803901-2-iscsi neutron-server[93918]: DEBUG neutron.api.rpc.callbacks.version_manager [None req-ef328a8c-9dbf-43f5-9595-90ba21738ad2 None None] Version for resource type SecurityGroupRule changed None to 1.2 on consumer Open vSwitch agent@dv-cinder-803901-2-iscsi {{(pid=93918) _set_version /opt/stack/neutron/neutron/api/rpc/callbacks/version_manager.py:113}}
Aug 10 05:15:35.074129 dv-cinder-803901-2-iscsi neutron-server[93918]: DEBUG neutron.api.rpc.callbacks.version_manager [None req-ef328a8c-9dbf-43f5-9595-90ba21738ad2 None None] Version for resource type SubPort changed None to 1.0 on consumer Open vSwitch agent@dv-cinder-803901-2-iscsi {{(pid=93918) _set_version /opt/stack/neutron/neutron/api/rpc/callbacks/version_manager.py:113}}
Aug 10 05:15:35.074659 dv-cinder-803901-2-iscsi neutron-server[93918]: DEBUG neutron.api.rpc.callbacks.version_manager [None req-ef328a8c-9dbf-43f5-9595-90ba21738ad2 None None] Version for resource type Subnet changed None to 1.1 on consumer Open vSwitch agent@dv-cinder-803901-2-iscsi {{(pid=93918) _set_version /opt/stack/neutron/neutron/api/rpc/callbacks/version_manager.py:113}}
Aug 10 05:15:35.075144 dv-cinder-803901-2-iscsi neutron-server[93918]: DEBUG neutron.api.rpc.callbacks.version_manager [None req-ef328a8c-9dbf-43f5-9595-90ba21738ad2 None None] Version for resource type Trunk changed None to 1.1 on consumer Open vSwitch agent@dv-cinder-803901-2-iscsi {{(pid=93918) _set_version /opt/stack/neutron/neutron/api/rpc/callbacks/version_manager.py:113}}
Aug 10 05:15:35.076401 dv-cinder-803901-2-iscsi neutron-server[93918]: DEBUG neutron.api.rpc.callbacks.version_manager [None req-ef328a8c-9dbf-43f5-9595-90ba21738ad2 None None] Tracked resource versions report:
Aug 10 05:15:35.076401 dv-cinder-803901-2-iscsi neutron-server[93918]: pushed versions:
Aug 10 05:15:35.076401 dv-cinder-803901-2-iscsi neutron-server[93918]: { 'AddressGroup': {'1.2'},
Aug 10 05:15:35.076401 dv-cinder-803901-2-iscsi neutron-server[93918]: 'ConntrackHelper': {'1.0'},
Aug 10 05:15:35.076401 dv-cinder-803901-2-iscsi neutron-server[93918]: 'Log': {'1.0'},
Aug 10 05:15:35.076401 dv-cinder-803901-2-iscsi neutron-server[93918]: 'Network': {'1.1'},
Aug 10 05:15:35.076401 dv-cinder-803901-2-iscsi neutron-server[93918]: 'Port': {'1.7'},
Aug 10 05:15:35.076401 dv-cinder-803901-2-iscsi neutron-server[93918]: 'PortForwarding': {'1.2'},
Aug 10 05:15:35.076401 dv-cinder-803901-2-iscsi neutron-server[93918]: 'QosPolicy': {'1.9'},
Aug 10 05:15:35.076401 dv-cinder-803901-2-iscsi neutron-server[93918]: 'SecurityGroup': {'1.4'},
Aug 10 05:15:35.076401 dv-cinder-803901-2-iscsi neutron-server[93918]: 'SecurityGroupRule': {'1.2'},
Aug 10 05:15:35.076401 dv-cinder-803901-2-iscsi neutron-server[93918]: 'SubPort': {'1.0'},
Aug 10 05:15:35.076401 dv-cinder-803901-2-iscsi neutron-server[93918]: 'Subnet': {'1.1'},
Aug 10 05:15:35.076401 dv-cinder-803901-2-iscsi neutron-server[93918]: 'Trunk': {'1.1'}}
Aug 10 05:15:35.076401 dv-cinder-803901-2-iscsi neutron-server[93918]: consumer versions:
Aug 10 05:15:35.076401 dv-cinder-803901-2-iscsi neutron-server[93918]: { DHCP agent@dv-cinder-803901-2-iscsi: {},
Aug 10 05:15:35.076401 dv-cinder-803901-2-iscsi neutron-server[93918]: HyperV agent@hv-cinder-80390: {},
Aug 10 05:15:35.076401 dv-cinder-803901-2-iscsi neutron-server[93918]: L3 agent@dv-cinder-803901-2-iscsi: {},
Aug 10 05:15:35.076401 dv-cinder-803901-2-iscsi neutron-server[93918]: Metadata agent@dv-cinder-803901-2-iscsi: {},
Aug 10 05:15:35.076401 dv-cinder-803901-2-iscsi neutron-server[93918]: Metering agent@dv-cinder-803901-2-iscsi: {},
Aug 10 05:15:35.076401 dv-cinder-803901-2-iscsi neutron-server[93918]: Open vSwitch agent@dv-cinder-803901-2-iscsi: { 'AddressGroup': '1.2',
Aug 10 05:15:35.076401 dv-cinder-803901-2-iscsi neutron-server[93918]: 'ConntrackHelper': '1.0',
Aug 10 05:15:35.076401 dv-cinder-803901-2-iscsi neutron-server[93918]: 'Log': '1.0',
Aug 10 05:15:35.076401 dv-cinder-803901-2-iscsi neutron-server[93918]: 'Network': '1.1',
Aug 10 05:15:35.076401 dv-cinder-803901-2-iscsi neutron-server[93918]: 'Port': '1.7',
Aug 10 05:15:35.076401 dv-cinder-803901-2-iscsi neutron-server[93918]: 'PortForwarding': '1.2',
Aug 10 05:15:35.076401 dv-cinder-803901-2-iscsi neutron-server[93918]: 'QosPolicy': '1.9',
Aug 10 05:15:35.076401 dv-cinder-803901-2-iscsi neutron-server[93918]: 'SecurityGroup': '1.4',
Aug 10 05:15:35.076401 dv-cinder-803901-2-iscsi neutron-server[93918]: 'SecurityGroupRule': '1.2',
Aug 10 05:15:35.076401 dv-cinder-803901-2-iscsi neutron-server[93918]: 'SubPort': '1.0',
Aug 10 05:15:35.076401 dv-cinder-803901-2-iscsi neutron-server[93918]: 'Subnet': '1.1',
Aug 10 05:15:35.076401 dv-cinder-803901-2-iscsi neutron-server[93918]: 'Trunk': '1.1'}}
Aug 10 05:15:35.076401 dv-cinder-803901-2-iscsi neutron-server[93918]: {{(pid=93918) report /opt/stack/neutron/neutron/api/rpc/callbacks/version_manager.py:175}}
Aug 10 05:15:35.116318 dv-cinder-803901-2-iscsi neutron-server[93916]: DEBUG neutron_lib.callbacks.manager [None req-33727095-cab0-4af6-acf8-9461bb6df2c7 admin admin] Notify callbacks [] for security_group, precommit_delete {{(pid=93916) _notify_loop /usr/local/lib/python3.8/dist-packages/neutron_lib/callbacks/manager.py:192}}
Aug 10 05:15:35.140905 dv-cinder-803901-2-iscsi neutron-server[93918]: DEBUG neutron.plugins.ml2.db [None req-5298f89b-2326-4eb3-850a-f6f309132be8 None None] For port 178e8830-7226-441e-9a5b-f4028f30053c, host dv-cinder-803901-2-iscsi, cleared binding levels {{(pid=93918) clear_binding_levels /opt/stack/neutron/neutron/plugins/ml2/db.py:87}}
Aug 10 05:15:35.145346 dv-cinder-803901-2-iscsi neutron-server[93918]: DEBUG neutron.plugins.ml2.db [None req-5298f89b-2326-4eb3-850a-f6f309132be8 None None] For port 178e8830-7226-441e-9a5b-f4028f30053c, host dv-cinder-803901-2-iscsi, set binding levels [PortBindingLevel(driver='openvswitch',host='dv-cinder-803901-2-iscsi',level=0,port_id=178e8830-7226-441e-9a5b-f4028f30053c,segment=NetworkSegment(0876fa82-d4f2-45da-a336-758bed35190e),segment_id=0876fa82-d4f2-45da-a336-758bed35190e)] {{(pid=93918) set_binding_levels /opt/stack/neutron/neutron/plugins/ml2/db.py:59}}
Aug 10 05:15:35.204190 dv-cinder-803901-2-iscsi neutron-server[93915]: DEBUG neutron_lib.callbacks.manager [None req-8e0e3e47-ad79-4cb6-a71b-2d969cd2a97d admin admin] Notify callbacks [] for port, precommit_create {{(pid=93915) _notify_loop /usr/local/lib/python3.8/dist-packages/neutron_lib/callbacks/manager.py:192}}
Aug 10 05:15:35.219549 dv-cinder-803901-2-iscsi neutron-server[93915]: DEBUG neutron.db.provisioning_blocks [None req-8e0e3e47-ad79-4cb6-a71b-2d969cd2a97d admin admin] Transition to ACTIVE for port object d070feba-7575-42dd-a14b-5ab566470073 will not be triggered until provisioned by entity DHCP. {{(pid=93915) add_provisioning_component /opt/stack/neutron/neutron/db/provisioning_blocks.py:73}}
Aug 10 05:15:35.245947 dv-cinder-803901-2-iscsi neutron-server[93918]: DEBUG neutron_lib.callbacks.manager [None req-5298f89b-2326-4eb3-850a-f6f309132be8 None None] Notify callbacks ['neutron.plugins.ml2.plugin.SecurityGroupServerNotifierRpcMixin._notify_sg_on_port_change-32992652', 'neutron.plugins.ml2.ovo_rpc._ObjectChangeHandler.handle_event-170207', 'neutron.api.rpc.agentnotifiers.dhcp_rpc_agent_api.DhcpAgentNotifyAPI._native_event_send_dhcp_notification-554556', 'neutron.db.l3_db.L3RpcNotifierMixin._notify_gateway_port_ip_changed-8742254762653', 'neutron.db.l3_dvrscheduler_db._notify_l3_agent_port_update-8742254373614', 'neutron.db.l3_hascheduler_db._notify_l3_agent_ha_port_update-8742254374916'] for port, after_update {{(pid=93918) _notify_loop /usr/local/lib/python3.8/dist-packages/neutron_lib/callbacks/manager.py:192}}
Aug 10 05:15:35.335012 dv-cinder-803901-2-iscsi neutron-server[93918]: DEBUG neutron.db.l3_dvrscheduler_db [None req-5298f89b-2326-4eb3-850a-f6f309132be8 None None] Routers {'62293975-7113-488e-8f20-d2ddd483eb26'} bound to L3 agent in host dv-cinder-803901-2-iscsi {{(pid=93918) _get_router_ids_for_agent /opt/stack/neutron/neutron/db/l3_dvrscheduler_db.py:420}}
Aug 10 05:15:35.335926 dv-cinder-803901-2-iscsi neutron-server[93918]: DEBUG neutron.db.l3_hamode_db [None req-5298f89b-2326-4eb3-850a-f6f309132be8 None None] neutron.services.l3_router.l3_router_plugin.L3RouterPlugin method get_ha_sync_data_for_host called with arguments (, 'dv-cinder-803901-2-iscsi', Agent(admin_state_up=True,agent_type='L3 agent',availability_zone='nova',binary='neutron-l3-agent',configurations={"agent_mode": "legacy", "ex_gw_ports": 1, "extensions": [], "floating_ips": 0, "handle_internal_only_routers": true, "interface_driver": "openvswitch", "interfaces": 1, "log_agent_heartbeats": false, "routers": 1},created_at=2021-08-10T05:07:25Z,description=,heartbeat_timestamp=2021-08-10T05:15:25Z,host='dv-cinder-803901-2-iscsi',id=609810b5-55a3-4844-a121-1c9abc85593f,load=0,resource_versions=,resources_synced=,started_at=2021-08-10T05:07:26Z,topic='l3_agent')) {'router_ids': ['62293975-7113-488e-8f20-d2ddd483eb26'], 'active': True} {{(pid=93918) wrapper /usr/local/lib/python3.8/dist-packages/oslo_log/helpers.py:65}}
Aug 10 05:15:35.351491 dv-cinder-803901-2-iscsi neutron-server[93916]: DEBUG neutron_lib.callbacks.manager [None req-87b32c9c-2419-48d3-a3cd-63e779cf9100 admin admin] Notify callbacks ['neutron.services.l3_router.l3_router_plugin.L3_HA_NAT_db_mixin._after_router_create-693615', 'neutron.services.l3_router.l3_router_plugin.DVRResourceOperationHandler._create_snat_interfaces_after_change-700132'] for router, after_create {{(pid=93916) _notify_loop /usr/local/lib/python3.8/dist-packages/neutron_lib/callbacks/manager.py:192}}
Aug 10 05:15:35.357862 dv-cinder-803901-2-iscsi neutron-server[93916]: DEBUG neutron_lib.callbacks.manager [None req-852a2871-c3c6-4f3d-b722-bcc419782938 admin admin] Notify callbacks [] for router_gateway, after_create {{(pid=93916) _notify_loop /usr/local/lib/python3.8/dist-packages/neutron_lib/callbacks/manager.py:192}}
Aug 10 05:15:35.363226 dv-cinder-803901-2-iscsi neutron-server[93917]: DEBUG neutron.db.provisioning_blocks [None req-17d16596-0bf3-4267-86f8-37e46eb6761a None None] Provisioning for port 7b3ae030-0486-48b8-928e-f244173b7876 completed by entity DHCP. {{(pid=93917) provisioning_complete /opt/stack/neutron/neutron/db/provisioning_blocks.py:133}}
Aug 10 05:15:35.367418 dv-cinder-803901-2-iscsi neutron-server[93917]: DEBUG neutron.db.provisioning_blocks [None req-17d16596-0bf3-4267-86f8-37e46eb6761a None None] Provisioning complete for port 7b3ae030-0486-48b8-928e-f244173b7876 triggered by entity DHCP. {{(pid=93917) provisioning_complete /opt/stack/neutron/neutron/db/provisioning_blocks.py:139}}
Aug 10 05:15:35.367725 dv-cinder-803901-2-iscsi neutron-server[93917]: DEBUG neutron_lib.callbacks.manager [None req-17d16596-0bf3-4267-86f8-37e46eb6761a None None] Notify callbacks ['neutron.plugins.ml2.plugin.Ml2Plugin._port_provisioned-525409'] for port, provisioning_complete {{(pid=93917) _notify_loop /usr/local/lib/python3.8/dist-packages/neutron_lib/callbacks/manager.py:192}}
Aug 10 05:15:35.375563 dv-cinder-803901-2-iscsi neutron-server[93918]: DEBUG neutron.api.rpc.handlers.resources_rpc [None req-ef328a8c-9dbf-43f5-9595-90ba21738ad2 None None] Pushing event updated for resources: {'Port': ['ID=178e8830-7226-441e-9a5b-f4028f30053c,revision_number=3']} {{(pid=93918) push /opt/stack/neutron/neutron/api/rpc/handlers/resources_rpc.py:237}}
Aug 10 05:15:35.399649 dv-cinder-803901-2-iscsi neutron-server[93915]: DEBUG neutron_lib.callbacks.manager [None req-8e0e3e47-ad79-4cb6-a71b-2d969cd2a97d admin admin] Notify callbacks ['neutron.plugins.ml2.plugin.SecurityGroupServerNotifierRpcMixin._notify_sg_on_port_change-32992652', 'neutron.plugins.ml2.ovo_rpc._ObjectChangeHandler.handle_event-170207', 'neutron.api.rpc.agentnotifiers.dhcp_rpc_agent_api.DhcpAgentNotifyAPI._native_event_send_dhcp_notification-554556', 'neutron.db.l3_dvrscheduler_db._notify_l3_agent_new_port-8742254373596'] for port, after_create {{(pid=93915) _notify_loop /usr/local/lib/python3.8/dist-packages/neutron_lib/callbacks/manager.py:192}}
Aug 10 05:15:35.443453 dv-cinder-803901-2-iscsi neutron-server[93915]: DEBUG neutron.scheduler.dhcp_agent_scheduler [None req-8e0e3e47-ad79-4cb6-a71b-2d969cd2a97d admin admin] Network e5888986-d0a6-413e-a11d-31e19ef566b9 is already hosted by enough agents. {{(pid=93915) _get_dhcp_agents_hosting_network /opt/stack/neutron/neutron/scheduler/dhcp_agent_scheduler.py:275}}
Aug 10 05:15:35.450085 dv-cinder-803901-2-iscsi neutron-server[93915]: DEBUG neutron.scheduler.base_scheduler [None req-8e0e3e47-ad79-4cb6-a71b-2d969cd2a97d admin admin] Resources bound (agent type, host, resource id): {{(pid=93915) schedule /opt/stack/neutron/neutron/scheduler/base_scheduler.py:57}}
Aug 10 05:15:35.454281 dv-cinder-803901-2-iscsi neutron-server[93915]: DEBUG neutron.db.l3_dvrscheduler_db [None req-8e0e3e47-ad79-4cb6-a71b-2d969cd2a97d admin admin] Received port after_create {{(pid=93915) _notify_l3_agent_new_port /opt/stack/neutron/neutron/db/l3_dvrscheduler_db.py:535}}
Aug 10 05:15:35.456169 dv-cinder-803901-2-iscsi neutron-server[93915]: DEBUG neutron_lib.callbacks.manager [None req-8e0e3e47-ad79-4cb6-a71b-2d969cd2a97d admin admin] Notify callbacks ['neutron.services.l3_router.l3_router_plugin.DVRResourceOperationHandler._add_csnat_on_interface_create-700183'] for router_interface, before_create {{(pid=93915) _notify_loop /usr/local/lib/python3.8/dist-packages/neutron_lib/callbacks/manager.py:192}}
Aug 10 05:15:35.478564 dv-cinder-803901-2-iscsi neutron-server[93918]: DEBUG neutron.db.l3_dvr_db [None req-5298f89b-2326-4eb3-850a-f6f309132be8 None None] Set router 62293975-7113-488e-8f20-d2ddd483eb26 gateway port host: dv-cinder-803901-2-iscsi {{(pid=93918) _build_routers_list /opt/stack/neutron/neutron/db/l3_dvr_db.py:899}}
Aug 10 05:15:35.500571 dv-cinder-803901-2-iscsi neutron-server[93917]: DEBUG neutron_lib.callbacks.manager [None req-17d16596-0bf3-4267-86f8-37e46eb6761a None None] Notify callbacks ['neutron.plugins.ml2.plugin.SecurityGroupDbMixin._ensure_default_security_group_handler-32992802'] for port, before_update {{(pid=93917) _notify_loop /usr/local/lib/python3.8/dist-packages/neutron_lib/callbacks/manager.py:192}}
Aug 10 05:15:35.510984 dv-cinder-803901-2-iscsi neutron-server[93915]: DEBUG neutron.api.rpc.handlers.resources_rpc [None req-8e0e3e47-ad79-4cb6-a71b-2d969cd2a97d admin admin] Pushing event updated for resources: {'Port': ['ID=d070feba-7575-42dd-a14b-5ab566470073,revision_number=1']} {{(pid=93915) push /opt/stack/neutron/neutron/api/rpc/handlers/resources_rpc.py:237}}
Aug 10 05:15:35.538711 dv-cinder-803901-2-iscsi neutron-server[93916]: DEBUG neutron_lib.callbacks.manager [None req-33727095-cab0-4af6-acf8-9461bb6df2c7 admin admin] Notify callbacks ['neutron.plugins.ml2.ovo_rpc._ObjectChangeHandler.handle_event-652987'] for security_group, after_delete {{(pid=93916) _notify_loop /usr/local/lib/python3.8/dist-packages/neutron_lib/callbacks/manager.py:192}}
Aug 10 05:15:35.541398 dv-cinder-803901-2-iscsi neutron-server[93916]: DEBUG neutron_lib.callbacks.manager [None req-33727095-cab0-4af6-acf8-9461bb6df2c7 admin admin] Notify callbacks [] for security_group, before_response {{(pid=93916) _notify_loop /usr/local/lib/python3.8/dist-packages/neutron_lib/callbacks/manager.py:192}}
Aug 10 05:15:35.544946 dv-cinder-803901-2-iscsi neutron-server[93916]: INFO neutron.wsgi [None req-33727095-cab0-4af6-acf8-9461bb6df2c7 admin admin] 10.222.0.16 "DELETE /v2.0/security-groups/c86022cb-0c3b-42b1-a67d-408042c9af28 HTTP/1.1" status: 204 len: 168 time: 0.7608600
Aug 10 05:15:35.573607 dv-cinder-803901-2-iscsi neutron-server[93917]: DEBUG neutron.plugins.ml2.db [None req-17d16596-0bf3-4267-86f8-37e46eb6761a None None] For port 7b3ae030-0486-48b8-928e-f244173b7876, host dv-cinder-803901-2-iscsi, got binding levels [PortBindingLevel(driver='openvswitch',host='dv-cinder-803901-2-iscsi',level=0,port_id=7b3ae030-0486-48b8-928e-f244173b7876,segment=NetworkSegment(91b4b4a2-ee17-45e6-9689-1b5eabdf8712),segment_id=91b4b4a2-ee17-45e6-9689-1b5eabdf8712)] {{(pid=93917) get_binding_level_objs /opt/stack/neutron/neutron/plugins/ml2/db.py:74}}
Aug 10 05:15:35.650482 dv-cinder-803901-2-iscsi neutron-server[93916]: DEBUG neutron.api.rpc.handlers.resources_rpc [None req-33727095-cab0-4af6-acf8-9461bb6df2c7 admin admin] Pushing event deleted for resources: {'SecurityGroup': ['ID=c86022cb-0c3b-42b1-a67d-408042c9af28,revision_number=None']} {{(pid=93916) push /opt/stack/neutron/neutron/api/rpc/handlers/resources_rpc.py:237}}
Aug 10 05:15:35.670125 dv-cinder-803901-2-iscsi neutron-server[93917]: DEBUG neutron_lib.callbacks.manager [None req-17d16596-0bf3-4267-86f8-37e46eb6761a None None] Notify callbacks ['neutron.plugins.ml2.plugin.SecurityGroupServerNotifierRpcMixin._notify_sg_on_port_change-32992652', 'neutron.plugins.ml2.ovo_rpc._ObjectChangeHandler.handle_event-170207', 'neutron.api.rpc.agentnotifiers.dhcp_rpc_agent_api.DhcpAgentNotifyAPI._native_event_send_dhcp_notification-554556', 'neutron.db.l3_db.L3RpcNotifierMixin._notify_gateway_port_ip_changed-8742254762653', 'neutron.db.l3_dvrscheduler_db._notify_l3_agent_port_update-8742254373614', 'neutron.db.l3_hascheduler_db._notify_l3_agent_ha_port_update-8742254374916'] for port, after_update {{(pid=93917) _notify_loop /usr/local/lib/python3.8/dist-packages/neutron_lib/callbacks/manager.py:192}}
Aug 10 05:15:35.758855 dv-cinder-803901-2-iscsi neutron-server[93918]: DEBUG neutron.db.l3_hamode_db [None req-5298f89b-2326-4eb3-850a-f6f309132be8 None None] neutron.services.l3_router.l3_router_plugin.L3RouterPlugin method _process_sync_ha_data called with arguments (, [{'id': '62293975-7113-488e-8f20-d2ddd483eb26', 'name': 'tempest-AttachVolumeTestJSON-1942317521-router', 'tenant_id': '72a3bb25c2374aa8a148b26d66d2eda1', 'admin_state_up': True, 'status': 'ACTIVE', 'external_gateway_info': {'network_id': 'ebe8d311-e31a-4f21-9601-a30658ed0a72', 'external_fixed_ips': [{'subnet_id': '1187740c-e949-42a5-9340-72c2571cf4d8', 'ip_address': '172.27.3.21'}], 'enable_snat': True}, 'gw_port_id': '178e8830-7226-441e-9a5b-f4028f30053c', 'description': '', 'availability_zones': ['nova'], 'distributed': False, 'ha': False, 'ha_vr_id': 0, 'availability_zone_hints': [], 'routes': [], 'flavor_id': None, 'tags': [], 'created_at': '2021-08-10T05:15:30Z', 'updated_at': '2021-08-10T05:15:32Z', 'revision_number': 3, 'project_id': '72a3bb25c2374aa8a148b26d66d2eda1', 'gw_port': {'id': '178e8830-7226-441e-9a5b-f4028f30053c', 'name': '', 'network_id': 'ebe8d311-e31a-4f21-9601-a30658ed0a72', 'tenant_id': '', 'mac_address': 'fa:16:3e:5a:8b:4a', 'admin_state_up': True, 'status': 'DOWN', 'device_id': '62293975-7113-488e-8f20-d2ddd483eb26', 'device_owner': 'network:router_gateway', 'standard_attr_id': 66, 'fixed_ips': [{'subnet_id': '1187740c-e949-42a5-9340-72c2571cf4d8', 'ip_address': '172.27.3.21', 'prefixlen': 24}], 'allowed_address_pairs': [], 'extra_dhcp_opts': [], 'security_groups': [], 'description': '', 'binding:vnic_type': 'normal', 'binding:profile': {}, 'binding:host_id': 'dv-cinder-803901-2-iscsi', 'binding:vif_type': 'ovs', 'binding:vif_details': {'connectivity': 'l2', 'port_filter': True, 'ovs_hybrid_plug': False, 'datapath_type': 'system', 'bridge_name': 'br-int'}, 'port_security_enabled': False, 'tags': [], 'created_at': '2021-08-10T05:15:31Z', 'updated_at': '2021-08-10T05:15:35Z', 'revision_number': 3, 'project_id': '', 'subnets': [{'id': '1187740c-e949-42a5-9340-72c2571cf4d8', 'cidr': '172.27.3.0/24', 'gateway_ip': '172.27.3.1', 'dns_nameservers': [], 'ipv6_ra_mode': None, 'subnetpool_id': None}], 'extra_subnets': [], 'address_scopes': {4: None, 6: None}, 'mtu': 1500}, 'enable_snat': True, 'gw_port_host': 'dv-cinder-803901-2-iscsi'}], 'dv-cinder-803901-2-iscsi', False) {} {{(pid=93918) wrapper /usr/local/lib/python3.8/dist-packages/oslo_log/helpers.py:65}}
Aug 10 05:15:35.790015 dv-cinder-803901-2-iscsi neutron-server[93917]: DEBUG neutron.plugins.ml2.rpc [None req-0ae86763-4056-458b-8872-be8e225f7b3c None None] Device ca4a3c28-b7b6-4499-a76c-9752401e3ccd up at agent ovs-agent-dv-cinder-803901-2-iscsi {{(pid=93917) update_device_up /opt/stack/neutron/neutron/plugins/ml2/rpc.py:296}}
Aug 10 05:15:35.832770 dv-cinder-803901-2-iscsi neutron-server[93918]: DEBUG neutron.api.rpc.handlers.l3_rpc [None req-5298f89b-2326-4eb3-850a-f6f309132be8 None None] The sync data for ids ['62293975-7113-488e-8f20-d2ddd483eb26'] in dv-cinder-803901-2-iscsi is: [{'id': '62293975-7113-488e-8f20-d2ddd483eb26', 'name': 'tempest-AttachVolumeTestJSON-1942317521-router', 'tenant_id': '72a3bb25c2374aa8a148b26d66d2eda1', 'admin_state_up': True, 'status': 'ACTIVE', 'external_gateway_info': {'network_id': 'ebe8d311-e31a-4f21-9601-a30658ed0a72', 'external_fixed_ips': [{'subnet_id': '1187740c-e949-42a5-9340-72c2571cf4d8', 'ip_address': '172.27.3.21'}], 'enable_snat': True}, 'gw_port_id': '178e8830-7226-441e-9a5b-f4028f30053c', 'description': '', 'availability_zones': ['nova'], 'distributed': False, 'ha': False, 'ha_vr_id': 0, 'availability_zone_hints': [], 'routes': [], 'flavor_id': None, 'tags': [], 'created_at': '2021-08-10T05:15:30Z', 'updated_at': '2021-08-10T05:15:32Z', 'revision_number': 3, 'project_id': '72a3bb25c2374aa8a148b26d66d2eda1', 'gw_port': {'id': '178e8830-7226-441e-9a5b-f4028f30053c', 'name': '', 'network_id': 'ebe8d311-e31a-4f21-9601-a30658ed0a72', 'tenant_id': '', 'mac_address': 'fa:16:3e:5a:8b:4a', 'admin_state_up': True, 'status': 'DOWN', 'device_id': '62293975-7113-488e-8f20-d2ddd483eb26', 'device_owner': 'network:router_gateway', 'standard_attr_id': 66, 'fixed_ips': [{'subnet_id': '1187740c-e949-42a5-9340-72c2571cf4d8', 'ip_address': '172.27.3.21', 'prefixlen': 24}], 'allowed_address_pairs': [], 'extra_dhcp_opts': [], 'security_groups': [], 'description': '', 'binding:vnic_type': 'normal', 'binding:profile': {}, 'binding:host_id': 'dv-cinder-803901-2-iscsi', 'binding:vif_type': 'ovs', 'binding:vif_details': {'connectivity': 'l2', 'port_filter': True, 'ovs_hybrid_plug': False, 'datapath_type': 'system', 'bridge_name': 'br-int'}, 'port_security_enabled': False, 'tags': [], 'created_at': '2021-08-10T05:15:31Z', 'updated_at': '2021-08-10T05:15:35Z', 'revision_number': 3, 'project_id': '', 'subnets': [{'id': '1187740c-e949-42a5-9340-72c2571cf4d8', 'cidr': '172.27.3.0/24', 'gateway_ip': '172.27.3.1', 'dns_nameservers': [], 'ipv6_ra_mode': None, 'subnetpool_id': None}], 'extra_subnets': [], 'address_scopes': {4: None, 6: None}, 'mtu': 1500}, 'enable_snat': True, 'gw_port_host': 'dv-cinder-803901-2-iscsi'}] {{(pid=93918) sync_routers /opt/stack/neutron/neutron/api/rpc/handlers/l3_rpc.py:137}}
Aug 10 05:15:35.871341 dv-cinder-803901-2-iscsi neutron-server[93916]: DEBUG neutron_lib.callbacks.manager [None req-852a2871-c3c6-4f3d-b722-bcc419782938 admin admin] Notify callbacks ['neutron.services.l3_router.l3_router_plugin.L3_HA_NAT_db_mixin._after_router_create-693615', 'neutron.services.l3_router.l3_router_plugin.DVRResourceOperationHandler._create_snat_interfaces_after_change-700132'] for router, after_create {{(pid=93916) _notify_loop /usr/local/lib/python3.8/dist-packages/neutron_lib/callbacks/manager.py:192}}
Aug 10 05:15:35.884731 dv-cinder-803901-2-iscsi neutron-server[93917]: DEBUG neutron.api.rpc.handlers.resources_rpc [None req-17d16596-0bf3-4267-86f8-37e46eb6761a None None] Pushing event updated for resources: {'Port': ['ID=7b3ae030-0486-48b8-928e-f244173b7876,revision_number=3']} {{(pid=93917) push /opt/stack/neutron/neutron/api/rpc/handlers/resources_rpc.py:237}}
Aug 10 05:15:35.903389 dv-cinder-803901-2-iscsi neutron-server[93917]: DEBUG neutron.db.provisioning_blocks [None req-63c0660d-730d-49b5-8e9d-cc66994d11ac None None] Provisioning complete for port 7b3ae030-0486-48b8-928e-f244173b7876 triggered by entity DHCP. {{(pid=93917) provisioning_complete /opt/stack/neutron/neutron/db/provisioning_blocks.py:139}}
Aug 10 05:15:35.903835 dv-cinder-803901-2-iscsi neutron-server[93917]: DEBUG neutron_lib.callbacks.manager [None req-63c0660d-730d-49b5-8e9d-cc66994d11ac None None] Notify callbacks ['neutron.plugins.ml2.plugin.Ml2Plugin._port_provisioned-525409'] for port, provisioning_complete {{(pid=93917) _notify_loop /usr/local/lib/python3.8/dist-packages/neutron_lib/callbacks/manager.py:192}}
Aug 10 05:15:35.964071 dv-cinder-803901-2-iscsi neutron-server[93915]: DEBUG neutron_lib.callbacks.manager [None req-8e0e3e47-ad79-4cb6-a71b-2d969cd2a97d admin admin] Notify callbacks ['neutron.plugins.ml2.plugin.SecurityGroupDbMixin._ensure_default_security_group_handler-32992802'] for port, before_update {{(pid=93915) _notify_loop /usr/local/lib/python3.8/dist-packages/neutron_lib/callbacks/manager.py:192}}
Aug 10 05:15:36.002692 dv-cinder-803901-2-iscsi neutron-server[93917]: DEBUG neutron.db.provisioning_blocks [None req-0ae86763-4056-458b-8872-be8e225f7b3c None None] Provisioning complete for port ca4a3c28-b7b6-4499-a76c-9752401e3ccd triggered by entity L2. {{(pid=93917) provisioning_complete /opt/stack/neutron/neutron/db/provisioning_blocks.py:139}}
Aug 10 05:15:36.003414 dv-cinder-803901-2-iscsi neutron-server[93917]: DEBUG neutron_lib.callbacks.manager [None req-0ae86763-4056-458b-8872-be8e225f7b3c None None] Notify callbacks ['neutron.plugins.ml2.plugin.Ml2Plugin._port_provisioned-525409'] for port, provisioning_complete {{(pid=93917) _notify_loop /usr/local/lib/python3.8/dist-packages/neutron_lib/callbacks/manager.py:192}}
Aug 10 05:15:36.192250 dv-cinder-803901-2-iscsi neutron-server[93916]: DEBUG neutron.scheduler.l3_agent_scheduler [None req-87b32c9c-2419-48d3-a3cd-63e779cf9100 admin admin] Router 9b209e96-3e52-43d8-8452-183945196d12 is scheduled to L3 agent 609810b5-55a3-4844-a121-1c9abc85593f with binding_index 1 {{(pid=93916) bind_router /opt/stack/neutron/neutron/scheduler/l3_agent_scheduler.py:210}}
Aug 10 05:15:36.240464 dv-cinder-803901-2-iscsi neutron-server[93916]: INFO neutron.wsgi [req-f093f499-311b-4017-b2cf-65cb7c439b13 req-e9077335-2aa3-420b-885a-9f27541f4599 tempest-DeleteServersTestJSON-772874386 tempest-DeleteServersTestJSON-772874386-project] 10.222.0.16 "GET /v2.0/ports?device_id=a8698eb3-233c-4555-9695-cef046edd246 HTTP/1.1" status: 200 len: 210 time: 0.1398191
Aug 10 05:15:36.364764 dv-cinder-803901-2-iscsi neutron-server[93915]: DEBUG neutron_lib.callbacks.manager [None req-8e0e3e47-ad79-4cb6-a71b-2d969cd2a97d admin admin] Notify callbacks [] for port, precommit_update {{(pid=93915) _notify_loop /usr/local/lib/python3.8/dist-packages/neutron_lib/callbacks/manager.py:192}}
Aug 10 05:15:36.383367 dv-cinder-803901-2-iscsi neutron-server[93917]: DEBUG neutron.db.provisioning_blocks [None req-d194664a-9a27-4256-990d-264be629159b None None] Provisioning for port d070feba-7575-42dd-a14b-5ab566470073 completed by entity DHCP. {{(pid=93917) provisioning_complete /opt/stack/neutron/neutron/db/provisioning_blocks.py:133}}
Aug 10 05:15:36.391456 dv-cinder-803901-2-iscsi neutron-server[93917]: DEBUG neutron.db.provisioning_blocks [None req-d194664a-9a27-4256-990d-264be629159b None None] Provisioning complete for port d070feba-7575-42dd-a14b-5ab566470073 triggered by entity DHCP. {{(pid=93917) provisioning_complete /opt/stack/neutron/neutron/db/provisioning_blocks.py:139}}
Aug 10 05:15:36.391837 dv-cinder-803901-2-iscsi neutron-server[93917]: DEBUG neutron_lib.callbacks.manager [None req-d194664a-9a27-4256-990d-264be629159b None None] Notify callbacks ['neutron.plugins.ml2.plugin.Ml2Plugin._port_provisioned-525409'] for port, provisioning_complete {{(pid=93917) _notify_loop /usr/local/lib/python3.8/dist-packages/neutron_lib/callbacks/manager.py:192}}
Aug 10 05:15:36.431947 dv-cinder-803901-2-iscsi neutron-server[93917]: DEBUG neutron.plugins.ml2.plugin [None req-d194664a-9a27-4256-990d-264be629159b None None] Port d070feba-7575-42dd-a14b-5ab566470073 cannot update to ACTIVE because it is not bound. {{(pid=93917) _port_provisioned /opt/stack/neutron/neutron/plugins/ml2/plugin.py:337}}
Aug 10 05:15:36.462448 dv-cinder-803901-2-iscsi neutron-server[93915]: DEBUG neutron_lib.callbacks.manager [None req-8e0e3e47-ad79-4cb6-a71b-2d969cd2a97d admin admin] Notify callbacks ['neutron.plugins.ml2.plugin.SecurityGroupServerNotifierRpcMixin._notify_sg_on_port_change-32992652', 'neutron.plugins.ml2.ovo_rpc._ObjectChangeHandler.handle_event-170207', 'neutron.api.rpc.agentnotifiers.dhcp_rpc_agent_api.DhcpAgentNotifyAPI._native_event_send_dhcp_notification-554556', 'neutron.db.l3_db.L3RpcNotifierMixin._notify_gateway_port_ip_changed-8742254762653', 'neutron.db.l3_dvrscheduler_db._notify_l3_agent_port_update-8742254373614', 'neutron.db.l3_hascheduler_db._notify_l3_agent_ha_port_update-8742254374916'] for port, after_update {{(pid=93915) _notify_loop /usr/local/lib/python3.8/dist-packages/neutron_lib/callbacks/manager.py:192}}
