Aug 09 11:34:18.560299 dv-cinder-803900-2-smb devstack@c-api.service[100359]: /usr/local/lib/python3.8/dist-packages/webob/acceptparse.py:1047: DeprecationWarning: The behavior of AcceptValidHeader.best_match is currently being maintained for backward compatibility, but it will be deprecated in the future, as it does not conform to the RFC.
Aug 09 11:34:18.560299 dv-cinder-803900-2-smb devstack@c-api.service[100359]: warnings.warn(
Aug 09 11:34:18.560299 dv-cinder-803900-2-smb devstack@c-api.service[100359]: DEBUG cinder.api.openstack.wsgi [None req-42880ad5-7f5a-4317-830e-4f3268c0a8d5 tempest-VolumesTestJSON-857735653 tempest-VolumesTestJSON-857735653-project] Calling method 'delete' {{(pid=100359) _process_stack /opt/stack/cinder/cinder/api/openstack/wsgi.py:856}}
Aug 09 11:34:18.560299 dv-cinder-803900-2-smb devstack@c-api.service[100359]: INFO cinder.api.v3.volumes [None req-42880ad5-7f5a-4317-830e-4f3268c0a8d5 tempest-VolumesTestJSON-857735653 tempest-VolumesTestJSON-857735653-project] Delete volume with id: 4595a9dd-0611-4185-8aaa-a0edfa354099
Aug 09 11:34:18.595861 dv-cinder-803900-2-smb devstack@c-api.service[100359]: /usr/local/lib/python3.8/dist-packages/oslo_context/context.py:105: DeprecationWarning: Policy enforcement is depending on the value of is_admin. This key is deprecated. Please update your policy file to use the standard policy values.
Aug 09 11:34:18.595861 dv-cinder-803900-2-smb devstack@c-api.service[100359]: warnings.warn('Policy enforcement is depending on the value of '
Aug 09 11:34:18.599527 dv-cinder-803900-2-smb devstack@c-api.service[100359]: INFO cinder.volume.api [None req-42880ad5-7f5a-4317-830e-4f3268c0a8d5 tempest-VolumesTestJSON-857735653 tempest-VolumesTestJSON-857735653-project] Volume info retrieved successfully.
Aug 09 11:34:18.671448 dv-cinder-803900-2-smb devstack@c-api.service[100358]: WARNING cinder.quota [None req-855766cb-9a80-4aff-8b51-b080d45efec6 tempest-VolumeQuotasNegativeTestJSON-1804504771 tempest-VolumeQuotasNegativeTestJSON-1804504771-project-admin] Deprecated: Default quota for resource: volumes_tempest-GroupsV320Test-volume-type-1312523553 is set by the default quota flag: quota_volumes_tempest-GroupsV320Test-volume-type-1312523553, it is now deprecated. Please use the default quota class for default quota.
Aug 09 11:34:18.672093 dv-cinder-803900-2-smb devstack@c-api.service[100358]: WARNING cinder.quota [None req-855766cb-9a80-4aff-8b51-b080d45efec6 tempest-VolumeQuotasNegativeTestJSON-1804504771 tempest-VolumeQuotasNegativeTestJSON-1804504771-project-admin] Deprecated: Default quota for resource: gigabytes_tempest-GroupsV320Test-volume-type-1312523553 is set by the default quota flag: quota_gigabytes_tempest-GroupsV320Test-volume-type-1312523553, it is now deprecated. Please use the default quota class for default quota.
Aug 09 11:34:18.672872 dv-cinder-803900-2-smb devstack@c-api.service[100358]: WARNING cinder.quota [None req-855766cb-9a80-4aff-8b51-b080d45efec6 tempest-VolumeQuotasNegativeTestJSON-1804504771 tempest-VolumeQuotasNegativeTestJSON-1804504771-project-admin] Deprecated: Default quota for resource: snapshots_tempest-GroupsV320Test-volume-type-1312523553 is set by the default quota flag: quota_snapshots_tempest-GroupsV320Test-volume-type-1312523553, it is now deprecated. Please use the default quota class for default quota.
Aug 09 11:34:18.688253 dv-cinder-803900-2-smb devstack@c-api.service[100358]: INFO cinder.api.openstack.wsgi [None req-855766cb-9a80-4aff-8b51-b080d45efec6 tempest-VolumeQuotasNegativeTestJSON-1804504771 tempest-VolumeQuotasNegativeTestJSON-1804504771-project-admin] http://10.222.0.22/volume/v3/4cdc64a041ed488db3560702cca87994/os-quota-sets/10e624a9b8ab4ff9a9148d25894a229c returned with HTTP 200
Aug 09 11:34:18.689188 dv-cinder-803900-2-smb devstack@c-api.service[100359]: INFO cinder.volume.api [None req-42880ad5-7f5a-4317-830e-4f3268c0a8d5 tempest-VolumesTestJSON-857735653 tempest-VolumesTestJSON-857735653-project] Delete volume request issued successfully.
Aug 09 11:34:18.689655 dv-cinder-803900-2-smb devstack@c-api.service[100359]: INFO cinder.api.openstack.wsgi [None req-42880ad5-7f5a-4317-830e-4f3268c0a8d5 tempest-VolumesTestJSON-857735653 tempest-VolumesTestJSON-857735653-project] http://10.222.0.22/volume/v3/95fa2a40f6f8413a92a4352dcea795d7/volumes/4595a9dd-0611-4185-8aaa-a0edfa354099 returned with HTTP 202
Aug 09 11:34:18.690842 dv-cinder-803900-2-smb devstack@c-api.service[100358]: [pid: 100358|app: 0|req: 80/159] 10.222.0.22 () {60 vars in 1351 bytes} [Mon Aug 9 11:34:18 2021] PUT /volume/v3/4cdc64a041ed488db3560702cca87994/os-quota-sets/10e624a9b8ab4ff9a9148d25894a229c => generated 898 bytes in 177 msecs (HTTP/1.1 200) 7 headers in 285 bytes (1 switches on core 0)
Aug 09 11:34:18.695134 dv-cinder-803900-2-smb devstack@c-api.service[100359]: [pid: 100359|app: 0|req: 80/160] 10.222.0.22 () {58 vars in 1328 bytes} [Mon Aug 9 11:34:18 2021] DELETE /volume/v3/95fa2a40f6f8413a92a4352dcea795d7/volumes/4595a9dd-0611-4185-8aaa-a0edfa354099 => generated 0 bytes in 140 msecs (HTTP/1.1 202) 6 headers in 233 bytes (1 switches on core 0)
Aug 09 11:34:18.697490 dv-cinder-803900-2-smb devstack@c-api.service[100358]: INFO cinder.api.openstack.wsgi [None req-b3db4165-e4ad-40b4-9fd5-6a8de73209c0 tempest-GroupsV320Test-153399039 tempest-GroupsV320Test-153399039-project] GET http://10.222.0.22/volume/v3/2d40328fabba487bb5e629f54c630e42/volumes/detail
Aug 09 11:34:18.698710 dv-cinder-803900-2-smb devstack@c-api.service[100358]: DEBUG cinder.api.openstack.wsgi [None req-b3db4165-e4ad-40b4-9fd5-6a8de73209c0 tempest-GroupsV320Test-153399039 tempest-GroupsV320Test-153399039-project] Empty body provided in request {{(pid=100358) get_body /opt/stack/cinder/cinder/api/openstack/wsgi.py:703}}
Aug 09 11:34:18.699353 dv-cinder-803900-2-smb devstack@c-api.service[100358]: DEBUG cinder.api.openstack.wsgi [None req-b3db4165-e4ad-40b4-9fd5-6a8de73209c0 tempest-GroupsV320Test-153399039 tempest-GroupsV320Test-153399039-project] Calling method 'detail' {{(pid=100358) _process_stack /opt/stack/cinder/cinder/api/openstack/wsgi.py:856}}
Aug 09 11:34:18.700101 dv-cinder-803900-2-smb devstack@c-api.service[100359]: INFO cinder.api.openstack.wsgi [None req-d4dc6287-dd8b-4c59-ba7f-4753bfe7fd55 tempest-VolumesTestJSON-857735653 tempest-VolumesTestJSON-857735653-project] GET http://10.222.0.22/volume/v3/95fa2a40f6f8413a92a4352dcea795d7/volumes/4595a9dd-0611-4185-8aaa-a0edfa354099
Aug 09 11:34:18.700598 dv-cinder-803900-2-smb devstack@c-api.service[100359]: DEBUG cinder.api.openstack.wsgi [None req-d4dc6287-dd8b-4c59-ba7f-4753bfe7fd55 tempest-VolumesTestJSON-857735653 tempest-VolumesTestJSON-857735653-project] Empty body provided in request {{(pid=100359) get_body /opt/stack/cinder/cinder/api/openstack/wsgi.py:703}}
Aug 09 11:34:18.700752 dv-cinder-803900-2-smb devstack@c-api.service[100359]: /usr/local/lib/python3.8/dist-packages/webob/acceptparse.py:1047: DeprecationWarning: The behavior of AcceptValidHeader.best_match is currently being maintained for backward compatibility, but it will be deprecated in the future, as it does not conform to the RFC.
Aug 09 11:34:18.700752 dv-cinder-803900-2-smb devstack@c-api.service[100359]: warnings.warn(
Aug 09 11:34:18.701162 dv-cinder-803900-2-smb devstack@c-api.service[100359]: DEBUG cinder.api.openstack.wsgi [None req-d4dc6287-dd8b-4c59-ba7f-4753bfe7fd55 tempest-VolumesTestJSON-857735653 tempest-VolumesTestJSON-857735653-project] Calling method 'show' {{(pid=100359) _process_stack /opt/stack/cinder/cinder/api/openstack/wsgi.py:856}}
Aug 09 11:34:18.701532 dv-cinder-803900-2-smb devstack@c-api.service[100358]: DEBUG cinder.api.api_utils [None req-b3db4165-e4ad-40b4-9fd5-6a8de73209c0 tempest-GroupsV320Test-153399039 tempest-GroupsV320Test-153399039-project] Removing options '' from query. {{(pid=100358) remove_invalid_filter_options /opt/stack/cinder/cinder/api/api_utils.py:73}}
Aug 09 11:34:18.704447 dv-cinder-803900-2-smb devstack@c-api.service[100358]: DEBUG cinder.volume.api [None req-b3db4165-e4ad-40b4-9fd5-6a8de73209c0 tempest-GroupsV320Test-153399039 tempest-GroupsV320Test-153399039-project] Searching by: MultiDict([('no_migration_targets', True)]). {{(pid=100358) get_all /opt/stack/cinder/cinder/volume/api.py:619}}
Aug 09 11:34:18.721807 dv-cinder-803900-2-smb devstack@c-api.service[100359]: /usr/local/lib/python3.8/dist-packages/oslo_context/context.py:105: DeprecationWarning: Policy enforcement is depending on the value of is_admin. This key is deprecated. Please update your policy file to use the standard policy values.
Aug 09 11:34:18.721807 dv-cinder-803900-2-smb devstack@c-api.service[100359]: warnings.warn('Policy enforcement is depending on the value of '
Aug 09 11:34:18.734132 dv-cinder-803900-2-smb devstack@c-api.service[100359]: INFO cinder.volume.api [None req-d4dc6287-dd8b-4c59-ba7f-4753bfe7fd55 tempest-VolumesTestJSON-857735653 tempest-VolumesTestJSON-857735653-project] Volume info retrieved successfully.
Aug 09 11:34:18.754572 dv-cinder-803900-2-smb devstack@c-api.service[100359]: INFO cinder.api.openstack.wsgi [None req-d4dc6287-dd8b-4c59-ba7f-4753bfe7fd55 tempest-VolumesTestJSON-857735653 tempest-VolumesTestJSON-857735653-project] http://10.222.0.22/volume/v3/95fa2a40f6f8413a92a4352dcea795d7/volumes/4595a9dd-0611-4185-8aaa-a0edfa354099 returned with HTTP 200
Aug 09 11:34:18.764398 dv-cinder-803900-2-smb devstack@c-api.service[100359]: [pid: 100359|app: 0|req: 81/161] 10.222.0.22 () {58 vars in 1325 bytes} [Mon Aug 9 11:34:18 2021] GET /volume/v3/95fa2a40f6f8413a92a4352dcea795d7/volumes/4595a9dd-0611-4185-8aaa-a0edfa354099 => generated 921 bytes in 68 msecs (HTTP/1.1 200) 7 headers in 285 bytes (1 switches on core 0)
Aug 09 11:34:18.768755 dv-cinder-803900-2-smb devstack@c-api.service[100359]: INFO cinder.api.openstack.wsgi [None req-4650244f-eb95-45b2-8842-108a5d695c8b tempest-VolumeQuotasNegativeTestJSON-1111787734 tempest-VolumeQuotasNegativeTestJSON-1111787734-project] POST http://10.222.0.22/volume/v3/10e624a9b8ab4ff9a9148d25894a229c/volumes
Aug 09 11:34:18.770038 dv-cinder-803900-2-smb devstack@c-api.service[100359]: /usr/local/lib/python3.8/dist-packages/webob/acceptparse.py:1047: DeprecationWarning: The behavior of AcceptValidHeader.best_match is currently being maintained for backward compatibility, but it will be deprecated in the future, as it does not conform to the RFC.
Aug 09 11:34:18.770038 dv-cinder-803900-2-smb devstack@c-api.service[100359]: warnings.warn(
Aug 09 11:34:18.770771 dv-cinder-803900-2-smb devstack@c-api.service[100359]: DEBUG cinder.api.openstack.wsgi [None req-4650244f-eb95-45b2-8842-108a5d695c8b tempest-VolumeQuotasNegativeTestJSON-1111787734 tempest-VolumeQuotasNegativeTestJSON-1111787734-project] Action: 'create', calling method: create, body: {"volume": {"size": 1}} {{(pid=100359) _process_stack /opt/stack/cinder/cinder/api/openstack/wsgi.py:854}}
Aug 09 11:34:18.774184 dv-cinder-803900-2-smb devstack@c-api.service[100359]: DEBUG cinder.api.v3.volumes [None req-4650244f-eb95-45b2-8842-108a5d695c8b tempest-VolumeQuotasNegativeTestJSON-1111787734 tempest-VolumeQuotasNegativeTestJSON-1111787734-project] Create volume request body: {'volume': {'size': 1}} {{(pid=100359) create /opt/stack/cinder/cinder/api/v3/volumes.py:290}}
Aug 09 11:34:18.774508 dv-cinder-803900-2-smb devstack@c-api.service[100359]: INFO cinder.api.v3.volumes [None req-4650244f-eb95-45b2-8842-108a5d695c8b tempest-VolumeQuotasNegativeTestJSON-1111787734 tempest-VolumeQuotasNegativeTestJSON-1111787734-project] Create volume of 1 GB
Aug 09 11:34:18.788852 dv-cinder-803900-2-smb devstack@c-api.service[100359]: INFO cinder.volume.api [None req-4650244f-eb95-45b2-8842-108a5d695c8b tempest-VolumeQuotasNegativeTestJSON-1111787734 tempest-VolumeQuotasNegativeTestJSON-1111787734-project] Availability Zones retrieved successfully.
Aug 09 11:34:18.797895 dv-cinder-803900-2-smb devstack@c-api.service[100358]: INFO cinder.volume.api [None req-b3db4165-e4ad-40b4-9fd5-6a8de73209c0 tempest-GroupsV320Test-153399039 tempest-GroupsV320Test-153399039-project] Get all volumes completed successfully.
Aug 09 11:34:18.804195 dv-cinder-803900-2-smb devstack@c-api.service[100358]: INFO cinder.api.openstack.wsgi [None req-b3db4165-e4ad-40b4-9fd5-6a8de73209c0 tempest-GroupsV320Test-153399039 tempest-GroupsV320Test-153399039-project] http://10.222.0.22/volume/v3/2d40328fabba487bb5e629f54c630e42/volumes/detail returned with HTTP 200
Aug 09 11:34:18.805318 dv-cinder-803900-2-smb devstack@c-api.service[100358]: [pid: 100358|app: 0|req: 81/162] 10.222.0.22 () {60 vars in 1276 bytes} [Mon Aug 9 11:34:18 2021] GET /volume/v3/2d40328fabba487bb5e629f54c630e42/volumes/detail => generated 15 bytes in 114 msecs (HTTP/1.1 200) 7 headers in 285 bytes (1 switches on core 0)
Aug 09 11:34:18.809543 dv-cinder-803900-2-smb devstack@c-api.service[100359]: DEBUG cinder.volume.api [None req-4650244f-eb95-45b2-8842-108a5d695c8b tempest-VolumeQuotasNegativeTestJSON-1111787734 tempest-VolumeQuotasNegativeTestJSON-1111787734-project] Flow 'volume_create_api' (8483a3b9-f8bc-48ef-9582-763aa5e7ee6d) transitioned into state 'RUNNING' from state 'PENDING' {{(pid=100359) _flow_receiver /usr/local/lib/python3.8/dist-packages/taskflow/listeners/logging.py:141}}
Aug 09 11:34:18.812975 dv-cinder-803900-2-smb devstack@c-api.service[100359]: DEBUG cinder.volume.api [None req-4650244f-eb95-45b2-8842-108a5d695c8b tempest-VolumeQuotasNegativeTestJSON-1111787734 tempest-VolumeQuotasNegativeTestJSON-1111787734-project] Task 'cinder.volume.flows.api.create_volume.ExtractVolumeRequestTask;volume:create' (73377694-6a51-482e-bc55-7acb37da9fa2) transitioned into state 'RUNNING' from state 'PENDING' {{(pid=100359) _task_receiver /usr/local/lib/python3.8/dist-packages/taskflow/listeners/logging.py:190}}
Aug 09 11:34:18.816121 dv-cinder-803900-2-smb devstack@c-api.service[100359]: DEBUG cinder.volume.flows.api.create_volume [None req-4650244f-eb95-45b2-8842-108a5d695c8b tempest-VolumeQuotasNegativeTestJSON-1111787734 tempest-VolumeQuotasNegativeTestJSON-1111787734-project] Validating volume size '1' using validate_int {{(pid=100359) _extract_size /opt/stack/cinder/cinder/volume/flows/api/create_volume.py:201}}
Aug 09 11:34:18.820633 dv-cinder-803900-2-smb devstack@c-api.service[100358]: INFO cinder.api.openstack.wsgi [None req-231af669-2f4f-47d3-a88c-df77b88c37be tempest-GroupsV320Test-153399039 tempest-GroupsV320Test-153399039-project] POST http://10.222.0.22/volume/v3/2d40328fabba487bb5e629f54c630e42/groups/068f8a48-683b-4cfd-93b1-da6acde4d7ed/action
Aug 09 11:34:18.822035 dv-cinder-803900-2-smb devstack@c-api.service[100358]: DEBUG cinder.api.openstack.wsgi [None req-231af669-2f4f-47d3-a88c-df77b88c37be tempest-GroupsV320Test-153399039 tempest-GroupsV320Test-153399039-project] Action body: b'{"delete": {"delete-volumes": true}}' {{(pid=100358) get_method /opt/stack/cinder/cinder/api/openstack/wsgi.py:971}}
Aug 09 11:34:18.822677 dv-cinder-803900-2-smb devstack@c-api.service[100358]: DEBUG cinder.api.openstack.wsgi [None req-231af669-2f4f-47d3-a88c-df77b88c37be tempest-GroupsV320Test-153399039 tempest-GroupsV320Test-153399039-project] Action: 'action', calling method: delete_group, body: {"delete": {"delete-volumes": true}} {{(pid=100358) _process_stack /opt/stack/cinder/cinder/api/openstack/wsgi.py:854}}
Aug 09 11:34:18.823551 dv-cinder-803900-2-smb devstack@c-api.service[100358]: DEBUG cinder.api.v3.groups [None req-231af669-2f4f-47d3-a88c-df77b88c37be tempest-GroupsV320Test-153399039 tempest-GroupsV320Test-153399039-project] delete called for group 068f8a48-683b-4cfd-93b1-da6acde4d7ed {{(pid=100358) _delete /opt/stack/cinder/cinder/api/v3/groups.py:117}}
Aug 09 11:34:18.824018 dv-cinder-803900-2-smb devstack@c-api.service[100358]: INFO cinder.api.v3.groups [None req-231af669-2f4f-47d3-a88c-df77b88c37be tempest-GroupsV320Test-153399039 tempest-GroupsV320Test-153399039-project] Delete group with id: 068f8a48-683b-4cfd-93b1-da6acde4d7ed
Aug 09 11:34:18.830954 dv-cinder-803900-2-smb devstack@c-api.service[100358]: /usr/local/lib/python3.8/dist-packages/oslo_context/context.py:105: DeprecationWarning: Policy enforcement is depending on the value of is_admin. This key is deprecated. Please update your policy file to use the standard policy values.
Aug 09 11:34:18.830954 dv-cinder-803900-2-smb devstack@c-api.service[100358]: warnings.warn('Policy enforcement is depending on the value of '
Aug 09 11:34:18.855248 dv-cinder-803900-2-smb devstack@c-api.service[100359]: DEBUG cinder.volume.api [None req-4650244f-eb95-45b2-8842-108a5d695c8b tempest-VolumeQuotasNegativeTestJSON-1111787734 tempest-VolumeQuotasNegativeTestJSON-1111787734-project] Task 'cinder.volume.flows.api.create_volume.ExtractVolumeRequestTask;volume:create' (73377694-6a51-482e-bc55-7acb37da9fa2) transitioned into state 'SUCCESS' from state 'RUNNING' with result '{'size': 1, 'snapshot_id': None, 'source_volid': None, 'volume_type': VolumeType(created_at=2021-08-09T11:24:16Z,deleted=False,deleted_at=None,description='Default Volume Type',extra_specs={},id=39e795f9-6e73-400e-a95e-eaae452bd54f,is_public=True,name='__DEFAULT__',projects=[],qos_specs=,qos_specs_id=None,updated_at=2021-08-09T11:24:16Z), 'volume_type_id': '39e795f9-6e73-400e-a95e-eaae452bd54f', 'encryption_key_id': None, 'qos_specs': None, 'consistencygroup_id': None, 'cgsnapshot_id': None, 'group_id': None, 'replication_status': 'disabled', 'refresh_az': False, 'backup_id': None, 'multiattach': False, 'availability_zones': ['nova']}' {{(pid=100359) _task_receiver /usr/local/lib/python3.8/dist-packages/taskflow/listeners/logging.py:178}}
Aug 09 11:34:18.858387 dv-cinder-803900-2-smb devstack@c-api.service[100359]: DEBUG cinder.volume.api [None req-4650244f-eb95-45b2-8842-108a5d695c8b tempest-VolumeQuotasNegativeTestJSON-1111787734 tempest-VolumeQuotasNegativeTestJSON-1111787734-project] Task 'cinder.volume.flows.api.create_volume.QuotaReserveTask;volume:create' (2d6ba365-d14f-445f-bbbd-703336bdcb61) transitioned into state 'RUNNING' from state 'PENDING' {{(pid=100359) _task_receiver /usr/local/lib/python3.8/dist-packages/taskflow/listeners/logging.py:190}}
Aug 09 11:34:18.908744 dv-cinder-803900-2-smb devstack@c-api.service[100359]: WARNING cinder.quota_utils [None req-4650244f-eb95-45b2-8842-108a5d695c8b tempest-VolumeQuotasNegativeTestJSON-1111787734 tempest-VolumeQuotasNegativeTestJSON-1111787734-project] Quota exceeded for 10e624a9b8ab4ff9a9148d25894a229c, tried to create volume (1 volumes already consumed).: cinder.exception.OverQuota: Quota exceeded for resources: ['volumes']
Aug 09 11:34:18.911133 dv-cinder-803900-2-smb devstack@c-api.service[100359]: WARNING cinder.volume.api [None req-4650244f-eb95-45b2-8842-108a5d695c8b tempest-VolumeQuotasNegativeTestJSON-1111787734 tempest-VolumeQuotasNegativeTestJSON-1111787734-project] Task 'cinder.volume.flows.api.create_volume.QuotaReserveTask;volume:create' (2d6ba365-d14f-445f-bbbd-703336bdcb61) transitioned into state 'FAILURE' from state 'RUNNING'
Aug 09 11:34:18.911133 dv-cinder-803900-2-smb devstack@c-api.service[100359]: Failure: cinder.exception.VolumeLimitExceeded: Maximum number of volumes allowed (1) exceeded for quota 'volumes'.
Aug 09 11:34:18.911885 dv-cinder-803900-2-smb devstack@c-api.service[100358]: INFO cinder.api.openstack.wsgi [None req-231af669-2f4f-47d3-a88c-df77b88c37be tempest-GroupsV320Test-153399039 tempest-GroupsV320Test-153399039-project] http://10.222.0.22/volume/v3/2d40328fabba487bb5e629f54c630e42/groups/068f8a48-683b-4cfd-93b1-da6acde4d7ed/action returned with HTTP 202
Aug 09 11:34:18.914073 dv-cinder-803900-2-smb devstack@c-api.service[100358]: [pid: 100358|app: 0|req: 82/163] 10.222.0.22 () {62 vars in 1405 bytes} [Mon Aug 9 11:34:18 2021] POST /volume/v3/2d40328fabba487bb5e629f54c630e42/groups/068f8a48-683b-4cfd-93b1-da6acde4d7ed/action => generated 0 bytes in 99 msecs (HTTP/1.1 202) 6 headers in 234 bytes (2 switches on core 0)
Aug 09 11:34:18.915961 dv-cinder-803900-2-smb devstack@c-api.service[100359]: DEBUG cinder.volume.api [None req-4650244f-eb95-45b2-8842-108a5d695c8b tempest-VolumeQuotasNegativeTestJSON-1111787734 tempest-VolumeQuotasNegativeTestJSON-1111787734-project] Task 'cinder.volume.flows.api.create_volume.QuotaReserveTask;volume:create' (2d6ba365-d14f-445f-bbbd-703336bdcb61) transitioned into state 'REVERTING' from state 'FAILURE' {{(pid=100359) _task_receiver /usr/local/lib/python3.8/dist-packages/taskflow/listeners/logging.py:190}}
Aug 09 11:34:18.918384 dv-cinder-803900-2-smb devstack@c-api.service[100359]: WARNING cinder.volume.api [None req-4650244f-eb95-45b2-8842-108a5d695c8b tempest-VolumeQuotasNegativeTestJSON-1111787734 tempest-VolumeQuotasNegativeTestJSON-1111787734-project] Task 'cinder.volume.flows.api.create_volume.QuotaReserveTask;volume:create' (2d6ba365-d14f-445f-bbbd-703336bdcb61) transitioned into state 'REVERTED' from state 'REVERTING' with result 'None'
Aug 09 11:34:18.920138 dv-cinder-803900-2-smb devstack@c-api.service[100359]: DEBUG cinder.volume.api [None req-4650244f-eb95-45b2-8842-108a5d695c8b tempest-VolumeQuotasNegativeTestJSON-1111787734 tempest-VolumeQuotasNegativeTestJSON-1111787734-project] Task 'cinder.volume.flows.api.create_volume.ExtractVolumeRequestTask;volume:create' (73377694-6a51-482e-bc55-7acb37da9fa2) transitioned into state 'REVERTING' from state 'SUCCESS' {{(pid=100359) _task_receiver /usr/local/lib/python3.8/dist-packages/taskflow/listeners/logging.py:190}}
Aug 09 11:34:18.922343 dv-cinder-803900-2-smb devstack@c-api.service[100359]: WARNING cinder.volume.api [None req-4650244f-eb95-45b2-8842-108a5d695c8b tempest-VolumeQuotasNegativeTestJSON-1111787734 tempest-VolumeQuotasNegativeTestJSON-1111787734-project] Task 'cinder.volume.flows.api.create_volume.ExtractVolumeRequestTask;volume:create' (73377694-6a51-482e-bc55-7acb37da9fa2) transitioned into state 'REVERTED' from state 'REVERTING' with result 'None'
Aug 09 11:34:18.925051 dv-cinder-803900-2-smb devstack@c-api.service[100359]: WARNING cinder.volume.api [None req-4650244f-eb95-45b2-8842-108a5d695c8b tempest-VolumeQuotasNegativeTestJSON-1111787734 tempest-VolumeQuotasNegativeTestJSON-1111787734-project] Flow 'volume_create_api' (8483a3b9-f8bc-48ef-9582-763aa5e7ee6d) transitioned into state 'REVERTED' from state 'RUNNING'
Aug 09 11:34:18.925185 dv-cinder-803900-2-smb devstack@c-api.service[100358]: INFO cinder.api.openstack.wsgi [None req-4fc5d5f7-bbe7-4217-9185-5299e6cc3970 tempest-GroupSnapshotsTest-1991895341 tempest-GroupSnapshotsTest-1991895341-project] GET http://10.222.0.22/volume/v3/680c9f6620ff428bb6bba54ef769aefa/group_snapshots/70d80e76-67b3-4f2a-ae6c-9a519d3d7ab7
Aug 09 11:34:18.925668 dv-cinder-803900-2-smb devstack@c-api.service[100358]: DEBUG cinder.api.openstack.wsgi [None req-4fc5d5f7-bbe7-4217-9185-5299e6cc3970 tempest-GroupSnapshotsTest-1991895341 tempest-GroupSnapshotsTest-1991895341-project] Empty body provided in request {{(pid=100358) get_body /opt/stack/cinder/cinder/api/openstack/wsgi.py:703}}
Aug 09 11:34:18.925979 dv-cinder-803900-2-smb devstack@c-api.service[100358]: /usr/local/lib/python3.8/dist-packages/webob/acceptparse.py:1047: DeprecationWarning: The behavior of AcceptValidHeader.best_match is currently being maintained for backward compatibility, but it will be deprecated in the future, as it does not conform to the RFC.
Aug 09 11:34:18.925979 dv-cinder-803900-2-smb devstack@c-api.service[100358]: warnings.warn(
Aug 09 11:34:18.926359 dv-cinder-803900-2-smb devstack@c-api.service[100358]: DEBUG cinder.api.openstack.wsgi [None req-4fc5d5f7-bbe7-4217-9185-5299e6cc3970 tempest-GroupSnapshotsTest-1991895341 tempest-GroupSnapshotsTest-1991895341-project] Calling method 'version_select' {{(pid=100358) _process_stack /opt/stack/cinder/cinder/api/openstack/wsgi.py:856}}
Aug 09 11:34:18.926753 dv-cinder-803900-2-smb devstack@c-api.service[100358]: DEBUG cinder.api.v3.group_snapshots [None req-4fc5d5f7-bbe7-4217-9185-5299e6cc3970 tempest-GroupSnapshotsTest-1991895341 tempest-GroupSnapshotsTest-1991895341-project] show called for member 70d80e76-67b3-4f2a-ae6c-9a519d3d7ab7 {{(pid=100358) show /opt/stack/cinder/cinder/api/v3/group_snapshots.py:58}}
Aug 09 11:34:18.927110 dv-cinder-803900-2-smb devstack@c-api.service[100359]: INFO cinder.api.middleware.fault [None req-4650244f-eb95-45b2-8842-108a5d695c8b tempest-VolumeQuotasNegativeTestJSON-1111787734 tempest-VolumeQuotasNegativeTestJSON-1111787734-project] http://10.222.0.22/volume/v3/10e624a9b8ab4ff9a9148d25894a229c/volumes returned with HTTP 413
Aug 09 11:34:18.929217 dv-cinder-803900-2-smb devstack@c-api.service[100359]: [pid: 100359|app: 0|req: 82/164] 10.222.0.22 () {60 vars in 1235 bytes} [Mon Aug 9 11:34:18 2021] POST /volume/v3/10e624a9b8ab4ff9a9148d25894a229c/volumes => generated 150 bytes in 163 msecs (HTTP/1.1 413) 8 headers in 323 bytes (1 switches on core 0)
Aug 09 11:34:18.935777 dv-cinder-803900-2-smb devstack@c-api.service[100358]: /usr/local/lib/python3.8/dist-packages/oslo_context/context.py:105: DeprecationWarning: Policy enforcement is depending on the value of is_admin. This key is deprecated. Please update your policy file to use the standard policy values.
Aug 09 11:34:18.935777 dv-cinder-803900-2-smb devstack@c-api.service[100358]: warnings.warn('Policy enforcement is depending on the value of '
Aug 09 11:34:18.936806 dv-cinder-803900-2-smb devstack@c-api.service[100359]: INFO cinder.api.openstack.wsgi [None req-b6a67fcf-8fe2-4613-a35c-84f82289180b tempest-GroupsV320Test-153399039 tempest-GroupsV320Test-153399039-project] GET http://10.222.0.22/volume/v3/2d40328fabba487bb5e629f54c630e42/groups/068f8a48-683b-4cfd-93b1-da6acde4d7ed
Aug 09 11:34:18.937530 dv-cinder-803900-2-smb devstack@c-api.service[100359]: DEBUG cinder.api.openstack.wsgi [None req-b6a67fcf-8fe2-4613-a35c-84f82289180b tempest-GroupsV320Test-153399039 tempest-GroupsV320Test-153399039-project] Empty body provided in request {{(pid=100359) get_body /opt/stack/cinder/cinder/api/openstack/wsgi.py:703}}
Aug 09 11:34:18.937887 dv-cinder-803900-2-smb devstack@c-api.service[100359]: /usr/local/lib/python3.8/dist-packages/webob/acceptparse.py:1047: DeprecationWarning: The behavior of AcceptValidHeader.best_match is currently being maintained for backward compatibility, but it will be deprecated in the future, as it does not conform to the RFC.
Aug 09 11:34:18.937887 dv-cinder-803900-2-smb devstack@c-api.service[100359]: warnings.warn(
Aug 09 11:34:18.938683 dv-cinder-803900-2-smb devstack@c-api.service[100359]: DEBUG cinder.api.openstack.wsgi [None req-b6a67fcf-8fe2-4613-a35c-84f82289180b tempest-GroupsV320Test-153399039 tempest-GroupsV320Test-153399039-project] Calling method 'version_select' {{(pid=100359) _process_stack /opt/stack/cinder/cinder/api/openstack/wsgi.py:856}}
Aug 09 11:34:18.939183 dv-cinder-803900-2-smb devstack@c-api.service[100359]: DEBUG cinder.api.v3.groups [None req-b6a67fcf-8fe2-4613-a35c-84f82289180b tempest-GroupsV320Test-153399039 tempest-GroupsV320Test-153399039-project] show called for member 068f8a48-683b-4cfd-93b1-da6acde4d7ed {{(pid=100359) show /opt/stack/cinder/cinder/api/v3/groups.py:58}}
Aug 09 11:34:18.945675 dv-cinder-803900-2-smb devstack@c-api.service[100359]: /usr/local/lib/python3.8/dist-packages/oslo_context/context.py:105: DeprecationWarning: Policy enforcement is depending on the value of is_admin. This key is deprecated. Please update your policy file to use the standard policy values.
Aug 09 11:34:18.945675 dv-cinder-803900-2-smb devstack@c-api.service[100359]: warnings.warn('Policy enforcement is depending on the value of '
Aug 09 11:34:18.964264 dv-cinder-803900-2-smb devstack@c-api.service[100359]: INFO cinder.api.openstack.wsgi [None req-b6a67fcf-8fe2-4613-a35c-84f82289180b tempest-GroupsV320Test-153399039 tempest-GroupsV320Test-153399039-project] http://10.222.0.22/volume/v3/2d40328fabba487bb5e629f54c630e42/groups/068f8a48-683b-4cfd-93b1-da6acde4d7ed returned with HTTP 200
Aug 09 11:34:18.965112 dv-cinder-803900-2-smb devstack@c-api.service[100359]: [pid: 100359|app: 0|req: 83/165] 10.222.0.22 () {60 vars in 1363 bytes} [Mon Aug 9 11:34:18 2021] GET /volume/v3/2d40328fabba487bb5e629f54c630e42/groups/068f8a48-683b-4cfd-93b1-da6acde4d7ed => generated 388 bytes in 35 msecs (HTTP/1.1 200) 7 headers in 286 bytes (1 switches on core 0)
Aug 09 11:34:18.965981 dv-cinder-803900-2-smb devstack@c-api.service[100358]: INFO cinder.api.openstack.wsgi [None req-4fc5d5f7-bbe7-4217-9185-5299e6cc3970 tempest-GroupSnapshotsTest-1991895341 tempest-GroupSnapshotsTest-1991895341-project] http://10.222.0.22/volume/v3/680c9f6620ff428bb6bba54ef769aefa/group_snapshots/70d80e76-67b3-4f2a-ae6c-9a519d3d7ab7 returned with HTTP 200
Aug 09 11:34:18.968089 dv-cinder-803900-2-smb devstack@c-api.service[100358]: [pid: 100358|app: 0|req: 83/166] 10.222.0.22 () {60 vars in 1390 bytes} [Mon Aug 9 11:34:18 2021] GET /volume/v3/680c9f6620ff428bb6bba54ef769aefa/group_snapshots/70d80e76-67b3-4f2a-ae6c-9a519d3d7ab7 => generated 326 bytes in 53 msecs (HTTP/1.1 200) 7 headers in 286 bytes (1 switches on core 0)
Aug 09 11:34:18.970881 dv-cinder-803900-2-smb devstack@c-api.service[100359]: INFO cinder.api.openstack.wsgi [None req-89b66e8d-f2ed-4d36-a3df-582cd443069f tempest-VolumeQuotasNegativeTestJSON-1804504771 tempest-VolumeQuotasNegativeTestJSON-1804504771-project-admin] PUT http://10.222.0.22/volume/v3/4cdc64a041ed488db3560702cca87994/os-quota-sets/10e624a9b8ab4ff9a9148d25894a229c
Aug 09 11:34:18.971354 dv-cinder-803900-2-smb devstack@c-api.service[100359]: /usr/local/lib/python3.8/dist-packages/webob/acceptparse.py:1047: DeprecationWarning: The behavior of AcceptValidHeader.best_match is currently being maintained for backward compatibility, but it will be deprecated in the future, as it does not conform to the RFC.
Aug 09 11:34:18.971354 dv-cinder-803900-2-smb devstack@c-api.service[100359]: warnings.warn(
Aug 09 11:34:18.971766 dv-cinder-803900-2-smb devstack@c-api.service[100359]: DEBUG cinder.api.openstack.wsgi [None req-89b66e8d-f2ed-4d36-a3df-582cd443069f tempest-VolumeQuotasNegativeTestJSON-1804504771 tempest-VolumeQuotasNegativeTestJSON-1804504771-project-admin] Action: 'update', calling method: update, body: {"quota_set": {"gigabytes": 1}} {{(pid=100359) _process_stack /opt/stack/cinder/cinder/api/openstack/wsgi.py:854}}
Aug 09 11:34:18.978954 dv-cinder-803900-2-smb devstack@c-api.service[100358]: INFO cinder.api.openstack.wsgi [None req-d276776c-ec3a-48bc-a2d8-652863f2b0df tempest-GroupSnapshotsTest-1991895341 tempest-GroupSnapshotsTest-1991895341-project] GET http://10.222.0.22/volume/v3/680c9f6620ff428bb6bba54ef769aefa/snapshots/detail
Aug 09 11:34:18.979738 dv-cinder-803900-2-smb devstack@c-api.service[100359]: /usr/local/lib/python3.8/dist-packages/oslo_context/context.py:105: DeprecationWarning: Policy enforcement is depending on the value of is_admin. This key is deprecated. Please update your policy file to use the standard policy values.
Aug 09 11:34:18.979738 dv-cinder-803900-2-smb devstack@c-api.service[100359]: warnings.warn('Policy enforcement is depending on the value of '
Aug 09 11:34:18.980459 dv-cinder-803900-2-smb devstack@c-api.service[100358]: DEBUG cinder.api.openstack.wsgi [None req-d276776c-ec3a-48bc-a2d8-652863f2b0df tempest-GroupSnapshotsTest-1991895341 tempest-GroupSnapshotsTest-1991895341-project] Empty body provided in request {{(pid=100358) get_body /opt/stack/cinder/cinder/api/openstack/wsgi.py:703}}
Aug 09 11:34:18.980875 dv-cinder-803900-2-smb devstack@c-api.service[100358]: /usr/local/lib/python3.8/dist-packages/webob/acceptparse.py:1047: DeprecationWarning: The behavior of AcceptValidHeader.best_match is currently being maintained for backward compatibility, but it will be deprecated in the future, as it does not conform to the RFC.
Aug 09 11:34:18.980875 dv-cinder-803900-2-smb devstack@c-api.service[100358]: warnings.warn(
Aug 09 11:34:18.981550 dv-cinder-803900-2-smb devstack@c-api.service[100358]: DEBUG cinder.api.openstack.wsgi [None req-d276776c-ec3a-48bc-a2d8-652863f2b0df tempest-GroupSnapshotsTest-1991895341 tempest-GroupSnapshotsTest-1991895341-project] Calling method 'detail' {{(pid=100358) _process_stack /opt/stack/cinder/cinder/api/openstack/wsgi.py:856}}
Aug 09 11:34:18.982496 dv-cinder-803900-2-smb devstack@c-api.service[100358]: DEBUG cinder.api.api_utils [None req-d276776c-ec3a-48bc-a2d8-652863f2b0df tempest-GroupSnapshotsTest-1991895341 tempest-GroupSnapshotsTest-1991895341-project] Removing options '' from query. {{(pid=100358) remove_invalid_filter_options /opt/stack/cinder/cinder/api/api_utils.py:73}}
Aug 09 11:34:18.985301 dv-cinder-803900-2-smb devstack@c-api.service[100358]: DEBUG cinder.db.sqlalchemy.api [None req-d276776c-ec3a-48bc-a2d8-652863f2b0df tempest-GroupSnapshotsTest-1991895341 tempest-GroupSnapshotsTest-1991895341-project] Building query based on filter {{(pid=100358) _process_snaps_filters /opt/stack/cinder/cinder/db/sqlalchemy/api.py:3138}}
Aug 09 11:34:19.021406 dv-cinder-803900-2-smb devstack@c-api.service[100358]: INFO cinder.volume.api [None req-d276776c-ec3a-48bc-a2d8-652863f2b0df tempest-GroupSnapshotsTest-1991895341 tempest-GroupSnapshotsTest-1991895341-project] Get all snapshots completed successfully.
Aug 09 11:34:19.022657 dv-cinder-803900-2-smb devstack@c-api.service[100358]: /usr/local/lib/python3.8/dist-packages/oslo_context/context.py:105: DeprecationWarning: Policy enforcement is depending on the value of is_admin. This key is deprecated. Please update your policy file to use the standard policy values.
Aug 09 11:34:19.022657 dv-cinder-803900-2-smb devstack@c-api.service[100358]: warnings.warn('Policy enforcement is depending on the value of '
Aug 09 11:34:19.025316 dv-cinder-803900-2-smb devstack@c-api.service[100358]: INFO cinder.api.openstack.wsgi [None req-d276776c-ec3a-48bc-a2d8-652863f2b0df tempest-GroupSnapshotsTest-1991895341 tempest-GroupSnapshotsTest-1991895341-project] http://10.222.0.22/volume/v3/680c9f6620ff428bb6bba54ef769aefa/snapshots/detail returned with HTTP 200
Aug 09 11:34:19.026422 dv-cinder-803900-2-smb devstack@c-api.service[100358]: [pid: 100358|app: 0|req: 84/167] 10.222.0.22 () {58 vars in 1241 bytes} [Mon Aug 9 11:34:18 2021] GET /volume/v3/680c9f6620ff428bb6bba54ef769aefa/snapshots/detail => generated 1061 bytes in 52 msecs (HTTP/1.1 200) 7 headers in 286 bytes (1 switches on core 0)
Aug 09 11:34:19.040989 dv-cinder-803900-2-smb devstack@c-api.service[100358]: INFO cinder.api.openstack.wsgi [None req-c091fb01-d2ce-48a6-b51a-83dafb0fe259 tempest-GroupSnapshotsTest-1991895341 tempest-GroupSnapshotsTest-1991895341-project] GET http://10.222.0.22/volume/v3/680c9f6620ff428bb6bba54ef769aefa/snapshots/a7a2ca9f-1c3f-4ae9-829b-fe4acafadcab
Aug 09 11:34:19.041876 dv-cinder-803900-2-smb devstack@c-api.service[100358]: DEBUG cinder.api.openstack.wsgi [None req-c091fb01-d2ce-48a6-b51a-83dafb0fe259 tempest-GroupSnapshotsTest-1991895341 tempest-GroupSnapshotsTest-1991895341-project] Empty body provided in request {{(pid=100358) get_body /opt/stack/cinder/cinder/api/openstack/wsgi.py:703}}
Aug 09 11:34:19.042252 dv-cinder-803900-2-smb devstack@c-api.service[100358]: /usr/local/lib/python3.8/dist-packages/webob/acceptparse.py:1047: DeprecationWarning: The behavior of AcceptValidHeader.best_match is currently being maintained for backward compatibility, but it will be deprecated in the future, as it does not conform to the RFC.
Aug 09 11:34:19.042252 dv-cinder-803900-2-smb devstack@c-api.service[100358]: warnings.warn(
Aug 09 11:34:19.042753 dv-cinder-803900-2-smb devstack@c-api.service[100358]: DEBUG cinder.api.openstack.wsgi [None req-c091fb01-d2ce-48a6-b51a-83dafb0fe259 tempest-GroupSnapshotsTest-1991895341 tempest-GroupSnapshotsTest-1991895341-project] Calling method 'show' {{(pid=100358) _process_stack /opt/stack/cinder/cinder/api/openstack/wsgi.py:856}}
Aug 09 11:34:19.056849 dv-cinder-803900-2-smb devstack@c-api.service[100358]: /usr/local/lib/python3.8/dist-packages/oslo_context/context.py:105: DeprecationWarning: Policy enforcement is depending on the value of is_admin. This key is deprecated. Please update your policy file to use the standard policy values.
Aug 09 11:34:19.056849 dv-cinder-803900-2-smb devstack@c-api.service[100358]: warnings.warn('Policy enforcement is depending on the value of '
Aug 09 11:34:19.058585 dv-cinder-803900-2-smb devstack@c-api.service[100358]: INFO cinder.volume.api [None req-c091fb01-d2ce-48a6-b51a-83dafb0fe259 tempest-GroupSnapshotsTest-1991895341 tempest-GroupSnapshotsTest-1991895341-project] Snapshot retrieved successfully.
Aug 09 11:34:19.061250 dv-cinder-803900-2-smb devstack@c-api.service[100358]: INFO cinder.api.openstack.wsgi [None req-c091fb01-d2ce-48a6-b51a-83dafb0fe259 tempest-GroupSnapshotsTest-1991895341 tempest-GroupSnapshotsTest-1991895341-project] http://10.222.0.22/volume/v3/680c9f6620ff428bb6bba54ef769aefa/snapshots/a7a2ca9f-1c3f-4ae9-829b-fe4acafadcab returned with HTTP 200
Aug 09 11:34:19.062200 dv-cinder-803900-2-smb devstack@c-api.service[100358]: [pid: 100358|app: 0|req: 85/168] 10.222.0.22 () {58 vars in 1331 bytes} [Mon Aug 9 11:34:19 2021] GET /volume/v3/680c9f6620ff428bb6bba54ef769aefa/snapshots/a7a2ca9f-1c3f-4ae9-829b-fe4acafadcab => generated 535 bytes in 29 msecs (HTTP/1.1 200) 7 headers in 285 bytes (2 switches on core 0)
Aug 09 11:34:19.068840 dv-cinder-803900-2-smb devstack@c-api.service[100359]: INFO cinder.api.openstack.wsgi [None req-89b66e8d-f2ed-4d36-a3df-582cd443069f tempest-VolumeQuotasNegativeTestJSON-1804504771 tempest-VolumeQuotasNegativeTestJSON-1804504771-project-admin] http://10.222.0.22/volume/v3/4cdc64a041ed488db3560702cca87994/os-quota-sets/10e624a9b8ab4ff9a9148d25894a229c returned with HTTP 200
Aug 09 11:34:19.069675 dv-cinder-803900-2-smb devstack@c-api.service[100359]: [pid: 100359|app: 0|req: 84/169] 10.222.0.22 () {60 vars in 1351 bytes} [Mon Aug 9 11:34:18 2021] PUT /volume/v3/4cdc64a041ed488db3560702cca87994/os-quota-sets/10e624a9b8ab4ff9a9148d25894a229c => generated 897 bytes in 104 msecs (HTTP/1.1 200) 7 headers in 285 bytes (1 switches on core 0)
Aug 09 11:34:19.075005 dv-cinder-803900-2-smb devstack@c-api.service[100358]: INFO cinder.api.openstack.wsgi [None req-5a70f93f-8164-46c9-8d3a-5e0c11738f7e tempest-GroupSnapshotsTest-1991895341 tempest-GroupSnapshotsTest-1991895341-project] GET http://10.222.0.22/volume/v3/680c9f6620ff428bb6bba54ef769aefa/snapshots/5310b6d9-6cb7-4114-9460-1308af1fcae3
Aug 09 11:34:19.075666 dv-cinder-803900-2-smb devstack@c-api.service[100358]: DEBUG cinder.api.openstack.wsgi [None req-5a70f93f-8164-46c9-8d3a-5e0c11738f7e tempest-GroupSnapshotsTest-1991895341 tempest-GroupSnapshotsTest-1991895341-project] Empty body provided in request {{(pid=100358) get_body /opt/stack/cinder/cinder/api/openstack/wsgi.py:703}}
Aug 09 11:34:19.076028 dv-cinder-803900-2-smb devstack@c-api.service[100358]: /usr/local/lib/python3.8/dist-packages/webob/acceptparse.py:1047: DeprecationWarning: The behavior of AcceptValidHeader.best_match is currently being maintained for backward compatibility, but it will be deprecated in the future, as it does not conform to the RFC.
Aug 09 11:34:19.076028 dv-cinder-803900-2-smb devstack@c-api.service[100358]: warnings.warn(
Aug 09 11:34:19.076580 dv-cinder-803900-2-smb devstack@c-api.service[100358]: DEBUG cinder.api.openstack.wsgi [None req-5a70f93f-8164-46c9-8d3a-5e0c11738f7e tempest-GroupSnapshotsTest-1991895341 tempest-GroupSnapshotsTest-1991895341-project] Calling method 'show' {{(pid=100358) _process_stack /opt/stack/cinder/cinder/api/openstack/wsgi.py:856}}
Aug 09 11:34:19.080041 dv-cinder-803900-2-smb devstack@c-api.service[100359]: INFO cinder.api.openstack.wsgi [None req-3d752201-5106-4b7f-8586-b5b1e37e0c78 tempest-VolumeQuotasNegativeTestJSON-1111787734 tempest-VolumeQuotasNegativeTestJSON-1111787734-project] POST http://10.222.0.22/volume/v3/10e624a9b8ab4ff9a9148d25894a229c/volumes/be76bc94-2979-4fd4-8685-0269a25ca9ac/action
Aug 09 11:34:19.080813 dv-cinder-803900-2-smb devstack@c-api.service[100359]: DEBUG cinder.api.openstack.wsgi [None req-3d752201-5106-4b7f-8586-b5b1e37e0c78 tempest-VolumeQuotasNegativeTestJSON-1111787734 tempest-VolumeQuotasNegativeTestJSON-1111787734-project] Action body: b'{"os-extend": {"new_size": 2}}' {{(pid=100359) get_method /opt/stack/cinder/cinder/api/openstack/wsgi.py:971}}
Aug 09 11:34:19.081320 dv-cinder-803900-2-smb devstack@c-api.service[100359]: DEBUG cinder.api.openstack.wsgi [None req-3d752201-5106-4b7f-8586-b5b1e37e0c78 tempest-VolumeQuotasNegativeTestJSON-1111787734 tempest-VolumeQuotasNegativeTestJSON-1111787734-project] Action: 'action', calling method: _extend, body: {"os-extend": {"new_size": 2}} {{(pid=100359) _process_stack /opt/stack/cinder/cinder/api/openstack/wsgi.py:854}}
Aug 09 11:34:19.096079 dv-cinder-803900-2-smb devstack@c-api.service[100358]: /usr/local/lib/python3.8/dist-packages/oslo_context/context.py:105: DeprecationWarning: Policy enforcement is depending on the value of is_admin. This key is deprecated. Please update your policy file to use the standard policy values.
Aug 09 11:34:19.096079 dv-cinder-803900-2-smb devstack@c-api.service[100358]: warnings.warn('Policy enforcement is depending on the value of '
Aug 09 11:34:19.096924 dv-cinder-803900-2-smb devstack@c-api.service[100359]: /usr/local/lib/python3.8/dist-packages/oslo_context/context.py:105: DeprecationWarning: Policy enforcement is depending on the value of is_admin. This key is deprecated. Please update your policy file to use the standard policy values.
Aug 09 11:34:19.096924 dv-cinder-803900-2-smb devstack@c-api.service[100359]: warnings.warn('Policy enforcement is depending on the value of '
Aug 09 11:34:19.098112 dv-cinder-803900-2-smb devstack@c-api.service[100358]: INFO cinder.volume.api [None req-5a70f93f-8164-46c9-8d3a-5e0c11738f7e tempest-GroupSnapshotsTest-1991895341 tempest-GroupSnapshotsTest-1991895341-project] Snapshot retrieved successfully.
Aug 09 11:34:19.098721 dv-cinder-803900-2-smb devstack@c-api.service[100359]: INFO cinder.volume.api [None req-3d752201-5106-4b7f-8586-b5b1e37e0c78 tempest-VolumeQuotasNegativeTestJSON-1111787734 tempest-VolumeQuotasNegativeTestJSON-1111787734-project] Volume info retrieved successfully.
Aug 09 11:34:19.101248 dv-cinder-803900-2-smb devstack@c-api.service[100358]: INFO cinder.api.openstack.wsgi [None req-5a70f93f-8164-46c9-8d3a-5e0c11738f7e tempest-GroupSnapshotsTest-1991895341 tempest-GroupSnapshotsTest-1991895341-project] http://10.222.0.22/volume/v3/680c9f6620ff428bb6bba54ef769aefa/snapshots/5310b6d9-6cb7-4114-9460-1308af1fcae3 returned with HTTP 200
Aug 09 11:34:19.104258 dv-cinder-803900-2-smb devstack@c-api.service[100358]: [pid: 100358|app: 0|req: 86/170] 10.222.0.22 () {58 vars in 1331 bytes} [Mon Aug 9 11:34:19 2021] GET /volume/v3/680c9f6620ff428bb6bba54ef769aefa/snapshots/5310b6d9-6cb7-4114-9460-1308af1fcae3 => generated 535 bytes in 35 msecs (HTTP/1.1 200) 7 headers in 285 bytes (2 switches on core 0)
Aug 09 11:34:19.118018 dv-cinder-803900-2-smb devstack@c-api.service[100358]: INFO cinder.api.openstack.wsgi [None req-c2cc59a1-53a2-44be-b00f-4c776af5884d tempest-GroupSnapshotsTest-1991895341 tempest-GroupSnapshotsTest-1991895341-project] DELETE http://10.222.0.22/volume/v3/680c9f6620ff428bb6bba54ef769aefa/group_snapshots/70d80e76-67b3-4f2a-ae6c-9a519d3d7ab7
Aug 09 11:34:19.118615 dv-cinder-803900-2-smb devstack@c-api.service[100358]: DEBUG cinder.api.openstack.wsgi [None req-c2cc59a1-53a2-44be-b00f-4c776af5884d tempest-GroupSnapshotsTest-1991895341 tempest-GroupSnapshotsTest-1991895341-project] Empty body provided in request {{(pid=100358) get_body /opt/stack/cinder/cinder/api/openstack/wsgi.py:703}}
Aug 09 11:34:19.118732 dv-cinder-803900-2-smb devstack@c-api.service[100358]: /usr/local/lib/python3.8/dist-packages/webob/acceptparse.py:1047: DeprecationWarning: The behavior of AcceptValidHeader.best_match is currently being maintained for backward compatibility, but it will be deprecated in the future, as it does not conform to the RFC.
Aug 09 11:34:19.118732 dv-cinder-803900-2-smb devstack@c-api.service[100358]: warnings.warn(
Aug 09 11:34:19.119034 dv-cinder-803900-2-smb devstack@c-api.service[100358]: DEBUG cinder.api.openstack.wsgi [None req-c2cc59a1-53a2-44be-b00f-4c776af5884d tempest-GroupSnapshotsTest-1991895341 tempest-GroupSnapshotsTest-1991895341-project] Calling method 'version_select' {{(pid=100358) _process_stack /opt/stack/cinder/cinder/api/openstack/wsgi.py:856}}
Aug 09 11:34:19.119840 dv-cinder-803900-2-smb devstack@c-api.service[100358]: DEBUG cinder.api.v3.group_snapshots [None req-c2cc59a1-53a2-44be-b00f-4c776af5884d tempest-GroupSnapshotsTest-1991895341 tempest-GroupSnapshotsTest-1991895341-project] delete called for member 70d80e76-67b3-4f2a-ae6c-9a519d3d7ab7 {{(pid=100358) delete /opt/stack/cinder/cinder/api/v3/group_snapshots.py:72}}
Aug 09 11:34:19.119840 dv-cinder-803900-2-smb devstack@c-api.service[100358]: INFO cinder.api.v3.group_snapshots [None req-c2cc59a1-53a2-44be-b00f-4c776af5884d tempest-GroupSnapshotsTest-1991895341 tempest-GroupSnapshotsTest-1991895341-project] Delete group_snapshot with id: 70d80e76-67b3-4f2a-ae6c-9a519d3d7ab7
Aug 09 11:34:19.128430 dv-cinder-803900-2-smb devstack@c-api.service[100358]: /usr/local/lib/python3.8/dist-packages/oslo_context/context.py:105: DeprecationWarning: Policy enforcement is depending on the value of is_admin. This key is deprecated. Please update your policy file to use the standard policy values.
Aug 09 11:34:19.128430 dv-cinder-803900-2-smb devstack@c-api.service[100358]: warnings.warn('Policy enforcement is depending on the value of '
Aug 09 11:34:19.210416 dv-cinder-803900-2-smb devstack@c-api.service[100359]: ERROR cinder.volume.api [None req-3d752201-5106-4b7f-8586-b5b1e37e0c78 tempest-VolumeQuotasNegativeTestJSON-1111787734 tempest-VolumeQuotasNegativeTestJSON-1111787734-project] Quota exceeded for 10e624a9b8ab4ff9a9148d25894a229c, tried to extend volume by 1G, (1G of 1G already consumed).: cinder.exception.OverQuota: Quota exceeded for resources: ['gigabytes']
Aug 09 11:34:19.229728 dv-cinder-803900-2-smb devstack@c-api.service[100359]: INFO cinder.api.middleware.fault [None req-3d752201-5106-4b7f-8586-b5b1e37e0c78 tempest-VolumeQuotasNegativeTestJSON-1111787734 tempest-VolumeQuotasNegativeTestJSON-1111787734-project] http://10.222.0.22/volume/v3/10e624a9b8ab4ff9a9148d25894a229c/volumes/be76bc94-2979-4fd4-8685-0269a25ca9ac/action returned with HTTP 413
Aug 09 11:34:19.235104 dv-cinder-803900-2-smb devstack@c-api.service[100359]: [pid: 100359|app: 0|req: 85/171] 10.222.0.22 () {60 vars in 1367 bytes} [Mon Aug 9 11:34:19 2021] POST /volume/v3/10e624a9b8ab4ff9a9148d25894a229c/volumes/be76bc94-2979-4fd4-8685-0269a25ca9ac/action => generated 208 bytes in 160 msecs (HTTP/1.1 413) 8 headers in 323 bytes (2 switches on core 0)
Aug 09 11:34:19.248468 dv-cinder-803900-2-smb devstack@c-api.service[100359]: INFO cinder.api.openstack.wsgi [None req-90f864dc-8cec-4a6a-af6f-a0a882c8b068 tempest-VolumeQuotasNegativeTestJSON-1111787734 tempest-VolumeQuotasNegativeTestJSON-1111787734-project] DELETE http://10.222.0.22/volume/v3/10e624a9b8ab4ff9a9148d25894a229c/volumes/be76bc94-2979-4fd4-8685-0269a25ca9ac
Aug 09 11:34:19.249185 dv-cinder-803900-2-smb devstack@c-api.service[100359]: DEBUG cinder.api.openstack.wsgi [None req-90f864dc-8cec-4a6a-af6f-a0a882c8b068 tempest-VolumeQuotasNegativeTestJSON-1111787734 tempest-VolumeQuotasNegativeTestJSON-1111787734-project] Empty body provided in request {{(pid=100359) get_body /opt/stack/cinder/cinder/api/openstack/wsgi.py:703}}
Aug 09 11:34:19.249350 dv-cinder-803900-2-smb devstack@c-api.service[100359]: /usr/local/lib/python3.8/dist-packages/webob/acceptparse.py:1047: DeprecationWarning: The behavior of AcceptValidHeader.best_match is currently being maintained for backward compatibility, but it will be deprecated in the future, as it does not conform to the RFC.
Aug 09 11:34:19.249350 dv-cinder-803900-2-smb devstack@c-api.service[100359]: warnings.warn(
Aug 09 11:34:19.249843 dv-cinder-803900-2-smb devstack@c-api.service[100359]: DEBUG cinder.api.openstack.wsgi [None req-90f864dc-8cec-4a6a-af6f-a0a882c8b068 tempest-VolumeQuotasNegativeTestJSON-1111787734 tempest-VolumeQuotasNegativeTestJSON-1111787734-project] Calling method 'delete' {{(pid=100359) _process_stack /opt/stack/cinder/cinder/api/openstack/wsgi.py:856}}
Aug 09 11:34:19.250505 dv-cinder-803900-2-smb devstack@c-api.service[100359]: INFO cinder.api.v3.volumes [None req-90f864dc-8cec-4a6a-af6f-a0a882c8b068 tempest-VolumeQuotasNegativeTestJSON-1111787734 tempest-VolumeQuotasNegativeTestJSON-1111787734-project] Delete volume with id: be76bc94-2979-4fd4-8685-0269a25ca9ac
Aug 09 11:34:19.257571 dv-cinder-803900-2-smb devstack@c-api.service[100358]: INFO cinder.api.openstack.wsgi [None req-c2cc59a1-53a2-44be-b00f-4c776af5884d tempest-GroupSnapshotsTest-1991895341 tempest-GroupSnapshotsTest-1991895341-project] http://10.222.0.22/volume/v3/680c9f6620ff428bb6bba54ef769aefa/group_snapshots/70d80e76-67b3-4f2a-ae6c-9a519d3d7ab7 returned with HTTP 202
Aug 09 11:34:19.262488 dv-cinder-803900-2-smb devstack@c-api.service[100358]: [pid: 100358|app: 0|req: 87/172] 10.222.0.22 () {60 vars in 1393 bytes} [Mon Aug 9 11:34:19 2021] DELETE /volume/v3/680c9f6620ff428bb6bba54ef769aefa/group_snapshots/70d80e76-67b3-4f2a-ae6c-9a519d3d7ab7 => generated 0 bytes in 150 msecs (HTTP/1.1 202) 6 headers in 234 bytes (1 switches on core 0)
Aug 09 11:34:19.267997 dv-cinder-803900-2-smb devstack@c-api.service[100359]: /usr/local/lib/python3.8/dist-packages/oslo_context/context.py:105: DeprecationWarning: Policy enforcement is depending on the value of is_admin. This key is deprecated. Please update your policy file to use the standard policy values.
Aug 09 11:34:19.267997 dv-cinder-803900-2-smb devstack@c-api.service[100359]: warnings.warn('Policy enforcement is depending on the value of '
