Aug 09 11:34:17.845319 dv-cinder-803900-2-smb devstack@c-api.service[100358]: DEBUG cinder.api.openstack.wsgi [req-e307131a-0a92-438f-aefd-eaaf871d277e req-dbb3c9d5-0ae8-4263-a683-b1bf0abf1922 tempest-VolumesTestJSON-857735653 tempest-VolumesTestJSON-857735653-project] Calling method 'detail' {{(pid=100358) _process_stack /opt/stack/cinder/cinder/api/openstack/wsgi.py:856}}
Aug 09 11:34:17.845868 dv-cinder-803900-2-smb devstack@c-api.service[100358]: DEBUG cinder.api.api_utils [req-e307131a-0a92-438f-aefd-eaaf871d277e req-dbb3c9d5-0ae8-4263-a683-b1bf0abf1922 tempest-VolumesTestJSON-857735653 tempest-VolumesTestJSON-857735653-project] Removing options '' from query. {{(pid=100358) remove_invalid_filter_options /opt/stack/cinder/cinder/api/api_utils.py:73}}
Aug 09 11:34:17.847477 dv-cinder-803900-2-smb devstack@c-api.service[100358]: DEBUG cinder.volume.api [req-e307131a-0a92-438f-aefd-eaaf871d277e req-dbb3c9d5-0ae8-4263-a683-b1bf0abf1922 tempest-VolumesTestJSON-857735653 tempest-VolumesTestJSON-857735653-project] Searching by: MultiDict([('no_migration_targets', True)]). {{(pid=100358) get_all /opt/stack/cinder/cinder/volume/api.py:619}}
Aug 09 11:34:17.850769 dv-cinder-803900-2-smb devstack@c-api.service[100359]: /usr/local/lib/python3.8/dist-packages/oslo_context/context.py:105: DeprecationWarning: Policy enforcement is depending on the value of is_admin. This key is deprecated. Please update your policy file to use the standard policy values.
Aug 09 11:34:17.850769 dv-cinder-803900-2-smb devstack@c-api.service[100359]: warnings.warn('Policy enforcement is depending on the value of '
Aug 09 11:34:17.858276 dv-cinder-803900-2-smb devstack@c-api.service[100359]: INFO cinder.volume.api [None req-77bc6440-331c-41a7-b6b4-d3588e29e0a3 tempest-VolumeQuotasNegativeTestJSON-1111787734 tempest-VolumeQuotasNegativeTestJSON-1111787734-project] Volume info retrieved successfully.
Aug 09 11:34:17.892654 dv-cinder-803900-2-smb devstack@c-api.service[100359]: INFO cinder.api.openstack.wsgi [None req-77bc6440-331c-41a7-b6b4-d3588e29e0a3 tempest-VolumeQuotasNegativeTestJSON-1111787734 tempest-VolumeQuotasNegativeTestJSON-1111787734-project] http://10.222.0.22/volume/v3/10e624a9b8ab4ff9a9148d25894a229c/volumes/be76bc94-2979-4fd4-8685-0269a25ca9ac returned with HTTP 200
Aug 09 11:34:17.900040 dv-cinder-803900-2-smb devstack@c-api.service[100359]: [pid: 100359|app: 0|req: 74/146] 10.222.0.22 () {58 vars in 1325 bytes} [Mon Aug 9 11:34:17 2021] GET /volume/v3/10e624a9b8ab4ff9a9148d25894a229c/volumes/be76bc94-2979-4fd4-8685-0269a25ca9ac => generated 921 bytes in 70 msecs (HTTP/1.1 200) 7 headers in 285 bytes (1 switches on core 0)
Aug 09 11:34:17.908090 dv-cinder-803900-2-smb devstack@c-api.service[100359]: INFO cinder.api.openstack.wsgi [None req-539acc88-f770-48fa-9af9-11a00a4d4590 tempest-GroupsV320Test-1584114916 tempest-GroupsV320Test-1584114916-project-admin] POST http://10.222.0.22/volume/v3/4ce2ef60070242f3a42f532e01e2057c/groups/068f8a48-683b-4cfd-93b1-da6acde4d7ed/action
Aug 09 11:34:17.908526 dv-cinder-803900-2-smb devstack@c-api.service[100359]: /usr/local/lib/python3.8/dist-packages/webob/acceptparse.py:1047: DeprecationWarning: The behavior of AcceptValidHeader.best_match is currently being maintained for backward compatibility, but it will be deprecated in the future, as it does not conform to the RFC.
Aug 09 11:34:17.908526 dv-cinder-803900-2-smb devstack@c-api.service[100359]: warnings.warn(
Aug 09 11:34:17.908907 dv-cinder-803900-2-smb devstack@c-api.service[100359]: DEBUG cinder.api.openstack.wsgi [None req-539acc88-f770-48fa-9af9-11a00a4d4590 tempest-GroupsV320Test-1584114916 tempest-GroupsV320Test-1584114916-project-admin] Action body: b'{"reset_status": {"status": "available"}}' {{(pid=100359) get_method /opt/stack/cinder/cinder/api/openstack/wsgi.py:971}}
Aug 09 11:34:17.909262 dv-cinder-803900-2-smb devstack@c-api.service[100359]: DEBUG cinder.api.openstack.wsgi [None req-539acc88-f770-48fa-9af9-11a00a4d4590 tempest-GroupsV320Test-1584114916 tempest-GroupsV320Test-1584114916-project-admin] Action: 'action', calling method: version_select, body: {"reset_status": {"status": "available"}} {{(pid=100359) _process_stack /opt/stack/cinder/cinder/api/openstack/wsgi.py:854}}
Aug 09 11:34:17.910564 dv-cinder-803900-2-smb devstack@c-api.service[100359]: DEBUG cinder.api.v3.groups [None req-539acc88-f770-48fa-9af9-11a00a4d4590 tempest-GroupsV320Test-1584114916 tempest-GroupsV320Test-1584114916-project-admin] Updating group '068f8a48-683b-4cfd-93b1-da6acde4d7ed' with 'available' {{(pid=100359) _reset_status /opt/stack/cinder/cinder/api/v3/groups.py:82}}
Aug 09 11:34:17.923509 dv-cinder-803900-2-smb devstack@c-api.service[100359]: /usr/local/lib/python3.8/dist-packages/oslo_context/context.py:105: DeprecationWarning: Policy enforcement is depending on the value of is_admin. This key is deprecated. Please update your policy file to use the standard policy values.
Aug 09 11:34:17.923509 dv-cinder-803900-2-smb devstack@c-api.service[100359]: warnings.warn('Policy enforcement is depending on the value of '
Aug 09 11:34:17.936660 dv-cinder-803900-2-smb devstack@c-api.service[100359]: INFO cinder.api.openstack.wsgi [None req-539acc88-f770-48fa-9af9-11a00a4d4590 tempest-GroupsV320Test-1584114916 tempest-GroupsV320Test-1584114916-project-admin] http://10.222.0.22/volume/v3/4ce2ef60070242f3a42f532e01e2057c/groups/068f8a48-683b-4cfd-93b1-da6acde4d7ed/action returned with HTTP 202
Aug 09 11:34:17.941628 dv-cinder-803900-2-smb devstack@c-api.service[100359]: [pid: 100359|app: 0|req: 75/147] 10.222.0.22 () {62 vars in 1405 bytes} [Mon Aug 9 11:34:17 2021] POST /volume/v3/4ce2ef60070242f3a42f532e01e2057c/groups/068f8a48-683b-4cfd-93b1-da6acde4d7ed/action => generated 0 bytes in 41 msecs (HTTP/1.1 202) 6 headers in 234 bytes (1 switches on core 0)
Aug 09 11:34:17.948022 dv-cinder-803900-2-smb devstack@c-api.service[100358]: INFO cinder.volume.api [req-e307131a-0a92-438f-aefd-eaaf871d277e req-dbb3c9d5-0ae8-4263-a683-b1bf0abf1922 tempest-VolumesTestJSON-857735653 tempest-VolumesTestJSON-857735653-project] Get all volumes completed successfully.
Aug 09 11:34:17.948842 dv-cinder-803900-2-smb devstack@c-api.service[100359]: INFO cinder.api.openstack.wsgi [None req-e8fccab3-eeac-4446-b440-8a8f4f13aece tempest-VolumeQuotasNegativeTestJSON-1804504771 tempest-VolumeQuotasNegativeTestJSON-1804504771-project-admin] PUT http://10.222.0.22/volume/v3/4cdc64a041ed488db3560702cca87994/os-quota-sets/10e624a9b8ab4ff9a9148d25894a229c
Aug 09 11:34:17.949499 dv-cinder-803900-2-smb devstack@c-api.service[100359]: /usr/local/lib/python3.8/dist-packages/webob/acceptparse.py:1047: DeprecationWarning: The behavior of AcceptValidHeader.best_match is currently being maintained for backward compatibility, but it will be deprecated in the future, as it does not conform to the RFC.
Aug 09 11:34:17.949499 dv-cinder-803900-2-smb devstack@c-api.service[100359]: warnings.warn(
Aug 09 11:34:17.950112 dv-cinder-803900-2-smb devstack@c-api.service[100359]: DEBUG cinder.api.openstack.wsgi [None req-e8fccab3-eeac-4446-b440-8a8f4f13aece tempest-VolumeQuotasNegativeTestJSON-1804504771 tempest-VolumeQuotasNegativeTestJSON-1804504771-project-admin] Action: 'update', calling method: update, body: {"quota_set": {"gigabytes": 1, "volumes": -1}} {{(pid=100359) _process_stack /opt/stack/cinder/cinder/api/openstack/wsgi.py:854}}
Aug 09 11:34:17.950233 dv-cinder-803900-2-smb devstack@c-api.service[100358]: /usr/local/lib/python3.8/dist-packages/oslo_context/context.py:105: DeprecationWarning: Policy enforcement is depending on the value of is_admin. This key is deprecated. Please update your policy file to use the standard policy values.
Aug 09 11:34:17.950233 dv-cinder-803900-2-smb devstack@c-api.service[100358]: warnings.warn('Policy enforcement is depending on the value of '
Aug 09 11:34:17.960036 dv-cinder-803900-2-smb devstack@c-api.service[100358]: INFO cinder.api.openstack.wsgi [req-e307131a-0a92-438f-aefd-eaaf871d277e req-dbb3c9d5-0ae8-4263-a683-b1bf0abf1922 tempest-VolumesTestJSON-857735653 tempest-VolumesTestJSON-857735653-project] http://10.222.0.22/volume/v3/95fa2a40f6f8413a92a4352dcea795d7/volumes/detail returned with HTTP 200
Aug 09 11:34:17.960963 dv-cinder-803900-2-smb devstack@c-api.service[100358]: [pid: 100358|app: 0|req: 73/148] 10.222.0.22 () {60 vars in 1489 bytes} [Mon Aug 9 11:34:17 2021] GET /volume/v3/95fa2a40f6f8413a92a4352dcea795d7/volumes/detail => generated 2748 bytes in 130 msecs (HTTP/1.1 200) 7 headers in 286 bytes (1 switches on core 0)
Aug 09 11:34:17.969377 dv-cinder-803900-2-smb devstack@c-api.service[100358]: INFO cinder.api.openstack.wsgi [None req-98b06c01-917b-4787-860e-6d6287f8c148 tempest-GroupsV320Test-153399039 tempest-GroupsV320Test-153399039-project] GET http://10.222.0.22/volume/v3/2d40328fabba487bb5e629f54c630e42/groups/068f8a48-683b-4cfd-93b1-da6acde4d7ed
Aug 09 11:34:17.970058 dv-cinder-803900-2-smb devstack@c-api.service[100358]: DEBUG cinder.api.openstack.wsgi [None req-98b06c01-917b-4787-860e-6d6287f8c148 tempest-GroupsV320Test-153399039 tempest-GroupsV320Test-153399039-project] Empty body provided in request {{(pid=100358) get_body /opt/stack/cinder/cinder/api/openstack/wsgi.py:703}}
Aug 09 11:34:17.970360 dv-cinder-803900-2-smb devstack@c-api.service[100358]: /usr/local/lib/python3.8/dist-packages/webob/acceptparse.py:1047: DeprecationWarning: The behavior of AcceptValidHeader.best_match is currently being maintained for backward compatibility, but it will be deprecated in the future, as it does not conform to the RFC.
Aug 09 11:34:17.970360 dv-cinder-803900-2-smb devstack@c-api.service[100358]: warnings.warn(
Aug 09 11:34:17.970859 dv-cinder-803900-2-smb devstack@c-api.service[100358]: DEBUG cinder.api.openstack.wsgi [None req-98b06c01-917b-4787-860e-6d6287f8c148 tempest-GroupsV320Test-153399039 tempest-GroupsV320Test-153399039-project] Calling method 'version_select' {{(pid=100358) _process_stack /opt/stack/cinder/cinder/api/openstack/wsgi.py:856}}
Aug 09 11:34:17.971336 dv-cinder-803900-2-smb devstack@c-api.service[100358]: DEBUG cinder.api.v3.groups [None req-98b06c01-917b-4787-860e-6d6287f8c148 tempest-GroupsV320Test-153399039 tempest-GroupsV320Test-153399039-project] show called for member 068f8a48-683b-4cfd-93b1-da6acde4d7ed {{(pid=100358) show /opt/stack/cinder/cinder/api/v3/groups.py:58}}
Aug 09 11:34:17.989597 dv-cinder-803900-2-smb devstack@c-api.service[100358]: /usr/local/lib/python3.8/dist-packages/oslo_context/context.py:105: DeprecationWarning: Policy enforcement is depending on the value of is_admin. This key is deprecated. Please update your policy file to use the standard policy values.
Aug 09 11:34:17.989597 dv-cinder-803900-2-smb devstack@c-api.service[100358]: warnings.warn('Policy enforcement is depending on the value of '
Aug 09 11:34:18.010453 dv-cinder-803900-2-smb devstack@c-api.service[100358]: INFO cinder.api.openstack.wsgi [None req-98b06c01-917b-4787-860e-6d6287f8c148 tempest-GroupsV320Test-153399039 tempest-GroupsV320Test-153399039-project] http://10.222.0.22/volume/v3/2d40328fabba487bb5e629f54c630e42/groups/068f8a48-683b-4cfd-93b1-da6acde4d7ed returned with HTTP 200
Aug 09 11:34:18.011672 dv-cinder-803900-2-smb devstack@c-api.service[100358]: [pid: 100358|app: 0|req: 74/149] 10.222.0.22 () {60 vars in 1363 bytes} [Mon Aug 9 11:34:17 2021] GET /volume/v3/2d40328fabba487bb5e629f54c630e42/groups/068f8a48-683b-4cfd-93b1-da6acde4d7ed => generated 389 bytes in 50 msecs (HTTP/1.1 200) 7 headers in 286 bytes (1 switches on core 0)
Aug 09 11:34:18.016143 dv-cinder-803900-2-smb devstack@c-api.service[100358]: INFO cinder.api.openstack.wsgi [req-43beffd9-188d-43e1-8844-9a928b515f72 req-a017b4c4-a056-47b3-ac92-1b6c2626f7e4 tempest-VolumesTestJSON-857735653 tempest-VolumesTestJSON-857735653-project] GET http://10.222.0.22/volume/v3/95fa2a40f6f8413a92a4352dcea795d7/volumes/detail
Aug 09 11:34:18.016980 dv-cinder-803900-2-smb devstack@c-api.service[100358]: DEBUG cinder.api.openstack.wsgi [req-43beffd9-188d-43e1-8844-9a928b515f72 req-a017b4c4-a056-47b3-ac92-1b6c2626f7e4 tempest-VolumesTestJSON-857735653 tempest-VolumesTestJSON-857735653-project] Empty body provided in request {{(pid=100358) get_body /opt/stack/cinder/cinder/api/openstack/wsgi.py:703}}
Aug 09 11:34:18.017373 dv-cinder-803900-2-smb devstack@c-api.service[100358]: /usr/local/lib/python3.8/dist-packages/webob/acceptparse.py:1047: DeprecationWarning: The behavior of AcceptValidHeader.best_match is currently being maintained for backward compatibility, but it will be deprecated in the future, as it does not conform to the RFC.
Aug 09 11:34:18.017373 dv-cinder-803900-2-smb devstack@c-api.service[100358]: warnings.warn(
Aug 09 11:34:18.017929 dv-cinder-803900-2-smb devstack@c-api.service[100358]: DEBUG cinder.api.openstack.wsgi [req-43beffd9-188d-43e1-8844-9a928b515f72 req-a017b4c4-a056-47b3-ac92-1b6c2626f7e4 tempest-VolumesTestJSON-857735653 tempest-VolumesTestJSON-857735653-project] Calling method 'detail' {{(pid=100358) _process_stack /opt/stack/cinder/cinder/api/openstack/wsgi.py:856}}
Aug 09 11:34:18.018674 dv-cinder-803900-2-smb devstack@c-api.service[100358]: DEBUG cinder.api.api_utils [req-43beffd9-188d-43e1-8844-9a928b515f72 req-a017b4c4-a056-47b3-ac92-1b6c2626f7e4 tempest-VolumesTestJSON-857735653 tempest-VolumesTestJSON-857735653-project] Removing options '' from query. {{(pid=100358) remove_invalid_filter_options /opt/stack/cinder/cinder/api/api_utils.py:73}}
Aug 09 11:34:18.019780 dv-cinder-803900-2-smb devstack@c-api.service[100358]: /usr/local/lib/python3.8/dist-packages/oslo_context/context.py:105: DeprecationWarning: Policy enforcement is depending on the value of is_admin. This key is deprecated. Please update your policy file to use the standard policy values.
Aug 09 11:34:18.019780 dv-cinder-803900-2-smb devstack@c-api.service[100358]: warnings.warn('Policy enforcement is depending on the value of '
Aug 09 11:34:18.020976 dv-cinder-803900-2-smb devstack@c-api.service[100358]: DEBUG cinder.volume.api [req-43beffd9-188d-43e1-8844-9a928b515f72 req-a017b4c4-a056-47b3-ac92-1b6c2626f7e4 tempest-VolumesTestJSON-857735653 tempest-VolumesTestJSON-857735653-project] Searching by: MultiDict([('no_migration_targets', True)]). {{(pid=100358) get_all /opt/stack/cinder/cinder/volume/api.py:619}}
Aug 09 11:34:18.082088 dv-cinder-803900-2-smb devstack@c-api.service[100358]: INFO cinder.volume.api [req-43beffd9-188d-43e1-8844-9a928b515f72 req-a017b4c4-a056-47b3-ac92-1b6c2626f7e4 tempest-VolumesTestJSON-857735653 tempest-VolumesTestJSON-857735653-project] Get all volumes completed successfully.
Aug 09 11:34:18.084368 dv-cinder-803900-2-smb devstack@c-api.service[100358]: /usr/local/lib/python3.8/dist-packages/oslo_context/context.py:105: DeprecationWarning: Policy enforcement is depending on the value of is_admin. This key is deprecated. Please update your policy file to use the standard policy values.
Aug 09 11:34:18.084368 dv-cinder-803900-2-smb devstack@c-api.service[100358]: warnings.warn('Policy enforcement is depending on the value of '
Aug 09 11:34:18.093262 dv-cinder-803900-2-smb devstack@c-api.service[100358]: INFO cinder.api.openstack.wsgi [req-43beffd9-188d-43e1-8844-9a928b515f72 req-a017b4c4-a056-47b3-ac92-1b6c2626f7e4 tempest-VolumesTestJSON-857735653 tempest-VolumesTestJSON-857735653-project] http://10.222.0.22/volume/v3/95fa2a40f6f8413a92a4352dcea795d7/volumes/detail returned with HTTP 200
Aug 09 11:34:18.094361 dv-cinder-803900-2-smb devstack@c-api.service[100358]: [pid: 100358|app: 0|req: 75/150] 10.222.0.22 () {60 vars in 1489 bytes} [Mon Aug 9 11:34:18 2021] GET /volume/v3/95fa2a40f6f8413a92a4352dcea795d7/volumes/detail => generated 2748 bytes in 82 msecs (HTTP/1.1 200) 7 headers in 286 bytes (1 switches on core 0)
Aug 09 11:34:18.099171 dv-cinder-803900-2-smb devstack@c-api.service[100359]: WARNING cinder.quota [None req-e8fccab3-eeac-4446-b440-8a8f4f13aece tempest-VolumeQuotasNegativeTestJSON-1804504771 tempest-VolumeQuotasNegativeTestJSON-1804504771-project-admin] Deprecated: Default quota for resource: volumes_tempest-GroupsV320Test-volume-type-1312523553 is set by the default quota flag: quota_volumes_tempest-GroupsV320Test-volume-type-1312523553, it is now deprecated. Please use the default quota class for default quota.
Aug 09 11:34:18.100095 dv-cinder-803900-2-smb devstack@c-api.service[100359]: WARNING cinder.quota [None req-e8fccab3-eeac-4446-b440-8a8f4f13aece tempest-VolumeQuotasNegativeTestJSON-1804504771 tempest-VolumeQuotasNegativeTestJSON-1804504771-project-admin] Deprecated: Default quota for resource: gigabytes_tempest-GroupsV320Test-volume-type-1312523553 is set by the default quota flag: quota_gigabytes_tempest-GroupsV320Test-volume-type-1312523553, it is now deprecated. Please use the default quota class for default quota.
Aug 09 11:34:18.100795 dv-cinder-803900-2-smb devstack@c-api.service[100359]: WARNING cinder.quota [None req-e8fccab3-eeac-4446-b440-8a8f4f13aece tempest-VolumeQuotasNegativeTestJSON-1804504771 tempest-VolumeQuotasNegativeTestJSON-1804504771-project-admin] Deprecated: Default quota for resource: snapshots_tempest-GroupsV320Test-volume-type-1312523553 is set by the default quota flag: quota_snapshots_tempest-GroupsV320Test-volume-type-1312523553, it is now deprecated. Please use the default quota class for default quota.
Aug 09 11:34:18.101545 dv-cinder-803900-2-smb devstack@c-api.service[100359]: WARNING cinder.quota [None req-e8fccab3-eeac-4446-b440-8a8f4f13aece tempest-VolumeQuotasNegativeTestJSON-1804504771 tempest-VolumeQuotasNegativeTestJSON-1804504771-project-admin] Deprecated: Default quota for resource: volumes_tempest-GroupSnapshotsTest-volume-type-1458127265 is set by the default quota flag: quota_volumes_tempest-GroupSnapshotsTest-volume-type-1458127265, it is now deprecated. Please use the default quota class for default quota.
Aug 09 11:34:18.119040 dv-cinder-803900-2-smb devstack@c-api.service[100358]: INFO cinder.api.openstack.wsgi [None req-46863392-a802-48a1-a486-574bc7ab8f68 tempest-GroupsV320Test-1584114916 tempest-GroupsV320Test-1584114916-project-admin] POST http://10.222.0.22/volume/v3/4ce2ef60070242f3a42f532e01e2057c/groups/068f8a48-683b-4cfd-93b1-da6acde4d7ed/action
Aug 09 11:34:18.119480 dv-cinder-803900-2-smb devstack@c-api.service[100358]: /usr/local/lib/python3.8/dist-packages/webob/acceptparse.py:1047: DeprecationWarning: The behavior of AcceptValidHeader.best_match is currently being maintained for backward compatibility, but it will be deprecated in the future, as it does not conform to the RFC.
Aug 09 11:34:18.119480 dv-cinder-803900-2-smb devstack@c-api.service[100358]: warnings.warn(
Aug 09 11:34:18.123224 dv-cinder-803900-2-smb devstack@c-api.service[100358]: DEBUG cinder.api.openstack.wsgi [None req-46863392-a802-48a1-a486-574bc7ab8f68 tempest-GroupsV320Test-1584114916 tempest-GroupsV320Test-1584114916-project-admin] Action body: b'{"reset_status": {"status": "error"}}' {{(pid=100358) get_method /opt/stack/cinder/cinder/api/openstack/wsgi.py:971}}
Aug 09 11:34:18.123694 dv-cinder-803900-2-smb devstack@c-api.service[100358]: DEBUG cinder.api.openstack.wsgi [None req-46863392-a802-48a1-a486-574bc7ab8f68 tempest-GroupsV320Test-1584114916 tempest-GroupsV320Test-1584114916-project-admin] Action: 'action', calling method: reset_status, body: {"reset_status": {"status": "error"}} {{(pid=100358) _process_stack /opt/stack/cinder/cinder/api/openstack/wsgi.py:854}}
Aug 09 11:34:18.126534 dv-cinder-803900-2-smb devstack@c-api.service[100358]: DEBUG cinder.api.v3.groups [None req-46863392-a802-48a1-a486-574bc7ab8f68 tempest-GroupsV320Test-1584114916 tempest-GroupsV320Test-1584114916-project-admin] Updating group '068f8a48-683b-4cfd-93b1-da6acde4d7ed' with 'error' {{(pid=100358) _reset_status /opt/stack/cinder/cinder/api/v3/groups.py:82}}
Aug 09 11:34:18.133352 dv-cinder-803900-2-smb devstack@c-api.service[100358]: /usr/local/lib/python3.8/dist-packages/oslo_context/context.py:105: DeprecationWarning: Policy enforcement is depending on the value of is_admin. This key is deprecated. Please update your policy file to use the standard policy values.
Aug 09 11:34:18.133352 dv-cinder-803900-2-smb devstack@c-api.service[100358]: warnings.warn('Policy enforcement is depending on the value of '
Aug 09 11:34:18.145384 dv-cinder-803900-2-smb devstack@c-api.service[100358]: INFO cinder.api.openstack.wsgi [None req-46863392-a802-48a1-a486-574bc7ab8f68 tempest-GroupsV320Test-1584114916 tempest-GroupsV320Test-1584114916-project-admin] http://10.222.0.22/volume/v3/4ce2ef60070242f3a42f532e01e2057c/groups/068f8a48-683b-4cfd-93b1-da6acde4d7ed/action returned with HTTP 202
Aug 09 11:34:18.150809 dv-cinder-803900-2-smb devstack@c-api.service[100359]: INFO cinder.api.openstack.wsgi [None req-e8fccab3-eeac-4446-b440-8a8f4f13aece tempest-VolumeQuotasNegativeTestJSON-1804504771 tempest-VolumeQuotasNegativeTestJSON-1804504771-project-admin] http://10.222.0.22/volume/v3/4cdc64a041ed488db3560702cca87994/os-quota-sets/10e624a9b8ab4ff9a9148d25894a229c returned with HTTP 200
Aug 09 11:34:18.151561 dv-cinder-803900-2-smb devstack@c-api.service[100358]: [pid: 100358|app: 0|req: 76/152] 10.222.0.22 () {62 vars in 1405 bytes} [Mon Aug 9 11:34:18 2021] POST /volume/v3/4ce2ef60070242f3a42f532e01e2057c/groups/068f8a48-683b-4cfd-93b1-da6acde4d7ed/action => generated 0 bytes in 56 msecs (HTTP/1.1 202) 6 headers in 234 bytes (1 switches on core 0)
Aug 09 11:34:18.157333 dv-cinder-803900-2-smb devstack@c-api.service[100358]: INFO cinder.api.openstack.wsgi [req-66656bff-aacd-43bb-b4b2-3a82f1dd7731 req-b0607668-8c1e-4cf9-b22a-d946fb40610f tempest-VolumesTestJSON-857735653 tempest-VolumesTestJSON-857735653-project] GET http://10.222.0.22/volume/v3/95fa2a40f6f8413a92a4352dcea795d7/volumes/detail
Aug 09 11:34:18.158347 dv-cinder-803900-2-smb devstack@c-api.service[100358]: DEBUG cinder.api.openstack.wsgi [req-66656bff-aacd-43bb-b4b2-3a82f1dd7731 req-b0607668-8c1e-4cf9-b22a-d946fb40610f tempest-VolumesTestJSON-857735653 tempest-VolumesTestJSON-857735653-project] Empty body provided in request {{(pid=100358) get_body /opt/stack/cinder/cinder/api/openstack/wsgi.py:703}}
Aug 09 11:34:18.158508 dv-cinder-803900-2-smb devstack@c-api.service[100359]: [pid: 100359|app: 0|req: 76/152] 10.222.0.22 () {60 vars in 1351 bytes} [Mon Aug 9 11:34:17 2021] PUT /volume/v3/4cdc64a041ed488db3560702cca87994/os-quota-sets/10e624a9b8ab4ff9a9148d25894a229c => generated 898 bytes in 209 msecs (HTTP/1.1 200) 7 headers in 285 bytes (1 switches on core 0)
Aug 09 11:34:18.158787 dv-cinder-803900-2-smb devstack@c-api.service[100358]: /usr/local/lib/python3.8/dist-packages/webob/acceptparse.py:1047: DeprecationWarning: The behavior of AcceptValidHeader.best_match is currently being maintained for backward compatibility, but it will be deprecated in the future, as it does not conform to the RFC.
Aug 09 11:34:18.158787 dv-cinder-803900-2-smb devstack@c-api.service[100358]: warnings.warn(
Aug 09 11:34:18.159399 dv-cinder-803900-2-smb devstack@c-api.service[100358]: DEBUG cinder.api.openstack.wsgi [req-66656bff-aacd-43bb-b4b2-3a82f1dd7731 req-b0607668-8c1e-4cf9-b22a-d946fb40610f tempest-VolumesTestJSON-857735653 tempest-VolumesTestJSON-857735653-project] Calling method 'detail' {{(pid=100358) _process_stack /opt/stack/cinder/cinder/api/openstack/wsgi.py:856}}
Aug 09 11:34:18.160254 dv-cinder-803900-2-smb devstack@c-api.service[100358]: DEBUG cinder.api.api_utils [req-66656bff-aacd-43bb-b4b2-3a82f1dd7731 req-b0607668-8c1e-4cf9-b22a-d946fb40610f tempest-VolumesTestJSON-857735653 tempest-VolumesTestJSON-857735653-project] Removing options '' from query. {{(pid=100358) remove_invalid_filter_options /opt/stack/cinder/cinder/api/api_utils.py:73}}
Aug 09 11:34:18.162545 dv-cinder-803900-2-smb devstack@c-api.service[100358]: DEBUG cinder.volume.api [req-66656bff-aacd-43bb-b4b2-3a82f1dd7731 req-b0607668-8c1e-4cf9-b22a-d946fb40610f tempest-VolumesTestJSON-857735653 tempest-VolumesTestJSON-857735653-project] Searching by: MultiDict([('no_migration_targets', True)]). {{(pid=100358) get_all /opt/stack/cinder/cinder/volume/api.py:619}}
Aug 09 11:34:18.170592 dv-cinder-803900-2-smb devstack@c-api.service[100359]: INFO cinder.api.openstack.wsgi [None req-fb8914c1-bb64-4511-a28f-7af286f8ed24 tempest-GroupsV320Test-153399039 tempest-GroupsV320Test-153399039-project] GET http://10.222.0.22/volume/v3/2d40328fabba487bb5e629f54c630e42/groups/068f8a48-683b-4cfd-93b1-da6acde4d7ed
Aug 09 11:34:18.172073 dv-cinder-803900-2-smb devstack@c-api.service[100359]: DEBUG cinder.api.openstack.wsgi [None req-fb8914c1-bb64-4511-a28f-7af286f8ed24 tempest-GroupsV320Test-153399039 tempest-GroupsV320Test-153399039-project] Empty body provided in request {{(pid=100359) get_body /opt/stack/cinder/cinder/api/openstack/wsgi.py:703}}
Aug 09 11:34:18.173500 dv-cinder-803900-2-smb devstack@c-api.service[100359]: DEBUG cinder.api.openstack.wsgi [None req-fb8914c1-bb64-4511-a28f-7af286f8ed24 tempest-GroupsV320Test-153399039 tempest-GroupsV320Test-153399039-project] Calling method 'version_select' {{(pid=100359) _process_stack /opt/stack/cinder/cinder/api/openstack/wsgi.py:856}}
Aug 09 11:34:18.175324 dv-cinder-803900-2-smb devstack@c-api.service[100359]: DEBUG cinder.api.v3.groups [None req-fb8914c1-bb64-4511-a28f-7af286f8ed24 tempest-GroupsV320Test-153399039 tempest-GroupsV320Test-153399039-project] show called for member 068f8a48-683b-4cfd-93b1-da6acde4d7ed {{(pid=100359) show /opt/stack/cinder/cinder/api/v3/groups.py:58}}
Aug 09 11:34:18.190474 dv-cinder-803900-2-smb devstack@c-api.service[100359]: /usr/local/lib/python3.8/dist-packages/oslo_context/context.py:105: DeprecationWarning: Policy enforcement is depending on the value of is_admin. This key is deprecated. Please update your policy file to use the standard policy values.
Aug 09 11:34:18.190474 dv-cinder-803900-2-smb devstack@c-api.service[100359]: warnings.warn('Policy enforcement is depending on the value of '
Aug 09 11:34:18.227650 dv-cinder-803900-2-smb devstack@c-api.service[100359]: INFO cinder.api.openstack.wsgi [None req-fb8914c1-bb64-4511-a28f-7af286f8ed24 tempest-GroupsV320Test-153399039 tempest-GroupsV320Test-153399039-project] http://10.222.0.22/volume/v3/2d40328fabba487bb5e629f54c630e42/groups/068f8a48-683b-4cfd-93b1-da6acde4d7ed returned with HTTP 200
Aug 09 11:34:18.236813 dv-cinder-803900-2-smb devstack@c-api.service[100359]: [pid: 100359|app: 0|req: 77/153] 10.222.0.22 () {60 vars in 1363 bytes} [Mon Aug 9 11:34:18 2021] GET /volume/v3/2d40328fabba487bb5e629f54c630e42/groups/068f8a48-683b-4cfd-93b1-da6acde4d7ed => generated 385 bytes in 72 msecs (HTTP/1.1 200) 7 headers in 286 bytes (1 switches on core 0)
Aug 09 11:34:18.243743 dv-cinder-803900-2-smb devstack@c-api.service[100358]: INFO cinder.volume.api [req-66656bff-aacd-43bb-b4b2-3a82f1dd7731 req-b0607668-8c1e-4cf9-b22a-d946fb40610f tempest-VolumesTestJSON-857735653 tempest-VolumesTestJSON-857735653-project] Get all volumes completed successfully.
Aug 09 11:34:18.244237 dv-cinder-803900-2-smb devstack@c-api.service[100359]: INFO cinder.api.openstack.wsgi [None req-2ffaab16-1204-4fdd-a46d-f23d4a0a3f4b tempest-VolumeQuotasNegativeTestJSON-1111787734 tempest-VolumeQuotasNegativeTestJSON-1111787734-project] POST http://10.222.0.22/volume/v3/10e624a9b8ab4ff9a9148d25894a229c/volumes
Aug 09 11:34:18.246496 dv-cinder-803900-2-smb devstack@c-api.service[100359]: /usr/local/lib/python3.8/dist-packages/webob/acceptparse.py:1047: DeprecationWarning: The behavior of AcceptValidHeader.best_match is currently being maintained for backward compatibility, but it will be deprecated in the future, as it does not conform to the RFC.
Aug 09 11:34:18.246496 dv-cinder-803900-2-smb devstack@c-api.service[100359]: warnings.warn(
Aug 09 11:34:18.246768 dv-cinder-803900-2-smb devstack@c-api.service[100358]: /usr/local/lib/python3.8/dist-packages/oslo_context/context.py:105: DeprecationWarning: Policy enforcement is depending on the value of is_admin. This key is deprecated. Please update your policy file to use the standard policy values.
Aug 09 11:34:18.246768 dv-cinder-803900-2-smb devstack@c-api.service[100358]: warnings.warn('Policy enforcement is depending on the value of '
Aug 09 11:34:18.247272 dv-cinder-803900-2-smb devstack@c-api.service[100359]: DEBUG cinder.api.openstack.wsgi [None req-2ffaab16-1204-4fdd-a46d-f23d4a0a3f4b tempest-VolumeQuotasNegativeTestJSON-1111787734 tempest-VolumeQuotasNegativeTestJSON-1111787734-project] Action: 'create', calling method: create, body: {"volume": {"size": 2}} {{(pid=100359) _process_stack /opt/stack/cinder/cinder/api/openstack/wsgi.py:854}}
Aug 09 11:34:18.248597 dv-cinder-803900-2-smb devstack@c-api.service[100359]: DEBUG cinder.api.v3.volumes [None req-2ffaab16-1204-4fdd-a46d-f23d4a0a3f4b tempest-VolumeQuotasNegativeTestJSON-1111787734 tempest-VolumeQuotasNegativeTestJSON-1111787734-project] Create volume request body: {'volume': {'size': 2}} {{(pid=100359) create /opt/stack/cinder/cinder/api/v3/volumes.py:290}}
Aug 09 11:34:18.249035 dv-cinder-803900-2-smb devstack@c-api.service[100359]: INFO cinder.api.v3.volumes [None req-2ffaab16-1204-4fdd-a46d-f23d4a0a3f4b tempest-VolumeQuotasNegativeTestJSON-1111787734 tempest-VolumeQuotasNegativeTestJSON-1111787734-project] Create volume of 2 GB
Aug 09 11:34:18.250358 dv-cinder-803900-2-smb devstack@c-api.service[100359]: /usr/local/lib/python3.8/dist-packages/oslo_context/context.py:105: DeprecationWarning: Policy enforcement is depending on the value of is_admin. This key is deprecated. Please update your policy file to use the standard policy values.
Aug 09 11:34:18.250358 dv-cinder-803900-2-smb devstack@c-api.service[100359]: warnings.warn('Policy enforcement is depending on the value of '
Aug 09 11:34:18.258440 dv-cinder-803900-2-smb devstack@c-api.service[100358]: INFO cinder.api.openstack.wsgi [req-66656bff-aacd-43bb-b4b2-3a82f1dd7731 req-b0607668-8c1e-4cf9-b22a-d946fb40610f tempest-VolumesTestJSON-857735653 tempest-VolumesTestJSON-857735653-project] http://10.222.0.22/volume/v3/95fa2a40f6f8413a92a4352dcea795d7/volumes/detail returned with HTTP 200
Aug 09 11:34:18.263626 dv-cinder-803900-2-smb devstack@c-api.service[100358]: [pid: 100358|app: 0|req: 77/154] 10.222.0.22 () {60 vars in 1489 bytes} [Mon Aug 9 11:34:18 2021] GET /volume/v3/95fa2a40f6f8413a92a4352dcea795d7/volumes/detail => generated 2748 bytes in 111 msecs (HTTP/1.1 200) 7 headers in 286 bytes (1 switches on core 0)
Aug 09 11:34:18.272780 dv-cinder-803900-2-smb devstack@c-api.service[100359]: INFO cinder.volume.api [None req-2ffaab16-1204-4fdd-a46d-f23d4a0a3f4b tempest-VolumeQuotasNegativeTestJSON-1111787734 tempest-VolumeQuotasNegativeTestJSON-1111787734-project] Availability Zones retrieved successfully.
Aug 09 11:34:18.282764 dv-cinder-803900-2-smb devstack@c-api.service[100358]: INFO cinder.api.openstack.wsgi [None req-2571aa23-81a3-4977-9c85-81595702e1b5 tempest-GroupsV320Test-1584114916 tempest-GroupsV320Test-1584114916-project-admin] POST http://10.222.0.22/volume/v3/4ce2ef60070242f3a42f532e01e2057c/groups/068f8a48-683b-4cfd-93b1-da6acde4d7ed/action
Aug 09 11:34:18.285038 dv-cinder-803900-2-smb devstack@c-api.service[100358]: /usr/local/lib/python3.8/dist-packages/webob/acceptparse.py:1047: DeprecationWarning: The behavior of AcceptValidHeader.best_match is currently being maintained for backward compatibility, but it will be deprecated in the future, as it does not conform to the RFC.
Aug 09 11:34:18.285038 dv-cinder-803900-2-smb devstack@c-api.service[100358]: warnings.warn(
Aug 09 11:34:18.288986 dv-cinder-803900-2-smb devstack@c-api.service[100358]: DEBUG cinder.api.openstack.wsgi [None req-2571aa23-81a3-4977-9c85-81595702e1b5 tempest-GroupsV320Test-1584114916 tempest-GroupsV320Test-1584114916-project-admin] Action body: b'{"reset_status": {"status": "available"}}' {{(pid=100358) get_method /opt/stack/cinder/cinder/api/openstack/wsgi.py:971}}
Aug 09 11:34:18.289931 dv-cinder-803900-2-smb devstack@c-api.service[100358]: DEBUG cinder.api.openstack.wsgi [None req-2571aa23-81a3-4977-9c85-81595702e1b5 tempest-GroupsV320Test-1584114916 tempest-GroupsV320Test-1584114916-project-admin] Action: 'action', calling method: reset_status, body: {"reset_status": {"status": "available"}} {{(pid=100358) _process_stack /opt/stack/cinder/cinder/api/openstack/wsgi.py:854}}
Aug 09 11:34:18.293486 dv-cinder-803900-2-smb devstack@c-api.service[100358]: DEBUG cinder.api.v3.groups [None req-2571aa23-81a3-4977-9c85-81595702e1b5 tempest-GroupsV320Test-1584114916 tempest-GroupsV320Test-1584114916-project-admin] Updating group '068f8a48-683b-4cfd-93b1-da6acde4d7ed' with 'available' {{(pid=100358) _reset_status /opt/stack/cinder/cinder/api/v3/groups.py:82}}
Aug 09 11:34:18.302601 dv-cinder-803900-2-smb devstack@c-api.service[100358]: /usr/local/lib/python3.8/dist-packages/oslo_context/context.py:105: DeprecationWarning: Policy enforcement is depending on the value of is_admin. This key is deprecated. Please update your policy file to use the standard policy values.
Aug 09 11:34:18.302601 dv-cinder-803900-2-smb devstack@c-api.service[100358]: warnings.warn('Policy enforcement is depending on the value of '
Aug 09 11:34:18.310259 dv-cinder-803900-2-smb devstack@c-api.service[100359]: DEBUG cinder.volume.api [None req-2ffaab16-1204-4fdd-a46d-f23d4a0a3f4b tempest-VolumeQuotasNegativeTestJSON-1111787734 tempest-VolumeQuotasNegativeTestJSON-1111787734-project] Flow 'volume_create_api' (43f71ddf-20d3-48c5-be55-184ddc56bab2) transitioned into state 'RUNNING' from state 'PENDING' {{(pid=100359) _flow_receiver /usr/local/lib/python3.8/dist-packages/taskflow/listeners/logging.py:141}}
Aug 09 11:34:18.313278 dv-cinder-803900-2-smb devstack@c-api.service[100359]: DEBUG cinder.volume.api [None req-2ffaab16-1204-4fdd-a46d-f23d4a0a3f4b tempest-VolumeQuotasNegativeTestJSON-1111787734 tempest-VolumeQuotasNegativeTestJSON-1111787734-project] Task 'cinder.volume.flows.api.create_volume.ExtractVolumeRequestTask;volume:create' (b7135ec4-f022-40a9-8201-3a4226fbfd59) transitioned into state 'RUNNING' from state 'PENDING' {{(pid=100359) _task_receiver /usr/local/lib/python3.8/dist-packages/taskflow/listeners/logging.py:190}}
Aug 09 11:34:18.315321 dv-cinder-803900-2-smb devstack@c-api.service[100359]: DEBUG cinder.volume.flows.api.create_volume [None req-2ffaab16-1204-4fdd-a46d-f23d4a0a3f4b tempest-VolumeQuotasNegativeTestJSON-1111787734 tempest-VolumeQuotasNegativeTestJSON-1111787734-project] Validating volume size '2' using validate_int {{(pid=100359) _extract_size /opt/stack/cinder/cinder/volume/flows/api/create_volume.py:201}}
Aug 09 11:34:18.328086 dv-cinder-803900-2-smb devstack@c-api.service[100358]: INFO cinder.api.openstack.wsgi [None req-2571aa23-81a3-4977-9c85-81595702e1b5 tempest-GroupsV320Test-1584114916 tempest-GroupsV320Test-1584114916-project-admin] http://10.222.0.22/volume/v3/4ce2ef60070242f3a42f532e01e2057c/groups/068f8a48-683b-4cfd-93b1-da6acde4d7ed/action returned with HTTP 202
Aug 09 11:34:18.332485 dv-cinder-803900-2-smb devstack@c-api.service[100358]: [pid: 100358|app: 0|req: 78/155] 10.222.0.22 () {62 vars in 1405 bytes} [Mon Aug 9 11:34:18 2021] POST /volume/v3/4ce2ef60070242f3a42f532e01e2057c/groups/068f8a48-683b-4cfd-93b1-da6acde4d7ed/action => generated 0 bytes in 68 msecs (HTTP/1.1 202) 6 headers in 234 bytes (1 switches on core 0)
Aug 09 11:34:18.341115 dv-cinder-803900-2-smb devstack@c-api.service[100358]: INFO cinder.api.openstack.wsgi [req-b90598fb-f79d-4593-8899-df1e27469080 req-dd975b90-1cff-4d7a-8190-25bca77c1195 tempest-VolumesTestJSON-857735653 tempest-VolumesTestJSON-857735653-project] GET http://10.222.0.22/volume/v3/95fa2a40f6f8413a92a4352dcea795d7/volumes/detail
Aug 09 11:34:18.342811 dv-cinder-803900-2-smb devstack@c-api.service[100358]: DEBUG cinder.api.openstack.wsgi [req-b90598fb-f79d-4593-8899-df1e27469080 req-dd975b90-1cff-4d7a-8190-25bca77c1195 tempest-VolumesTestJSON-857735653 tempest-VolumesTestJSON-857735653-project] Empty body provided in request {{(pid=100358) get_body /opt/stack/cinder/cinder/api/openstack/wsgi.py:703}}
Aug 09 11:34:18.343089 dv-cinder-803900-2-smb devstack@c-api.service[100358]: /usr/local/lib/python3.8/dist-packages/webob/acceptparse.py:1047: DeprecationWarning: The behavior of AcceptValidHeader.best_match is currently being maintained for backward compatibility, but it will be deprecated in the future, as it does not conform to the RFC.
Aug 09 11:34:18.343089 dv-cinder-803900-2-smb devstack@c-api.service[100358]: warnings.warn(
Aug 09 11:34:18.344329 dv-cinder-803900-2-smb devstack@c-api.service[100358]: DEBUG cinder.api.openstack.wsgi [req-b90598fb-f79d-4593-8899-df1e27469080 req-dd975b90-1cff-4d7a-8190-25bca77c1195 tempest-VolumesTestJSON-857735653 tempest-VolumesTestJSON-857735653-project] Calling method 'detail' {{(pid=100358) _process_stack /opt/stack/cinder/cinder/api/openstack/wsgi.py:856}}
Aug 09 11:34:18.345051 dv-cinder-803900-2-smb devstack@c-api.service[100358]: DEBUG cinder.api.api_utils [req-b90598fb-f79d-4593-8899-df1e27469080 req-dd975b90-1cff-4d7a-8190-25bca77c1195 tempest-VolumesTestJSON-857735653 tempest-VolumesTestJSON-857735653-project] Removing options '' from query. {{(pid=100358) remove_invalid_filter_options /opt/stack/cinder/cinder/api/api_utils.py:73}}
Aug 09 11:34:18.347158 dv-cinder-803900-2-smb devstack@c-api.service[100358]: DEBUG cinder.volume.api [req-b90598fb-f79d-4593-8899-df1e27469080 req-dd975b90-1cff-4d7a-8190-25bca77c1195 tempest-VolumesTestJSON-857735653 tempest-VolumesTestJSON-857735653-project] Searching by: MultiDict([('no_migration_targets', True)]). {{(pid=100358) get_all /opt/stack/cinder/cinder/volume/api.py:619}}
Aug 09 11:34:18.377783 dv-cinder-803900-2-smb devstack@c-api.service[100359]: DEBUG cinder.volume.api [None req-2ffaab16-1204-4fdd-a46d-f23d4a0a3f4b tempest-VolumeQuotasNegativeTestJSON-1111787734 tempest-VolumeQuotasNegativeTestJSON-1111787734-project] Task 'cinder.volume.flows.api.create_volume.ExtractVolumeRequestTask;volume:create' (b7135ec4-f022-40a9-8201-3a4226fbfd59) transitioned into state 'SUCCESS' from state 'RUNNING' with result '{'size': 2, 'snapshot_id': None, 'source_volid': None, 'volume_type': VolumeType(created_at=2021-08-09T11:24:16Z,deleted=False,deleted_at=None,description='Default Volume Type',extra_specs={},id=39e795f9-6e73-400e-a95e-eaae452bd54f,is_public=True,name='__DEFAULT__',projects=[],qos_specs=,qos_specs_id=None,updated_at=2021-08-09T11:24:16Z), 'volume_type_id': '39e795f9-6e73-400e-a95e-eaae452bd54f', 'encryption_key_id': None, 'qos_specs': None, 'consistencygroup_id': None, 'cgsnapshot_id': None, 'group_id': None, 'replication_status': 'disabled', 'refresh_az': False, 'backup_id': None, 'multiattach': False, 'availability_zones': ['nova']}' {{(pid=100359) _task_receiver /usr/local/lib/python3.8/dist-packages/taskflow/listeners/logging.py:178}}
Aug 09 11:34:18.380824 dv-cinder-803900-2-smb devstack@c-api.service[100359]: DEBUG cinder.volume.api [None req-2ffaab16-1204-4fdd-a46d-f23d4a0a3f4b tempest-VolumeQuotasNegativeTestJSON-1111787734 tempest-VolumeQuotasNegativeTestJSON-1111787734-project] Task 'cinder.volume.flows.api.create_volume.QuotaReserveTask;volume:create' (66a15795-67b7-4f66-9e1d-675fd283b964) transitioned into state 'RUNNING' from state 'PENDING' {{(pid=100359) _task_receiver /usr/local/lib/python3.8/dist-packages/taskflow/listeners/logging.py:190}}
Aug 09 11:34:18.448572 dv-cinder-803900-2-smb devstack@c-api.service[100359]: WARNING cinder.quota_utils [None req-2ffaab16-1204-4fdd-a46d-f23d4a0a3f4b tempest-VolumeQuotasNegativeTestJSON-1111787734 tempest-VolumeQuotasNegativeTestJSON-1111787734-project] Quota exceeded for 10e624a9b8ab4ff9a9148d25894a229c, tried to create 2G volume (1G of 1G already consumed).: cinder.exception.OverQuota: Quota exceeded for resources: ['gigabytes']
Aug 09 11:34:18.459345 dv-cinder-803900-2-smb devstack@c-api.service[100359]: WARNING cinder.volume.api [None req-2ffaab16-1204-4fdd-a46d-f23d4a0a3f4b tempest-VolumeQuotasNegativeTestJSON-1111787734 tempest-VolumeQuotasNegativeTestJSON-1111787734-project] Task 'cinder.volume.flows.api.create_volume.QuotaReserveTask;volume:create' (66a15795-67b7-4f66-9e1d-675fd283b964) transitioned into state 'FAILURE' from state 'RUNNING'
Aug 09 11:34:18.459345 dv-cinder-803900-2-smb devstack@c-api.service[100359]: Failure: cinder.exception.VolumeSizeExceedsAvailableQuota: Requested volume or snapshot exceeds allowed gigabytes quota. Requested 2G, quota is 1G and 1G has been consumed.
Aug 09 11:34:18.466759 dv-cinder-803900-2-smb devstack@c-api.service[100359]: DEBUG cinder.volume.api [None req-2ffaab16-1204-4fdd-a46d-f23d4a0a3f4b tempest-VolumeQuotasNegativeTestJSON-1111787734 tempest-VolumeQuotasNegativeTestJSON-1111787734-project] Task 'cinder.volume.flows.api.create_volume.QuotaReserveTask;volume:create' (66a15795-67b7-4f66-9e1d-675fd283b964) transitioned into state 'REVERTING' from state 'FAILURE' {{(pid=100359) _task_receiver /usr/local/lib/python3.8/dist-packages/taskflow/listeners/logging.py:190}}
Aug 09 11:34:18.470150 dv-cinder-803900-2-smb devstack@c-api.service[100359]: WARNING cinder.volume.api [None req-2ffaab16-1204-4fdd-a46d-f23d4a0a3f4b tempest-VolumeQuotasNegativeTestJSON-1111787734 tempest-VolumeQuotasNegativeTestJSON-1111787734-project] Task 'cinder.volume.flows.api.create_volume.QuotaReserveTask;volume:create' (66a15795-67b7-4f66-9e1d-675fd283b964) transitioned into state 'REVERTED' from state 'REVERTING' with result 'None'
Aug 09 11:34:18.472388 dv-cinder-803900-2-smb devstack@c-api.service[100359]: DEBUG cinder.volume.api [None req-2ffaab16-1204-4fdd-a46d-f23d4a0a3f4b tempest-VolumeQuotasNegativeTestJSON-1111787734 tempest-VolumeQuotasNegativeTestJSON-1111787734-project] Task 'cinder.volume.flows.api.create_volume.ExtractVolumeRequestTask;volume:create' (b7135ec4-f022-40a9-8201-3a4226fbfd59) transitioned into state 'REVERTING' from state 'SUCCESS' {{(pid=100359) _task_receiver /usr/local/lib/python3.8/dist-packages/taskflow/listeners/logging.py:190}}
Aug 09 11:34:18.476112 dv-cinder-803900-2-smb devstack@c-api.service[100359]: WARNING cinder.volume.api [None req-2ffaab16-1204-4fdd-a46d-f23d4a0a3f4b tempest-VolumeQuotasNegativeTestJSON-1111787734 tempest-VolumeQuotasNegativeTestJSON-1111787734-project] Task 'cinder.volume.flows.api.create_volume.ExtractVolumeRequestTask;volume:create' (b7135ec4-f022-40a9-8201-3a4226fbfd59) transitioned into state 'REVERTED' from state 'REVERTING' with result 'None'
Aug 09 11:34:18.480453 dv-cinder-803900-2-smb devstack@c-api.service[100359]: WARNING cinder.volume.api [None req-2ffaab16-1204-4fdd-a46d-f23d4a0a3f4b tempest-VolumeQuotasNegativeTestJSON-1111787734 tempest-VolumeQuotasNegativeTestJSON-1111787734-project] Flow 'volume_create_api' (43f71ddf-20d3-48c5-be55-184ddc56bab2) transitioned into state 'REVERTED' from state 'RUNNING'
Aug 09 11:34:18.481771 dv-cinder-803900-2-smb devstack@c-api.service[100359]: INFO cinder.api.middleware.fault [None req-2ffaab16-1204-4fdd-a46d-f23d4a0a3f4b tempest-VolumeQuotasNegativeTestJSON-1111787734 tempest-VolumeQuotasNegativeTestJSON-1111787734-project] http://10.222.0.22/volume/v3/10e624a9b8ab4ff9a9148d25894a229c/volumes returned with HTTP 413
Aug 09 11:34:18.489106 dv-cinder-803900-2-smb devstack@c-api.service[100359]: [pid: 100359|app: 0|req: 78/156] 10.222.0.22 () {60 vars in 1235 bytes} [Mon Aug 9 11:34:18 2021] POST /volume/v3/10e624a9b8ab4ff9a9148d25894a229c/volumes => generated 208 bytes in 256 msecs (HTTP/1.1 413) 8 headers in 323 bytes (1 switches on core 0)
Aug 09 11:34:18.498366 dv-cinder-803900-2-smb devstack@c-api.service[100358]: INFO cinder.volume.api [req-b90598fb-f79d-4593-8899-df1e27469080 req-dd975b90-1cff-4d7a-8190-25bca77c1195 tempest-VolumesTestJSON-857735653 tempest-VolumesTestJSON-857735653-project] Get all volumes completed successfully.
Aug 09 11:34:18.500163 dv-cinder-803900-2-smb devstack@c-api.service[100359]: INFO cinder.api.openstack.wsgi [None req-294f057b-a805-4b08-8cc7-b66a502f0e94 tempest-GroupsV320Test-153399039 tempest-GroupsV320Test-153399039-project] GET http://10.222.0.22/volume/v3/2d40328fabba487bb5e629f54c630e42/groups/068f8a48-683b-4cfd-93b1-da6acde4d7ed
Aug 09 11:34:18.500666 dv-cinder-803900-2-smb devstack@c-api.service[100359]: DEBUG cinder.api.openstack.wsgi [None req-294f057b-a805-4b08-8cc7-b66a502f0e94 tempest-GroupsV320Test-153399039 tempest-GroupsV320Test-153399039-project] Empty body provided in request {{(pid=100359) get_body /opt/stack/cinder/cinder/api/openstack/wsgi.py:703}}
Aug 09 11:34:18.500840 dv-cinder-803900-2-smb devstack@c-api.service[100359]: /usr/local/lib/python3.8/dist-packages/webob/acceptparse.py:1047: DeprecationWarning: The behavior of AcceptValidHeader.best_match is currently being maintained for backward compatibility, but it will be deprecated in the future, as it does not conform to the RFC.
Aug 09 11:34:18.500840 dv-cinder-803900-2-smb devstack@c-api.service[100359]: warnings.warn(
Aug 09 11:34:18.501184 dv-cinder-803900-2-smb devstack@c-api.service[100359]: DEBUG cinder.api.openstack.wsgi [None req-294f057b-a805-4b08-8cc7-b66a502f0e94 tempest-GroupsV320Test-153399039 tempest-GroupsV320Test-153399039-project] Calling method 'version_select' {{(pid=100359) _process_stack /opt/stack/cinder/cinder/api/openstack/wsgi.py:856}}
Aug 09 11:34:18.501526 dv-cinder-803900-2-smb devstack@c-api.service[100359]: DEBUG cinder.api.v3.groups [None req-294f057b-a805-4b08-8cc7-b66a502f0e94 tempest-GroupsV320Test-153399039 tempest-GroupsV320Test-153399039-project] show called for member 068f8a48-683b-4cfd-93b1-da6acde4d7ed {{(pid=100359) show /opt/stack/cinder/cinder/api/v3/groups.py:58}}
Aug 09 11:34:18.501622 dv-cinder-803900-2-smb devstack@c-api.service[100358]: /usr/local/lib/python3.8/dist-packages/oslo_context/context.py:105: DeprecationWarning: Policy enforcement is depending on the value of is_admin. This key is deprecated. Please update your policy file to use the standard policy values.
Aug 09 11:34:18.501622 dv-cinder-803900-2-smb devstack@c-api.service[100358]: warnings.warn('Policy enforcement is depending on the value of '
Aug 09 11:34:18.511367 dv-cinder-803900-2-smb devstack@c-api.service[100358]: INFO cinder.api.openstack.wsgi [req-b90598fb-f79d-4593-8899-df1e27469080 req-dd975b90-1cff-4d7a-8190-25bca77c1195 tempest-VolumesTestJSON-857735653 tempest-VolumesTestJSON-857735653-project] http://10.222.0.22/volume/v3/95fa2a40f6f8413a92a4352dcea795d7/volumes/detail returned with HTTP 200
Aug 09 11:34:18.512882 dv-cinder-803900-2-smb devstack@c-api.service[100358]: [pid: 100358|app: 0|req: 79/157] 10.222.0.22 () {60 vars in 1489 bytes} [Mon Aug 9 11:34:18 2021] GET /volume/v3/95fa2a40f6f8413a92a4352dcea795d7/volumes/detail => generated 2748 bytes in 180 msecs (HTTP/1.1 200) 7 headers in 286 bytes (1 switches on core 0)
Aug 09 11:34:18.517611 dv-cinder-803900-2-smb devstack@c-api.service[100359]: /usr/local/lib/python3.8/dist-packages/oslo_context/context.py:105: DeprecationWarning: Policy enforcement is depending on the value of is_admin. This key is deprecated. Please update your policy file to use the standard policy values.
Aug 09 11:34:18.517611 dv-cinder-803900-2-smb devstack@c-api.service[100359]: warnings.warn('Policy enforcement is depending on the value of '
Aug 09 11:34:18.520569 dv-cinder-803900-2-smb devstack@c-api.service[100358]: INFO cinder.api.openstack.wsgi [None req-855766cb-9a80-4aff-8b51-b080d45efec6 tempest-VolumeQuotasNegativeTestJSON-1804504771 tempest-VolumeQuotasNegativeTestJSON-1804504771-project-admin] PUT http://10.222.0.22/volume/v3/4cdc64a041ed488db3560702cca87994/os-quota-sets/10e624a9b8ab4ff9a9148d25894a229c
Aug 09 11:34:18.522803 dv-cinder-803900-2-smb devstack@c-api.service[100358]: /usr/local/lib/python3.8/dist-packages/webob/acceptparse.py:1047: DeprecationWarning: The behavior of AcceptValidHeader.best_match is currently being maintained for backward compatibility, but it will be deprecated in the future, as it does not conform to the RFC.
Aug 09 11:34:18.522803 dv-cinder-803900-2-smb devstack@c-api.service[100358]: warnings.warn(
Aug 09 11:34:18.523409 dv-cinder-803900-2-smb devstack@c-api.service[100358]: DEBUG cinder.api.openstack.wsgi [None req-855766cb-9a80-4aff-8b51-b080d45efec6 tempest-VolumeQuotasNegativeTestJSON-1804504771 tempest-VolumeQuotasNegativeTestJSON-1804504771-project-admin] Action: 'update', calling method: update, body: {"quota_set": {"volumes": 1, "gigabytes": -1}} {{(pid=100358) _process_stack /opt/stack/cinder/cinder/api/openstack/wsgi.py:854}}
Aug 09 11:34:18.553754 dv-cinder-803900-2-smb devstack@c-api.service[100359]: INFO cinder.api.openstack.wsgi [None req-294f057b-a805-4b08-8cc7-b66a502f0e94 tempest-GroupsV320Test-153399039 tempest-GroupsV320Test-153399039-project] http://10.222.0.22/volume/v3/2d40328fabba487bb5e629f54c630e42/groups/068f8a48-683b-4cfd-93b1-da6acde4d7ed returned with HTTP 200
Aug 09 11:34:18.560299 dv-cinder-803900-2-smb devstack@c-api.service[100359]: [pid: 100359|app: 0|req: 79/158] 10.222.0.22 () {60 vars in 1363 bytes} [Mon Aug 9 11:34:18 2021] GET /volume/v3/2d40328fabba487bb5e629f54c630e42/groups/068f8a48-683b-4cfd-93b1-da6acde4d7ed => generated 389 bytes in 65 msecs (HTTP/1.1 200) 7 headers in 286 bytes (1 switches on core 0)
Aug 09 11:34:18.560299 dv-cinder-803900-2-smb devstack@c-api.service[100359]: INFO cinder.api.openstack.wsgi [None req-42880ad5-7f5a-4317-830e-4f3268c0a8d5 tempest-VolumesTestJSON-857735653 tempest-VolumesTestJSON-857735653-project] DELETE http://10.222.0.22/volume/v3/95fa2a40f6f8413a92a4352dcea795d7/volumes/4595a9dd-0611-4185-8aaa-a0edfa354099
Aug 09 11:34:18.560299 dv-cinder-803900-2-smb devstack@c-api.service[100359]: DEBUG cinder.api.openstack.wsgi [None req-42880ad5-7f5a-4317-830e-4f3268c0a8d5 tempest-VolumesTestJSON-857735653 tempest-VolumesTestJSON-857735653-project] Empty body provided in request {{(pid=100359) get_body /opt/stack/cinder/cinder/api/openstack/wsgi.py:703}}
