Aug 09 11:34:28.488086 dv-cinder-803900-2-smb devstack@c-api.service[100358]: DEBUG cinder.volume.api [None req-9ad4061e-3522-4fea-97ae-cbe8dc1333f4 tempest-VolumeTypesAccessTest-287876324 tempest-VolumeTypesAccessTest-287876324-project] Task 'cinder.volume.flows.api.create_volume.QuotaReserveTask;volume:create' (2fdcc12e-daf0-4394-9523-74fd77382459) transitioned into state 'RUNNING' from state 'PENDING' {{(pid=100358) _task_receiver /usr/local/lib/python3.8/dist-packages/taskflow/listeners/logging.py:190}}
Aug 09 11:34:28.520836 dv-cinder-803900-2-smb devstack@c-api.service[100358]: WARNING cinder.quota [None req-9ad4061e-3522-4fea-97ae-cbe8dc1333f4 tempest-VolumeTypesAccessTest-287876324 tempest-VolumeTypesAccessTest-287876324-project] Deprecated: Default quota for resource: volumes_tempest-VolumeTypesAccessTest-volume-type-1857868834 is set by the default quota flag: quota_volumes_tempest-VolumeTypesAccessTest-volume-type-1857868834, it is now deprecated. Please use the default quota class for default quota.
Aug 09 11:34:28.521669 dv-cinder-803900-2-smb devstack@c-api.service[100358]: WARNING cinder.quota [None req-9ad4061e-3522-4fea-97ae-cbe8dc1333f4 tempest-VolumeTypesAccessTest-287876324 tempest-VolumeTypesAccessTest-287876324-project] Deprecated: Default quota for resource: gigabytes_tempest-VolumeTypesAccessTest-volume-type-1857868834 is set by the default quota flag: quota_gigabytes_tempest-VolumeTypesAccessTest-volume-type-1857868834, it is now deprecated. Please use the default quota class for default quota.
Aug 09 11:34:28.556687 dv-cinder-803900-2-smb devstack@c-api.service[100359]: DEBUG cinder.quota [None req-b23a8b92-76ee-43a8-82a7-ccf4d09d4ba9 tempest-SnapshotsActionsTest-759834024 tempest-SnapshotsActionsTest-759834024-project] Created reservations ['3629f3d6-8eca-4ad4-96aa-b613a7c2bf76', '3b19f841-8632-4ad3-b875-251f32e2cc41', 'd3de6f1a-0673-4e79-8d54-35271fd65715', '09ab9611-2be9-43c6-bd38-6cfc7205b1b4'] {{(pid=100359) reserve /opt/stack/cinder/cinder/quota.py:755}}
Aug 09 11:34:28.604703 dv-cinder-803900-2-smb devstack@c-api.service[100358]: DEBUG cinder.quota [None req-9ad4061e-3522-4fea-97ae-cbe8dc1333f4 tempest-VolumeTypesAccessTest-287876324 tempest-VolumeTypesAccessTest-287876324-project] Created reservations ['d5772d7d-34c6-4162-8f2f-fb4cd801ee4e', 'fa9c3ae7-e3b9-4c97-800e-c59b9e76d48a', '91e834c3-2c5f-48f6-8266-af08ce7b048f', '914df497-9bef-4ea7-9f82-fa3d5afc840f'] {{(pid=100358) reserve /opt/stack/cinder/cinder/quota.py:755}}
Aug 09 11:34:28.607639 dv-cinder-803900-2-smb devstack@c-api.service[100358]: DEBUG cinder.volume.api [None req-9ad4061e-3522-4fea-97ae-cbe8dc1333f4 tempest-VolumeTypesAccessTest-287876324 tempest-VolumeTypesAccessTest-287876324-project] Task 'cinder.volume.flows.api.create_volume.QuotaReserveTask;volume:create' (2fdcc12e-daf0-4394-9523-74fd77382459) transitioned into state 'SUCCESS' from state 'RUNNING' with result '{'reservations': ['d5772d7d-34c6-4162-8f2f-fb4cd801ee4e', 'fa9c3ae7-e3b9-4c97-800e-c59b9e76d48a', '91e834c3-2c5f-48f6-8266-af08ce7b048f', '914df497-9bef-4ea7-9f82-fa3d5afc840f']}' {{(pid=100358) _task_receiver /usr/local/lib/python3.8/dist-packages/taskflow/listeners/logging.py:178}}
Aug 09 11:34:28.610268 dv-cinder-803900-2-smb devstack@c-api.service[100358]: DEBUG cinder.volume.api [None req-9ad4061e-3522-4fea-97ae-cbe8dc1333f4 tempest-VolumeTypesAccessTest-287876324 tempest-VolumeTypesAccessTest-287876324-project] Task 'cinder.volume.flows.api.create_volume.EntryCreateTask;volume:create' (959b019c-bb96-4f0b-ac1d-5c045db92d9b) transitioned into state 'RUNNING' from state 'PENDING' {{(pid=100358) _task_receiver /usr/local/lib/python3.8/dist-packages/taskflow/listeners/logging.py:190}}
Aug 09 11:34:28.664916 dv-cinder-803900-2-smb devstack@c-api.service[100359]: INFO cinder.volume.api [None req-b23a8b92-76ee-43a8-82a7-ccf4d09d4ba9 tempest-SnapshotsActionsTest-759834024 tempest-SnapshotsActionsTest-759834024-project] Snapshot create request issued successfully.
Aug 09 11:34:28.665726 dv-cinder-803900-2-smb devstack@c-api.service[100359]: INFO cinder.api.openstack.wsgi [None req-b23a8b92-76ee-43a8-82a7-ccf4d09d4ba9 tempest-SnapshotsActionsTest-759834024 tempest-SnapshotsActionsTest-759834024-project] http://10.222.0.22/volume/v3/56db9edde69e401d9da4f3037c3697bd/snapshots returned with HTTP 202
Aug 09 11:34:28.666770 dv-cinder-803900-2-smb devstack@c-api.service[100359]: [pid: 100359|app: 0|req: 118/232] 10.222.0.22 () {60 vars in 1242 bytes} [Mon Aug 9 11:34:28 2021] POST /volume/v3/56db9edde69e401d9da4f3037c3697bd/snapshots => generated 306 bytes in 213 msecs (HTTP/1.1 202) 7 headers in 291 bytes (2 switches on core 0)
Aug 09 11:34:28.678327 dv-cinder-803900-2-smb devstack@c-api.service[100359]: INFO cinder.api.openstack.wsgi [None req-c1e6ba2a-ae19-4668-9be4-e3181f775067 tempest-SnapshotsActionsTest-759834024 tempest-SnapshotsActionsTest-759834024-project] GET http://10.222.0.22/volume/v3/56db9edde69e401d9da4f3037c3697bd/snapshots/d7cad400-1835-4c74-aab8-e0c8a53e9384
Aug 09 11:34:28.678890 dv-cinder-803900-2-smb devstack@c-api.service[100359]: DEBUG cinder.api.openstack.wsgi [None req-c1e6ba2a-ae19-4668-9be4-e3181f775067 tempest-SnapshotsActionsTest-759834024 tempest-SnapshotsActionsTest-759834024-project] Empty body provided in request {{(pid=100359) get_body /opt/stack/cinder/cinder/api/openstack/wsgi.py:703}}
Aug 09 11:34:28.679110 dv-cinder-803900-2-smb devstack@c-api.service[100359]: /usr/local/lib/python3.8/dist-packages/webob/acceptparse.py:1047: DeprecationWarning: The behavior of AcceptValidHeader.best_match is currently being maintained for backward compatibility, but it will be deprecated in the future, as it does not conform to the RFC.
Aug 09 11:34:28.679110 dv-cinder-803900-2-smb devstack@c-api.service[100359]: warnings.warn(
Aug 09 11:34:28.679522 dv-cinder-803900-2-smb devstack@c-api.service[100359]: DEBUG cinder.api.openstack.wsgi [None req-c1e6ba2a-ae19-4668-9be4-e3181f775067 tempest-SnapshotsActionsTest-759834024 tempest-SnapshotsActionsTest-759834024-project] Calling method 'show' {{(pid=100359) _process_stack /opt/stack/cinder/cinder/api/openstack/wsgi.py:856}}
Aug 09 11:34:28.680916 dv-cinder-803900-2-smb devstack@c-api.service[100358]: DEBUG cinder.volume.api [None req-9ad4061e-3522-4fea-97ae-cbe8dc1333f4 tempest-VolumeTypesAccessTest-287876324 tempest-VolumeTypesAccessTest-287876324-project] Task 'cinder.volume.flows.api.create_volume.EntryCreateTask;volume:create' (959b019c-bb96-4f0b-ac1d-5c045db92d9b) transitioned into state 'SUCCESS' from state 'RUNNING' with result '{'volume_id': '006c40f4-9ed4-4d38-9307-23357c7bb410', 'volume_properties': VolumeProperties(attach_status='detached',availability_zone='nova',cgsnapshot_id=None,consistencygroup_id=None,display_description=None,display_name='tempest-VolumeTypesAccessTest-Volume-1072595159',encryption_key_id=None,group_id=None,group_type_id=,metadata={},multiattach=False,project_id='f8b148737daf4a6c97c98e05f0d71c9b',qos_specs=None,replication_status=,reservations=['d5772d7d-34c6-4162-8f2f-fb4cd801ee4e','fa9c3ae7-e3b9-4c97-800e-c59b9e76d48a','91e834c3-2c5f-48f6-8266-af08ce7b048f','914df497-9bef-4ea7-9f82-fa3d5afc840f'],size=1,snapshot_id=None,source_replicaid=,source_volid=None,status='creating',user_id='870754e5288b400ebd34a323ed8e0449',volume_type_id=7861e64c-ce44-49df-abfe-b8c061a2595e), 'volume': Volume(_name_id=None,admin_metadata=,attach_status='detached',availability_zone='nova',bootable=False,cluster=,cluster_name=None,consistencygroup=,consistencygroup_id=None,created_at=2021-08-09T11:34:28Z,deleted=False,deleted_at=None,display_description=None,display_name='tempest-VolumeTypesAccessTest-Volume-1072595159',ec2_id=None,encryption_key_id=None,glance_metadata=,group=,group_id=None,host=None,id=006c40f4-9ed4-4d38-9307-23357c7bb410,launched_at=None,metadata={},migration_status=None,multiattach=False,previous_status=None,project_id='f8b148737daf4a6c97c98e05f0d71c9b',provider_auth=None,provider_geometry=None,provider_id=None,provider_location=None,replication_driver_data=None,replication_extended_status=None,replication_status=None,scheduled_at=None,service_uuid=None,shared_targets=True,size=1,snapshot_id=None,snapshots=,source_volid=None,status='creating',terminated_at=None,updated_at=None,user_id='870754e5288b400ebd34a323ed8e0449',volume_attachment=,volume_type=VolumeType(7861e64c-ce44-49df-abfe-b8c061a2595e),volume_type_id=7861e64c-ce44-49df-abfe-b8c061a2595e)}' {{(pid=100358) _task_receiver /usr/local/lib/python3.8/dist-packages/taskflow/listeners/logging.py:178}}
Aug 09 11:34:28.691282 dv-cinder-803900-2-smb devstack@c-api.service[100359]: /usr/local/lib/python3.8/dist-packages/oslo_context/context.py:105: DeprecationWarning: Policy enforcement is depending on the value of is_admin. This key is deprecated. Please update your policy file to use the standard policy values.
Aug 09 11:34:28.691282 dv-cinder-803900-2-smb devstack@c-api.service[100359]: warnings.warn('Policy enforcement is depending on the value of '
Aug 09 11:34:28.692297 dv-cinder-803900-2-smb devstack@c-api.service[100359]: INFO cinder.volume.api [None req-c1e6ba2a-ae19-4668-9be4-e3181f775067 tempest-SnapshotsActionsTest-759834024 tempest-SnapshotsActionsTest-759834024-project] Snapshot retrieved successfully.
Aug 09 11:34:28.692465 dv-cinder-803900-2-smb devstack@c-api.service[100358]: DEBUG cinder.volume.api [None req-9ad4061e-3522-4fea-97ae-cbe8dc1333f4 tempest-VolumeTypesAccessTest-287876324 tempest-VolumeTypesAccessTest-287876324-project] Task 'cinder.volume.flows.api.create_volume.QuotaCommitTask;volume:create' (3a6eb0cd-ca4e-40ce-a33e-a1a1bdb6a353) transitioned into state 'RUNNING' from state 'PENDING' {{(pid=100358) _task_receiver /usr/local/lib/python3.8/dist-packages/taskflow/listeners/logging.py:190}}
Aug 09 11:34:28.695730 dv-cinder-803900-2-smb devstack@c-api.service[100359]: INFO cinder.api.openstack.wsgi [None req-c1e6ba2a-ae19-4668-9be4-e3181f775067 tempest-SnapshotsActionsTest-759834024 tempest-SnapshotsActionsTest-759834024-project] http://10.222.0.22/volume/v3/56db9edde69e401d9da4f3037c3697bd/snapshots/d7cad400-1835-4c74-aab8-e0c8a53e9384 returned with HTTP 200
Aug 09 11:34:28.700999 dv-cinder-803900-2-smb devstack@c-api.service[100359]: [pid: 100359|app: 0|req: 119/233] 10.222.0.22 () {58 vars in 1331 bytes} [Mon Aug 9 11:34:28 2021] GET /volume/v3/56db9edde69e401d9da4f3037c3697bd/snapshots/d7cad400-1835-4c74-aab8-e0c8a53e9384 => generated 438 bytes in 24 msecs (HTTP/1.1 200) 7 headers in 285 bytes (1 switches on core 0)
Aug 09 11:34:28.727050 dv-cinder-803900-2-smb devstack@c-api.service[100358]: DEBUG cinder.volume.api [None req-9ad4061e-3522-4fea-97ae-cbe8dc1333f4 tempest-VolumeTypesAccessTest-287876324 tempest-VolumeTypesAccessTest-287876324-project] Task 'cinder.volume.flows.api.create_volume.QuotaCommitTask;volume:create' (3a6eb0cd-ca4e-40ce-a33e-a1a1bdb6a353) transitioned into state 'SUCCESS' from state 'RUNNING' with result '{'volume_properties': VolumeProperties(attach_status='detached',availability_zone='nova',cgsnapshot_id=None,consistencygroup_id=None,display_description=None,display_name='tempest-VolumeTypesAccessTest-Volume-1072595159',encryption_key_id=None,group_id=None,group_type_id=,metadata={},multiattach=False,project_id='f8b148737daf4a6c97c98e05f0d71c9b',qos_specs=None,replication_status=,reservations=['d5772d7d-34c6-4162-8f2f-fb4cd801ee4e','fa9c3ae7-e3b9-4c97-800e-c59b9e76d48a','91e834c3-2c5f-48f6-8266-af08ce7b048f','914df497-9bef-4ea7-9f82-fa3d5afc840f'],size=1,snapshot_id=None,source_replicaid=,source_volid=None,status='creating',user_id='870754e5288b400ebd34a323ed8e0449',volume_type_id=7861e64c-ce44-49df-abfe-b8c061a2595e)}' {{(pid=100358) _task_receiver /usr/local/lib/python3.8/dist-packages/taskflow/listeners/logging.py:178}}
Aug 09 11:34:28.731063 dv-cinder-803900-2-smb devstack@c-api.service[100358]: DEBUG cinder.volume.api [None req-9ad4061e-3522-4fea-97ae-cbe8dc1333f4 tempest-VolumeTypesAccessTest-287876324 tempest-VolumeTypesAccessTest-287876324-project] Task 'cinder.volume.flows.api.create_volume.VolumeCastTask;volume:create' (bc61e5b9-255c-49f4-90fd-2d2619d984ee) transitioned into state 'RUNNING' from state 'PENDING' {{(pid=100358) _task_receiver /usr/local/lib/python3.8/dist-packages/taskflow/listeners/logging.py:190}}
Aug 09 11:34:28.759863 dv-cinder-803900-2-smb devstack@c-api.service[100358]: DEBUG cinder.volume.api [None req-9ad4061e-3522-4fea-97ae-cbe8dc1333f4 tempest-VolumeTypesAccessTest-287876324 tempest-VolumeTypesAccessTest-287876324-project] Task 'cinder.volume.flows.api.create_volume.VolumeCastTask;volume:create' (bc61e5b9-255c-49f4-90fd-2d2619d984ee) transitioned into state 'SUCCESS' from state 'RUNNING' with result 'None' {{(pid=100358) _task_receiver /usr/local/lib/python3.8/dist-packages/taskflow/listeners/logging.py:178}}
Aug 09 11:34:28.762398 dv-cinder-803900-2-smb devstack@c-api.service[100358]: DEBUG cinder.volume.api [None req-9ad4061e-3522-4fea-97ae-cbe8dc1333f4 tempest-VolumeTypesAccessTest-287876324 tempest-VolumeTypesAccessTest-287876324-project] Flow 'volume_create_api' (d1686e9a-e6b1-4c13-b6c5-02457f25f797) transitioned into state 'SUCCESS' from state 'RUNNING' {{(pid=100358) _flow_receiver /usr/local/lib/python3.8/dist-packages/taskflow/listeners/logging.py:141}}
Aug 09 11:34:28.763082 dv-cinder-803900-2-smb devstack@c-api.service[100358]: INFO cinder.volume.api [None req-9ad4061e-3522-4fea-97ae-cbe8dc1333f4 tempest-VolumeTypesAccessTest-287876324 tempest-VolumeTypesAccessTest-287876324-project] Create volume request issued successfully.
Aug 09 11:34:28.771455 dv-cinder-803900-2-smb devstack@c-api.service[100358]: INFO cinder.api.openstack.wsgi [None req-9ad4061e-3522-4fea-97ae-cbe8dc1333f4 tempest-VolumeTypesAccessTest-287876324 tempest-VolumeTypesAccessTest-287876324-project] http://10.222.0.22/volume/v3/f8b148737daf4a6c97c98e05f0d71c9b/volumes returned with HTTP 202
Aug 09 11:34:28.772418 dv-cinder-803900-2-smb devstack@c-api.service[100358]: [pid: 100358|app: 0|req: 115/234] 10.222.0.22 () {60 vars in 1236 bytes} [Mon Aug 9 11:34:28 2021] POST /volume/v3/f8b148737daf4a6c97c98e05f0d71c9b/volumes => generated 862 bytes in 368 msecs (HTTP/1.1 202) 7 headers in 291 bytes (2 switches on core 0)
Aug 09 11:34:28.794639 dv-cinder-803900-2-smb devstack@c-api.service[100359]: INFO cinder.api.openstack.wsgi [None req-76603ea9-a46a-4b66-8292-5e47cdfc7b2d tempest-VolumeTypesAccessTest-287876324 tempest-VolumeTypesAccessTest-287876324-project] GET http://10.222.0.22/volume/v3/f8b148737daf4a6c97c98e05f0d71c9b/volumes/006c40f4-9ed4-4d38-9307-23357c7bb410
Aug 09 11:34:28.795797 dv-cinder-803900-2-smb devstack@c-api.service[100359]: DEBUG cinder.api.openstack.wsgi [None req-76603ea9-a46a-4b66-8292-5e47cdfc7b2d tempest-VolumeTypesAccessTest-287876324 tempest-VolumeTypesAccessTest-287876324-project] Empty body provided in request {{(pid=100359) get_body /opt/stack/cinder/cinder/api/openstack/wsgi.py:703}}
Aug 09 11:34:28.796502 dv-cinder-803900-2-smb devstack@c-api.service[100359]: /usr/local/lib/python3.8/dist-packages/webob/acceptparse.py:1047: DeprecationWarning: The behavior of AcceptValidHeader.best_match is currently being maintained for backward compatibility, but it will be deprecated in the future, as it does not conform to the RFC.
Aug 09 11:34:28.796502 dv-cinder-803900-2-smb devstack@c-api.service[100359]: warnings.warn(
Aug 09 11:34:28.796695 dv-cinder-803900-2-smb devstack@c-api.service[100359]: DEBUG cinder.api.openstack.wsgi [None req-76603ea9-a46a-4b66-8292-5e47cdfc7b2d tempest-VolumeTypesAccessTest-287876324 tempest-VolumeTypesAccessTest-287876324-project] Calling method 'show' {{(pid=100359) _process_stack /opt/stack/cinder/cinder/api/openstack/wsgi.py:856}}
Aug 09 11:34:28.820873 dv-cinder-803900-2-smb devstack@c-api.service[100359]: /usr/local/lib/python3.8/dist-packages/oslo_context/context.py:105: DeprecationWarning: Policy enforcement is depending on the value of is_admin. This key is deprecated. Please update your policy file to use the standard policy values.
Aug 09 11:34:28.820873 dv-cinder-803900-2-smb devstack@c-api.service[100359]: warnings.warn('Policy enforcement is depending on the value of '
Aug 09 11:34:28.837604 dv-cinder-803900-2-smb devstack@c-api.service[100359]: INFO cinder.volume.api [None req-76603ea9-a46a-4b66-8292-5e47cdfc7b2d tempest-VolumeTypesAccessTest-287876324 tempest-VolumeTypesAccessTest-287876324-project] Volume info retrieved successfully.
Aug 09 11:34:28.871769 dv-cinder-803900-2-smb devstack@c-api.service[100359]: INFO cinder.api.openstack.wsgi [None req-76603ea9-a46a-4b66-8292-5e47cdfc7b2d tempest-VolumeTypesAccessTest-287876324 tempest-VolumeTypesAccessTest-287876324-project] http://10.222.0.22/volume/v3/f8b148737daf4a6c97c98e05f0d71c9b/volumes/006c40f4-9ed4-4d38-9307-23357c7bb410 returned with HTTP 200
Aug 09 11:34:28.872666 dv-cinder-803900-2-smb devstack@c-api.service[100359]: [pid: 100359|app: 0|req: 120/235] 10.222.0.22 () {58 vars in 1325 bytes} [Mon Aug 9 11:34:28 2021] GET /volume/v3/f8b148737daf4a6c97c98e05f0d71c9b/volumes/006c40f4-9ed4-4d38-9307-23357c7bb410 => generated 930 bytes in 85 msecs (HTTP/1.1 200) 7 headers in 285 bytes (1 switches on core 0)
Aug 09 11:34:29.200042 dv-cinder-803900-2-smb devstack@c-api.service[100358]: INFO cinder.api.openstack.wsgi [None req-09fecef3-e7a5-4933-bef7-ff959a78fb24 tempest-GroupSnapshotsTest-1991895341 tempest-GroupSnapshotsTest-1991895341-project] GET http://10.222.0.22/volume/v3/680c9f6620ff428bb6bba54ef769aefa/snapshots/b32f8030-ade1-4478-80d3-a14ab909954c
Aug 09 11:34:29.203289 dv-cinder-803900-2-smb devstack@c-api.service[100358]: DEBUG cinder.api.openstack.wsgi [None req-09fecef3-e7a5-4933-bef7-ff959a78fb24 tempest-GroupSnapshotsTest-1991895341 tempest-GroupSnapshotsTest-1991895341-project] Empty body provided in request {{(pid=100358) get_body /opt/stack/cinder/cinder/api/openstack/wsgi.py:703}}
Aug 09 11:34:29.204103 dv-cinder-803900-2-smb devstack@c-api.service[100358]: /usr/local/lib/python3.8/dist-packages/webob/acceptparse.py:1047: DeprecationWarning: The behavior of AcceptValidHeader.best_match is currently being maintained for backward compatibility, but it will be deprecated in the future, as it does not conform to the RFC.
Aug 09 11:34:29.204103 dv-cinder-803900-2-smb devstack@c-api.service[100358]: warnings.warn(
Aug 09 11:34:29.204747 dv-cinder-803900-2-smb devstack@c-api.service[100358]: DEBUG cinder.api.openstack.wsgi [None req-09fecef3-e7a5-4933-bef7-ff959a78fb24 tempest-GroupSnapshotsTest-1991895341 tempest-GroupSnapshotsTest-1991895341-project] Calling method 'show' {{(pid=100358) _process_stack /opt/stack/cinder/cinder/api/openstack/wsgi.py:856}}
Aug 09 11:34:29.223335 dv-cinder-803900-2-smb devstack@c-api.service[100358]: INFO cinder.api.openstack.wsgi [None req-09fecef3-e7a5-4933-bef7-ff959a78fb24 tempest-GroupSnapshotsTest-1991895341 tempest-GroupSnapshotsTest-1991895341-project] http://10.222.0.22/volume/v3/680c9f6620ff428bb6bba54ef769aefa/snapshots/b32f8030-ade1-4478-80d3-a14ab909954c returned with HTTP 404
Aug 09 11:34:29.225260 dv-cinder-803900-2-smb devstack@c-api.service[100358]: [pid: 100358|app: 0|req: 116/236] 10.222.0.22 () {58 vars in 1331 bytes} [Mon Aug 9 11:34:29 2021] GET /volume/v3/680c9f6620ff428bb6bba54ef769aefa/snapshots/b32f8030-ade1-4478-80d3-a14ab909954c => generated 111 bytes in 40 msecs (HTTP/1.1 404) 7 headers in 292 bytes (2 switches on core 0)
Aug 09 11:34:29.232695 dv-cinder-803900-2-smb devstack@c-api.service[100359]: INFO cinder.api.openstack.wsgi [None req-fbd0f809-283c-4cd4-b80b-279f9982c735 tempest-GroupSnapshotsTest-1991895341 tempest-GroupSnapshotsTest-1991895341-project] GET http://10.222.0.22/volume/v3/680c9f6620ff428bb6bba54ef769aefa/group_snapshots/8285b215-c1d4-4beb-8441-78d8cc0d40b8
Aug 09 11:34:29.233352 dv-cinder-803900-2-smb devstack@c-api.service[100359]: DEBUG cinder.api.openstack.wsgi [None req-fbd0f809-283c-4cd4-b80b-279f9982c735 tempest-GroupSnapshotsTest-1991895341 tempest-GroupSnapshotsTest-1991895341-project] Empty body provided in request {{(pid=100359) get_body /opt/stack/cinder/cinder/api/openstack/wsgi.py:703}}
Aug 09 11:34:29.233578 dv-cinder-803900-2-smb devstack@c-api.service[100359]: /usr/local/lib/python3.8/dist-packages/webob/acceptparse.py:1047: DeprecationWarning: The behavior of AcceptValidHeader.best_match is currently being maintained for backward compatibility, but it will be deprecated in the future, as it does not conform to the RFC.
Aug 09 11:34:29.233578 dv-cinder-803900-2-smb devstack@c-api.service[100359]: warnings.warn(
Aug 09 11:34:29.233907 dv-cinder-803900-2-smb devstack@c-api.service[100359]: DEBUG cinder.api.openstack.wsgi [None req-fbd0f809-283c-4cd4-b80b-279f9982c735 tempest-GroupSnapshotsTest-1991895341 tempest-GroupSnapshotsTest-1991895341-project] Calling method 'version_select' {{(pid=100359) _process_stack /opt/stack/cinder/cinder/api/openstack/wsgi.py:856}}
Aug 09 11:34:29.234409 dv-cinder-803900-2-smb devstack@c-api.service[100359]: DEBUG cinder.api.v3.group_snapshots [None req-fbd0f809-283c-4cd4-b80b-279f9982c735 tempest-GroupSnapshotsTest-1991895341 tempest-GroupSnapshotsTest-1991895341-project] show called for member 8285b215-c1d4-4beb-8441-78d8cc0d40b8 {{(pid=100359) show /opt/stack/cinder/cinder/api/v3/group_snapshots.py:58}}
Aug 09 11:34:29.239389 dv-cinder-803900-2-smb devstack@c-api.service[100359]: INFO cinder.api.openstack.wsgi [None req-fbd0f809-283c-4cd4-b80b-279f9982c735 tempest-GroupSnapshotsTest-1991895341 tempest-GroupSnapshotsTest-1991895341-project] http://10.222.0.22/volume/v3/680c9f6620ff428bb6bba54ef769aefa/group_snapshots/8285b215-c1d4-4beb-8441-78d8cc0d40b8 returned with HTTP 404
Aug 09 11:34:29.241042 dv-cinder-803900-2-smb devstack@c-api.service[100359]: [pid: 100359|app: 0|req: 121/237] 10.222.0.22 () {60 vars in 1390 bytes} [Mon Aug 9 11:34:29 2021] GET /volume/v3/680c9f6620ff428bb6bba54ef769aefa/group_snapshots/8285b215-c1d4-4beb-8441-78d8cc0d40b8 => generated 116 bytes in 12 msecs (HTTP/1.1 404) 7 headers in 293 bytes (1 switches on core 0)
Aug 09 11:34:29.250192 dv-cinder-803900-2-smb devstack@c-api.service[100358]: INFO cinder.api.openstack.wsgi [None req-0e3c435a-3917-4ee4-b4cb-b8fcbfe956f0 tempest-GroupSnapshotsTest-1991895341 tempest-GroupSnapshotsTest-1991895341-project] GET http://10.222.0.22/volume/v3/680c9f6620ff428bb6bba54ef769aefa/group_snapshots
Aug 09 11:34:29.251071 dv-cinder-803900-2-smb devstack@c-api.service[100358]: DEBUG cinder.api.openstack.wsgi [None req-0e3c435a-3917-4ee4-b4cb-b8fcbfe956f0 tempest-GroupSnapshotsTest-1991895341 tempest-GroupSnapshotsTest-1991895341-project] Empty body provided in request {{(pid=100358) get_body /opt/stack/cinder/cinder/api/openstack/wsgi.py:703}}
Aug 09 11:34:29.251754 dv-cinder-803900-2-smb devstack@c-api.service[100358]: DEBUG cinder.api.openstack.wsgi [None req-0e3c435a-3917-4ee4-b4cb-b8fcbfe956f0 tempest-GroupSnapshotsTest-1991895341 tempest-GroupSnapshotsTest-1991895341-project] Calling method 'version_select' {{(pid=100358) _process_stack /opt/stack/cinder/cinder/api/openstack/wsgi.py:856}}
Aug 09 11:34:29.253010 dv-cinder-803900-2-smb devstack@c-api.service[100358]: /usr/local/lib/python3.8/dist-packages/oslo_context/context.py:105: DeprecationWarning: Policy enforcement is depending on the value of is_admin. This key is deprecated. Please update your policy file to use the standard policy values.
Aug 09 11:34:29.253010 dv-cinder-803900-2-smb devstack@c-api.service[100358]: warnings.warn('Policy enforcement is depending on the value of '
Aug 09 11:34:29.264445 dv-cinder-803900-2-smb devstack@c-api.service[100358]: INFO cinder.api.openstack.wsgi [None req-0e3c435a-3917-4ee4-b4cb-b8fcbfe956f0 tempest-GroupSnapshotsTest-1991895341 tempest-GroupSnapshotsTest-1991895341-project] http://10.222.0.22/volume/v3/680c9f6620ff428bb6bba54ef769aefa/group_snapshots returned with HTTP 200
Aug 09 11:34:29.269762 dv-cinder-803900-2-smb devstack@c-api.service[100358]: [pid: 100358|app: 0|req: 117/238] 10.222.0.22 () {60 vars in 1279 bytes} [Mon Aug 9 11:34:29 2021] GET /volume/v3/680c9f6620ff428bb6bba54ef769aefa/group_snapshots => generated 23 bytes in 21 msecs (HTTP/1.1 200) 7 headers in 285 bytes (1 switches on core 0)
Aug 09 11:34:29.275761 dv-cinder-803900-2-smb devstack@c-api.service[100359]: INFO cinder.api.openstack.wsgi [None req-4848312e-191b-4dd0-bd78-ca78792c8fa0 tempest-GroupSnapshotsTest-1991895341 tempest-GroupSnapshotsTest-1991895341-project] DELETE http://10.222.0.22/volume/v3/680c9f6620ff428bb6bba54ef769aefa/group_snapshots/8285b215-c1d4-4beb-8441-78d8cc0d40b8
Aug 09 11:34:29.276266 dv-cinder-803900-2-smb devstack@c-api.service[100359]: DEBUG cinder.api.openstack.wsgi [None req-4848312e-191b-4dd0-bd78-ca78792c8fa0 tempest-GroupSnapshotsTest-1991895341 tempest-GroupSnapshotsTest-1991895341-project] Empty body provided in request {{(pid=100359) get_body /opt/stack/cinder/cinder/api/openstack/wsgi.py:703}}
Aug 09 11:34:29.276663 dv-cinder-803900-2-smb devstack@c-api.service[100359]: DEBUG cinder.api.openstack.wsgi [None req-4848312e-191b-4dd0-bd78-ca78792c8fa0 tempest-GroupSnapshotsTest-1991895341 tempest-GroupSnapshotsTest-1991895341-project] Calling method 'version_select' {{(pid=100359) _process_stack /opt/stack/cinder/cinder/api/openstack/wsgi.py:856}}
Aug 09 11:34:29.277003 dv-cinder-803900-2-smb devstack@c-api.service[100359]: DEBUG cinder.api.v3.group_snapshots [None req-4848312e-191b-4dd0-bd78-ca78792c8fa0 tempest-GroupSnapshotsTest-1991895341 tempest-GroupSnapshotsTest-1991895341-project] delete called for member 8285b215-c1d4-4beb-8441-78d8cc0d40b8 {{(pid=100359) delete /opt/stack/cinder/cinder/api/v3/group_snapshots.py:72}}
Aug 09 11:34:29.277335 dv-cinder-803900-2-smb devstack@c-api.service[100359]: INFO cinder.api.v3.group_snapshots [None req-4848312e-191b-4dd0-bd78-ca78792c8fa0 tempest-GroupSnapshotsTest-1991895341 tempest-GroupSnapshotsTest-1991895341-project] Delete group_snapshot with id: 8285b215-c1d4-4beb-8441-78d8cc0d40b8
Aug 09 11:34:29.284463 dv-cinder-803900-2-smb devstack@c-api.service[100359]: INFO cinder.api.openstack.wsgi [None req-4848312e-191b-4dd0-bd78-ca78792c8fa0 tempest-GroupSnapshotsTest-1991895341 tempest-GroupSnapshotsTest-1991895341-project] http://10.222.0.22/volume/v3/680c9f6620ff428bb6bba54ef769aefa/group_snapshots/8285b215-c1d4-4beb-8441-78d8cc0d40b8 returned with HTTP 404
Aug 09 11:34:29.293600 dv-cinder-803900-2-smb devstack@c-api.service[100358]: INFO cinder.api.openstack.wsgi [None req-658a61ab-55b0-405d-a4de-4f3fcb5f7a78 tempest-GroupSnapshotsTest-1991895341 tempest-GroupSnapshotsTest-1991895341-project] GET http://10.222.0.22/volume/v3/680c9f6620ff428bb6bba54ef769aefa/volumes/detail
Aug 09 11:34:29.293937 dv-cinder-803900-2-smb devstack@c-api.service[100358]: DEBUG cinder.api.openstack.wsgi [None req-658a61ab-55b0-405d-a4de-4f3fcb5f7a78 tempest-GroupSnapshotsTest-1991895341 tempest-GroupSnapshotsTest-1991895341-project] Empty body provided in request {{(pid=100358) get_body /opt/stack/cinder/cinder/api/openstack/wsgi.py:703}}
Aug 09 11:34:29.294434 dv-cinder-803900-2-smb devstack@c-api.service[100358]: DEBUG cinder.api.openstack.wsgi [None req-658a61ab-55b0-405d-a4de-4f3fcb5f7a78 tempest-GroupSnapshotsTest-1991895341 tempest-GroupSnapshotsTest-1991895341-project] Calling method 'detail' {{(pid=100358) _process_stack /opt/stack/cinder/cinder/api/openstack/wsgi.py:856}}
Aug 09 11:34:29.294875 dv-cinder-803900-2-smb devstack@c-api.service[100358]: DEBUG cinder.api.api_utils [None req-658a61ab-55b0-405d-a4de-4f3fcb5f7a78 tempest-GroupSnapshotsTest-1991895341 tempest-GroupSnapshotsTest-1991895341-project] Removing options '' from query. {{(pid=100358) remove_invalid_filter_options /opt/stack/cinder/cinder/api/api_utils.py:73}}
Aug 09 11:34:29.295199 dv-cinder-803900-2-smb devstack@c-api.service[100359]: [pid: 100359|app: 0|req: 122/239] 10.222.0.22 () {60 vars in 1393 bytes} [Mon Aug 9 11:34:29 2021] DELETE /volume/v3/680c9f6620ff428bb6bba54ef769aefa/group_snapshots/8285b215-c1d4-4beb-8441-78d8cc0d40b8 => generated 116 bytes in 16 msecs (HTTP/1.1 404) 7 headers in 293 bytes (1 switches on core 0)
Aug 09 11:34:29.296654 dv-cinder-803900-2-smb devstack@c-api.service[100358]: DEBUG cinder.volume.api [None req-658a61ab-55b0-405d-a4de-4f3fcb5f7a78 tempest-GroupSnapshotsTest-1991895341 tempest-GroupSnapshotsTest-1991895341-project] Searching by: MultiDict([('no_migration_targets', True)]). {{(pid=100358) get_all /opt/stack/cinder/cinder/volume/api.py:619}}
Aug 09 11:34:29.353600 dv-cinder-803900-2-smb devstack@c-api.service[100358]: INFO cinder.volume.api [None req-658a61ab-55b0-405d-a4de-4f3fcb5f7a78 tempest-GroupSnapshotsTest-1991895341 tempest-GroupSnapshotsTest-1991895341-project] Get all volumes completed successfully.
Aug 09 11:34:29.354709 dv-cinder-803900-2-smb devstack@c-api.service[100358]: WARNING stevedore.named [None req-658a61ab-55b0-405d-a4de-4f3fcb5f7a78 tempest-GroupSnapshotsTest-1991895341 tempest-GroupSnapshotsTest-1991895341-project] Could not load cinder.keymgr.conf_key_mgr.ConfKeyManager
Aug 09 11:34:29.355084 dv-cinder-803900-2-smb devstack@c-api.service[100358]: WARNING castellan.key_manager [None req-658a61ab-55b0-405d-a4de-4f3fcb5f7a78 tempest-GroupSnapshotsTest-1991895341 tempest-GroupSnapshotsTest-1991895341-project] Deprecation Warning : cinder.keymgr.conf_key_mgr.ConfKeyManager is not a stevedore based driver, trying to load it as a class: stevedore.exception.NoMatches: No 'castellan.drivers' driver found, looking for 'cinder.keymgr.conf_key_mgr.ConfKeyManager'
Aug 09 11:34:29.362007 dv-cinder-803900-2-smb devstack@c-api.service[100358]: DEBUG oslo_db.sqlalchemy.engines [None req-658a61ab-55b0-405d-a4de-4f3fcb5f7a78 tempest-GroupSnapshotsTest-1991895341 tempest-GroupSnapshotsTest-1991895341-project] MySQL server mode set to STRICT_TRANS_TABLES,STRICT_ALL_TABLES,NO_ZERO_IN_DATE,NO_ZERO_DATE,ERROR_FOR_DIVISION_BY_ZERO,TRADITIONAL,NO_ENGINE_SUBSTITUTION {{(pid=100358) _check_effective_sql_mode /usr/local/lib/python3.8/dist-packages/oslo_db/sqlalchemy/engines.py:314}}
Aug 09 11:34:29.367530 dv-cinder-803900-2-smb devstack@c-api.service[100358]: /usr/local/lib/python3.8/dist-packages/oslo_context/context.py:105: DeprecationWarning: Policy enforcement is depending on the value of is_admin. This key is deprecated. Please update your policy file to use the standard policy values.
Aug 09 11:34:29.367530 dv-cinder-803900-2-smb devstack@c-api.service[100358]: warnings.warn('Policy enforcement is depending on the value of '
Aug 09 11:34:29.382068 dv-cinder-803900-2-smb devstack@c-api.service[100358]: INFO cinder.api.openstack.wsgi [None req-658a61ab-55b0-405d-a4de-4f3fcb5f7a78 tempest-GroupSnapshotsTest-1991895341 tempest-GroupSnapshotsTest-1991895341-project] http://10.222.0.22/volume/v3/680c9f6620ff428bb6bba54ef769aefa/volumes/detail returned with HTTP 200
Aug 09 11:34:29.382807 dv-cinder-803900-2-smb devstack@c-api.service[100358]: [pid: 100358|app: 0|req: 118/240] 10.222.0.22 () {60 vars in 1276 bytes} [Mon Aug 9 11:34:29 2021] GET /volume/v3/680c9f6620ff428bb6bba54ef769aefa/volumes/detail => generated 1002 bytes in 93 msecs (HTTP/1.1 200) 7 headers in 287 bytes (2 switches on core 0)
Aug 09 11:34:29.405476 dv-cinder-803900-2-smb devstack@c-api.service[100359]: INFO cinder.api.openstack.wsgi [None req-86d5cffd-ea5c-4744-acd8-6975e35ae866 tempest-GroupSnapshotsTest-1991895341 tempest-GroupSnapshotsTest-1991895341-project] POST http://10.222.0.22/volume/v3/680c9f6620ff428bb6bba54ef769aefa/groups/cdb8511f-10bd-47de-ae05-814454144059/action
Aug 09 11:34:29.406691 dv-cinder-803900-2-smb devstack@c-api.service[100359]: DEBUG cinder.api.openstack.wsgi [None req-86d5cffd-ea5c-4744-acd8-6975e35ae866 tempest-GroupSnapshotsTest-1991895341 tempest-GroupSnapshotsTest-1991895341-project] Action body: b'{"delete": {"delete-volumes": true}}' {{(pid=100359) get_method /opt/stack/cinder/cinder/api/openstack/wsgi.py:971}}
Aug 09 11:34:29.407595 dv-cinder-803900-2-smb devstack@c-api.service[100359]: DEBUG cinder.api.openstack.wsgi [None req-86d5cffd-ea5c-4744-acd8-6975e35ae866 tempest-GroupSnapshotsTest-1991895341 tempest-GroupSnapshotsTest-1991895341-project] Action: 'action', calling method: delete_group, body: {"delete": {"delete-volumes": true}} {{(pid=100359) _process_stack /opt/stack/cinder/cinder/api/openstack/wsgi.py:854}}
Aug 09 11:34:29.408475 dv-cinder-803900-2-smb devstack@c-api.service[100359]: DEBUG cinder.api.v3.groups [None req-86d5cffd-ea5c-4744-acd8-6975e35ae866 tempest-GroupSnapshotsTest-1991895341 tempest-GroupSnapshotsTest-1991895341-project] delete called for group cdb8511f-10bd-47de-ae05-814454144059 {{(pid=100359) _delete /opt/stack/cinder/cinder/api/v3/groups.py:117}}
Aug 09 11:34:29.408820 dv-cinder-803900-2-smb devstack@c-api.service[100359]: INFO cinder.api.v3.groups [None req-86d5cffd-ea5c-4744-acd8-6975e35ae866 tempest-GroupSnapshotsTest-1991895341 tempest-GroupSnapshotsTest-1991895341-project] Delete group with id: cdb8511f-10bd-47de-ae05-814454144059
Aug 09 11:34:29.415076 dv-cinder-803900-2-smb devstack@c-api.service[100358]: INFO cinder.api.openstack.wsgi [None req-d3609c75-d2c5-4359-be2e-c8d8286a7c70 tempest-DeleteServersTestJSON-91848975 tempest-DeleteServersTestJSON-91848975-project] POST http://10.222.0.22/volume/v3/bd8ae6d73388452185d6a2d4189b5a49/volumes
Aug 09 11:34:29.415238 dv-cinder-803900-2-smb devstack@c-api.service[100359]: /usr/local/lib/python3.8/dist-packages/oslo_context/context.py:105: DeprecationWarning: Policy enforcement is depending on the value of is_admin. This key is deprecated. Please update your policy file to use the standard policy values.
Aug 09 11:34:29.415238 dv-cinder-803900-2-smb devstack@c-api.service[100359]: warnings.warn('Policy enforcement is depending on the value of '
Aug 09 11:34:29.415883 dv-cinder-803900-2-smb devstack@c-api.service[100358]: /usr/local/lib/python3.8/dist-packages/webob/acceptparse.py:1047: DeprecationWarning: The behavior of AcceptValidHeader.best_match is currently being maintained for backward compatibility, but it will be deprecated in the future, as it does not conform to the RFC.
Aug 09 11:34:29.415883 dv-cinder-803900-2-smb devstack@c-api.service[100358]: warnings.warn(
Aug 09 11:34:29.416266 dv-cinder-803900-2-smb devstack@c-api.service[100358]: DEBUG cinder.api.openstack.wsgi [None req-d3609c75-d2c5-4359-be2e-c8d8286a7c70 tempest-DeleteServersTestJSON-91848975 tempest-DeleteServersTestJSON-91848975-project] Action: 'create', calling method: create, body: {"volume": {"size": 1, "display_name": "tempest-DeleteServersTestJSON-volume-914963029"}} {{(pid=100358) _process_stack /opt/stack/cinder/cinder/api/openstack/wsgi.py:854}}
Aug 09 11:34:29.417390 dv-cinder-803900-2-smb devstack@c-api.service[100358]: DEBUG cinder.api.v3.volumes [None req-d3609c75-d2c5-4359-be2e-c8d8286a7c70 tempest-DeleteServersTestJSON-91848975 tempest-DeleteServersTestJSON-91848975-project] Create volume request body: {'volume': {'size': 1, 'display_name': 'tempest-DeleteServersTestJSON-volume-914963029'}} {{(pid=100358) create /opt/stack/cinder/cinder/api/v3/volumes.py:290}}
Aug 09 11:34:29.417697 dv-cinder-803900-2-smb devstack@c-api.service[100358]: INFO cinder.api.v3.volumes [None req-d3609c75-d2c5-4359-be2e-c8d8286a7c70 tempest-DeleteServersTestJSON-91848975 tempest-DeleteServersTestJSON-91848975-project] Create volume of 1 GB
Aug 09 11:34:29.424808 dv-cinder-803900-2-smb devstack@c-api.service[100358]: INFO cinder.volume.api [None req-d3609c75-d2c5-4359-be2e-c8d8286a7c70 tempest-DeleteServersTestJSON-91848975 tempest-DeleteServersTestJSON-91848975-project] Availability Zones retrieved successfully.
Aug 09 11:34:29.447137 dv-cinder-803900-2-smb devstack@c-api.service[100358]: DEBUG cinder.volume.api [None req-d3609c75-d2c5-4359-be2e-c8d8286a7c70 tempest-DeleteServersTestJSON-91848975 tempest-DeleteServersTestJSON-91848975-project] Flow 'volume_create_api' (b84ef6a8-debb-413b-8b8f-758d7be63f4b) transitioned into state 'RUNNING' from state 'PENDING' {{(pid=100358) _flow_receiver /usr/local/lib/python3.8/dist-packages/taskflow/listeners/logging.py:141}}
Aug 09 11:34:29.451014 dv-cinder-803900-2-smb devstack@c-api.service[100358]: DEBUG cinder.volume.api [None req-d3609c75-d2c5-4359-be2e-c8d8286a7c70 tempest-DeleteServersTestJSON-91848975 tempest-DeleteServersTestJSON-91848975-project] Task 'cinder.volume.flows.api.create_volume.ExtractVolumeRequestTask;volume:create' (e559f036-aab2-4d1f-91b0-2344f04c9662) transitioned into state 'RUNNING' from state 'PENDING' {{(pid=100358) _task_receiver /usr/local/lib/python3.8/dist-packages/taskflow/listeners/logging.py:190}}
Aug 09 11:34:29.453666 dv-cinder-803900-2-smb devstack@c-api.service[100358]: DEBUG cinder.volume.flows.api.create_volume [None req-d3609c75-d2c5-4359-be2e-c8d8286a7c70 tempest-DeleteServersTestJSON-91848975 tempest-DeleteServersTestJSON-91848975-project] Validating volume size '1' using validate_int {{(pid=100358) _extract_size /opt/stack/cinder/cinder/volume/flows/api/create_volume.py:201}}
Aug 09 11:34:29.490857 dv-cinder-803900-2-smb devstack@c-api.service[100359]: INFO cinder.api.openstack.wsgi [None req-86d5cffd-ea5c-4744-acd8-6975e35ae866 tempest-GroupSnapshotsTest-1991895341 tempest-GroupSnapshotsTest-1991895341-project] http://10.222.0.22/volume/v3/680c9f6620ff428bb6bba54ef769aefa/groups/cdb8511f-10bd-47de-ae05-814454144059/action returned with HTTP 202
Aug 09 11:34:29.493112 dv-cinder-803900-2-smb devstack@c-api.service[100359]: [pid: 100359|app: 0|req: 123/241] 10.222.0.22 () {62 vars in 1405 bytes} [Mon Aug 9 11:34:29 2021] POST /volume/v3/680c9f6620ff428bb6bba54ef769aefa/groups/cdb8511f-10bd-47de-ae05-814454144059/action => generated 0 bytes in 99 msecs (HTTP/1.1 202) 6 headers in 234 bytes (2 switches on core 0)
Aug 09 11:34:29.493244 dv-cinder-803900-2-smb devstack@c-api.service[100358]: DEBUG cinder.volume.api [None req-d3609c75-d2c5-4359-be2e-c8d8286a7c70 tempest-DeleteServersTestJSON-91848975 tempest-DeleteServersTestJSON-91848975-project] Task 'cinder.volume.flows.api.create_volume.ExtractVolumeRequestTask;volume:create' (e559f036-aab2-4d1f-91b0-2344f04c9662) transitioned into state 'SUCCESS' from state 'RUNNING' with result '{'size': 1, 'snapshot_id': None, 'source_volid': None, 'volume_type': VolumeType(created_at=2021-08-09T11:24:16Z,deleted=False,deleted_at=None,description='Default Volume Type',extra_specs={},id=39e795f9-6e73-400e-a95e-eaae452bd54f,is_public=True,name='__DEFAULT__',projects=[],qos_specs=,qos_specs_id=None,updated_at=2021-08-09T11:24:16Z), 'volume_type_id': '39e795f9-6e73-400e-a95e-eaae452bd54f', 'encryption_key_id': None, 'qos_specs': None, 'consistencygroup_id': None, 'cgsnapshot_id': None, 'group_id': None, 'replication_status': 'disabled', 'refresh_az': False, 'backup_id': None, 'multiattach': False, 'availability_zones': ['nova']}' {{(pid=100358) _task_receiver /usr/local/lib/python3.8/dist-packages/taskflow/listeners/logging.py:178}}
Aug 09 11:34:29.494596 dv-cinder-803900-2-smb devstack@c-api.service[100358]: DEBUG cinder.volume.api [None req-d3609c75-d2c5-4359-be2e-c8d8286a7c70 tempest-DeleteServersTestJSON-91848975 tempest-DeleteServersTestJSON-91848975-project] Task 'cinder.volume.flows.api.create_volume.QuotaReserveTask;volume:create' (6a06cc6a-4f3b-4f96-8c2c-38d3bcad3abc) transitioned into state 'RUNNING' from state 'PENDING' {{(pid=100358) _task_receiver /usr/local/lib/python3.8/dist-packages/taskflow/listeners/logging.py:190}}
Aug 09 11:34:29.499156 dv-cinder-803900-2-smb devstack@c-api.service[100359]: INFO cinder.api.openstack.wsgi [None req-dbf32f66-c827-450e-b233-52bee351ca75 tempest-GroupSnapshotsTest-1991895341 tempest-GroupSnapshotsTest-1991895341-project] GET http://10.222.0.22/volume/v3/680c9f6620ff428bb6bba54ef769aefa/volumes/3627e679-2137-49b9-875d-557011889e39
Aug 09 11:34:29.499954 dv-cinder-803900-2-smb devstack@c-api.service[100359]: DEBUG cinder.api.openstack.wsgi [None req-dbf32f66-c827-450e-b233-52bee351ca75 tempest-GroupSnapshotsTest-1991895341 tempest-GroupSnapshotsTest-1991895341-project] Empty body provided in request {{(pid=100359) get_body /opt/stack/cinder/cinder/api/openstack/wsgi.py:703}}
Aug 09 11:34:29.500320 dv-cinder-803900-2-smb devstack@c-api.service[100359]: /usr/local/lib/python3.8/dist-packages/webob/acceptparse.py:1047: DeprecationWarning: The behavior of AcceptValidHeader.best_match is currently being maintained for backward compatibility, but it will be deprecated in the future, as it does not conform to the RFC.
Aug 09 11:34:29.500320 dv-cinder-803900-2-smb devstack@c-api.service[100359]: warnings.warn(
Aug 09 11:34:29.500905 dv-cinder-803900-2-smb devstack@c-api.service[100359]: DEBUG cinder.api.openstack.wsgi [None req-dbf32f66-c827-450e-b233-52bee351ca75 tempest-GroupSnapshotsTest-1991895341 tempest-GroupSnapshotsTest-1991895341-project] Calling method 'show' {{(pid=100359) _process_stack /opt/stack/cinder/cinder/api/openstack/wsgi.py:856}}
Aug 09 11:34:29.517159 dv-cinder-803900-2-smb devstack@c-api.service[100359]: /usr/local/lib/python3.8/dist-packages/oslo_context/context.py:105: DeprecationWarning: Policy enforcement is depending on the value of is_admin. This key is deprecated. Please update your policy file to use the standard policy values.
Aug 09 11:34:29.517159 dv-cinder-803900-2-smb devstack@c-api.service[100359]: warnings.warn('Policy enforcement is depending on the value of '
Aug 09 11:34:29.525195 dv-cinder-803900-2-smb devstack@c-api.service[100359]: INFO cinder.volume.api [None req-dbf32f66-c827-450e-b233-52bee351ca75 tempest-GroupSnapshotsTest-1991895341 tempest-GroupSnapshotsTest-1991895341-project] Volume info retrieved successfully.
Aug 09 11:34:29.531948 dv-cinder-803900-2-smb devstack@c-api.service[100359]: WARNING stevedore.named [None req-dbf32f66-c827-450e-b233-52bee351ca75 tempest-GroupSnapshotsTest-1991895341 tempest-GroupSnapshotsTest-1991895341-project] Could not load cinder.keymgr.conf_key_mgr.ConfKeyManager
Aug 09 11:34:29.532325 dv-cinder-803900-2-smb devstack@c-api.service[100359]: WARNING castellan.key_manager [None req-dbf32f66-c827-450e-b233-52bee351ca75 tempest-GroupSnapshotsTest-1991895341 tempest-GroupSnapshotsTest-1991895341-project] Deprecation Warning : cinder.keymgr.conf_key_mgr.ConfKeyManager is not a stevedore based driver, trying to load it as a class: stevedore.exception.NoMatches: No 'castellan.drivers' driver found, looking for 'cinder.keymgr.conf_key_mgr.ConfKeyManager'
Aug 09 11:34:29.540843 dv-cinder-803900-2-smb devstack@c-api.service[100359]: DEBUG oslo_db.sqlalchemy.engines [None req-dbf32f66-c827-450e-b233-52bee351ca75 tempest-GroupSnapshotsTest-1991895341 tempest-GroupSnapshotsTest-1991895341-project] MySQL server mode set to STRICT_TRANS_TABLES,STRICT_ALL_TABLES,NO_ZERO_IN_DATE,NO_ZERO_DATE,ERROR_FOR_DIVISION_BY_ZERO,TRADITIONAL,NO_ENGINE_SUBSTITUTION {{(pid=100359) _check_effective_sql_mode /usr/local/lib/python3.8/dist-packages/oslo_db/sqlalchemy/engines.py:314}}
Aug 09 11:34:29.552091 dv-cinder-803900-2-smb devstack@c-api.service[100359]: /usr/local/lib/python3.8/dist-packages/oslo_context/context.py:105: DeprecationWarning: Policy enforcement is depending on the value of is_admin. This key is deprecated. Please update your policy file to use the standard policy values.
Aug 09 11:34:29.552091 dv-cinder-803900-2-smb devstack@c-api.service[100359]: warnings.warn('Policy enforcement is depending on the value of '
Aug 09 11:34:29.574147 dv-cinder-803900-2-smb devstack@c-api.service[100359]: INFO cinder.api.openstack.wsgi [None req-dbf32f66-c827-450e-b233-52bee351ca75 tempest-GroupSnapshotsTest-1991895341 tempest-GroupSnapshotsTest-1991895341-project] http://10.222.0.22/volume/v3/680c9f6620ff428bb6bba54ef769aefa/volumes/3627e679-2137-49b9-875d-557011889e39 returned with HTTP 200
Aug 09 11:34:29.574896 dv-cinder-803900-2-smb devstack@c-api.service[100359]: [pid: 100359|app: 0|req: 124/242] 10.222.0.22 () {60 vars in 1366 bytes} [Mon Aug 9 11:34:29 2021] GET /volume/v3/680c9f6620ff428bb6bba54ef769aefa/volumes/3627e679-2137-49b9-875d-557011889e39 => generated 998 bytes in 79 msecs (HTTP/1.1 200) 7 headers in 286 bytes (1 switches on core 0)
Aug 09 11:34:29.604758 dv-cinder-803900-2-smb devstack@c-api.service[100358]: DEBUG cinder.quota [None req-d3609c75-d2c5-4359-be2e-c8d8286a7c70 tempest-DeleteServersTestJSON-91848975 tempest-DeleteServersTestJSON-91848975-project] Created reservations ['1d94a7b4-1337-4208-abd1-5583179c7300', '18473029-4894-42a0-b962-120e7c84eee7', '09159aae-cde5-4f3d-a8d9-add9c138acb1', 'c580af57-2fdc-4d06-87a5-37bafda2d75c'] {{(pid=100358) reserve /opt/stack/cinder/cinder/quota.py:755}}
Aug 09 11:34:29.606815 dv-cinder-803900-2-smb devstack@c-api.service[100358]: DEBUG cinder.volume.api [None req-d3609c75-d2c5-4359-be2e-c8d8286a7c70 tempest-DeleteServersTestJSON-91848975 tempest-DeleteServersTestJSON-91848975-project] Task 'cinder.volume.flows.api.create_volume.QuotaReserveTask;volume:create' (6a06cc6a-4f3b-4f96-8c2c-38d3bcad3abc) transitioned into state 'SUCCESS' from state 'RUNNING' with result '{'reservations': ['1d94a7b4-1337-4208-abd1-5583179c7300', '18473029-4894-42a0-b962-120e7c84eee7', '09159aae-cde5-4f3d-a8d9-add9c138acb1', 'c580af57-2fdc-4d06-87a5-37bafda2d75c']}' {{(pid=100358) _task_receiver /usr/local/lib/python3.8/dist-packages/taskflow/listeners/logging.py:178}}
Aug 09 11:34:29.608858 dv-cinder-803900-2-smb devstack@c-api.service[100358]: DEBUG cinder.volume.api [None req-d3609c75-d2c5-4359-be2e-c8d8286a7c70 tempest-DeleteServersTestJSON-91848975 tempest-DeleteServersTestJSON-91848975-project] Task 'cinder.volume.flows.api.create_volume.EntryCreateTask;volume:create' (0be13194-0647-459a-8039-d4fadb01ba6f) transitioned into state 'RUNNING' from state 'PENDING' {{(pid=100358) _task_receiver /usr/local/lib/python3.8/dist-packages/taskflow/listeners/logging.py:190}}
Aug 09 11:34:29.637597 dv-cinder-803900-2-smb devstack@c-api.service[100358]: DEBUG cinder.volume.api [None req-d3609c75-d2c5-4359-be2e-c8d8286a7c70 tempest-DeleteServersTestJSON-91848975 tempest-DeleteServersTestJSON-91848975-project] Task 'cinder.volume.flows.api.create_volume.EntryCreateTask;volume:create' (0be13194-0647-459a-8039-d4fadb01ba6f) transitioned into state 'SUCCESS' from state 'RUNNING' with result '{'volume_id': '926d1f9e-c5d7-4234-b19e-c2316acde93c', 'volume_properties': VolumeProperties(attach_status='detached',availability_zone='nova',cgsnapshot_id=None,consistencygroup_id=None,display_description=None,display_name='tempest-DeleteServersTestJSON-volume-914963029',encryption_key_id=None,group_id=None,group_type_id=,metadata={},multiattach=False,project_id='bd8ae6d73388452185d6a2d4189b5a49',qos_specs=None,replication_status=,reservations=['1d94a7b4-1337-4208-abd1-5583179c7300','18473029-4894-42a0-b962-120e7c84eee7','09159aae-cde5-4f3d-a8d9-add9c138acb1','c580af57-2fdc-4d06-87a5-37bafda2d75c'],size=1,snapshot_id=None,source_replicaid=,source_volid=None,status='creating',user_id='697ed0f09773474bb0efd99a2b32118e',volume_type_id=39e795f9-6e73-400e-a95e-eaae452bd54f), 'volume': Volume(_name_id=None,admin_metadata=,attach_status='detached',availability_zone='nova',bootable=False,cluster=,cluster_name=None,consistencygroup=,consistencygroup_id=None,created_at=2021-08-09T11:34:29Z,deleted=False,deleted_at=None,display_description=None,display_name='tempest-DeleteServersTestJSON-volume-914963029',ec2_id=None,encryption_key_id=None,glance_metadata=,group=,group_id=None,host=None,id=926d1f9e-c5d7-4234-b19e-c2316acde93c,launched_at=None,metadata={},migration_status=None,multiattach=False,previous_status=None,project_id='bd8ae6d73388452185d6a2d4189b5a49',provider_auth=None,provider_geometry=None,provider_id=None,provider_location=None,replication_driver_data=None,replication_extended_status=None,replication_status=None,scheduled_at=None,service_uuid=None,shared_targets=True,size=1,snapshot_id=None,snapshots=,source_volid=None,status='creating',terminated_at=None,updated_at=None,user_id='697ed0f09773474bb0efd99a2b32118e',volume_attachment=,volume_type=VolumeType(39e795f9-6e73-400e-a95e-eaae452bd54f),volume_type_id=39e795f9-6e73-400e-a95e-eaae452bd54f)}' {{(pid=100358) _task_receiver /usr/local/lib/python3.8/dist-packages/taskflow/listeners/logging.py:178}}
Aug 09 11:34:29.640261 dv-cinder-803900-2-smb devstack@c-api.service[100358]: DEBUG cinder.volume.api [None req-d3609c75-d2c5-4359-be2e-c8d8286a7c70 tempest-DeleteServersTestJSON-91848975 tempest-DeleteServersTestJSON-91848975-project] Task 'cinder.volume.flows.api.create_volume.QuotaCommitTask;volume:create' (2ff295cb-d4b5-403e-922b-eb5ed77bb8c2) transitioned into state 'RUNNING' from state 'PENDING' {{(pid=100358) _task_receiver /usr/local/lib/python3.8/dist-packages/taskflow/listeners/logging.py:190}}
