Aug 09 13:31:59.245694 dv-cinder-803862-2-smb devstack@c-api.service[107299]: INFO cinder.api.openstack.wsgi [None req-5e852e70-27a1-4cfd-a727-10c3d59fbfe8 admin admin] http://10.222.0.43/volume/v3/9e77e119f5cb44afaf05bfdfabe5237c/types returned with HTTP 200
Aug 09 13:31:59.246711 dv-cinder-803862-2-smb devstack@c-api.service[107299]: [pid: 107299|app: 0|req: 2/2] 10.222.0.43 () {60 vars in 1238 bytes} [Mon Aug 9 13:31:58 2021] POST /volume/v3/9e77e119f5cb44afaf05bfdfabe5237c/types => generated 186 bytes in 792 msecs (HTTP/1.1 200) 7 headers in 285 bytes (1 switches on core 0)
Aug 09 13:31:59.707381 dv-cinder-803862-2-smb devstack@c-api.service[107298]: INFO cinder.api.openstack.wsgi [req-5e852e70-27a1-4cfd-a727-10c3d59fbfe8 req-9e475cf2-8787-42cf-ad81-ea9172ad895e admin admin] POST http://10.222.0.43/volume/v3/9e77e119f5cb44afaf05bfdfabe5237c/types/3ec32d46-feff-4dc6-a569-d05be492b41a/extra_specs
Aug 09 13:31:59.709120 dv-cinder-803862-2-smb devstack@c-api.service[107298]: /usr/local/lib/python3.8/dist-packages/webob/acceptparse.py:1047: DeprecationWarning: The behavior of AcceptValidHeader.best_match is currently being maintained for backward compatibility, but it will be deprecated in the future, as it does not conform to the RFC.
Aug 09 13:31:59.709120 dv-cinder-803862-2-smb devstack@c-api.service[107298]: warnings.warn(
Aug 09 13:31:59.709785 dv-cinder-803862-2-smb devstack@c-api.service[107298]: DEBUG cinder.api.openstack.wsgi [req-5e852e70-27a1-4cfd-a727-10c3d59fbfe8 req-9e475cf2-8787-42cf-ad81-ea9172ad895e admin admin] Action: 'create', calling method: create, body: {"extra_specs": {"volume_backend_name": "lvmdriver-1"}} {{(pid=107298) _process_stack /opt/stack/cinder/cinder/api/openstack/wsgi.py:854}}
Aug 09 13:31:59.712189 dv-cinder-803862-2-smb devstack@c-api.service[107298]: /usr/local/lib/python3.8/dist-packages/oslo_context/context.py:105: DeprecationWarning: Policy enforcement is depending on the value of is_admin. This key is deprecated. Please update your policy file to use the standard policy values.
Aug 09 13:31:59.712189 dv-cinder-803862-2-smb devstack@c-api.service[107298]: warnings.warn('Policy enforcement is depending on the value of '
Aug 09 13:31:59.720368 dv-cinder-803862-2-smb devstack@c-api.service[107298]: DEBUG oslo_db.sqlalchemy.engines [req-5e852e70-27a1-4cfd-a727-10c3d59fbfe8 req-9e475cf2-8787-42cf-ad81-ea9172ad895e admin admin] MySQL server mode set to STRICT_TRANS_TABLES,STRICT_ALL_TABLES,NO_ZERO_IN_DATE,NO_ZERO_DATE,ERROR_FOR_DIVISION_BY_ZERO,TRADITIONAL,NO_ENGINE_SUBSTITUTION {{(pid=107298) _check_effective_sql_mode /usr/local/lib/python3.8/dist-packages/oslo_db/sqlalchemy/engines.py:314}}
Aug 09 13:31:59.917864 dv-cinder-803862-2-smb devstack@c-api.service[107298]: INFO cinder.api.openstack.wsgi [req-5e852e70-27a1-4cfd-a727-10c3d59fbfe8 req-9e475cf2-8787-42cf-ad81-ea9172ad895e admin admin] http://10.222.0.43/volume/v3/9e77e119f5cb44afaf05bfdfabe5237c/types/3ec32d46-feff-4dc6-a569-d05be492b41a/extra_specs returned with HTTP 200
Aug 09 13:31:59.918620 dv-cinder-803862-2-smb devstack@c-api.service[107298]: [pid: 107298|app: 0|req: 1/3] 10.222.0.43 () {62 vars in 1455 bytes} [Mon Aug 9 13:31:59 2021] POST /volume/v3/9e77e119f5cb44afaf05bfdfabe5237c/types/3ec32d46-feff-4dc6-a569-d05be492b41a/extra_specs => generated 55 bytes in 666 msecs (HTTP/1.1 200) 7 headers in 284 bytes (2 switches on core 0)
Aug 09 13:32:56.134091 dv-cinder-803862-2-smb devstack@c-api.service[107299]: INFO cinder.api.openstack.wsgi [None req-5e852e70-27a1-4cfd-a727-10c3d59fbfe8 admin admin] GET http://10.222.0.43/volume//
Aug 09 13:32:56.134584 dv-cinder-803862-2-smb devstack@c-api.service[107299]: DEBUG cinder.api.openstack.wsgi [None req-5e852e70-27a1-4cfd-a727-10c3d59fbfe8 admin admin] Empty body provided in request {{(pid=107299) get_body /opt/stack/cinder/cinder/api/openstack/wsgi.py:703}}
Aug 09 13:32:56.134970 dv-cinder-803862-2-smb devstack@c-api.service[107299]: DEBUG cinder.api.openstack.wsgi [None req-5e852e70-27a1-4cfd-a727-10c3d59fbfe8 admin admin] Calling method 'all' {{(pid=107299) _process_stack /opt/stack/cinder/cinder/api/openstack/wsgi.py:856}}
Aug 09 13:32:56.136182 dv-cinder-803862-2-smb devstack@c-api.service[107299]: INFO cinder.api.openstack.wsgi [None req-5e852e70-27a1-4cfd-a727-10c3d59fbfe8 admin admin] http://10.222.0.43/volume// returned with HTTP 300
Aug 09 13:32:56.136753 dv-cinder-803862-2-smb devstack@c-api.service[107299]: [pid: 107299|app: 0|req: 3/4] 10.222.0.43 () {56 vars in 1099 bytes} [Mon Aug 9 13:32:56 2021] GET /volume/ => generated 386 bytes in 4 msecs (HTTP/1.1 300) 5 headers in 169 bytes (1 switches on core 0)
Aug 09 13:35:35.190672 dv-cinder-803862-2-smb devstack@c-api.service[107298]: INFO cinder.api.openstack.wsgi [None req-3ceaf0d0-15be-4cda-a908-4fef21a23267 tempest-verify_tempest_config-604882577 tempest-verify_tempest_config-604882577-project] GET http://10.222.0.43/volume/v3/33ddb4b8273b4c49b3091a3f6c836ac7/extensions
Aug 09 13:35:35.191249 dv-cinder-803862-2-smb devstack@c-api.service[107298]: DEBUG cinder.api.openstack.wsgi [None req-3ceaf0d0-15be-4cda-a908-4fef21a23267 tempest-verify_tempest_config-604882577 tempest-verify_tempest_config-604882577-project] Empty body provided in request {{(pid=107298) get_body /opt/stack/cinder/cinder/api/openstack/wsgi.py:703}}
Aug 09 13:35:35.191505 dv-cinder-803862-2-smb devstack@c-api.service[107298]: DEBUG cinder.api.openstack.wsgi [None req-3ceaf0d0-15be-4cda-a908-4fef21a23267 tempest-verify_tempest_config-604882577 tempest-verify_tempest_config-604882577-project] Calling method 'index' {{(pid=107298) _process_stack /opt/stack/cinder/cinder/api/openstack/wsgi.py:856}}
Aug 09 13:35:35.192222 dv-cinder-803862-2-smb devstack@c-api.service[107298]: INFO cinder.api.openstack.wsgi [None req-3ceaf0d0-15be-4cda-a908-4fef21a23267 tempest-verify_tempest_config-604882577 tempest-verify_tempest_config-604882577-project] http://10.222.0.43/volume/v3/33ddb4b8273b4c49b3091a3f6c836ac7/extensions returned with HTTP 200
Aug 09 13:35:35.193763 dv-cinder-803862-2-smb devstack@c-api.service[107298]: [pid: 107298|app: 0|req: 2/5] 10.222.0.43 () {58 vars in 1223 bytes} [Mon Aug 9 13:35:35 2021] GET /volume/v3/33ddb4b8273b4c49b3091a3f6c836ac7/extensions => generated 5245 bytes in 8 msecs (HTTP/1.1 200) 7 headers in 286 bytes (1 switches on core 0)
Aug 09 13:37:29.387053 dv-cinder-803862-2-smb devstack@c-api.service[107299]: INFO cinder.api.openstack.wsgi [None req-54bac016-3751-4e31-9336-ee78ba051792 admin admin] GET http://10.222.0.43/volume/v3/9e77e119f5cb44afaf05bfdfabe5237c/os-services
Aug 09 13:37:29.387557 dv-cinder-803862-2-smb devstack@c-api.service[107299]: DEBUG cinder.api.openstack.wsgi [None req-54bac016-3751-4e31-9336-ee78ba051792 admin admin] Empty body provided in request {{(pid=107299) get_body /opt/stack/cinder/cinder/api/openstack/wsgi.py:703}}
Aug 09 13:37:29.387905 dv-cinder-803862-2-smb devstack@c-api.service[107299]: DEBUG cinder.api.openstack.wsgi [None req-54bac016-3751-4e31-9336-ee78ba051792 admin admin] Calling method 'index' {{(pid=107299) _process_stack /opt/stack/cinder/cinder/api/openstack/wsgi.py:856}}
Aug 09 13:37:29.396611 dv-cinder-803862-2-smb devstack@c-api.service[107299]: INFO cinder.api.openstack.wsgi [None req-54bac016-3751-4e31-9336-ee78ba051792 admin admin] http://10.222.0.43/volume/v3/9e77e119f5cb44afaf05bfdfabe5237c/os-services returned with HTTP 200
Aug 09 13:37:29.397287 dv-cinder-803862-2-smb devstack@c-api.service[107299]: [pid: 107299|app: 0|req: 4/6] 10.222.0.43 () {56 vars in 1202 bytes} [Mon Aug 9 13:37:29 2021] GET /volume/v3/9e77e119f5cb44afaf05bfdfabe5237c/os-services => generated 640 bytes in 104 msecs (HTTP/1.1 200) 7 headers in 285 bytes (1 switches on core 0)
Aug 09 13:37:31.697779 dv-cinder-803862-2-smb devstack@c-api.service[107298]: INFO cinder.api.openstack.wsgi [None req-bd5e6963-e9a7-4d1a-ac4b-068c4afe79b0 admin admin] GET http://10.222.0.43/volume/v3/9e77e119f5cb44afaf05bfdfabe5237c/os-services
Aug 09 13:37:31.698296 dv-cinder-803862-2-smb devstack@c-api.service[107298]: DEBUG cinder.api.openstack.wsgi [None req-bd5e6963-e9a7-4d1a-ac4b-068c4afe79b0 admin admin] Empty body provided in request {{(pid=107298) get_body /opt/stack/cinder/cinder/api/openstack/wsgi.py:703}}
Aug 09 13:37:31.698733 dv-cinder-803862-2-smb devstack@c-api.service[107298]: DEBUG cinder.api.openstack.wsgi [None req-bd5e6963-e9a7-4d1a-ac4b-068c4afe79b0 admin admin] Calling method 'index' {{(pid=107298) _process_stack /opt/stack/cinder/cinder/api/openstack/wsgi.py:856}}
Aug 09 13:37:31.707959 dv-cinder-803862-2-smb devstack@c-api.service[107298]: INFO cinder.api.openstack.wsgi [None req-bd5e6963-e9a7-4d1a-ac4b-068c4afe79b0 admin admin] http://10.222.0.43/volume/v3/9e77e119f5cb44afaf05bfdfabe5237c/os-services returned with HTTP 200
Aug 09 13:37:31.708681 dv-cinder-803862-2-smb devstack@c-api.service[107298]: [pid: 107298|app: 0|req: 3/7] 10.222.0.43 () {56 vars in 1202 bytes} [Mon Aug 9 13:37:31 2021] GET /volume/v3/9e77e119f5cb44afaf05bfdfabe5237c/os-services => generated 640 bytes in 103 msecs (HTTP/1.1 200) 7 headers in 285 bytes (1 switches on core 0)
Aug 09 13:39:01.257477 dv-cinder-803862-2-smb devstack@c-api.service[107299]: WARNING keystonemiddleware.auth_token [None req-54bac016-3751-4e31-9336-ee78ba051792 admin admin] A valid token was submitted as a service token, but it was not a valid service token. This is incorrect but backwards compatible behaviour. This will be removed in future releases.
Aug 09 13:39:01.260462 dv-cinder-803862-2-smb devstack@c-api.service[107299]: INFO cinder.api.openstack.wsgi [req-2ae72cd7-a764-47be-91fe-ff053dd78661 req-e8ad11b2-130a-42c9-854b-732c5fa08923 tempest-VolumesNegativeTest-1236099243 tempest-VolumesNegativeTest-1236099243-project] DELETE http://10.222.0.43/volume/v3/e3202209854e4b8ea460c685d8b270dd/volumes/tempest-invalid-2035234369
Aug 09 13:39:01.260863 dv-cinder-803862-2-smb devstack@c-api.service[107299]: DEBUG cinder.api.openstack.wsgi [req-2ae72cd7-a764-47be-91fe-ff053dd78661 req-e8ad11b2-130a-42c9-854b-732c5fa08923 tempest-VolumesNegativeTest-1236099243 tempest-VolumesNegativeTest-1236099243-project] Empty body provided in request {{(pid=107299) get_body /opt/stack/cinder/cinder/api/openstack/wsgi.py:703}}
Aug 09 13:39:01.261273 dv-cinder-803862-2-smb devstack@c-api.service[107299]: DEBUG cinder.api.openstack.wsgi [req-2ae72cd7-a764-47be-91fe-ff053dd78661 req-e8ad11b2-130a-42c9-854b-732c5fa08923 tempest-VolumesNegativeTest-1236099243 tempest-VolumesNegativeTest-1236099243-project] Calling method 'delete' {{(pid=107299) _process_stack /opt/stack/cinder/cinder/api/openstack/wsgi.py:856}}
Aug 09 13:39:01.261741 dv-cinder-803862-2-smb devstack@c-api.service[107299]: INFO cinder.api.v3.volumes [req-2ae72cd7-a764-47be-91fe-ff053dd78661 req-e8ad11b2-130a-42c9-854b-732c5fa08923 tempest-VolumesNegativeTest-1236099243 tempest-VolumesNegativeTest-1236099243-project] Delete volume with id: tempest-invalid-2035234369
Aug 09 13:39:01.351108 dv-cinder-803862-2-smb devstack@c-api.service[107298]: INFO cinder.api.openstack.wsgi [None req-bff4fe71-0301-41d4-a4e3-8d779df2492c tempest-GroupsTest-920575584 tempest-GroupsTest-920575584-project-admin] POST http://10.222.0.43/volume/v3/93489e6d422e4e67b6125fe5c57cb566/types
Aug 09 13:39:01.355309 dv-cinder-803862-2-smb devstack@c-api.service[107298]: DEBUG cinder.api.openstack.wsgi [None req-bff4fe71-0301-41d4-a4e3-8d779df2492c tempest-GroupsTest-920575584 tempest-GroupsTest-920575584-project-admin] Action: 'create', calling method: _create, body: {"volume_type": {"name": "tempest-GroupsTest-volume-type-1531216729"}} {{(pid=107298) _process_stack /opt/stack/cinder/cinder/api/openstack/wsgi.py:854}}
Aug 09 13:39:01.396891 dv-cinder-803862-2-smb devstack@c-api.service[107299]: INFO cinder.api.openstack.wsgi [req-2ae72cd7-a764-47be-91fe-ff053dd78661 req-e8ad11b2-130a-42c9-854b-732c5fa08923 tempest-VolumesNegativeTest-1236099243 tempest-VolumesNegativeTest-1236099243-project] http://10.222.0.43/volume/v3/e3202209854e4b8ea460c685d8b270dd/volumes/tempest-invalid-2035234369 returned with HTTP 404
Aug 09 13:39:01.404117 dv-cinder-803862-2-smb devstack@c-api.service[107299]: [pid: 107299|app: 0|req: 5/8] 10.222.0.43 () {62 vars in 1571 bytes} [Mon Aug 9 13:39:00 2021] DELETE /volume/v3/e3202209854e4b8ea460c685d8b270dd/volumes/tempest-invalid-2035234369 => generated 99 bytes in 707 msecs (HTTP/1.1 404) 7 headers in 291 bytes (1 switches on core 0)
Aug 09 13:39:01.557801 dv-cinder-803862-2-smb devstack@c-api.service[107298]: INFO cinder.api.openstack.wsgi [None req-bff4fe71-0301-41d4-a4e3-8d779df2492c tempest-GroupsTest-920575584 tempest-GroupsTest-920575584-project-admin] http://10.222.0.43/volume/v3/93489e6d422e4e67b6125fe5c57cb566/types returned with HTTP 200
Aug 09 13:39:01.559331 dv-cinder-803862-2-smb devstack@c-api.service[107298]: [pid: 107298|app: 0|req: 4/9] 10.222.0.43 () {60 vars in 1229 bytes} [Mon Aug 9 13:39:00 2021] POST /volume/v3/93489e6d422e4e67b6125fe5c57cb566/types => generated 216 bytes in 633 msecs (HTTP/1.1 200) 7 headers in 285 bytes (1 switches on core 0)
Aug 09 13:39:01.562118 dv-cinder-803862-2-smb devstack@c-api.service[107298]: WARNING keystonemiddleware.auth_token [None req-bff4fe71-0301-41d4-a4e3-8d779df2492c tempest-GroupsTest-920575584 tempest-GroupsTest-920575584-project-admin] A valid token was submitted as a service token, but it was not a valid service token. This is incorrect but backwards compatible behaviour. This will be removed in future releases.
Aug 09 13:39:01.565662 dv-cinder-803862-2-smb devstack@c-api.service[107298]: INFO cinder.api.openstack.wsgi [req-61e006bf-4c1e-42f6-af84-76035bb77c47 req-79f6b7eb-92c9-4d44-947e-ba858f384d77 tempest-VolumesNegativeTest-1236099243 tempest-VolumesNegativeTest-1236099243-project] DELETE http://10.222.0.43/volume/v3/e3202209854e4b8ea460c685d8b270dd/volumes/69252f3c-3099-4b60-9425-50651784b328
Aug 09 13:39:01.566470 dv-cinder-803862-2-smb devstack@c-api.service[107298]: DEBUG cinder.api.openstack.wsgi [req-61e006bf-4c1e-42f6-af84-76035bb77c47 req-79f6b7eb-92c9-4d44-947e-ba858f384d77 tempest-VolumesNegativeTest-1236099243 tempest-VolumesNegativeTest-1236099243-project] Empty body provided in request {{(pid=107298) get_body /opt/stack/cinder/cinder/api/openstack/wsgi.py:703}}
Aug 09 13:39:01.567110 dv-cinder-803862-2-smb devstack@c-api.service[107298]: DEBUG cinder.api.openstack.wsgi [req-61e006bf-4c1e-42f6-af84-76035bb77c47 req-79f6b7eb-92c9-4d44-947e-ba858f384d77 tempest-VolumesNegativeTest-1236099243 tempest-VolumesNegativeTest-1236099243-project] Calling method 'delete' {{(pid=107298) _process_stack /opt/stack/cinder/cinder/api/openstack/wsgi.py:856}}
Aug 09 13:39:01.567734 dv-cinder-803862-2-smb devstack@c-api.service[107298]: INFO cinder.api.v3.volumes [req-61e006bf-4c1e-42f6-af84-76035bb77c47 req-79f6b7eb-92c9-4d44-947e-ba858f384d77 tempest-VolumesNegativeTest-1236099243 tempest-VolumesNegativeTest-1236099243-project] Delete volume with id: 69252f3c-3099-4b60-9425-50651784b328
Aug 09 13:39:01.663300 dv-cinder-803862-2-smb devstack@c-api.service[107298]: INFO cinder.api.openstack.wsgi [req-61e006bf-4c1e-42f6-af84-76035bb77c47 req-79f6b7eb-92c9-4d44-947e-ba858f384d77 tempest-VolumesNegativeTest-1236099243 tempest-VolumesNegativeTest-1236099243-project] http://10.222.0.43/volume/v3/e3202209854e4b8ea460c685d8b270dd/volumes/69252f3c-3099-4b60-9425-50651784b328 returned with HTTP 404
Aug 09 13:39:01.668313 dv-cinder-803862-2-smb devstack@c-api.service[107298]: [pid: 107298|app: 0|req: 5/10] 10.222.0.43 () {62 vars in 1601 bytes} [Mon Aug 9 13:39:01 2021] DELETE /volume/v3/e3202209854e4b8ea460c685d8b270dd/volumes/69252f3c-3099-4b60-9425-50651784b328 => generated 109 bytes in 106 msecs (HTTP/1.1 404) 7 headers in 292 bytes (1 switches on core 0)
Aug 09 13:39:01.732854 dv-cinder-803862-2-smb devstack@c-api.service[107299]: INFO cinder.api.openstack.wsgi [None req-d6ec0bd0-d1e5-4281-9f87-32d81f6d7f9c tempest-QosSpecsTestJSON-2138542032 tempest-QosSpecsTestJSON-2138542032-project-admin] POST http://10.222.0.43/volume/v3/28e8693776b84df7bab993c31e2bf188/qos-specs
Aug 09 13:39:01.733840 dv-cinder-803862-2-smb devstack@c-api.service[107299]: DEBUG cinder.api.openstack.wsgi [None req-d6ec0bd0-d1e5-4281-9f87-32d81f6d7f9c tempest-QosSpecsTestJSON-2138542032 tempest-QosSpecsTestJSON-2138542032-project-admin] Action: 'create', calling method: create, body: {"qos_specs": {"name": "tempest-QosSpecsTestJSON-QoS-2092976198", "consumer": "front-end", "read_iops_sec": "2000"}} {{(pid=107299) _process_stack /opt/stack/cinder/cinder/api/openstack/wsgi.py:854}}
Aug 09 13:39:01.735850 dv-cinder-803862-2-smb devstack@c-api.service[107299]: DEBUG cinder.volume.qos_specs [None req-d6ec0bd0-d1e5-4281-9f87-32d81f6d7f9c tempest-QosSpecsTestJSON-2138542032 tempest-QosSpecsTestJSON-2138542032-project-admin] Dict for qos_specs: {'name': 'tempest-QosSpecsTestJSON-QoS-2092976198', 'consumer': 'front-end', 'specs': {'read_iops_sec': '2000'}} {{(pid=107299) create /opt/stack/cinder/cinder/volume/qos_specs.py:64}}
Aug 09 13:39:01.780660 dv-cinder-803862-2-smb devstack@c-api.service[107299]: DEBUG cinder.db.sqlalchemy.api [None req-d6ec0bd0-d1e5-4281-9f87-32d81f6d7f9c tempest-QosSpecsTestJSON-2138542032 tempest-QosSpecsTestJSON-2138542032-project-admin] DB qos_specs_create(): root {'id': '8dea48a6-d658-4124-8f98-fa9370102347', 'key': 'QoS_Specs_Name', 'value': 'tempest-QosSpecsTestJSON-QoS-2092976198'} {{(pid=107299) qos_specs_create /opt/stack/cinder/cinder/db/sqlalchemy/api.py:4604}}
Aug 09 13:39:01.791598 dv-cinder-803862-2-smb devstack@c-api.service[107298]: INFO cinder.api.openstack.wsgi [req-c786fa76-a45e-4059-819a-e047df344004 req-f2c85ca4-787e-4f10-89d0-5248fc6dd2f8 tempest-VolumesGetTestJSON-1989841623 tempest-VolumesGetTestJSON-1989841623-project] POST http://10.222.0.43/volume/v3/95c3f962183a4ab69b3282efc9030bbe/volumes
Aug 09 13:39:01.792931 dv-cinder-803862-2-smb devstack@c-api.service[107298]: DEBUG cinder.api.openstack.wsgi [req-c786fa76-a45e-4059-819a-e047df344004 req-f2c85ca4-787e-4f10-89d0-5248fc6dd2f8 tempest-VolumesGetTestJSON-1989841623 tempest-VolumesGetTestJSON-1989841623-project] Action: 'create', calling method: create, body: {"volume": {"size": 1, "consistencygroup_id": null, "snapshot_id": null, "name": "tempest-VolumesGetTestJSON-Volume-1439177277", "description": null, "volume_type": null, "availability_zone": null, "metadata": {"Type": "work"}, "imageRef": null, "source_volid": null, "backup_id": null}} {{(pid=107298) _process_stack /opt/stack/cinder/cinder/api/openstack/wsgi.py:854}}
Aug 09 13:39:01.795199 dv-cinder-803862-2-smb devstack@c-api.service[107298]: DEBUG cinder.api.v3.volumes [req-c786fa76-a45e-4059-819a-e047df344004 req-f2c85ca4-787e-4f10-89d0-5248fc6dd2f8 tempest-VolumesGetTestJSON-1989841623 tempest-VolumesGetTestJSON-1989841623-project] Create volume request body: {'volume': {'size': 1, 'consistencygroup_id': None, 'snapshot_id': None, 'name': 'tempest-VolumesGetTestJSON-Volume-1439177277', 'description': None, 'volume_type': None, 'availability_zone': None, 'metadata': {'Type': 'work'}, 'imageRef': None, 'source_volid': None, 'backup_id': None}} {{(pid=107298) create /opt/stack/cinder/cinder/api/v3/volumes.py:290}}
Aug 09 13:39:01.796418 dv-cinder-803862-2-smb devstack@c-api.service[107298]: INFO cinder.api.v3.volumes [req-c786fa76-a45e-4059-819a-e047df344004 req-f2c85ca4-787e-4f10-89d0-5248fc6dd2f8 tempest-VolumesGetTestJSON-1989841623 tempest-VolumesGetTestJSON-1989841623-project] Create volume of 1 GB
Aug 09 13:39:01.814536 dv-cinder-803862-2-smb devstack@c-api.service[107298]: DEBUG cinder.volume.api [req-c786fa76-a45e-4059-819a-e047df344004 req-f2c85ca4-787e-4f10-89d0-5248fc6dd2f8 tempest-VolumesGetTestJSON-1989841623 tempest-VolumesGetTestJSON-1989841623-project] Availability zone cache updated, next update will occur around 2021-08-09 14:39:01.813419. {{(pid=107298) list_availability_zones /opt/stack/cinder/cinder/volume/api.py:148}}
Aug 09 13:39:01.815444 dv-cinder-803862-2-smb devstack@c-api.service[107298]: INFO cinder.volume.api [req-c786fa76-a45e-4059-819a-e047df344004 req-f2c85ca4-787e-4f10-89d0-5248fc6dd2f8 tempest-VolumesGetTestJSON-1989841623 tempest-VolumesGetTestJSON-1989841623-project] Availability Zones retrieved successfully.
Aug 09 13:39:01.866078 dv-cinder-803862-2-smb devstack@c-api.service[107298]: DEBUG cinder.volume.api [req-c786fa76-a45e-4059-819a-e047df344004 req-f2c85ca4-787e-4f10-89d0-5248fc6dd2f8 tempest-VolumesGetTestJSON-1989841623 tempest-VolumesGetTestJSON-1989841623-project] Flow 'volume_create_api' (088a0bb8-98d5-49ae-a08e-68c36fa9c2be) transitioned into state 'RUNNING' from state 'PENDING' {{(pid=107298) _flow_receiver /usr/local/lib/python3.8/dist-packages/taskflow/listeners/logging.py:141}}
Aug 09 13:39:01.872424 dv-cinder-803862-2-smb devstack@c-api.service[107298]: DEBUG cinder.volume.api [req-c786fa76-a45e-4059-819a-e047df344004 req-f2c85ca4-787e-4f10-89d0-5248fc6dd2f8 tempest-VolumesGetTestJSON-1989841623 tempest-VolumesGetTestJSON-1989841623-project] Task 'cinder.volume.flows.api.create_volume.ExtractVolumeRequestTask;volume:create' (61c4f086-e3ad-4861-94ff-c31454bb81fe) transitioned into state 'RUNNING' from state 'PENDING' {{(pid=107298) _task_receiver /usr/local/lib/python3.8/dist-packages/taskflow/listeners/logging.py:190}}
Aug 09 13:39:01.872424 dv-cinder-803862-2-smb devstack@c-api.service[107298]: DEBUG cinder.volume.flows.api.create_volume [req-c786fa76-a45e-4059-819a-e047df344004 req-f2c85ca4-787e-4f10-89d0-5248fc6dd2f8 tempest-VolumesGetTestJSON-1989841623 tempest-VolumesGetTestJSON-1989841623-project] Validating volume size '1' using validate_int {{(pid=107298) _extract_size /opt/stack/cinder/cinder/volume/flows/api/create_volume.py:201}}
Aug 09 13:39:01.884237 dv-cinder-803862-2-smb devstack@c-api.service[107299]: INFO cinder.api.openstack.wsgi [None req-d6ec0bd0-d1e5-4281-9f87-32d81f6d7f9c tempest-QosSpecsTestJSON-2138542032 tempest-QosSpecsTestJSON-2138542032-project-admin] http://10.222.0.43/volume/v3/28e8693776b84df7bab993c31e2bf188/qos-specs returned with HTTP 200
Aug 09 13:39:01.885410 dv-cinder-803862-2-smb devstack@c-api.service[107299]: [pid: 107299|app: 0|req: 6/11] 10.222.0.43 () {60 vars in 1242 bytes} [Mon Aug 9 13:39:01 2021] POST /volume/v3/28e8693776b84df7bab993c31e2bf188/qos-specs => generated 459 bytes in 481 msecs (HTTP/1.1 200) 7 headers in 285 bytes (1 switches on core 0)
Aug 09 13:39:01.889743 dv-cinder-803862-2-smb devstack@c-api.service[107299]: INFO cinder.api.openstack.wsgi [None req-809d3fdd-1290-485c-8598-5348a26b3073 tempest-GroupsTest-920575584 tempest-GroupsTest-920575584-project-admin] POST http://10.222.0.43/volume/v3/93489e6d422e4e67b6125fe5c57cb566/group_types
Aug 09 13:39:01.890398 dv-cinder-803862-2-smb devstack@c-api.service[107299]: /usr/local/lib/python3.8/dist-packages/webob/acceptparse.py:1047: DeprecationWarning: The behavior of AcceptValidHeader.best_match is currently being maintained for backward compatibility, but it will be deprecated in the future, as it does not conform to the RFC.
Aug 09 13:39:01.890398 dv-cinder-803862-2-smb devstack@c-api.service[107299]: warnings.warn(
Aug 09 13:39:01.890983 dv-cinder-803862-2-smb devstack@c-api.service[107299]: DEBUG cinder.api.openstack.wsgi [None req-809d3fdd-1290-485c-8598-5348a26b3073 tempest-GroupsTest-920575584 tempest-GroupsTest-920575584-project-admin] Action: 'create', calling method: version_select, body: {"group_type": {"name": "tempest-GroupsTest-group-type-887640502"}} {{(pid=107299) _process_stack /opt/stack/cinder/cinder/api/openstack/wsgi.py:854}}
Aug 09 13:39:01.892390 dv-cinder-803862-2-smb devstack@c-api.service[107299]: /usr/local/lib/python3.8/dist-packages/oslo_context/context.py:105: DeprecationWarning: Policy enforcement is depending on the value of is_admin. This key is deprecated. Please update your policy file to use the standard policy values.
Aug 09 13:39:01.892390 dv-cinder-803862-2-smb devstack@c-api.service[107299]: warnings.warn('Policy enforcement is depending on the value of '
Aug 09 13:39:01.964157 dv-cinder-803862-2-smb devstack@c-api.service[107298]: DEBUG cinder.volume.api [req-c786fa76-a45e-4059-819a-e047df344004 req-f2c85ca4-787e-4f10-89d0-5248fc6dd2f8 tempest-VolumesGetTestJSON-1989841623 tempest-VolumesGetTestJSON-1989841623-project] Task 'cinder.volume.flows.api.create_volume.ExtractVolumeRequestTask;volume:create' (61c4f086-e3ad-4861-94ff-c31454bb81fe) transitioned into state 'SUCCESS' from state 'RUNNING' with result '{'size': 1, 'snapshot_id': None, 'source_volid': None, 'volume_type': VolumeType(created_at=2021-08-09T13:24:11Z,deleted=False,deleted_at=None,description='Default Volume Type',extra_specs={},id=ef0bf6f1-9113-48e4-874f-c3893c686d74,is_public=True,name='__DEFAULT__',projects=[],qos_specs=,qos_specs_id=None,updated_at=2021-08-09T13:24:11Z), 'volume_type_id': 'ef0bf6f1-9113-48e4-874f-c3893c686d74', 'encryption_key_id': None, 'qos_specs': None, 'consistencygroup_id': None, 'cgsnapshot_id': None, 'group_id': None, 'replication_status': 'disabled', 'refresh_az': False, 'backup_id': None, 'multiattach': False, 'availability_zones': ['nova']}' {{(pid=107298) _task_receiver /usr/local/lib/python3.8/dist-packages/taskflow/listeners/logging.py:178}}
Aug 09 13:39:01.967630 dv-cinder-803862-2-smb devstack@c-api.service[107298]: DEBUG cinder.volume.api [req-c786fa76-a45e-4059-819a-e047df344004 req-f2c85ca4-787e-4f10-89d0-5248fc6dd2f8 tempest-VolumesGetTestJSON-1989841623 tempest-VolumesGetTestJSON-1989841623-project] Task 'cinder.volume.flows.api.create_volume.QuotaReserveTask;volume:create' (ebbf52a7-520c-4774-89bc-7f82dd414236) transitioned into state 'RUNNING' from state 'PENDING' {{(pid=107298) _task_receiver /usr/local/lib/python3.8/dist-packages/taskflow/listeners/logging.py:190}}
Aug 09 13:39:02.035027 dv-cinder-803862-2-smb devstack@c-api.service[107298]: WARNING cinder.quota [req-c786fa76-a45e-4059-819a-e047df344004 req-f2c85ca4-787e-4f10-89d0-5248fc6dd2f8 tempest-VolumesGetTestJSON-1989841623 tempest-VolumesGetTestJSON-1989841623-project] Deprecated: Default quota for resource: volumes___DEFAULT__ is set by the default quota flag: quota_volumes___DEFAULT__, it is now deprecated. Please use the default quota class for default quota.
Aug 09 13:39:02.035938 dv-cinder-803862-2-smb devstack@c-api.service[107298]: WARNING cinder.quota [req-c786fa76-a45e-4059-819a-e047df344004 req-f2c85ca4-787e-4f10-89d0-5248fc6dd2f8 tempest-VolumesGetTestJSON-1989841623 tempest-VolumesGetTestJSON-1989841623-project] Deprecated: Default quota for resource: gigabytes___DEFAULT__ is set by the default quota flag: quota_gigabytes___DEFAULT__, it is now deprecated. Please use the default quota class for default quota.
Aug 09 13:39:02.051716 dv-cinder-803862-2-smb devstack@c-api.service[107299]: INFO cinder.api.openstack.wsgi [None req-809d3fdd-1290-485c-8598-5348a26b3073 tempest-GroupsTest-920575584 tempest-GroupsTest-920575584-project-admin] http://10.222.0.43/volume/v3/93489e6d422e4e67b6125fe5c57cb566/group_types returned with HTTP 202
Aug 09 13:39:02.053677 dv-cinder-803862-2-smb devstack@c-api.service[107299]: [pid: 107299|app: 0|req: 7/12] 10.222.0.43 () {62 vars in 1288 bytes} [Mon Aug 9 13:39:01 2021] POST /volume/v3/93489e6d422e4e67b6125fe5c57cb566/group_types => generated 172 bytes in 168 msecs (HTTP/1.1 202) 7 headers in 292 bytes (1 switches on core 0)
Aug 09 13:39:02.113423 dv-cinder-803862-2-smb devstack@c-api.service[107299]: INFO cinder.api.openstack.wsgi [None req-c42afa5f-d3e8-4fb7-aeda-4a188f23b8eb tempest-GroupsV320Test-789021901 tempest-GroupsV320Test-789021901-project-admin] POST http://10.222.0.43/volume/v3/d5cbfbefa31543b7922f78f0d57a731f/types
Aug 09 13:39:02.114244 dv-cinder-803862-2-smb devstack@c-api.service[107299]: DEBUG cinder.api.openstack.wsgi [None req-c42afa5f-d3e8-4fb7-aeda-4a188f23b8eb tempest-GroupsV320Test-789021901 tempest-GroupsV320Test-789021901-project-admin] Action: 'create', calling method: _create, body: {"volume_type": {"name": "tempest-GroupsV320Test-volume-type-1163394451"}} {{(pid=107299) _process_stack /opt/stack/cinder/cinder/api/openstack/wsgi.py:854}}
Aug 09 13:39:02.236213 dv-cinder-803862-2-smb devstack@c-api.service[107299]: INFO cinder.api.openstack.wsgi [None req-c42afa5f-d3e8-4fb7-aeda-4a188f23b8eb tempest-GroupsV320Test-789021901 tempest-GroupsV320Test-789021901-project-admin] http://10.222.0.43/volume/v3/d5cbfbefa31543b7922f78f0d57a731f/types returned with HTTP 200
Aug 09 13:39:02.238060 dv-cinder-803862-2-smb devstack@c-api.service[107299]: [pid: 107299|app: 0|req: 8/13] 10.222.0.43 () {60 vars in 1229 bytes} [Mon Aug 9 13:39:02 2021] POST /volume/v3/d5cbfbefa31543b7922f78f0d57a731f/types => generated 220 bytes in 184 msecs (HTTP/1.1 200) 7 headers in 285 bytes (1 switches on core 0)
Aug 09 13:39:02.245224 dv-cinder-803862-2-smb devstack@c-api.service[107299]: INFO cinder.api.openstack.wsgi [req-99bca06e-f43e-4075-9edc-7dcf65b1d733 req-4ed06f33-4e5c-4896-ac2b-c61c06875b76 tempest-VolumesNegativeTest-1236099243 tempest-VolumesNegativeTest-1236099243-project] GET http://10.222.0.43/volume/v3/e3202209854e4b8ea460c685d8b270dd/volumes/918a9da0-dcf8-47dc-adad-2082406a855f
Aug 09 13:39:02.246446 dv-cinder-803862-2-smb devstack@c-api.service[107299]: DEBUG cinder.api.openstack.wsgi [req-99bca06e-f43e-4075-9edc-7dcf65b1d733 req-4ed06f33-4e5c-4896-ac2b-c61c06875b76 tempest-VolumesNegativeTest-1236099243 tempest-VolumesNegativeTest-1236099243-project] Empty body provided in request {{(pid=107299) get_body /opt/stack/cinder/cinder/api/openstack/wsgi.py:703}}
Aug 09 13:39:02.247039 dv-cinder-803862-2-smb devstack@c-api.service[107299]: DEBUG cinder.api.openstack.wsgi [req-99bca06e-f43e-4075-9edc-7dcf65b1d733 req-4ed06f33-4e5c-4896-ac2b-c61c06875b76 tempest-VolumesNegativeTest-1236099243 tempest-VolumesNegativeTest-1236099243-project] Calling method 'show' {{(pid=107299) _process_stack /opt/stack/cinder/cinder/api/openstack/wsgi.py:856}}
Aug 09 13:39:02.265950 dv-cinder-803862-2-smb devstack@c-api.service[107299]: INFO cinder.api.openstack.wsgi [req-99bca06e-f43e-4075-9edc-7dcf65b1d733 req-4ed06f33-4e5c-4896-ac2b-c61c06875b76 tempest-VolumesNegativeTest-1236099243 tempest-VolumesNegativeTest-1236099243-project] http://10.222.0.43/volume/v3/e3202209854e4b8ea460c685d8b270dd/volumes/918a9da0-dcf8-47dc-adad-2082406a855f returned with HTTP 404
Aug 09 13:39:02.267864 dv-cinder-803862-2-smb devstack@c-api.service[107299]: [pid: 107299|app: 0|req: 9/14] 10.222.0.43 () {60 vars in 1579 bytes} [Mon Aug 9 13:39:02 2021] GET /volume/v3/e3202209854e4b8ea460c685d8b270dd/volumes/918a9da0-dcf8-47dc-adad-2082406a855f => generated 109 bytes in 29 msecs (HTTP/1.1 404) 7 headers in 292 bytes (1 switches on core 0)
Aug 09 13:39:02.272506 dv-cinder-803862-2-smb devstack@c-api.service[107299]: INFO cinder.api.openstack.wsgi [None req-e04efb73-c646-42e9-a68b-27b9aff112ad tempest-QosSpecsTestJSON-2138542032 tempest-QosSpecsTestJSON-2138542032-project-admin] POST http://10.222.0.43/volume/v3/28e8693776b84df7bab993c31e2bf188/types
Aug 09 13:39:02.273179 dv-cinder-803862-2-smb devstack@c-api.service[107299]: DEBUG cinder.api.openstack.wsgi [None req-e04efb73-c646-42e9-a68b-27b9aff112ad tempest-QosSpecsTestJSON-2138542032 tempest-QosSpecsTestJSON-2138542032-project-admin] Action: 'create', calling method: _create, body: {"volume_type": {"name": "tempest-QosSpecsTestJSON-volume-type-2025888399"}} {{(pid=107299) _process_stack /opt/stack/cinder/cinder/api/openstack/wsgi.py:854}}
Aug 09 13:39:02.287157 dv-cinder-803862-2-smb devstack@c-api.service[107298]: DEBUG cinder.quota [req-c786fa76-a45e-4059-819a-e047df344004 req-f2c85ca4-787e-4f10-89d0-5248fc6dd2f8 tempest-VolumesGetTestJSON-1989841623 tempest-VolumesGetTestJSON-1989841623-project] Created reservations ['13c9c564-f474-474d-bfe6-c1fd46974873', 'c2255af0-e702-4ffc-a50a-e201b20e868d', '794c4202-bc81-469a-996d-9cf00bc938da', 'd1402781-8499-4489-903d-5b89f1233b21'] {{(pid=107298) reserve /opt/stack/cinder/cinder/quota.py:755}}
Aug 09 13:39:02.290499 dv-cinder-803862-2-smb devstack@c-api.service[107298]: DEBUG cinder.volume.api [req-c786fa76-a45e-4059-819a-e047df344004 req-f2c85ca4-787e-4f10-89d0-5248fc6dd2f8 tempest-VolumesGetTestJSON-1989841623 tempest-VolumesGetTestJSON-1989841623-project] Task 'cinder.volume.flows.api.create_volume.QuotaReserveTask;volume:create' (ebbf52a7-520c-4774-89bc-7f82dd414236) transitioned into state 'SUCCESS' from state 'RUNNING' with result '{'reservations': ['13c9c564-f474-474d-bfe6-c1fd46974873', 'c2255af0-e702-4ffc-a50a-e201b20e868d', '794c4202-bc81-469a-996d-9cf00bc938da', 'd1402781-8499-4489-903d-5b89f1233b21']}' {{(pid=107298) _task_receiver /usr/local/lib/python3.8/dist-packages/taskflow/listeners/logging.py:178}}
Aug 09 13:39:02.294018 dv-cinder-803862-2-smb devstack@c-api.service[107298]: DEBUG cinder.volume.api [req-c786fa76-a45e-4059-819a-e047df344004 req-f2c85ca4-787e-4f10-89d0-5248fc6dd2f8 tempest-VolumesGetTestJSON-1989841623 tempest-VolumesGetTestJSON-1989841623-project] Task 'cinder.volume.flows.api.create_volume.EntryCreateTask;volume:create' (cf81e766-f0e0-436b-b156-85ed0c6b3317) transitioned into state 'RUNNING' from state 'PENDING' {{(pid=107298) _task_receiver /usr/local/lib/python3.8/dist-packages/taskflow/listeners/logging.py:190}}
Aug 09 13:39:02.419417 dv-cinder-803862-2-smb devstack@c-api.service[107299]: INFO cinder.api.openstack.wsgi [None req-e04efb73-c646-42e9-a68b-27b9aff112ad tempest-QosSpecsTestJSON-2138542032 tempest-QosSpecsTestJSON-2138542032-project-admin] http://10.222.0.43/volume/v3/28e8693776b84df7bab993c31e2bf188/types returned with HTTP 200
Aug 09 13:39:02.421546 dv-cinder-803862-2-smb devstack@c-api.service[107298]: DEBUG cinder.volume.api [req-c786fa76-a45e-4059-819a-e047df344004 req-f2c85ca4-787e-4f10-89d0-5248fc6dd2f8 tempest-VolumesGetTestJSON-1989841623 tempest-VolumesGetTestJSON-1989841623-project] Task 'cinder.volume.flows.api.create_volume.EntryCreateTask;volume:create' (cf81e766-f0e0-436b-b156-85ed0c6b3317) transitioned into state 'SUCCESS' from state 'RUNNING' with result '{'volume_id': '2c6cdb53-f184-4928-98b7-1a7e766a9377', 'volume_properties': VolumeProperties(attach_status='detached',availability_zone='nova',cgsnapshot_id=None,consistencygroup_id=None,display_description=None,display_name='tempest-VolumesGetTestJSON-Volume-1439177277',encryption_key_id=None,group_id=None,group_type_id=,metadata={Type='work'},multiattach=False,project_id='95c3f962183a4ab69b3282efc9030bbe',qos_specs=None,replication_status=,reservations=['13c9c564-f474-474d-bfe6-c1fd46974873','c2255af0-e702-4ffc-a50a-e201b20e868d','794c4202-bc81-469a-996d-9cf00bc938da','d1402781-8499-4489-903d-5b89f1233b21'],size=1,snapshot_id=None,source_replicaid=,source_volid=None,status='creating',user_id='8b9c6b55db084745b73c79cabb0f4d54',volume_type_id=ef0bf6f1-9113-48e4-874f-c3893c686d74), 'volume': Volume(_name_id=None,admin_metadata=,attach_status='detached',availability_zone='nova',bootable=False,cluster=,cluster_name=None,consistencygroup=,consistencygroup_id=None,created_at=2021-08-09T13:39:02Z,deleted=False,deleted_at=None,display_description=None,display_name='tempest-VolumesGetTestJSON-Volume-1439177277',ec2_id=None,encryption_key_id=None,glance_metadata=,group=,group_id=None,host=None,id=2c6cdb53-f184-4928-98b7-1a7e766a9377,launched_at=None,metadata={Type='work'},migration_status=None,multiattach=False,previous_status=None,project_id='95c3f962183a4ab69b3282efc9030bbe',provider_auth=None,provider_geometry=None,provider_id=None,provider_location=None,replication_driver_data=None,replication_extended_status=None,replication_status=None,scheduled_at=None,service_uuid=None,shared_targets=True,size=1,snapshot_id=None,snapshots=,source_volid=None,status='creating',terminated_at=None,updated_at=None,user_id='8b9c6b55db084745b73c79cabb0f4d54',volume_attachment=,volume_type=VolumeType(ef0bf6f1-9113-48e4-874f-c3893c686d74),volume_type_id=ef0bf6f1-9113-48e4-874f-c3893c686d74)}' {{(pid=107298) _task_receiver /usr/local/lib/python3.8/dist-packages/taskflow/listeners/logging.py:178}}
Aug 09 13:39:02.427442 dv-cinder-803862-2-smb devstack@c-api.service[107299]: [pid: 107299|app: 0|req: 10/15] 10.222.0.43 () {60 vars in 1229 bytes} [Mon Aug 9 13:39:02 2021] POST /volume/v3/28e8693776b84df7bab993c31e2bf188/types => generated 222 bytes in 159 msecs (HTTP/1.1 200) 7 headers in 285 bytes (1 switches on core 0)
Aug 09 13:39:02.430960 dv-cinder-803862-2-smb devstack@c-api.service[107298]: DEBUG cinder.volume.api [req-c786fa76-a45e-4059-819a-e047df344004 req-f2c85ca4-787e-4f10-89d0-5248fc6dd2f8 tempest-VolumesGetTestJSON-1989841623 tempest-VolumesGetTestJSON-1989841623-project] Task 'cinder.volume.flows.api.create_volume.QuotaCommitTask;volume:create' (8e6e552b-e730-405a-9fd9-77a453ee7da0) transitioned into state 'RUNNING' from state 'PENDING' {{(pid=107298) _task_receiver /usr/local/lib/python3.8/dist-packages/taskflow/listeners/logging.py:190}}
Aug 09 13:39:02.558850 dv-cinder-803862-2-smb devstack@c-api.service[107298]: DEBUG cinder.volume.api [req-c786fa76-a45e-4059-819a-e047df344004 req-f2c85ca4-787e-4f10-89d0-5248fc6dd2f8 tempest-VolumesGetTestJSON-1989841623 tempest-VolumesGetTestJSON-1989841623-project] Task 'cinder.volume.flows.api.create_volume.QuotaCommitTask;volume:create' (8e6e552b-e730-405a-9fd9-77a453ee7da0) transitioned into state 'SUCCESS' from state 'RUNNING' with result '{'volume_properties': VolumeProperties(attach_status='detached',availability_zone='nova',cgsnapshot_id=None,consistencygroup_id=None,display_description=None,display_name='tempest-VolumesGetTestJSON-Volume-1439177277',encryption_key_id=None,group_id=None,group_type_id=,metadata={Type='work'},multiattach=False,project_id='95c3f962183a4ab69b3282efc9030bbe',qos_specs=None,replication_status=,reservations=['13c9c564-f474-474d-bfe6-c1fd46974873','c2255af0-e702-4ffc-a50a-e201b20e868d','794c4202-bc81-469a-996d-9cf00bc938da','d1402781-8499-4489-903d-5b89f1233b21'],size=1,snapshot_id=None,source_replicaid=,source_volid=None,status='creating',user_id='8b9c6b55db084745b73c79cabb0f4d54',volume_type_id=ef0bf6f1-9113-48e4-874f-c3893c686d74)}' {{(pid=107298) _task_receiver /usr/local/lib/python3.8/dist-packages/taskflow/listeners/logging.py:178}}
Aug 09 13:39:02.561624 dv-cinder-803862-2-smb devstack@c-api.service[107298]: DEBUG cinder.volume.api [req-c786fa76-a45e-4059-819a-e047df344004 req-f2c85ca4-787e-4f10-89d0-5248fc6dd2f8 tempest-VolumesGetTestJSON-1989841623 tempest-VolumesGetTestJSON-1989841623-project] Task 'cinder.volume.flows.api.create_volume.VolumeCastTask;volume:create' (452c6e93-7bfe-469c-be0a-a6a543bc7abc) transitioned into state 'RUNNING' from state 'PENDING' {{(pid=107298) _task_receiver /usr/local/lib/python3.8/dist-packages/taskflow/listeners/logging.py:190}}
Aug 09 13:39:02.602902 dv-cinder-803862-2-smb devstack@c-api.service[107299]: INFO cinder.api.openstack.wsgi [None req-bbbda430-cf45-4b10-b9db-66dc7f2903d7 tempest-GroupsTest-1512420099 tempest-GroupsTest-1512420099-project] POST http://10.222.0.43/volume/v3/608a93e39f414607aa21e75cad856c88/groups
Aug 09 13:39:02.605943 dv-cinder-803862-2-smb devstack@c-api.service[107299]: DEBUG cinder.api.openstack.wsgi [None req-bbbda430-cf45-4b10-b9db-66dc7f2903d7 tempest-GroupsTest-1512420099 tempest-GroupsTest-1512420099-project] Action: 'create', calling method: version_select, body: {"group": {"group_type": "e8b3244d-7d61-49e4-b5e1-42a1ef1e462b", "volume_types": ["ca1c48ac-d870-4681-b8f5-3cd41b01495a"], "name": "tempest-Group1-571352793"}} {{(pid=107299) _process_stack /opt/stack/cinder/cinder/api/openstack/wsgi.py:854}}
Aug 09 13:39:02.605943 dv-cinder-803862-2-smb devstack@c-api.service[107299]: DEBUG cinder.api.v3.groups [None req-bbbda430-cf45-4b10-b9db-66dc7f2903d7 tempest-GroupsTest-1512420099 tempest-GroupsTest-1512420099-project] Creating new group {'group': {'group_type': 'e8b3244d-7d61-49e4-b5e1-42a1ef1e462b', 'volume_types': ['ca1c48ac-d870-4681-b8f5-3cd41b01495a'], 'name': 'tempest-Group1-571352793'}} {{(pid=107299) create /opt/stack/cinder/cinder/api/v3/groups.py:190}}
Aug 09 13:39:02.611926 dv-cinder-803862-2-smb devstack@c-api.service[107299]: INFO cinder.api.v3.groups [None req-bbbda430-cf45-4b10-b9db-66dc7f2903d7 tempest-GroupsTest-1512420099 tempest-GroupsTest-1512420099-project] Creating group tempest-Group1-571352793.
Aug 09 13:39:02.643414 dv-cinder-803862-2-smb devstack@c-api.service[107299]: DEBUG cinder.volume.api [None req-bbbda430-cf45-4b10-b9db-66dc7f2903d7 tempest-GroupsTest-1512420099 tempest-GroupsTest-1512420099-project] Availability zone cache updated, next update will occur around 2021-08-09 14:39:02.642526. {{(pid=107299) list_availability_zones /opt/stack/cinder/cinder/volume/api.py:148}}
Aug 09 13:39:02.644054 dv-cinder-803862-2-smb devstack@c-api.service[107299]: INFO cinder.volume.api [None req-bbbda430-cf45-4b10-b9db-66dc7f2903d7 tempest-GroupsTest-1512420099 tempest-GroupsTest-1512420099-project] Availability Zones retrieved successfully.
Aug 09 13:39:02.720161 dv-cinder-803862-2-smb devstack@c-api.service[107298]: DEBUG cinder.volume.api [req-c786fa76-a45e-4059-819a-e047df344004 req-f2c85ca4-787e-4f10-89d0-5248fc6dd2f8 tempest-VolumesGetTestJSON-1989841623 tempest-VolumesGetTestJSON-1989841623-project] Task 'cinder.volume.flows.api.create_volume.VolumeCastTask;volume:create' (452c6e93-7bfe-469c-be0a-a6a543bc7abc) transitioned into state 'SUCCESS' from state 'RUNNING' with result 'None' {{(pid=107298) _task_receiver /usr/local/lib/python3.8/dist-packages/taskflow/listeners/logging.py:178}}
Aug 09 13:39:02.725157 dv-cinder-803862-2-smb devstack@c-api.service[107298]: DEBUG cinder.volume.api [req-c786fa76-a45e-4059-819a-e047df344004 req-f2c85ca4-787e-4f10-89d0-5248fc6dd2f8 tempest-VolumesGetTestJSON-1989841623 tempest-VolumesGetTestJSON-1989841623-project] Flow 'volume_create_api' (088a0bb8-98d5-49ae-a08e-68c36fa9c2be) transitioned into state 'SUCCESS' from state 'RUNNING' {{(pid=107298) _flow_receiver /usr/local/lib/python3.8/dist-packages/taskflow/listeners/logging.py:141}}
Aug 09 13:39:02.729445 dv-cinder-803862-2-smb devstack@c-api.service[107298]: INFO cinder.volume.api [req-c786fa76-a45e-4059-819a-e047df344004 req-f2c85ca4-787e-4f10-89d0-5248fc6dd2f8 tempest-VolumesGetTestJSON-1989841623 tempest-VolumesGetTestJSON-1989841623-project] Create volume request issued successfully.
Aug 09 13:39:02.781565 dv-cinder-803862-2-smb devstack@c-api.service[107298]: INFO cinder.api.openstack.wsgi [req-c786fa76-a45e-4059-819a-e047df344004 req-f2c85ca4-787e-4f10-89d0-5248fc6dd2f8 tempest-VolumesGetTestJSON-1989841623 tempest-VolumesGetTestJSON-1989841623-project] http://10.222.0.43/volume/v3/95c3f962183a4ab69b3282efc9030bbe/volumes returned with HTTP 202
Aug 09 13:39:02.782583 dv-cinder-803862-2-smb devstack@c-api.service[107298]: [pid: 107298|app: 0|req: 6/16] 10.222.0.43 () {64 vars in 1522 bytes} [Mon Aug 9 13:39:01 2021] POST /volume/v3/95c3f962183a4ab69b3282efc9030bbe/volumes => generated 832 bytes in 1113 msecs (HTTP/1.1 202) 7 headers in 291 bytes (1 switches on core 0)
Aug 09 13:39:02.786653 dv-cinder-803862-2-smb devstack@c-api.service[107298]: INFO cinder.api.openstack.wsgi [None req-78fb8fa0-82f5-4221-b953-d4cf18e6249b tempest-GroupsV320Test-789021901 tempest-GroupsV320Test-789021901-project-admin] POST http://10.222.0.43/volume/v3/d5cbfbefa31543b7922f78f0d57a731f/group_types
Aug 09 13:39:02.787077 dv-cinder-803862-2-smb devstack@c-api.service[107298]: /usr/local/lib/python3.8/dist-packages/webob/acceptparse.py:1047: DeprecationWarning: The behavior of AcceptValidHeader.best_match is currently being maintained for backward compatibility, but it will be deprecated in the future, as it does not conform to the RFC.
Aug 09 13:39:02.787077 dv-cinder-803862-2-smb devstack@c-api.service[107298]: warnings.warn(
Aug 09 13:39:02.787430 dv-cinder-803862-2-smb devstack@c-api.service[107298]: DEBUG cinder.api.openstack.wsgi [None req-78fb8fa0-82f5-4221-b953-d4cf18e6249b tempest-GroupsV320Test-789021901 tempest-GroupsV320Test-789021901-project-admin] Action: 'create', calling method: version_select, body: {"group_type": {"name": "tempest-GroupsV320Test-group-type-1041597224"}} {{(pid=107298) _process_stack /opt/stack/cinder/cinder/api/openstack/wsgi.py:854}}
Aug 09 13:39:02.788561 dv-cinder-803862-2-smb devstack@c-api.service[107298]: /usr/local/lib/python3.8/dist-packages/oslo_context/context.py:105: DeprecationWarning: Policy enforcement is depending on the value of is_admin. This key is deprecated. Please update your policy file to use the standard policy values.
Aug 09 13:39:02.788561 dv-cinder-803862-2-smb devstack@c-api.service[107298]: warnings.warn('Policy enforcement is depending on the value of '
Aug 09 13:39:02.921858 dv-cinder-803862-2-smb devstack@c-api.service[107299]: DEBUG cinder.quota [None req-bbbda430-cf45-4b10-b9db-66dc7f2903d7 tempest-GroupsTest-1512420099 tempest-GroupsTest-1512420099-project] Created reservations ['39bd784e-8c2b-461e-9a54-7fc1fdb8c626'] {{(pid=107299) reserve /opt/stack/cinder/cinder/quota.py:755}}
Aug 09 13:39:02.933380 dv-cinder-803862-2-smb devstack@c-api.service[107298]: INFO cinder.api.openstack.wsgi [None req-78fb8fa0-82f5-4221-b953-d4cf18e6249b tempest-GroupsV320Test-789021901 tempest-GroupsV320Test-789021901-project-admin] http://10.222.0.43/volume/v3/d5cbfbefa31543b7922f78f0d57a731f/group_types returned with HTTP 202
Aug 09 13:39:02.938345 dv-cinder-803862-2-smb devstack@c-api.service[107298]: [pid: 107298|app: 0|req: 7/17] 10.222.0.43 () {62 vars in 1288 bytes} [Mon Aug 9 13:39:02 2021] POST /volume/v3/d5cbfbefa31543b7922f78f0d57a731f/group_types => generated 177 bytes in 151 msecs (HTTP/1.1 202) 7 headers in 292 bytes (1 switches on core 0)
Aug 09 13:39:02.941755 dv-cinder-803862-2-smb devstack@c-api.service[107298]: INFO cinder.api.openstack.wsgi [None req-a51eae12-f5c1-4c11-a855-1924bf66bcb4 tempest-QosSpecsTestJSON-2138542032 tempest-QosSpecsTestJSON-2138542032-project-admin] POST http://10.222.0.43/volume/v3/28e8693776b84df7bab993c31e2bf188/types
Aug 09 13:39:02.942895 dv-cinder-803862-2-smb devstack@c-api.service[107298]: DEBUG cinder.api.openstack.wsgi [None req-a51eae12-f5c1-4c11-a855-1924bf66bcb4 tempest-QosSpecsTestJSON-2138542032 tempest-QosSpecsTestJSON-2138542032-project-admin] Action: 'create', calling method: _create, body: {"volume_type": {"name": "tempest-QosSpecsTestJSON-volume-type-1821094240"}} {{(pid=107298) _process_stack /opt/stack/cinder/cinder/api/openstack/wsgi.py:854}}
Aug 09 13:39:03.081251 dv-cinder-803862-2-smb devstack@c-api.service[107298]: INFO cinder.api.openstack.wsgi [None req-a51eae12-f5c1-4c11-a855-1924bf66bcb4 tempest-QosSpecsTestJSON-2138542032 tempest-QosSpecsTestJSON-2138542032-project-admin] http://10.222.0.43/volume/v3/28e8693776b84df7bab993c31e2bf188/types returned with HTTP 200
Aug 09 13:39:03.083161 dv-cinder-803862-2-smb devstack@c-api.service[107298]: [pid: 107298|app: 0|req: 8/18] 10.222.0.43 () {60 vars in 1229 bytes} [Mon Aug 9 13:39:02 2021] POST /volume/v3/28e8693776b84df7bab993c31e2bf188/types => generated 222 bytes in 149 msecs (HTTP/1.1 200) 7 headers in 285 bytes (1 switches on core 0)
Aug 09 13:39:03.100323 dv-cinder-803862-2-smb devstack@c-api.service[107298]: INFO cinder.api.openstack.wsgi [req-c786fa76-a45e-4059-819a-e047df344004 req-3d560387-9ac5-4470-9258-decf06e05468 tempest-VolumesGetTestJSON-1989841623 tempest-VolumesGetTestJSON-1989841623-project] GET http://10.222.0.43/volume/v3/95c3f962183a4ab69b3282efc9030bbe/volumes/2c6cdb53-f184-4928-98b7-1a7e766a9377
Aug 09 13:39:03.102281 dv-cinder-803862-2-smb devstack@c-api.service[107298]: DEBUG cinder.api.openstack.wsgi [req-c786fa76-a45e-4059-819a-e047df344004 req-3d560387-9ac5-4470-9258-decf06e05468 tempest-VolumesGetTestJSON-1989841623 tempest-VolumesGetTestJSON-1989841623-project] Empty body provided in request {{(pid=107298) get_body /opt/stack/cinder/cinder/api/openstack/wsgi.py:703}}
Aug 09 13:39:03.104360 dv-cinder-803862-2-smb devstack@c-api.service[107298]: DEBUG cinder.api.openstack.wsgi [req-c786fa76-a45e-4059-819a-e047df344004 req-3d560387-9ac5-4470-9258-decf06e05468 tempest-VolumesGetTestJSON-1989841623 tempest-VolumesGetTestJSON-1989841623-project] Calling method 'show' {{(pid=107298) _process_stack /opt/stack/cinder/cinder/api/openstack/wsgi.py:856}}
Aug 09 13:39:03.143632 dv-cinder-803862-2-smb devstack@c-api.service[107298]: /usr/local/lib/python3.8/dist-packages/oslo_context/context.py:105: DeprecationWarning: Policy enforcement is depending on the value of is_admin. This key is deprecated. Please update your policy file to use the standard policy values.
Aug 09 13:39:03.143632 dv-cinder-803862-2-smb devstack@c-api.service[107298]: warnings.warn('Policy enforcement is depending on the value of '
Aug 09 13:39:03.185314 dv-cinder-803862-2-smb devstack@c-api.service[107298]: INFO cinder.volume.api [req-c786fa76-a45e-4059-819a-e047df344004 req-3d560387-9ac5-4470-9258-decf06e05468 tempest-VolumesGetTestJSON-1989841623 tempest-VolumesGetTestJSON-1989841623-project] Volume info retrieved successfully.
Aug 09 13:39:03.257368 dv-cinder-803862-2-smb devstack@c-api.service[107298]: INFO cinder.api.openstack.wsgi [req-c786fa76-a45e-4059-819a-e047df344004 req-3d560387-9ac5-4470-9258-decf06e05468 tempest-VolumesGetTestJSON-1989841623 tempest-VolumesGetTestJSON-1989841623-project] http://10.222.0.43/volume/v3/95c3f962183a4ab69b3282efc9030bbe/volumes/2c6cdb53-f184-4928-98b7-1a7e766a9377 returned with HTTP 200
Aug 09 13:39:03.269856 dv-cinder-803862-2-smb devstack@c-api.service[107298]: [pid: 107298|app: 0|req: 9/19] 10.222.0.43 () {60 vars in 1579 bytes} [Mon Aug 9 13:39:03 2021] GET /volume/v3/95c3f962183a4ab69b3282efc9030bbe/volumes/2c6cdb53-f184-4928-98b7-1a7e766a9377 => generated 900 bytes in 180 msecs (HTTP/1.1 200) 7 headers in 285 bytes (1 switches on core 0)
