Aug 08 17:12:45.947169 dv-cinder-803862-1-smb neutron-server[93439]: Metadata agent@dv-cinder-803862-1-smb: {},
Aug 08 17:12:45.947169 dv-cinder-803862-1-smb neutron-server[93439]: Metering agent@dv-cinder-803862-1-smb: {},
Aug 08 17:12:45.947169 dv-cinder-803862-1-smb neutron-server[93439]: Open vSwitch agent@dv-cinder-803862-1-smb: { 'AddressGroup': '1.2',
Aug 08 17:12:45.947169 dv-cinder-803862-1-smb neutron-server[93439]: 'ConntrackHelper': '1.0',
Aug 08 17:12:45.947169 dv-cinder-803862-1-smb neutron-server[93439]: 'Log': '1.0',
Aug 08 17:12:45.947169 dv-cinder-803862-1-smb neutron-server[93439]: 'Network': '1.1',
Aug 08 17:12:45.947169 dv-cinder-803862-1-smb neutron-server[93439]: 'Port': '1.7',
Aug 08 17:12:45.947169 dv-cinder-803862-1-smb neutron-server[93439]: 'PortForwarding': '1.2',
Aug 08 17:12:45.947169 dv-cinder-803862-1-smb neutron-server[93439]: 'QosPolicy': '1.9',
Aug 08 17:12:45.947169 dv-cinder-803862-1-smb neutron-server[93439]: 'SecurityGroup': '1.4',
Aug 08 17:12:45.947169 dv-cinder-803862-1-smb neutron-server[93439]: 'SecurityGroupRule': '1.2',
Aug 08 17:12:45.947169 dv-cinder-803862-1-smb neutron-server[93439]: 'SubPort': '1.0',
Aug 08 17:12:45.947169 dv-cinder-803862-1-smb neutron-server[93439]: 'Subnet': '1.1',
Aug 08 17:12:45.947169 dv-cinder-803862-1-smb neutron-server[93439]: 'Trunk': '1.1'}}
Aug 08 17:12:45.947169 dv-cinder-803862-1-smb neutron-server[93439]: {{(pid=93439) report /opt/stack/neutron/neutron/api/rpc/callbacks/version_manager.py:175}}
Aug 08 17:12:45.994555 dv-cinder-803862-1-smb neutron-server[93438]: DEBUG neutron.wsgi [-] (93438) accepted ('10.222.0.22', 34758) {{(pid=93438) server /usr/local/lib/python3.8/dist-packages/eventlet/wsgi.py:982}}
Aug 08 17:12:45.997650 dv-cinder-803862-1-smb neutron-server[93439]: DEBUG neutron.plugins.ml2.managers [None req-03953f53-8208-4b94-af1d-5b9d5449a53e None None] Attempting to bind port c6a60c2e-1dda-4895-b1ea-7fc78366994b on host dv-cinder-803862-1-smb for vnic_type normal with profile {{(pid=93439) bind_port /opt/stack/neutron/neutron/plugins/ml2/managers.py:790}}
Aug 08 17:12:45.998703 dv-cinder-803862-1-smb neutron-server[93439]: DEBUG neutron.plugins.ml2.managers [None req-03953f53-8208-4b94-af1d-5b9d5449a53e None None] Attempting to bind port c6a60c2e-1dda-4895-b1ea-7fc78366994b by drivers openvswitch,hyperv on host dv-cinder-803862-1-smb at level 0 using segments [{'id': 'cc6efc4f-9293-4139-a35c-11a6a8268e9f', 'network_type': 'vlan', 'physical_network': 'physnet1', 'segmentation_id': 589, 'network_id': '0da368e8-aed9-4034-a0f7-dc45a0fa2fb3'}] {{(pid=93439) _bind_port_level /opt/stack/neutron/neutron/plugins/ml2/managers.py:815}}
Aug 08 17:12:46.000131 dv-cinder-803862-1-smb neutron-server[93439]: DEBUG neutron.plugins.ml2.drivers.mech_agent [None req-03953f53-8208-4b94-af1d-5b9d5449a53e None None] Attempting to bind port c6a60c2e-1dda-4895-b1ea-7fc78366994b on network 0da368e8-aed9-4034-a0f7-dc45a0fa2fb3 {{(pid=93439) bind_port /opt/stack/neutron/neutron/plugins/ml2/drivers/mech_agent.py:85}}
Aug 08 17:12:46.008074 dv-cinder-803862-1-smb neutron-server[93439]: DEBUG neutron.plugins.ml2.drivers.mech_agent [None req-03953f53-8208-4b94-af1d-5b9d5449a53e None None] Checking agent: {'id': 'af1e4e4d-a36d-4bbd-a8b8-bf4dd9a8e925', 'agent_type': 'Open vSwitch agent', 'binary': 'neutron-openvswitch-agent', 'topic': 'N/A', 'host': 'dv-cinder-803862-1-smb', 'admin_state_up': True, 'created_at': datetime.datetime(2021, 8, 8, 17, 4, 44), 'started_at': datetime.datetime(2021, 8, 8, 17, 5, 14), 'heartbeat_timestamp': datetime.datetime(2021, 8, 8, 17, 12, 44), 'description': None, 'resources_synced': None, 'availability_zone': None, 'alive': True, 'configurations': {'arp_responder_enabled': False, 'baremetal_smartnic': False, 'bridge_mappings': {'physnet1': 'br-data'}, 'datapath_type': 'system', 'devices': 0, 'enable_distributed_routing': False, 'extensions': [], 'in_distributed_mode': False, 'integration_bridge': 'br-int', 'l2_population': False, 'log_agent_heartbeats': False, 'ovs_capabilities': {'datapath_types': ['netdev', 'system'], 'iface_types': ['erspan', 'geneve', 'gre', 'internal', 'ip6erspan', 'ip6gre', 'lisp', 'patch', 'stt', 'system', 'tap', 'vxlan']}, 'ovs_hybrid_plug': False, 'resource_provider_bandwidths': {}, 'resource_provider_hypervisors': {'br-data': 'dv-cinder-803862-1-smb'}, 'resource_provider_inventory_defaults': {'allocation_ratio': 1.0, 'min_unit': 1, 'step_size': 1, 'reserved': 0}, 'tunnel_types': [], 'tunneling_ip': None, 'vhostuser_socket_dir': '/var/run/openvswitch'}, 'resource_versions': {'AddressGroup': '1.2', 'ConntrackHelper': '1.0', 'Log': '1.0', 'Network': '1.1', 'Port': '1.7', 'PortForwarding': '1.2', 'QosPolicy': '1.9', 'SecurityGroup': '1.4', 'SecurityGroupRule': '1.2', 'SubPort': '1.0', 'Subnet': '1.1', 'Trunk': '1.1'}} {{(pid=93439) bind_port /opt/stack/neutron/neutron/plugins/ml2/drivers/mech_agent.py:104}}
Aug 08 17:12:46.008444 dv-cinder-803862-1-smb neutron-server[93439]: DEBUG neutron.plugins.ml2.drivers.mech_agent [None req-03953f53-8208-4b94-af1d-5b9d5449a53e None None] Checking segment: {'id': 'cc6efc4f-9293-4139-a35c-11a6a8268e9f', 'network_type': 'vlan', 'physical_network': 'physnet1', 'segmentation_id': 589, 'network_id': '0da368e8-aed9-4034-a0f7-dc45a0fa2fb3'} for mappings: {'physnet1': 'br-data'} with network types: ['local', 'flat', 'vlan'] {{(pid=93439) check_segment_for_agent /opt/stack/neutron/neutron/plugins/ml2/drivers/mech_agent.py:352}}
Aug 08 17:12:46.008840 dv-cinder-803862-1-smb neutron-server[93439]: DEBUG neutron_lib.callbacks.manager [None req-03953f53-8208-4b94-af1d-5b9d5449a53e None None] Notify callbacks [] for ovs_bridge_name, before_read {{(pid=93439) _notify_loop /usr/local/lib/python3.8/dist-packages/neutron_lib/callbacks/manager.py:192}}
Aug 08 17:12:46.009237 dv-cinder-803862-1-smb neutron-server[93439]: DEBUG neutron.plugins.ml2.drivers.mech_agent [None req-03953f53-8208-4b94-af1d-5b9d5449a53e None None] Bound using segment: {'id': 'cc6efc4f-9293-4139-a35c-11a6a8268e9f', 'network_type': 'vlan', 'physical_network': 'physnet1', 'segmentation_id': 589, 'network_id': '0da368e8-aed9-4034-a0f7-dc45a0fa2fb3'} {{(pid=93439) bind_port /opt/stack/neutron/neutron/plugins/ml2/drivers/mech_agent.py:114}}
Aug 08 17:12:46.010321 dv-cinder-803862-1-smb neutron-server[93439]: DEBUG neutron.plugins.ml2.managers [None req-03953f53-8208-4b94-af1d-5b9d5449a53e None None] Bound port: c6a60c2e-1dda-4895-b1ea-7fc78366994b, host: dv-cinder-803862-1-smb, vif_type: ovs, vif_details: {"connectivity": "l2", "port_filter": true, "ovs_hybrid_plug": false, "datapath_type": "system", "bridge_name": "br-int"}, binding_levels: [{'bound_driver': 'openvswitch', 'bound_segment': {'id': 'cc6efc4f-9293-4139-a35c-11a6a8268e9f', 'network_type': 'vlan', 'physical_network': 'physnet1', 'segmentation_id': 589, 'network_id': '0da368e8-aed9-4034-a0f7-dc45a0fa2fb3'}}] {{(pid=93439) _bind_port_level /opt/stack/neutron/neutron/plugins/ml2/managers.py:928}}
Aug 08 17:12:46.010321 dv-cinder-803862-1-smb neutron-server[93439]: DEBUG neutron_lib.callbacks.manager [None req-03953f53-8208-4b94-af1d-5b9d5449a53e None None] Notify callbacks ['neutron.plugins.ml2.plugin.SecurityGroupDbMixin._ensure_default_security_group_handler-8010279'] for port, before_update {{(pid=93439) _notify_loop /usr/local/lib/python3.8/dist-packages/neutron_lib/callbacks/manager.py:192}}
Aug 08 17:12:46.069474 dv-cinder-803862-1-smb neutron-server[93437]: DEBUG neutron.db.db_base_plugin_common [None req-5cc5ed07-0710-41ff-8ffa-61d4699a95a6 admin admin] Allocated IP 172.28.2.180 (ed964324-de49-4ad2-a6a9-bd5d4e70b7a1/d749c3a3-bfd7-4af7-a380-7ca188f57d5d/31328ee1-1634-444a-8803-185de5c79c5f) {{(pid=93437) _store_ip_allocation /opt/stack/neutron/neutron/db/db_base_plugin_common.py:131}}
Aug 08 17:12:46.104110 dv-cinder-803862-1-smb neutron-server[93439]: DEBUG neutron.plugins.ml2.db [None req-03953f53-8208-4b94-af1d-5b9d5449a53e None None] For port c6a60c2e-1dda-4895-b1ea-7fc78366994b, host dv-cinder-803862-1-smb, cleared binding levels {{(pid=93439) clear_binding_levels /opt/stack/neutron/neutron/plugins/ml2/db.py:87}}
Aug 08 17:12:46.108328 dv-cinder-803862-1-smb neutron-server[93439]: DEBUG neutron.plugins.ml2.db [None req-03953f53-8208-4b94-af1d-5b9d5449a53e None None] For port c6a60c2e-1dda-4895-b1ea-7fc78366994b, host dv-cinder-803862-1-smb, set binding levels [PortBindingLevel(driver='openvswitch',host='dv-cinder-803862-1-smb',level=0,port_id=c6a60c2e-1dda-4895-b1ea-7fc78366994b,segment=NetworkSegment(cc6efc4f-9293-4139-a35c-11a6a8268e9f),segment_id=cc6efc4f-9293-4139-a35c-11a6a8268e9f)] {{(pid=93439) set_binding_levels /opt/stack/neutron/neutron/plugins/ml2/db.py:59}}
Aug 08 17:12:46.115544 dv-cinder-803862-1-smb neutron-server[93439]: DEBUG neutron_lib.callbacks.manager [None req-03953f53-8208-4b94-af1d-5b9d5449a53e None None] Notify callbacks ['neutron.plugins.ml2.plugin.SecurityGroupServerNotifierRpcMixin._notify_sg_on_port_change-8009865', 'neutron.plugins.ml2.ovo_rpc._ObjectChangeHandler.handle_event-218770', 'neutron.api.rpc.agentnotifiers.dhcp_rpc_agent_api.DhcpAgentNotifyAPI._native_event_send_dhcp_notification-561983', 'neutron.db.l3_db.L3RpcNotifierMixin._notify_gateway_port_ip_changed-8781114708637', 'neutron.db.l3_dvrscheduler_db._notify_l3_agent_port_update-8781114319607', 'neutron.db.l3_hascheduler_db._notify_l3_agent_ha_port_update-8781114319885'] for port, after_update {{(pid=93439) _notify_loop /usr/local/lib/python3.8/dist-packages/neutron_lib/callbacks/manager.py:192}}
Aug 08 17:12:46.189995 dv-cinder-803862-1-smb neutron-server[93439]: DEBUG neutron.api.rpc.handlers.resources_rpc [None req-03953f53-8208-4b94-af1d-5b9d5449a53e None None] Pushing event updated for resources: {'Port': ['ID=c6a60c2e-1dda-4895-b1ea-7fc78366994b,revision_number=2']} {{(pid=93439) push /opt/stack/neutron/neutron/api/rpc/handlers/resources_rpc.py:237}}
Aug 08 17:12:46.221384 dv-cinder-803862-1-smb neutron-server[93437]: DEBUG neutron_lib.callbacks.manager [None req-5cc5ed07-0710-41ff-8ffa-61d4699a95a6 admin admin] Notify callbacks [] for port, precommit_create {{(pid=93437) _notify_loop /usr/local/lib/python3.8/dist-packages/neutron_lib/callbacks/manager.py:192}}
Aug 08 17:12:46.276422 dv-cinder-803862-1-smb neutron-server[93437]: DEBUG neutron_lib.callbacks.manager [None req-5cc5ed07-0710-41ff-8ffa-61d4699a95a6 admin admin] Notify callbacks ['neutron.plugins.ml2.plugin.SecurityGroupServerNotifierRpcMixin._notify_sg_on_port_change-8009865', 'neutron.plugins.ml2.ovo_rpc._ObjectChangeHandler.handle_event-218770', 'neutron.api.rpc.agentnotifiers.dhcp_rpc_agent_api.DhcpAgentNotifyAPI._native_event_send_dhcp_notification-561983', 'neutron.db.l3_dvrscheduler_db._notify_l3_agent_new_port-8781114319589'] for port, after_create {{(pid=93437) _notify_loop /usr/local/lib/python3.8/dist-packages/neutron_lib/callbacks/manager.py:192}}
Aug 08 17:12:46.346656 dv-cinder-803862-1-smb neutron-server[93437]: DEBUG neutron.api.rpc.handlers.resources_rpc [None req-5cc5ed07-0710-41ff-8ffa-61d4699a95a6 admin admin] Pushing event updated for resources: {'Port': ['ID=31328ee1-1634-444a-8803-185de5c79c5f,revision_number=1']} {{(pid=93437) push /opt/stack/neutron/neutron/api/rpc/handlers/resources_rpc.py:237}}
Aug 08 17:12:46.386723 dv-cinder-803862-1-smb neutron-server[93437]: DEBUG neutron.scheduler.dhcp_agent_scheduler [None req-5cc5ed07-0710-41ff-8ffa-61d4699a95a6 admin admin] Network ed964324-de49-4ad2-a6a9-bd5d4e70b7a1 is already hosted by enough agents. {{(pid=93437) _get_dhcp_agents_hosting_network /opt/stack/neutron/neutron/scheduler/dhcp_agent_scheduler.py:275}}
Aug 08 17:12:46.387914 dv-cinder-803862-1-smb neutron-server[93437]: DEBUG neutron.scheduler.base_scheduler [None req-5cc5ed07-0710-41ff-8ffa-61d4699a95a6 admin admin] Resources bound (agent type, host, resource id): {{(pid=93437) schedule /opt/stack/neutron/neutron/scheduler/base_scheduler.py:57}}
Aug 08 17:12:46.390421 dv-cinder-803862-1-smb neutron-server[93437]: DEBUG neutron.db.l3_dvrscheduler_db [None req-5cc5ed07-0710-41ff-8ffa-61d4699a95a6 admin admin] Received port after_create {{(pid=93437) _notify_l3_agent_new_port /opt/stack/neutron/neutron/db/l3_dvrscheduler_db.py:535}}
Aug 08 17:12:46.407120 dv-cinder-803862-1-smb neutron-server[93438]: DEBUG neutron.api.v2.base [None req-148e79ce-16ad-42cb-8cfe-09f053049cd5 admin admin] Request body: {'network': {'name': 'tempest-ServerRescueNegativeTestJSON-765381408-network', 'tenant_id': 'a0e5241c9bf743c48519b4f4940be989'}} {{(pid=93438) prepare_request_body /opt/stack/neutron/neutron/api/v2/base.py:729}}
Aug 08 17:12:46.449790 dv-cinder-803862-1-smb neutron-server[93438]: DEBUG neutron.pecan_wsgi.hooks.quota_enforcement [None req-148e79ce-16ad-42cb-8cfe-09f053049cd5 admin admin] Made reservation on behalf of a0e5241c9bf743c48519b4f4940be989 for: {'network': 1} {{(pid=93438) before /opt/stack/neutron/neutron/pecan_wsgi/hooks/quota_enforcement.py:53}}
Aug 08 17:12:46.452253 dv-cinder-803862-1-smb neutron-server[93438]: DEBUG neutron_lib.callbacks.manager [None req-148e79ce-16ad-42cb-8cfe-09f053049cd5 admin admin] Notify callbacks ['neutron.plugins.ml2.plugin.SecurityGroupDbMixin._ensure_default_security_group_handler-8010279'] for network, before_create {{(pid=93438) _notify_loop /usr/local/lib/python3.8/dist-packages/neutron_lib/callbacks/manager.py:192}}
Aug 08 17:12:46.468354 dv-cinder-803862-1-smb neutron-server[93438]: DEBUG neutron.api.v2.base [None req-5ab2fce3-927c-459a-93dc-0f346e7116d7 admin admin] Request body: {'network': {'name': 'tempest-DeleteServersTestJSON-1202311048-network', 'tenant_id': '920026d79a92475fbac86b28e16a3020'}} {{(pid=93438) prepare_request_body /opt/stack/neutron/neutron/api/v2/base.py:729}}
Aug 08 17:12:46.531804 dv-cinder-803862-1-smb neutron-server[93438]: DEBUG neutron_lib.callbacks.manager [None req-148e79ce-16ad-42cb-8cfe-09f053049cd5 admin admin] Notify callbacks [] for security_group, before_create {{(pid=93438) _notify_loop /usr/local/lib/python3.8/dist-packages/neutron_lib/callbacks/manager.py:192}}
Aug 08 17:12:46.706535 dv-cinder-803862-1-smb neutron-server[93439]: DEBUG neutron.plugins.ml2.rpc [None req-7fa10e72-95e8-452d-8332-c8ac75bc438c None None] Device c6a60c2e-1dda-4895-b1ea-7fc78366994b up at agent ovs-agent-dv-cinder-803862-1-smb {{(pid=93439) update_device_up /opt/stack/neutron/neutron/plugins/ml2/rpc.py:296}}
Aug 08 17:12:46.721449 dv-cinder-803862-1-smb neutron-server[93438]: DEBUG neutron.pecan_wsgi.hooks.quota_enforcement [None req-5ab2fce3-927c-459a-93dc-0f346e7116d7 admin admin] Made reservation on behalf of 920026d79a92475fbac86b28e16a3020 for: {'network': 1} {{(pid=93438) before /opt/stack/neutron/neutron/pecan_wsgi/hooks/quota_enforcement.py:53}}
Aug 08 17:12:46.724466 dv-cinder-803862-1-smb neutron-server[93438]: DEBUG neutron_lib.callbacks.manager [None req-5ab2fce3-927c-459a-93dc-0f346e7116d7 admin admin] Notify callbacks ['neutron.plugins.ml2.plugin.SecurityGroupDbMixin._ensure_default_security_group_handler-8010279'] for network, before_create {{(pid=93438) _notify_loop /usr/local/lib/python3.8/dist-packages/neutron_lib/callbacks/manager.py:192}}
Aug 08 17:12:46.731294 dv-cinder-803862-1-smb neutron-server[93438]: DEBUG neutron_lib.callbacks.manager [None req-148e79ce-16ad-42cb-8cfe-09f053049cd5 admin admin] Notify callbacks [] for security_group, precommit_create {{(pid=93438) _notify_loop /usr/local/lib/python3.8/dist-packages/neutron_lib/callbacks/manager.py:192}}
Aug 08 17:12:46.740755 dv-cinder-803862-1-smb neutron-server[93438]: DEBUG neutron_lib.callbacks.manager [None req-5ab2fce3-927c-459a-93dc-0f346e7116d7 admin admin] Notify callbacks [] for security_group, before_create {{(pid=93438) _notify_loop /usr/local/lib/python3.8/dist-packages/neutron_lib/callbacks/manager.py:192}}
Aug 08 17:12:46.743185 dv-cinder-803862-1-smb neutron-server[93438]: DEBUG neutron_lib.callbacks.manager [None req-148e79ce-16ad-42cb-8cfe-09f053049cd5 admin admin] Notify callbacks ['neutron.plugins.ml2.ovo_rpc._ObjectChangeHandler.handle_event-619964'] for security_group, after_create {{(pid=93438) _notify_loop /usr/local/lib/python3.8/dist-packages/neutron_lib/callbacks/manager.py:192}}
Aug 08 17:12:46.788628 dv-cinder-803862-1-smb neutron-server[93438]: DEBUG neutron.plugins.ml2.drivers.helpers [None req-148e79ce-16ad-42cb-8cfe-09f053049cd5 admin admin] vlan segment allocate from pool success with {'vlan_id': 575, 'physical_network': 'physnet1'} {{(pid=93438) allocate_partially_specified_segment /opt/stack/neutron/neutron/plugins/ml2/drivers/helpers.py:153}}
Aug 08 17:12:46.793203 dv-cinder-803862-1-smb neutron-server[93438]: DEBUG neutron.api.rpc.handlers.resources_rpc [None req-148e79ce-16ad-42cb-8cfe-09f053049cd5 admin admin] Pushing event updated for resources: {'SecurityGroup': ['ID=163f12f9-1dbe-409c-8ed9-ddf6432a7bb6,revision_number=1']} {{(pid=93438) push /opt/stack/neutron/neutron/api/rpc/handlers/resources_rpc.py:237}}
Aug 08 17:12:46.810892 dv-cinder-803862-1-smb neutron-server[93438]: DEBUG neutron_lib.callbacks.manager [None req-148e79ce-16ad-42cb-8cfe-09f053049cd5 admin admin] Notify callbacks ['neutron.plugins.ml2.plugin.Ml2Plugin._handle_segment_change-8042463'] for segment, precommit_create {{(pid=93438) _notify_loop /usr/local/lib/python3.8/dist-packages/neutron_lib/callbacks/manager.py:192}}
Aug 08 17:12:46.811610 dv-cinder-803862-1-smb neutron-server[93438]: INFO neutron.db.segments_db [None req-148e79ce-16ad-42cb-8cfe-09f053049cd5 admin admin] Added segment ffa9df2f-da2a-4c60-a528-e15fffa801fd of type vlan for network f4efa355-19cb-4220-84d6-88a581107111
Aug 08 17:12:46.823690 dv-cinder-803862-1-smb neutron-server[93439]: DEBUG neutron.db.provisioning_blocks [None req-7fa10e72-95e8-452d-8332-c8ac75bc438c None None] Provisioning for port c6a60c2e-1dda-4895-b1ea-7fc78366994b completed by entity L2. {{(pid=93439) provisioning_complete /opt/stack/neutron/neutron/db/provisioning_blocks.py:133}}
Aug 08 17:12:46.859441 dv-cinder-803862-1-smb neutron-server[93438]: DEBUG neutron_lib.callbacks.manager [None req-148e79ce-16ad-42cb-8cfe-09f053049cd5 admin admin] Notify callbacks ['neutron.services.auto_allocate.db._ensure_external_network_default_value_callback-8781114306636'] for network, precommit_create {{(pid=93438) _notify_loop /usr/local/lib/python3.8/dist-packages/neutron_lib/callbacks/manager.py:192}}
Aug 08 17:12:46.916052 dv-cinder-803862-1-smb neutron-server[93438]: DEBUG neutron_lib.callbacks.manager [None req-148e79ce-16ad-42cb-8cfe-09f053049cd5 admin admin] Notify callbacks ['neutron.plugins.ml2.ovo_rpc._ObjectChangeHandler.handle_event-609315', 'neutron.api.rpc.agentnotifiers.dhcp_rpc_agent_api.DhcpAgentNotifyAPI._native_event_send_dhcp_notification-561983'] for network, after_create {{(pid=93438) _notify_loop /usr/local/lib/python3.8/dist-packages/neutron_lib/callbacks/manager.py:192}}
Aug 08 17:12:46.917190 dv-cinder-803862-1-smb neutron-server[93438]: DEBUG neutron.pecan_wsgi.hooks.policy_enforcement [None req-148e79ce-16ad-42cb-8cfe-09f053049cd5 admin admin] Attributes excluded by policy engine: ['standard_attr_id', 'vlan_transparent'] {{(pid=93438) _exclude_attributes_by_policy /opt/stack/neutron/neutron/pecan_wsgi/hooks/policy_enforcement.py:255}}
Aug 08 17:12:46.917772 dv-cinder-803862-1-smb neutron-server[93438]: DEBUG neutron_lib.callbacks.manager [None req-148e79ce-16ad-42cb-8cfe-09f053049cd5 admin admin] Notify callbacks ['neutron.api.rpc.agentnotifiers.dhcp_rpc_agent_api.DhcpAgentNotifyAPI._send_dhcp_notification-561953'] for network, before_response {{(pid=93438) _notify_loop /usr/local/lib/python3.8/dist-packages/neutron_lib/callbacks/manager.py:192}}
Aug 08 17:12:46.924294 dv-cinder-803862-1-smb neutron-server[93437]: DEBUG neutron_lib.callbacks.manager [None req-5cc5ed07-0710-41ff-8ffa-61d4699a95a6 admin admin] Notify callbacks [] for router_gateway, after_create {{(pid=93437) _notify_loop /usr/local/lib/python3.8/dist-packages/neutron_lib/callbacks/manager.py:192}}
Aug 08 17:12:47.029201 dv-cinder-803862-1-smb neutron-server[93439]: DEBUG neutron_lib.callbacks.manager [None req-bac4f438-67f8-4bd5-8a12-16e9bebfc688 None None] Notify callbacks ['neutron.services.segments.db._update_segment_host_mapping_for_agent-8781114795780', 'neutron.plugins.ml2.plugin.Ml2Plugin._retry_binding_revived_agents-8079767'] for agent, after_update {{(pid=93439) _notify_loop /usr/local/lib/python3.8/dist-packages/neutron_lib/callbacks/manager.py:192}}
Aug 08 17:12:47.057853 dv-cinder-803862-1-smb neutron-server[93438]: DEBUG neutron.api.rpc.handlers.resources_rpc [None req-148e79ce-16ad-42cb-8cfe-09f053049cd5 admin admin] Pushing event updated for resources: {'Network': ['ID=f4efa355-19cb-4220-84d6-88a581107111,revision_number=1']} {{(pid=93438) push /opt/stack/neutron/neutron/api/rpc/handlers/resources_rpc.py:237}}
Aug 08 17:12:47.071609 dv-cinder-803862-1-smb neutron-server[93439]: DEBUG neutron.plugins.ml2.rpc [None req-7fa10e72-95e8-452d-8332-c8ac75bc438c None None] Network f4efa355-19cb-4220-84d6-88a581107111 details requested by agent ovs-agent-dv-cinder-803862-1-smb with host dv-cinder-803862-1-smb {{(pid=93439) get_network_details /opt/stack/neutron/neutron/plugins/ml2/rpc.py:248}}
Aug 08 17:12:47.089014 dv-cinder-803862-1-smb neutron-server[93438]: DEBUG neutron_lib.callbacks.manager [None req-5ab2fce3-927c-459a-93dc-0f346e7116d7 admin admin] Notify callbacks [] for security_group, precommit_create {{(pid=93438) _notify_loop /usr/local/lib/python3.8/dist-packages/neutron_lib/callbacks/manager.py:192}}
Aug 08 17:12:47.097195 dv-cinder-803862-1-smb neutron-server[93438]: DEBUG neutron_lib.callbacks.manager [None req-5ab2fce3-927c-459a-93dc-0f346e7116d7 admin admin] Notify callbacks ['neutron.plugins.ml2.ovo_rpc._ObjectChangeHandler.handle_event-619964'] for security_group, after_create {{(pid=93438) _notify_loop /usr/local/lib/python3.8/dist-packages/neutron_lib/callbacks/manager.py:192}}
Aug 08 17:12:47.115384 dv-cinder-803862-1-smb neutron-server[93438]: DEBUG neutron.plugins.ml2.drivers.helpers [None req-5ab2fce3-927c-459a-93dc-0f346e7116d7 admin admin] vlan segment allocate from pool success with {'vlan_id': 555, 'physical_network': 'physnet1'} {{(pid=93438) allocate_partially_specified_segment /opt/stack/neutron/neutron/plugins/ml2/drivers/helpers.py:153}}
Aug 08 17:12:47.127761 dv-cinder-803862-1-smb neutron-server[93438]: DEBUG neutron_lib.callbacks.manager [None req-5ab2fce3-927c-459a-93dc-0f346e7116d7 admin admin] Notify callbacks ['neutron.plugins.ml2.plugin.Ml2Plugin._handle_segment_change-8042463'] for segment, precommit_create {{(pid=93438) _notify_loop /usr/local/lib/python3.8/dist-packages/neutron_lib/callbacks/manager.py:192}}
Aug 08 17:12:47.128438 dv-cinder-803862-1-smb neutron-server[93438]: INFO neutron.db.segments_db [None req-5ab2fce3-927c-459a-93dc-0f346e7116d7 admin admin] Added segment 9f02398f-d558-422b-844f-7fe619f9bcb2 of type vlan for network ccec430a-11c7-49ed-8f77-c2a6baba604f
Aug 08 17:12:47.184035 dv-cinder-803862-1-smb neutron-server[93438]: DEBUG neutron_lib.callbacks.manager [None req-5ab2fce3-927c-459a-93dc-0f346e7116d7 admin admin] Notify callbacks ['neutron.services.auto_allocate.db._ensure_external_network_default_value_callback-8781114306636'] for network, precommit_create {{(pid=93438) _notify_loop /usr/local/lib/python3.8/dist-packages/neutron_lib/callbacks/manager.py:192}}
Aug 08 17:12:47.228037 dv-cinder-803862-1-smb neutron-server[93438]: INFO neutron.wsgi [None req-148e79ce-16ad-42cb-8cfe-09f053049cd5 admin admin] 10.222.0.22 "POST /v2.0/networks HTTP/1.1" status: 201 len: 891 time: 1.3207576
Aug 08 17:12:47.234579 dv-cinder-803862-1-smb neutron-server[93438]: DEBUG neutron.wsgi [-] (93438) accepted ('10.222.0.22', 34798) {{(pid=93438) server /usr/local/lib/python3.8/dist-packages/eventlet/wsgi.py:982}}
Aug 08 17:12:47.238227 dv-cinder-803862-1-smb neutron-server[93438]: DEBUG neutron_lib.callbacks.manager [None req-5ab2fce3-927c-459a-93dc-0f346e7116d7 admin admin] Notify callbacks ['neutron.plugins.ml2.ovo_rpc._ObjectChangeHandler.handle_event-609315', 'neutron.api.rpc.agentnotifiers.dhcp_rpc_agent_api.DhcpAgentNotifyAPI._native_event_send_dhcp_notification-561983'] for network, after_create {{(pid=93438) _notify_loop /usr/local/lib/python3.8/dist-packages/neutron_lib/callbacks/manager.py:192}}
Aug 08 17:12:47.239569 dv-cinder-803862-1-smb neutron-server[93438]: DEBUG neutron.pecan_wsgi.hooks.policy_enforcement [None req-5ab2fce3-927c-459a-93dc-0f346e7116d7 admin admin] Attributes excluded by policy engine: ['standard_attr_id', 'vlan_transparent'] {{(pid=93438) _exclude_attributes_by_policy /opt/stack/neutron/neutron/pecan_wsgi/hooks/policy_enforcement.py:255}}
Aug 08 17:12:47.240462 dv-cinder-803862-1-smb neutron-server[93438]: DEBUG neutron_lib.callbacks.manager [None req-5ab2fce3-927c-459a-93dc-0f346e7116d7 admin admin] Notify callbacks ['neutron.api.rpc.agentnotifiers.dhcp_rpc_agent_api.DhcpAgentNotifyAPI._send_dhcp_notification-561953'] for network, before_response {{(pid=93438) _notify_loop /usr/local/lib/python3.8/dist-packages/neutron_lib/callbacks/manager.py:192}}
Aug 08 17:12:47.248481 dv-cinder-803862-1-smb neutron-server[93438]: DEBUG neutron.api.v2.base [None req-9bbb1224-cc56-4170-8861-7ef7a6d71b11 admin admin] Request body: {'subnet': {'network_id': 'f4efa355-19cb-4220-84d6-88a581107111', 'cidr': '172.20.0.0/28', 'name': 'tempest-ServerRescueNegativeTestJSON-765381408-subnet', 'tenant_id': 'a0e5241c9bf743c48519b4f4940be989', 'enable_dhcp': False, 'ip_version': 4}} {{(pid=93438) prepare_request_body /opt/stack/neutron/neutron/api/v2/base.py:729}}
Aug 08 17:12:47.289787 dv-cinder-803862-1-smb neutron-server[93438]: DEBUG neutron.api.rpc.handlers.resources_rpc [None req-5ab2fce3-927c-459a-93dc-0f346e7116d7 admin admin] Pushing event updated for resources: {'SecurityGroup': ['ID=318bcc9b-bcb7-4397-8cc5-7d685b964194,revision_number=1']} {{(pid=93438) push /opt/stack/neutron/neutron/api/rpc/handlers/resources_rpc.py:237}}
Aug 08 17:12:47.353292 dv-cinder-803862-1-smb neutron-server[93438]: DEBUG neutron.pecan_wsgi.hooks.quota_enforcement [None req-9bbb1224-cc56-4170-8861-7ef7a6d71b11 admin admin] Made reservation on behalf of a0e5241c9bf743c48519b4f4940be989 for: {'subnet': 1} {{(pid=93438) before /opt/stack/neutron/neutron/pecan_wsgi/hooks/quota_enforcement.py:53}}
Aug 08 17:12:47.358083 dv-cinder-803862-1-smb neutron-server[93437]: DEBUG neutron_lib.callbacks.manager [None req-5cc5ed07-0710-41ff-8ffa-61d4699a95a6 admin admin] Notify callbacks ['neutron.services.l3_router.l3_router_plugin.L3_HA_NAT_db_mixin._after_router_create-702066', 'neutron.services.l3_router.l3_router_plugin.DVRResourceOperationHandler._create_snat_interfaces_after_change-703481'] for router, after_create {{(pid=93437) _notify_loop /usr/local/lib/python3.8/dist-packages/neutron_lib/callbacks/manager.py:192}}
Aug 08 17:12:47.359336 dv-cinder-803862-1-smb neutron-server[93438]: DEBUG neutron_lib.callbacks.manager [None req-9bbb1224-cc56-4170-8861-7ef7a6d71b11 admin admin] Notify callbacks [] for subnet, before_create {{(pid=93438) _notify_loop /usr/local/lib/python3.8/dist-packages/neutron_lib/callbacks/manager.py:192}}
Aug 08 17:12:47.375219 dv-cinder-803862-1-smb neutron-server[93438]: INFO neutron.wsgi [None req-5ab2fce3-927c-459a-93dc-0f346e7116d7 admin admin] 10.222.0.22 "POST /v2.0/networks HTTP/1.1" status: 201 len: 885 time: 1.3792729
Aug 08 17:12:47.376968 dv-cinder-803862-1-smb neutron-server[93438]: DEBUG neutron.api.rpc.handlers.resources_rpc [None req-5ab2fce3-927c-459a-93dc-0f346e7116d7 admin admin] Pushing event updated for resources: {'Network': ['ID=ccec430a-11c7-49ed-8f77-c2a6baba604f,revision_number=1']} {{(pid=93438) push /opt/stack/neutron/neutron/api/rpc/handlers/resources_rpc.py:237}}
Aug 08 17:12:47.382903 dv-cinder-803862-1-smb neutron-server[93439]: DEBUG neutron.api.rpc.handlers.dhcp_rpc [None req-f0afc695-e4fc-4104-8a43-c2d94f38826d None None] Network 0da368e8-aed9-4034-a0f7-dc45a0fa2fb3 requested from dv-cinder-803862-1-smb {{(pid=93439) get_network_info /opt/stack/neutron/neutron/api/rpc/handlers/dhcp_rpc.py:218}}
Aug 08 17:12:47.388666 dv-cinder-803862-1-smb neutron-server[93438]: DEBUG neutron.wsgi [-] (93438) accepted ('10.222.0.22', 34804) {{(pid=93438) server /usr/local/lib/python3.8/dist-packages/eventlet/wsgi.py:982}}
Aug 08 17:12:47.406306 dv-cinder-803862-1-smb neutron-server[93438]: DEBUG neutron.api.v2.base [None req-7d295be8-b158-4abf-a6bd-df0466a541e9 admin admin] Request body: {'subnet': {'network_id': 'ccec430a-11c7-49ed-8f77-c2a6baba604f', 'cidr': '172.20.0.0/28', 'name': 'tempest-DeleteServersTestJSON-1202311048-subnet', 'tenant_id': '920026d79a92475fbac86b28e16a3020', 'enable_dhcp': False, 'ip_version': 4}} {{(pid=93438) prepare_request_body /opt/stack/neutron/neutron/api/v2/base.py:729}}
Aug 08 17:12:47.423185 dv-cinder-803862-1-smb neutron-server[93439]: DEBUG neutron.plugins.ml2.rpc [None req-7fa10e72-95e8-452d-8332-c8ac75bc438c None None] Network ccec430a-11c7-49ed-8f77-c2a6baba604f details requested by agent ovs-agent-dv-cinder-803862-1-smb with host dv-cinder-803862-1-smb {{(pid=93439) get_network_details /opt/stack/neutron/neutron/plugins/ml2/rpc.py:248}}
Aug 08 17:12:47.472047 dv-cinder-803862-1-smb neutron-server[93438]: DEBUG neutron.pecan_wsgi.hooks.quota_enforcement [None req-7d295be8-b158-4abf-a6bd-df0466a541e9 admin admin] Made reservation on behalf of 920026d79a92475fbac86b28e16a3020 for: {'subnet': 1} {{(pid=93438) before /opt/stack/neutron/neutron/pecan_wsgi/hooks/quota_enforcement.py:53}}
Aug 08 17:12:47.474336 dv-cinder-803862-1-smb neutron-server[93438]: DEBUG neutron_lib.callbacks.manager [None req-7d295be8-b158-4abf-a6bd-df0466a541e9 admin admin] Notify callbacks [] for subnet, before_create {{(pid=93438) _notify_loop /usr/local/lib/python3.8/dist-packages/neutron_lib/callbacks/manager.py:192}}
Aug 08 17:12:47.530111 dv-cinder-803862-1-smb neutron-server[93437]: DEBUG neutron.scheduler.l3_agent_scheduler [None req-5cc5ed07-0710-41ff-8ffa-61d4699a95a6 admin admin] Router d95a462d-a1de-4346-a8ab-d7942caa3f3d is scheduled to L3 agent 1e920f73-e365-4520-8ea5-94d1d2ef0789 with binding_index 1 {{(pid=93437) bind_router /opt/stack/neutron/neutron/scheduler/l3_agent_scheduler.py:210}}
Aug 08 17:12:47.752282 dv-cinder-803862-1-smb neutron-server[93438]: DEBUG neutron_lib.callbacks.manager [None req-9bbb1224-cc56-4170-8861-7ef7a6d71b11 admin admin] Notify callbacks ['neutron.plugins.ml2.ovo_rpc._ObjectChangeHandler.handle_event-609346', 'neutron.api.rpc.agentnotifiers.dhcp_rpc_agent_api.DhcpAgentNotifyAPI._native_event_send_dhcp_notification-561983'] for subnet, after_create {{(pid=93438) _notify_loop /usr/local/lib/python3.8/dist-packages/neutron_lib/callbacks/manager.py:192}}
Aug 08 17:12:47.781275 dv-cinder-803862-1-smb neutron-server[93437]: DEBUG neutron.api.rpc.agentnotifiers.l3_rpc_agent_api [None req-5cc5ed07-0710-41ff-8ffa-61d4699a95a6 admin admin] Notify agent at l3_agent.dv-cinder-803862-1-smb the message routers_updated {{(pid=93437) _agent_notification /opt/stack/neutron/neutron/api/rpc/agentnotifiers/l3_rpc_agent_api.py:65}}
Aug 08 17:12:47.791641 dv-cinder-803862-1-smb neutron-server[93440]: DEBUG neutron.api.rpc.handlers.l3_rpc [None req-d3198f97-d482-4a7c-a249-65bb7169d4f4 None None] Sync routers for ids ['d95a462d-a1de-4346-a8ab-d7942caa3f3d'] in dv-cinder-803862-1-smb {{(pid=93440) sync_routers /opt/stack/neutron/neutron/api/rpc/handlers/l3_rpc.py:125}}
Aug 08 17:12:47.810356 dv-cinder-803862-1-smb neutron-server[93440]: DEBUG neutron.db.l3_dvrscheduler_db [None req-d3198f97-d482-4a7c-a249-65bb7169d4f4 None None] Routers {'d95a462d-a1de-4346-a8ab-d7942caa3f3d'} bound to L3 agent in host dv-cinder-803862-1-smb {{(pid=93440) _get_router_ids_for_agent /opt/stack/neutron/neutron/db/l3_dvrscheduler_db.py:420}}
Aug 08 17:12:47.810356 dv-cinder-803862-1-smb neutron-server[93440]: DEBUG neutron.db.l3_hamode_db [None req-d3198f97-d482-4a7c-a249-65bb7169d4f4 None None] neutron.services.l3_router.l3_router_plugin.L3RouterPlugin method get_ha_sync_data_for_host called with arguments (, 'dv-cinder-803862-1-smb', Agent(admin_state_up=True,agent_type='L3 agent',availability_zone='nova',binary='neutron-l3-agent',configurations={"agent_mode": "legacy", "ex_gw_ports": 1, "extensions": [], "floating_ips": 0, "handle_internal_only_routers": true, "interface_driver": "openvswitch", "interfaces": 1, "log_agent_heartbeats": false, "routers": 1},created_at=2021-08-08T17:04:44Z,description=,heartbeat_timestamp=2021-08-08T17:12:44Z,host='dv-cinder-803862-1-smb',id=1e920f73-e365-4520-8ea5-94d1d2ef0789,load=0,resource_versions=,resources_synced=,started_at=2021-08-08T17:04:44Z,topic='l3_agent')) {'router_ids': ['d95a462d-a1de-4346-a8ab-d7942caa3f3d'], 'active': True} {{(pid=93440) wrapper /usr/local/lib/python3.8/dist-packages/oslo_log/helpers.py:65}}
Aug 08 17:12:47.820092 dv-cinder-803862-1-smb neutron-server[93437]: DEBUG neutron_lib.callbacks.manager [None req-5cc5ed07-0710-41ff-8ffa-61d4699a95a6 admin admin] Notify callbacks [] for router, before_response {{(pid=93437) _notify_loop /usr/local/lib/python3.8/dist-packages/neutron_lib/callbacks/manager.py:192}}
Aug 08 17:12:47.823240 dv-cinder-803862-1-smb neutron-server[93437]: INFO neutron.wsgi [None req-5cc5ed07-0710-41ff-8ffa-61d4699a95a6 admin admin] 10.222.0.22 "POST /v2.0/routers HTTP/1.1" status: 201 len: 929 time: 2.5580690
Aug 08 17:12:47.827172 dv-cinder-803862-1-smb neutron-server[93437]: DEBUG neutron.wsgi [-] (93437) accepted ('10.222.0.22', 34828) {{(pid=93437) server /usr/local/lib/python3.8/dist-packages/eventlet/wsgi.py:982}}
Aug 08 17:12:47.915452 dv-cinder-803862-1-smb neutron-server[93439]: DEBUG neutron.db.provisioning_blocks [None req-ed96ba26-a31f-499d-865f-9a3a2d28e920 None None] Provisioning for port c6a60c2e-1dda-4895-b1ea-7fc78366994b completed by entity DHCP. {{(pid=93439) provisioning_complete /opt/stack/neutron/neutron/db/provisioning_blocks.py:133}}
Aug 08 17:12:47.927881 dv-cinder-803862-1-smb neutron-server[93439]: DEBUG neutron.db.provisioning_blocks [None req-ed96ba26-a31f-499d-865f-9a3a2d28e920 None None] Provisioning complete for port c6a60c2e-1dda-4895-b1ea-7fc78366994b triggered by entity DHCP. {{(pid=93439) provisioning_complete /opt/stack/neutron/neutron/db/provisioning_blocks.py:139}}
Aug 08 17:12:47.928524 dv-cinder-803862-1-smb neutron-server[93439]: DEBUG neutron_lib.callbacks.manager [None req-ed96ba26-a31f-499d-865f-9a3a2d28e920 None None] Notify callbacks ['neutron.plugins.ml2.plugin.Ml2Plugin._port_provisioned-8079716'] for port, provisioning_complete {{(pid=93439) _notify_loop /usr/local/lib/python3.8/dist-packages/neutron_lib/callbacks/manager.py:192}}
Aug 08 17:12:48.003965 dv-cinder-803862-1-smb neutron-server[93438]: DEBUG neutron.plugins.ml2.drivers.mech_agent [None req-9bbb1224-cc56-4170-8861-7ef7a6d71b11 admin admin] Checking segment: {'id': 'ffa9df2f-da2a-4c60-a528-e15fffa801fd', 'network_type': 'vlan', 'physical_network': 'physnet1', 'segmentation_id': 575, 'network_id': 'f4efa355-19cb-4220-84d6-88a581107111'} for mappings: {'physnet1': 'br-data'} with network types: ['local', 'flat', 'vlan'] {{(pid=93438) check_segment_for_agent /opt/stack/neutron/neutron/plugins/ml2/drivers/mech_agent.py:352}}
Aug 08 17:12:48.004563 dv-cinder-803862-1-smb neutron-server[93438]: DEBUG neutron.scheduler.dhcp_agent_scheduler [None req-9bbb1224-cc56-4170-8861-7ef7a6d71b11 admin admin] Network hostable DHCP agents. Network: f4efa355-19cb-4220-84d6-88a581107111, hostable agents: ['2da2a771-0425-4918-a4e1-d5758b96b325'], hosted agents: [] {{(pid=93438) _get_network_hostable_dhcp_agents /opt/stack/neutron/neutron/scheduler/dhcp_agent_scheduler.py:329}}
Aug 08 17:12:48.017915 dv-cinder-803862-1-smb neutron-server[93438]: DEBUG neutron.api.rpc.handlers.resources_rpc [None req-9bbb1224-cc56-4170-8861-7ef7a6d71b11 admin admin] Pushing event updated for resources: {'Subnet': ['ID=759a827a-194f-4eb6-bc27-8159d962e95e,revision_number=0']} {{(pid=93438) push /opt/stack/neutron/neutron/api/rpc/handlers/resources_rpc.py:237}}
Aug 08 17:12:48.023020 dv-cinder-803862-1-smb neutron-server[93438]: DEBUG neutron_lib.callbacks.manager [None req-7d295be8-b158-4abf-a6bd-df0466a541e9 admin admin] Notify callbacks ['neutron.plugins.ml2.ovo_rpc._ObjectChangeHandler.handle_event-609346', 'neutron.api.rpc.agentnotifiers.dhcp_rpc_agent_api.DhcpAgentNotifyAPI._native_event_send_dhcp_notification-561983'] for subnet, after_create {{(pid=93438) _notify_loop /usr/local/lib/python3.8/dist-packages/neutron_lib/callbacks/manager.py:192}}
Aug 08 17:12:48.050596 dv-cinder-803862-1-smb neutron-server[93439]: DEBUG neutron_lib.callbacks.manager [None req-ed96ba26-a31f-499d-865f-9a3a2d28e920 None None] Notify callbacks ['neutron.plugins.ml2.plugin.SecurityGroupDbMixin._ensure_default_security_group_handler-8010279'] for port, before_update {{(pid=93439) _notify_loop /usr/local/lib/python3.8/dist-packages/neutron_lib/callbacks/manager.py:192}}
Aug 08 17:12:48.097812 dv-cinder-803862-1-smb neutron-server[93440]: DEBUG neutron.db.l3_dvr_db [None req-d3198f97-d482-4a7c-a249-65bb7169d4f4 None None] Set router d95a462d-a1de-4346-a8ab-d7942caa3f3d gateway port host: dv-cinder-803862-1-smb {{(pid=93440) _build_routers_list /opt/stack/neutron/neutron/db/l3_dvr_db.py:899}}
Aug 08 17:12:48.127021 dv-cinder-803862-1-smb neutron-server[93439]: DEBUG neutron.plugins.ml2.db [None req-ed96ba26-a31f-499d-865f-9a3a2d28e920 None None] For port c6a60c2e-1dda-4895-b1ea-7fc78366994b, host dv-cinder-803862-1-smb, got binding levels [PortBindingLevel(driver='openvswitch',host='dv-cinder-803862-1-smb',level=0,port_id=c6a60c2e-1dda-4895-b1ea-7fc78366994b,segment=NetworkSegment(cc6efc4f-9293-4139-a35c-11a6a8268e9f),segment_id=cc6efc4f-9293-4139-a35c-11a6a8268e9f)] {{(pid=93439) get_binding_level_objs /opt/stack/neutron/neutron/plugins/ml2/db.py:74}}
Aug 08 17:12:48.129097 dv-cinder-803862-1-smb neutron-server[93438]: DEBUG neutron.api.rpc.handlers.resources_rpc [None req-7d295be8-b158-4abf-a6bd-df0466a541e9 admin admin] Pushing event updated for resources: {'Subnet': ['ID=b7e1485f-2470-4bab-8de0-3ff6a5bc0899,revision_number=0']} {{(pid=93438) push /opt/stack/neutron/neutron/api/rpc/handlers/resources_rpc.py:237}}
Aug 08 17:12:48.137766 dv-cinder-803862-1-smb neutron-server[93439]: DEBUG neutron_lib.callbacks.manager [None req-ed96ba26-a31f-499d-865f-9a3a2d28e920 None None] Notify callbacks ['neutron.plugins.ml2.plugin.SecurityGroupServerNotifierRpcMixin._notify_sg_on_port_change-8009865', 'neutron.plugins.ml2.ovo_rpc._ObjectChangeHandler.handle_event-218770', 'neutron.api.rpc.agentnotifiers.dhcp_rpc_agent_api.DhcpAgentNotifyAPI._native_event_send_dhcp_notification-561983', 'neutron.db.l3_db.L3RpcNotifierMixin._notify_gateway_port_ip_changed-8781114708637', 'neutron.db.l3_dvrscheduler_db._notify_l3_agent_port_update-8781114319607', 'neutron.db.l3_hascheduler_db._notify_l3_agent_ha_port_update-8781114319885'] for port, after_update {{(pid=93439) _notify_loop /usr/local/lib/python3.8/dist-packages/neutron_lib/callbacks/manager.py:192}}
Aug 08 17:12:48.191896 dv-cinder-803862-1-smb neutron-server[93438]: DEBUG neutron.scheduler.dhcp_agent_scheduler [None req-9bbb1224-cc56-4170-8861-7ef7a6d71b11 admin admin] Network f4efa355-19cb-4220-84d6-88a581107111 is scheduled to be hosted by DHCP agent 2da2a771-0425-4918-a4e1-d5758b96b325 with binding_index 1 {{(pid=93438) bind /opt/stack/neutron/neutron/scheduler/dhcp_agent_scheduler.py:227}}
Aug 08 17:12:48.296161 dv-cinder-803862-1-smb neutron-server[93438]: DEBUG neutron.plugins.ml2.drivers.mech_agent [None req-7d295be8-b158-4abf-a6bd-df0466a541e9 admin admin] Checking segment: {'id': '9f02398f-d558-422b-844f-7fe619f9bcb2', 'network_type': 'vlan', 'physical_network': 'physnet1', 'segmentation_id': 555, 'network_id': 'ccec430a-11c7-49ed-8f77-c2a6baba604f'} for mappings: {'physnet1': 'br-data'} with network types: ['local', 'flat', 'vlan'] {{(pid=93438) check_segment_for_agent /opt/stack/neutron/neutron/plugins/ml2/drivers/mech_agent.py:352}}
Aug 08 17:12:48.296524 dv-cinder-803862-1-smb neutron-server[93438]: DEBUG neutron.scheduler.dhcp_agent_scheduler [None req-7d295be8-b158-4abf-a6bd-df0466a541e9 admin admin] Network hostable DHCP agents. Network: ccec430a-11c7-49ed-8f77-c2a6baba604f, hostable agents: ['2da2a771-0425-4918-a4e1-d5758b96b325'], hosted agents: [] {{(pid=93438) _get_network_hostable_dhcp_agents /opt/stack/neutron/neutron/scheduler/dhcp_agent_scheduler.py:329}}
Aug 08 17:12:48.298786 dv-cinder-803862-1-smb neutron-server[93438]: DEBUG neutron.scheduler.base_scheduler [None req-9bbb1224-cc56-4170-8861-7ef7a6d71b11 admin admin] Resources bound (agent type, host, resource id): (DHCP agent, dv-cinder-803862-1-smb, f4efa355-19cb-4220-84d6-88a581107111) {{(pid=93438) schedule /opt/stack/neutron/neutron/scheduler/base_scheduler.py:57}}
Aug 08 17:12:48.308982 dv-cinder-803862-1-smb neutron-server[93438]: DEBUG neutron.pecan_wsgi.hooks.policy_enforcement [None req-9bbb1224-cc56-4170-8861-7ef7a6d71b11 admin admin] Attributes excluded by policy engine: ['standard_attr_id', 'shared', 'network'] {{(pid=93438) _exclude_attributes_by_policy /opt/stack/neutron/neutron/pecan_wsgi/hooks/policy_enforcement.py:255}}
Aug 08 17:12:48.309571 dv-cinder-803862-1-smb neutron-server[93438]: DEBUG neutron_lib.callbacks.manager [None req-9bbb1224-cc56-4170-8861-7ef7a6d71b11 admin admin] Notify callbacks ['neutron.api.rpc.agentnotifiers.dhcp_rpc_agent_api.DhcpAgentNotifyAPI._send_dhcp_notification-561953'] for subnet, before_response {{(pid=93438) _notify_loop /usr/local/lib/python3.8/dist-packages/neutron_lib/callbacks/manager.py:192}}
Aug 08 17:12:48.328737 dv-cinder-803862-1-smb neutron-server[93439]: DEBUG neutron.api.rpc.handlers.dhcp_rpc [None req-56d28744-6a8b-4cfe-ba9f-5495d1aa1d0f None None] Network f4efa355-19cb-4220-84d6-88a581107111 requested from dv-cinder-803862-1-smb {{(pid=93439) get_network_info /opt/stack/neutron/neutron/api/rpc/handlers/dhcp_rpc.py:218}}
Aug 08 17:12:48.338027 dv-cinder-803862-1-smb neutron-server[93439]: DEBUG neutron.api.rpc.handlers.resources_rpc [None req-ed96ba26-a31f-499d-865f-9a3a2d28e920 None None] Pushing event updated for resources: {'Port': ['ID=c6a60c2e-1dda-4895-b1ea-7fc78366994b,revision_number=3']} {{(pid=93439) push /opt/stack/neutron/neutron/api/rpc/handlers/resources_rpc.py:237}}
Aug 08 17:12:48.355306 dv-cinder-803862-1-smb neutron-server[93438]: INFO neutron.wsgi [None req-9bbb1224-cc56-4170-8861-7ef7a6d71b11 admin admin] 10.222.0.22 "POST /v2.0/subnets HTTP/1.1" status: 201 len: 855 time: 1.1157916
Aug 08 17:12:48.356264 dv-cinder-803862-1-smb neutron-server[93438]: DEBUG neutron.wsgi [-] (93438) accepted ('10.222.0.22', 34838) {{(pid=93438) server /usr/local/lib/python3.8/dist-packages/eventlet/wsgi.py:982}}
Aug 08 17:12:48.366724 dv-cinder-803862-1-smb neutron-server[93438]: DEBUG neutron.api.v2.base [None req-99098802-9f86-4c1a-8810-385223b2614e admin admin] Request body: {'router': {'name': 'tempest-ServerRescueNegativeTestJSON-765381408-router', 'tenant_id': 'a0e5241c9bf743c48519b4f4940be989', 'external_gateway_info': {'network_id': 'ed964324-de49-4ad2-a6a9-bd5d4e70b7a1'}}} {{(pid=93438) prepare_request_body /opt/stack/neutron/neutron/api/v2/base.py:729}}
Aug 08 17:12:48.382039 dv-cinder-803862-1-smb neutron-server[93438]: DEBUG neutron.scheduler.dhcp_agent_scheduler [None req-7d295be8-b158-4abf-a6bd-df0466a541e9 admin admin] Network ccec430a-11c7-49ed-8f77-c2a6baba604f is scheduled to be hosted by DHCP agent 2da2a771-0425-4918-a4e1-d5758b96b325 with binding_index 1 {{(pid=93438) bind /opt/stack/neutron/neutron/scheduler/dhcp_agent_scheduler.py:227}}
Aug 08 17:12:48.405218 dv-cinder-803862-1-smb neutron-server[93438]: DEBUG neutron.scheduler.base_scheduler [None req-7d295be8-b158-4abf-a6bd-df0466a541e9 admin admin] Resources bound (agent type, host, resource id): (DHCP agent, dv-cinder-803862-1-smb, ccec430a-11c7-49ed-8f77-c2a6baba604f) {{(pid=93438) schedule /opt/stack/neutron/neutron/scheduler/base_scheduler.py:57}}
Aug 08 17:12:48.435423 dv-cinder-803862-1-smb neutron-server[93438]: DEBUG neutron.pecan_wsgi.hooks.policy_enforcement [None req-7d295be8-b158-4abf-a6bd-df0466a541e9 admin admin] Attributes excluded by policy engine: ['standard_attr_id', 'shared', 'network'] {{(pid=93438) _exclude_attributes_by_policy /opt/stack/neutron/neutron/pecan_wsgi/hooks/policy_enforcement.py:255}}
Aug 08 17:12:48.436819 dv-cinder-803862-1-smb neutron-server[93438]: DEBUG neutron_lib.callbacks.manager [None req-7d295be8-b158-4abf-a6bd-df0466a541e9 admin admin] Notify callbacks ['neutron.api.rpc.agentnotifiers.dhcp_rpc_agent_api.DhcpAgentNotifyAPI._send_dhcp_notification-561953'] for subnet, before_response {{(pid=93438) _notify_loop /usr/local/lib/python3.8/dist-packages/neutron_lib/callbacks/manager.py:192}}
Aug 08 17:12:48.476751 dv-cinder-803862-1-smb neutron-server[93439]: DEBUG neutron.api.rpc.handlers.dhcp_rpc [None req-6c0f8d90-47a5-488c-bf8f-7486d43df0f0 None None] Network ccec430a-11c7-49ed-8f77-c2a6baba604f requested from dv-cinder-803862-1-smb {{(pid=93439) get_network_info /opt/stack/neutron/neutron/api/rpc/handlers/dhcp_rpc.py:218}}
Aug 08 17:12:48.479613 dv-cinder-803862-1-smb neutron-server[93438]: DEBUG neutron_lib.callbacks.manager [None req-99098802-9f86-4c1a-8810-385223b2614e admin admin] Notify callbacks ['neutron.services.l3_router.l3_router_plugin.L3_HA_NAT_db_mixin._before_router_create_handler-701899', 'neutron.services.l3_router.service_providers.driver_controller.DriverController._check_router_request-31221'] for router, before_create {{(pid=93438) _notify_loop /usr/local/lib/python3.8/dist-packages/neutron_lib/callbacks/manager.py:192}}
Aug 08 17:12:48.482751 dv-cinder-803862-1-smb neutron-server[93438]: DEBUG neutron_lib.callbacks.manager [None req-99098802-9f86-4c1a-8810-385223b2614e admin admin] Notify callbacks ['neutron.services.l3_router.l3_router_plugin.L3_HA_NAT_db_mixin._precommit_router_create-702075', 'neutron.services.l3_router.l3_router_plugin.DVRResourceOperationHandler._set_distributed_flag-703242', 'neutron.services.l3_router.l3_router_plugin.RouterAvailabilityZoneMixin._process_az_request-610355', 'neutron.services.l3_router.service_providers.driver_controller.DriverController._set_router_provider-31230'] for router, precommit_create {{(pid=93438) _notify_loop /usr/local/lib/python3.8/dist-packages/neutron_lib/callbacks/manager.py:192}}
Aug 08 17:12:48.505873 dv-cinder-803862-1-smb neutron-server[93438]: INFO neutron.wsgi [None req-7d295be8-b158-4abf-a6bd-df0466a541e9 admin admin] 10.222.0.22 "POST /v2.0/subnets HTTP/1.1" status: 201 len: 849 time: 1.0945334
Aug 08 17:12:48.579540 dv-cinder-803862-1-smb neutron-server[93440]: DEBUG neutron.db.l3_hamode_db [None req-d3198f97-d482-4a7c-a249-65bb7169d4f4 None None] neutron.services.l3_router.l3_router_plugin.L3RouterPlugin method _process_sync_ha_data called with arguments (, [{'id': 'd95a462d-a1de-4346-a8ab-d7942caa3f3d', 'name': 'tempest-AttachVolumeShelveTestJSON-1000344614-router', 'tenant_id': '2ae1fe4dfbdb4af09530ab82c8678a37', 'admin_state_up': True, 'status': 'ACTIVE', 'external_gateway_info': {'network_id': 'ed964324-de49-4ad2-a6a9-bd5d4e70b7a1', 'external_fixed_ips': [{'subnet_id': 'd749c3a3-bfd7-4af7-a380-7ca188f57d5d', 'ip_address': '172.28.2.180'}], 'enable_snat': True}, 'gw_port_id': '31328ee1-1634-444a-8803-185de5c79c5f', 'description': '', 'availability_zones': ['nova'], 'distributed': False, 'ha': False, 'ha_vr_id': 0, 'availability_zone_hints': [], 'routes': [], 'flavor_id': None, 'tags': [], 'created_at': '2021-08-08T17:12:45Z', 'updated_at': '2021-08-08T17:12:46Z', 'revision_number': 3, 'project_id': '2ae1fe4dfbdb4af09530ab82c8678a37', 'gw_port': {'id': '31328ee1-1634-444a-8803-185de5c79c5f', 'name': '', 'network_id': 'ed964324-de49-4ad2-a6a9-bd5d4e70b7a1', 'tenant_id': '', 'mac_address': 'fa:16:3e:17:30:c4', 'admin_state_up': True, 'status': 'DOWN', 'device_id': 'd95a462d-a1de-4346-a8ab-d7942caa3f3d', 'device_owner': 'network:router_gateway', 'standard_attr_id': 41, 'fixed_ips': [{'subnet_id': 'd749c3a3-bfd7-4af7-a380-7ca188f57d5d', 'ip_address': '172.28.2.180', 'prefixlen': 24}], 'allowed_address_pairs': [], 'extra_dhcp_opts': [], 'security_groups': [], 'description': '', 'binding:vnic_type': 'normal', 'binding:profile': {}, 'binding:host_id': '', 'binding:vif_type': 'unbound', 'binding:vif_details': {}, 'port_security_enabled': False, 'tags': [], 'created_at': '2021-08-08T17:12:45Z', 'updated_at': '2021-08-08T17:12:46Z', 'revision_number': 1, 'project_id': '', 'subnets': [{'id': 'd749c3a3-bfd7-4af7-a380-7ca188f57d5d', 'cidr': '172.28.2.0/24', 'gateway_ip': '172.28.2.1', 'dns_nameservers': [], 'ipv6_ra_mode': None, 'subnetpool_id': None}], 'extra_subnets': [], 'address_scopes': {4: None, 6: None}, 'mtu': 1500}, 'enable_snat': True, 'gw_port_host': 'dv-cinder-803862-1-smb'}], 'dv-cinder-803862-1-smb', False) {} {{(pid=93440) wrapper /usr/local/lib/python3.8/dist-packages/oslo_log/helpers.py:65}}
Aug 08 17:12:48.585014 dv-cinder-803862-1-smb neutron-server[93437]: DEBUG neutron_lib.callbacks.manager [None req-9b2c21d4-cec6-4ecd-b7a7-b27b3cb8e74c admin admin] Notify callbacks ['neutron.plugins.ml2.plugin.SecurityGroupDbMixin._ensure_default_security_group_handler-8010279'] for port, before_create {{(pid=93437) _notify_loop /usr/local/lib/python3.8/dist-packages/neutron_lib/callbacks/manager.py:192}}
Aug 08 17:12:48.641042 dv-cinder-803862-1-smb neutron-server[93440]: DEBUG neutron.api.rpc.handlers.l3_rpc [None req-d3198f97-d482-4a7c-a249-65bb7169d4f4 None None] Checking router: d95a462d-a1de-4346-a8ab-d7942caa3f3d for host: dv-cinder-803862-1-smb {{(pid=93440) _ensure_host_set_on_ports /opt/stack/neutron/neutron/api/rpc/handlers/l3_rpc.py:155}}
