Aug 12 16:22:32.375570 dv-cinder-803823-6-smb neutron-server[94124]: DEBUG neutron_lib.callbacks.manager [None req-3800a08a-2d97-47bb-955a-1592979ef822 admin admin] Notify callbacks [] for security_group, precommit_delete {{(pid=94124) _notify_loop /usr/local/lib/python3.8/dist-packages/neutron_lib/callbacks/manager.py:192}}
Aug 12 16:22:32.378053 dv-cinder-803823-6-smb neutron-server[94125]: DEBUG neutron.plugins.ml2.drivers.mech_agent [req-0a52308c-3699-4da6-94ff-0235a8ec3e2c req-7ec79001-eb39-4503-a6d2-b6a1e11d4263 service neutron] Port fcd66d71-338e-42de-a95f-0c4bf8fa0f5a on network e5ef7796-64ea-4caf-87a1-e0bcf9ab6013 not bound, no agent of type Open vSwitch agent registered on host hv-cinder-80382 {{(pid=94125) bind_port /opt/stack/neutron/neutron/plugins/ml2/drivers/mech_agent.py:97}}
Aug 12 16:22:32.378418 dv-cinder-803823-6-smb neutron-server[94125]: DEBUG neutron.plugins.ml2.drivers.mech_agent [req-0a52308c-3699-4da6-94ff-0235a8ec3e2c req-7ec79001-eb39-4503-a6d2-b6a1e11d4263 service neutron] Attempting to bind port fcd66d71-338e-42de-a95f-0c4bf8fa0f5a on network e5ef7796-64ea-4caf-87a1-e0bcf9ab6013 {{(pid=94125) bind_port /opt/stack/neutron/neutron/plugins/ml2/drivers/mech_agent.py:85}}
Aug 12 16:22:32.403861 dv-cinder-803823-6-smb neutron-server[94125]: DEBUG neutron.plugins.ml2.drivers.mech_agent [req-0a52308c-3699-4da6-94ff-0235a8ec3e2c req-7ec79001-eb39-4503-a6d2-b6a1e11d4263 service neutron] Checking agent: {'id': '1bae70d6-2104-47a8-af20-7f680b662fdb', 'agent_type': 'HyperV agent', 'binary': 'neutron-hyperv-agent', 'topic': 'N/A', 'host': 'hv-cinder-80382', 'admin_state_up': True, 'created_at': datetime.datetime(2021, 8, 12, 16, 20, 8), 'started_at': datetime.datetime(2021, 8, 12, 16, 20, 8), 'heartbeat_timestamp': datetime.datetime(2021, 8, 12, 16, 22, 8), 'description': None, 'resources_synced': None, 'availability_zone': None, 'alive': True, 'configurations': {'vswitch_mappings': {'physnet1$': 'br-data'}}, 'resource_versions': {}} {{(pid=94125) bind_port /opt/stack/neutron/neutron/plugins/ml2/drivers/mech_agent.py:104}}
Aug 12 16:22:32.404232 dv-cinder-803823-6-smb neutron-server[94125]: DEBUG neutron.plugins.ml2.drivers.mech_agent [req-0a52308c-3699-4da6-94ff-0235a8ec3e2c req-7ec79001-eb39-4503-a6d2-b6a1e11d4263 service neutron] Checking segment: {'id': '4c27ba21-5124-4dc5-8b94-717b658c4a98', 'network_type': 'vlan', 'physical_network': 'physnet1', 'segmentation_id': 1349, 'network_id': 'e5ef7796-64ea-4caf-87a1-e0bcf9ab6013'} for mappings: {'physnet1$': 'br-data'} with network types: ['local', 'flat', 'vlan'] {{(pid=94125) check_segment_for_agent /opt/stack/neutron/neutron/plugins/ml2/drivers/mech_agent.py:352}}
Aug 12 16:22:32.404779 dv-cinder-803823-6-smb neutron-server[94125]: DEBUG neutron.plugins.ml2.drivers.mech_agent [req-0a52308c-3699-4da6-94ff-0235a8ec3e2c req-7ec79001-eb39-4503-a6d2-b6a1e11d4263 service neutron] Bound using segment: {'id': '4c27ba21-5124-4dc5-8b94-717b658c4a98', 'network_type': 'vlan', 'physical_network': 'physnet1', 'segmentation_id': 1349, 'network_id': 'e5ef7796-64ea-4caf-87a1-e0bcf9ab6013'} {{(pid=94125) bind_port /opt/stack/neutron/neutron/plugins/ml2/drivers/mech_agent.py:114}}
Aug 12 16:22:32.405249 dv-cinder-803823-6-smb neutron-server[94125]: DEBUG neutron.plugins.ml2.managers [req-0a52308c-3699-4da6-94ff-0235a8ec3e2c req-7ec79001-eb39-4503-a6d2-b6a1e11d4263 service neutron] Bound port: fcd66d71-338e-42de-a95f-0c4bf8fa0f5a, host: hv-cinder-80382, vif_type: hyperv, vif_details: {"connectivity": "legacy", "port_filter": false}, binding_levels: [{'bound_driver': 'hyperv', 'bound_segment': {'id': '4c27ba21-5124-4dc5-8b94-717b658c4a98', 'network_type': 'vlan', 'physical_network': 'physnet1', 'segmentation_id': 1349, 'network_id': 'e5ef7796-64ea-4caf-87a1-e0bcf9ab6013'}}] {{(pid=94125) _bind_port_level /opt/stack/neutron/neutron/plugins/ml2/managers.py:928}}
Aug 12 16:22:32.405705 dv-cinder-803823-6-smb neutron-server[94125]: DEBUG neutron_lib.callbacks.manager [req-0a52308c-3699-4da6-94ff-0235a8ec3e2c req-7ec79001-eb39-4503-a6d2-b6a1e11d4263 service neutron] Notify callbacks ['neutron.plugins.ml2.plugin.SecurityGroupDbMixin._ensure_default_security_group_handler-670939'] for port, before_update {{(pid=94125) _notify_loop /usr/local/lib/python3.8/dist-packages/neutron_lib/callbacks/manager.py:192}}
Aug 12 16:22:32.467359 dv-cinder-803823-6-smb neutron-server[94124]: DEBUG neutron_lib.callbacks.manager [None req-3800a08a-2d97-47bb-955a-1592979ef822 admin admin] Notify callbacks ['neutron.plugins.ml2.ovo_rpc._ObjectChangeHandler.handle_event-1799350'] for security_group, after_delete {{(pid=94124) _notify_loop /usr/local/lib/python3.8/dist-packages/neutron_lib/callbacks/manager.py:192}}
Aug 12 16:22:32.470661 dv-cinder-803823-6-smb neutron-server[94124]: DEBUG neutron_lib.callbacks.manager [None req-3800a08a-2d97-47bb-955a-1592979ef822 admin admin] Notify callbacks [] for security_group, before_response {{(pid=94124) _notify_loop /usr/local/lib/python3.8/dist-packages/neutron_lib/callbacks/manager.py:192}}
Aug 12 16:22:32.474501 dv-cinder-803823-6-smb neutron-server[94124]: INFO neutron.wsgi [None req-3800a08a-2d97-47bb-955a-1592979ef822 admin admin] 10.222.0.97 "DELETE /v2.0/security-groups/7d66e7a2-216e-4a75-bc2b-feb4ddab0f08 HTTP/1.1" status: 204 len: 168 time: 0.2217379
Aug 12 16:22:32.481301 dv-cinder-803823-6-smb neutron-server[94125]: DEBUG neutron_lib.callbacks.manager [req-fc86f37c-4061-4c62-9a07-d63ae40e7386 req-d49222f0-364c-4539-b132-64f4a52dd17d tempest-AttachVolumeTestJSON-1473027460 tempest-AttachVolumeTestJSON-1473027460-project] Notify callbacks [] for port, precommit_create {{(pid=94125) _notify_loop /usr/local/lib/python3.8/dist-packages/neutron_lib/callbacks/manager.py:192}}
Aug 12 16:22:32.492251 dv-cinder-803823-6-smb neutron-server[94124]: DEBUG neutron.api.rpc.handlers.resources_rpc [None req-3800a08a-2d97-47bb-955a-1592979ef822 admin admin] Pushing event deleted for resources: {'SecurityGroup': ['ID=7d66e7a2-216e-4a75-bc2b-feb4ddab0f08,revision_number=None']} {{(pid=94124) push /opt/stack/neutron/neutron/api/rpc/handlers/resources_rpc.py:237}}
Aug 12 16:22:32.604532 dv-cinder-803823-6-smb neutron-server[94125]: DEBUG neutron_lib.callbacks.manager [None req-706c928d-5bd9-433c-bb14-2205f5a96e93 admin admin] Notify callbacks ['neutron.plugins.ml2.ovo_rpc._ObjectChangeHandler.handle_event-1799350'] for security_group, after_delete {{(pid=94125) _notify_loop /usr/local/lib/python3.8/dist-packages/neutron_lib/callbacks/manager.py:192}}
Aug 12 16:22:32.607676 dv-cinder-803823-6-smb neutron-server[94125]: DEBUG neutron_lib.callbacks.manager [None req-706c928d-5bd9-433c-bb14-2205f5a96e93 admin admin] Notify callbacks [] for security_group, before_response {{(pid=94125) _notify_loop /usr/local/lib/python3.8/dist-packages/neutron_lib/callbacks/manager.py:192}}
Aug 12 16:22:32.609623 dv-cinder-803823-6-smb neutron-server[94125]: INFO neutron.wsgi [None req-706c928d-5bd9-433c-bb14-2205f5a96e93 admin admin] 10.222.0.97 "DELETE /v2.0/security-groups/80c04e16-8f6c-4d05-8c88-681a97908afe HTTP/1.1" status: 204 len: 168 time: 0.8973992
Aug 12 16:22:32.627473 dv-cinder-803823-6-smb neutron-server[94125]: DEBUG neutron.db.provisioning_blocks [req-fc86f37c-4061-4c62-9a07-d63ae40e7386 req-d49222f0-364c-4539-b132-64f4a52dd17d tempest-AttachVolumeTestJSON-1473027460 tempest-AttachVolumeTestJSON-1473027460-project] Transition to ACTIVE for port object 5599ea10-e602-41bd-9a0b-b4ce35f15229 will not be triggered until provisioned by entity DHCP. {{(pid=94125) add_provisioning_component /opt/stack/neutron/neutron/db/provisioning_blocks.py:73}}
Aug 12 16:22:32.642029 dv-cinder-803823-6-smb neutron-server[94124]: DEBUG neutron.pecan_wsgi.hooks.policy_enforcement [req-7cecd481-6236-4d8c-b616-3ceec6f909a5 req-794227a7-a195-4e92-95d3-096b47e523f2 tempest-DeleteServersTestJSON-173070034 tempest-DeleteServersTestJSON-173070034-project] Attributes excluded by policy engine: ['standard_attr_id', 'binding:profile', 'binding:host_id', 'binding:vif_type', 'binding:vif_details'] {{(pid=94124) _exclude_attributes_by_policy /opt/stack/neutron/neutron/pecan_wsgi/hooks/policy_enforcement.py:255}}
Aug 12 16:22:32.650512 dv-cinder-803823-6-smb neutron-server[94124]: INFO neutron.wsgi [req-7cecd481-6236-4d8c-b616-3ceec6f909a5 req-794227a7-a195-4e92-95d3-096b47e523f2 tempest-DeleteServersTestJSON-173070034 tempest-DeleteServersTestJSON-173070034-project] 10.222.0.97 "GET /v2.0/ports?device_id=92b912a6-5e94-4bb1-a1cb-d6c331e5f9fd HTTP/1.1" status: 200 len: 943 time: 0.1344633
Aug 12 16:22:32.685197 dv-cinder-803823-6-smb neutron-server[94125]: DEBUG neutron.api.rpc.handlers.resources_rpc [None req-706c928d-5bd9-433c-bb14-2205f5a96e93 admin admin] Pushing event deleted for resources: {'SecurityGroup': ['ID=80c04e16-8f6c-4d05-8c88-681a97908afe,revision_number=None']} {{(pid=94125) push /opt/stack/neutron/neutron/api/rpc/handlers/resources_rpc.py:237}}
Aug 12 16:22:32.697274 dv-cinder-803823-6-smb neutron-server[94125]: DEBUG neutron.plugins.ml2.db [req-0a52308c-3699-4da6-94ff-0235a8ec3e2c req-7ec79001-eb39-4503-a6d2-b6a1e11d4263 service neutron] For port fcd66d71-338e-42de-a95f-0c4bf8fa0f5a, host hv-cinder-80382, cleared binding levels {{(pid=94125) clear_binding_levels /opt/stack/neutron/neutron/plugins/ml2/db.py:87}}
Aug 12 16:22:32.745657 dv-cinder-803823-6-smb neutron-server[94125]: DEBUG neutron_lib.callbacks.manager [None req-613c4b28-e24d-4002-8972-c278ae1c3d96 admin admin] Notify callbacks [] for security_group, precommit_create {{(pid=94125) _notify_loop /usr/local/lib/python3.8/dist-packages/neutron_lib/callbacks/manager.py:192}}
Aug 12 16:22:32.757409 dv-cinder-803823-6-smb neutron-server[94125]: DEBUG neutron.plugins.ml2.db [req-0a52308c-3699-4da6-94ff-0235a8ec3e2c req-7ec79001-eb39-4503-a6d2-b6a1e11d4263 service neutron] For port fcd66d71-338e-42de-a95f-0c4bf8fa0f5a, host hv-cinder-80382, set binding levels [PortBindingLevel(driver='hyperv',host='hv-cinder-80382',level=0,port_id=fcd66d71-338e-42de-a95f-0c4bf8fa0f5a,segment=NetworkSegment(4c27ba21-5124-4dc5-8b94-717b658c4a98),segment_id=4c27ba21-5124-4dc5-8b94-717b658c4a98)] {{(pid=94125) set_binding_levels /opt/stack/neutron/neutron/plugins/ml2/db.py:59}}
Aug 12 16:22:32.761159 dv-cinder-803823-6-smb neutron-server[94125]: DEBUG neutron_lib.callbacks.manager [None req-613c4b28-e24d-4002-8972-c278ae1c3d96 admin admin] Notify callbacks ['neutron.plugins.ml2.ovo_rpc._ObjectChangeHandler.handle_event-1799350'] for security_group, after_create {{(pid=94125) _notify_loop /usr/local/lib/python3.8/dist-packages/neutron_lib/callbacks/manager.py:192}}
Aug 12 16:22:32.769322 dv-cinder-803823-6-smb neutron-server[94124]: INFO neutron.wsgi [req-7cecd481-6236-4d8c-b616-3ceec6f909a5 req-4072f038-889b-4642-a817-e57a997bf488 tempest-DeleteServersTestJSON-173070034 tempest-DeleteServersTestJSON-173070034-project] 10.222.0.97 "GET /v2.0/security-groups?id=9f5679ca-4b8a-4273-a1ca-0180f25d1475&fields=id&fields=name HTTP/1.1" status: 200 len: 286 time: 0.0784867
Aug 12 16:22:32.780841 dv-cinder-803823-6-smb neutron-server[94125]: DEBUG neutron_lib.callbacks.manager [req-0a52308c-3699-4da6-94ff-0235a8ec3e2c req-7ec79001-eb39-4503-a6d2-b6a1e11d4263 service neutron] Notify callbacks ['neutron.plugins.ml2.plugin.SecurityGroupServerNotifierRpcMixin._notify_sg_on_port_change-670325', 'neutron.plugins.ml2.ovo_rpc._ObjectChangeHandler.handle_event-122074', 'neutron.api.rpc.agentnotifiers.dhcp_rpc_agent_api.DhcpAgentNotifyAPI._native_event_send_dhcp_notification-1668153', 'neutron.db.l3_db.L3RpcNotifierMixin._notify_gateway_port_ip_changed-8741452897940', 'neutron.db.l3_dvrscheduler_db._notify_l3_agent_port_update-8741452391949', 'neutron.db.l3_hascheduler_db._notify_l3_agent_ha_port_update-8741452391967', 'neutron.services.segments.plugin.NovaSegmentNotifier._notify_port_updated-3645295'] for port, after_update {{(pid=94125) _notify_loop /usr/local/lib/python3.8/dist-packages/neutron_lib/callbacks/manager.py:192}}
Aug 12 16:22:32.792799 dv-cinder-803823-6-smb neutron-server[94124]: DEBUG neutron.pecan_wsgi.hooks.policy_enforcement [req-290cc45f-a4f5-4a8e-baf8-84265a22bc24 req-4a1972bf-ef37-4cc6-9d0f-5083b2a713ae tempest-AttachVolumeShelveTestJSON-32494625 tempest-AttachVolumeShelveTestJSON-32494625-project] Attributes excluded by policy engine: ['standard_attr_id', 'binding:profile', 'binding:host_id', 'binding:vif_type', 'binding:vif_details'] {{(pid=94124) _exclude_attributes_by_policy /opt/stack/neutron/neutron/pecan_wsgi/hooks/policy_enforcement.py:255}}
Aug 12 16:22:32.803524 dv-cinder-803823-6-smb neutron-server[94124]: INFO neutron.wsgi [req-290cc45f-a4f5-4a8e-baf8-84265a22bc24 req-4a1972bf-ef37-4cc6-9d0f-5083b2a713ae tempest-AttachVolumeShelveTestJSON-32494625 tempest-AttachVolumeShelveTestJSON-32494625-project] 10.222.0.97 "GET /v2.0/ports?device_id=10714308-c5a7-49bd-b94f-f4122c0e74ee HTTP/1.1" status: 200 len: 943 time: 0.1990559
Aug 12 16:22:32.859607 dv-cinder-803823-6-smb neutron-server[94126]: DEBUG neutron.plugins.ml2.rpc [None req-db77bd01-dbf7-4033-abb8-4893be049688 None None] Device 5ddfb5c2-ab26-4c8d-ac3d-e860e3e45067 details requested by agent hyperv_hv-cinder-80382 with host hv-cinder-80382 {{(pid=94126) get_device_details /opt/stack/neutron/neutron/plugins/ml2/rpc.py:102}}
Aug 12 16:22:32.862678 dv-cinder-803823-6-smb neutron-server[94124]: INFO neutron.wsgi [req-290cc45f-a4f5-4a8e-baf8-84265a22bc24 req-86a8ea23-ba0d-4041-8f33-e21f53272688 tempest-AttachVolumeShelveTestJSON-32494625 tempest-AttachVolumeShelveTestJSON-32494625-project] 10.222.0.97 "GET /v2.0/security-groups?id=27bcdaf7-3db0-4ad3-b563-683f3c98fd98&fields=id&fields=name HTTP/1.1" status: 200 len: 313 time: 0.0578794
Aug 12 16:22:33.013035 dv-cinder-803823-6-smb neutron-server[94125]: DEBUG neutron.api.rpc.handlers.resources_rpc [None req-613c4b28-e24d-4002-8972-c278ae1c3d96 admin admin] Pushing event updated for resources: {'SecurityGroup': ['ID=47fa4f78-a73c-4d59-a239-0abc4494fbba,revision_number=1']} {{(pid=94125) push /opt/stack/neutron/neutron/api/rpc/handlers/resources_rpc.py:237}}
Aug 12 16:22:33.018181 dv-cinder-803823-6-smb neutron-server[94125]: DEBUG neutron_lib.callbacks.manager [req-fc86f37c-4061-4c62-9a07-d63ae40e7386 req-d49222f0-364c-4539-b132-64f4a52dd17d tempest-AttachVolumeTestJSON-1473027460 tempest-AttachVolumeTestJSON-1473027460-project] Notify callbacks ['neutron.plugins.ml2.plugin.SecurityGroupServerNotifierRpcMixin._notify_sg_on_port_change-670325', 'neutron.plugins.ml2.ovo_rpc._ObjectChangeHandler.handle_event-122074', 'neutron.api.rpc.agentnotifiers.dhcp_rpc_agent_api.DhcpAgentNotifyAPI._native_event_send_dhcp_notification-1668153', 'neutron.db.l3_dvrscheduler_db._notify_l3_agent_new_port-8741452394231', 'neutron.services.segments.plugin.NovaSegmentNotifier._notify_port_created_or_deleted-3645286'] for port, after_create {{(pid=94125) _notify_loop /usr/local/lib/python3.8/dist-packages/neutron_lib/callbacks/manager.py:192}}
Aug 12 16:22:33.049043 dv-cinder-803823-6-smb neutron-server[94125]: INFO neutron.wsgi [None req-613c4b28-e24d-4002-8972-c278ae1c3d96 admin admin] 10.222.0.97 "GET /v2.0/security-groups?tenant_id=b339f494a590468d89b393607ed88483&name=default HTTP/1.1" status: 200 len: 2979 time: 1.8649127
Aug 12 16:22:33.054345 dv-cinder-803823-6-smb neutron-server[94125]: DEBUG neutron.pecan_wsgi.hooks.policy_enforcement [req-0a52308c-3699-4da6-94ff-0235a8ec3e2c req-7ec79001-eb39-4503-a6d2-b6a1e11d4263 service neutron] Attributes excluded by policy engine: ['standard_attr_id'] {{(pid=94125) _exclude_attributes_by_policy /opt/stack/neutron/neutron/pecan_wsgi/hooks/policy_enforcement.py:255}}
Aug 12 16:22:33.055105 dv-cinder-803823-6-smb neutron-server[94125]: DEBUG neutron_lib.callbacks.manager [req-0a52308c-3699-4da6-94ff-0235a8ec3e2c req-7ec79001-eb39-4503-a6d2-b6a1e11d4263 service neutron] Notify callbacks ['neutron.notifiers.nova.Notifier._send_nova_notification-125036', 'neutron.api.rpc.agentnotifiers.dhcp_rpc_agent_api.DhcpAgentNotifyAPI._send_dhcp_notification-1668135'] for port, before_response {{(pid=94125) _notify_loop /usr/local/lib/python3.8/dist-packages/neutron_lib/callbacks/manager.py:192}}
Aug 12 16:22:33.056709 dv-cinder-803823-6-smb neutron-server[94125]: INFO neutron.wsgi [req-0a52308c-3699-4da6-94ff-0235a8ec3e2c req-7ec79001-eb39-4503-a6d2-b6a1e11d4263 service neutron] 10.222.0.106 "PUT /v2.0/ports/fcd66d71-338e-42de-a95f-0c4bf8fa0f5a HTTP/1.1" status: 200 len: 1093 time: 2.7765899
Aug 12 16:22:33.057192 dv-cinder-803823-6-smb neutron-server[94125]: DEBUG neutron.notifiers.nova [-] Sending events: [{'name': 'network-changed', 'server_uuid': '10714308-c5a7-49bd-b94f-f4122c0e74ee', 'tag': 'fcd66d71-338e-42de-a95f-0c4bf8fa0f5a'}] {{(pid=94125) send_events /opt/stack/neutron/neutron/notifiers/nova.py:262}}
Aug 12 16:22:33.062687 dv-cinder-803823-6-smb neutron-server[94125]: DEBUG neutron.wsgi [-] (94125) accepted ('10.222.0.97', 35028) {{(pid=94125) server /usr/local/lib/python3.8/dist-packages/eventlet/wsgi.py:982}}
Aug 12 16:22:33.074909 dv-cinder-803823-6-smb neutron-server[94125]: DEBUG neutron.api.rpc.handlers.resources_rpc [None req-7ec79001-eb39-4503-a6d2-b6a1e11d4263 service neutron] Pushing event updated for resources: {'Port': ['ID=fcd66d71-338e-42de-a95f-0c4bf8fa0f5a,revision_number=3']} {{(pid=94125) push /opt/stack/neutron/neutron/api/rpc/handlers/resources_rpc.py:237}}
Aug 12 16:22:33.212470 dv-cinder-803823-6-smb neutron-server[94126]: DEBUG neutron.plugins.ml2.db [None req-db77bd01-dbf7-4033-abb8-4893be049688 None None] For port 5ddfb5c2-ab26-4c8d-ac3d-e860e3e45067, host hv-cinder-80382, got binding levels [PortBindingLevel(driver='hyperv',host='hv-cinder-80382',level=0,port_id=5ddfb5c2-ab26-4c8d-ac3d-e860e3e45067,segment=NetworkSegment(9434f6d5-c818-4ad4-b47c-b10e9b10afdc),segment_id=9434f6d5-c818-4ad4-b47c-b10e9b10afdc)] {{(pid=94126) get_binding_level_objs /opt/stack/neutron/neutron/plugins/ml2/db.py:74}}
Aug 12 16:22:33.231355 dv-cinder-803823-6-smb neutron-server[94126]: DEBUG neutron.plugins.ml2.rpc [None req-db77bd01-dbf7-4033-abb8-4893be049688 None None] Returning: {'device': '5ddfb5c2-ab26-4c8d-ac3d-e860e3e45067', 'network_id': '5e25f540-7489-45d4-8545-a8ca0ffe3082', 'port_id': '5ddfb5c2-ab26-4c8d-ac3d-e860e3e45067', 'mac_address': 'fa:16:3e:c6:50:61', 'admin_state_up': True, 'network_type': 'vlan', 'segmentation_id': 1318, 'physical_network': 'physnet1', 'mtu': 1500, 'fixed_ips': [{'subnet_id': '58971f2e-4733-4d56-97f1-adb57820cf49', 'ip_address': '172.20.0.5'}], 'device_owner': 'compute:nova', 'allowed_address_pairs': [], 'port_security_enabled': True, 'qos_policy_id': None, 'network_qos_policy_id': None, 'profile': {}, 'propagate_uplink_status': False} {{(pid=94126) _get_device_details /opt/stack/neutron/neutron/plugins/ml2/rpc.py:184}}
Aug 12 16:22:33.255258 dv-cinder-803823-6-smb neutron-server[94124]: DEBUG neutron.pecan_wsgi.hooks.policy_enforcement [req-eca5ed45-c3b1-4b61-9e58-671e7fd274c5 req-c09718ec-a5c5-49c8-9462-b32539e28010 tempest-AttachVolumeTestJSON-1473027460 tempest-AttachVolumeTestJSON-1473027460-project] Attributes excluded by policy engine: ['standard_attr_id', 'binding:profile', 'binding:host_id', 'binding:vif_type', 'binding:vif_details'] {{(pid=94124) _exclude_attributes_by_policy /opt/stack/neutron/neutron/pecan_wsgi/hooks/policy_enforcement.py:255}}
Aug 12 16:22:33.256903 dv-cinder-803823-6-smb neutron-server[94124]: INFO neutron.wsgi [req-eca5ed45-c3b1-4b61-9e58-671e7fd274c5 req-c09718ec-a5c5-49c8-9462-b32539e28010 tempest-AttachVolumeTestJSON-1473027460 tempest-AttachVolumeTestJSON-1473027460-project] 10.222.0.97 "GET /v2.0/ports?device_id=62eed85f-b716-4bbd-be58-5f0a83b3efdc HTTP/1.1" status: 200 len: 932 time: 0.2111397
Aug 12 16:22:33.312187 dv-cinder-803823-6-smb neutron-server[94126]: DEBUG neutron_lib.callbacks.manager [None req-db77bd01-dbf7-4033-abb8-4893be049688 None None] Notify callbacks ['neutron.plugins.ml2.plugin.SecurityGroupDbMixin._ensure_default_security_group_handler-670939'] for port, before_update {{(pid=94126) _notify_loop /usr/local/lib/python3.8/dist-packages/neutron_lib/callbacks/manager.py:192}}
Aug 12 16:22:33.361221 dv-cinder-803823-6-smb neutron-server[94126]: DEBUG neutron.notifiers.nova [None req-db77bd01-dbf7-4033-abb8-4893be049688 None None] Ignoring state change previous_port_status: DOWN current_port_status: BUILD port_id 5ddfb5c2-ab26-4c8d-ac3d-e860e3e45067 {{(pid=94126) record_port_status_changed /opt/stack/neutron/neutron/notifiers/nova.py:224}}
Aug 12 16:22:33.416570 dv-cinder-803823-6-smb neutron-server[94124]: INFO neutron.wsgi [req-eca5ed45-c3b1-4b61-9e58-671e7fd274c5 req-6122b6f7-967e-4988-8297-88a055f1ed3c tempest-AttachVolumeTestJSON-1473027460 tempest-AttachVolumeTestJSON-1473027460-project] 10.222.0.97 "GET /v2.0/security-groups?id=a41c1e2d-10de-4b5d-a789-fa8b248f0ade&fields=id&fields=name HTTP/1.1" status: 200 len: 312 time: 0.1439335
Aug 12 16:22:33.418282 dv-cinder-803823-6-smb neutron-server[94125]: DEBUG neutron.scheduler.dhcp_agent_scheduler [req-fc86f37c-4061-4c62-9a07-d63ae40e7386 req-d49222f0-364c-4539-b132-64f4a52dd17d tempest-AttachVolumeTestJSON-1473027460 tempest-AttachVolumeTestJSON-1473027460-project] Network 69a24bd6-dfdf-4879-9931-0d0f1d2ecbf5 is already hosted by enough agents. {{(pid=94125) _get_dhcp_agents_hosting_network /opt/stack/neutron/neutron/scheduler/dhcp_agent_scheduler.py:275}}
Aug 12 16:22:33.464981 dv-cinder-803823-6-smb neutron-server[94126]: DEBUG neutron.plugins.ml2.db [None req-db77bd01-dbf7-4033-abb8-4893be049688 None None] For port 5ddfb5c2-ab26-4c8d-ac3d-e860e3e45067, host hv-cinder-80382, got binding levels [PortBindingLevel(driver='hyperv',host='hv-cinder-80382',level=0,port_id=5ddfb5c2-ab26-4c8d-ac3d-e860e3e45067,segment=NetworkSegment(9434f6d5-c818-4ad4-b47c-b10e9b10afdc),segment_id=9434f6d5-c818-4ad4-b47c-b10e9b10afdc)] {{(pid=94126) get_binding_level_objs /opt/stack/neutron/neutron/plugins/ml2/db.py:74}}
Aug 12 16:22:33.474142 dv-cinder-803823-6-smb neutron-server[94126]: DEBUG neutron_lib.callbacks.manager [None req-db77bd01-dbf7-4033-abb8-4893be049688 None None] Notify callbacks ['neutron.plugins.ml2.plugin.SecurityGroupServerNotifierRpcMixin._notify_sg_on_port_change-670325', 'neutron.plugins.ml2.ovo_rpc._ObjectChangeHandler.handle_event-122074', 'neutron.api.rpc.agentnotifiers.dhcp_rpc_agent_api.DhcpAgentNotifyAPI._native_event_send_dhcp_notification-1668153', 'neutron.db.l3_db.L3RpcNotifierMixin._notify_gateway_port_ip_changed-8741452897940', 'neutron.db.l3_dvrscheduler_db._notify_l3_agent_port_update-8741452391949', 'neutron.db.l3_hascheduler_db._notify_l3_agent_ha_port_update-8741452391967'] for port, after_update {{(pid=94126) _notify_loop /usr/local/lib/python3.8/dist-packages/neutron_lib/callbacks/manager.py:192}}
Aug 12 16:22:33.477589 dv-cinder-803823-6-smb neutron-server[94125]: DEBUG neutron.scheduler.base_scheduler [req-fc86f37c-4061-4c62-9a07-d63ae40e7386 req-d49222f0-364c-4539-b132-64f4a52dd17d tempest-AttachVolumeTestJSON-1473027460 tempest-AttachVolumeTestJSON-1473027460-project] Resources bound (agent type, host, resource id): {{(pid=94125) schedule /opt/stack/neutron/neutron/scheduler/base_scheduler.py:57}}
Aug 12 16:22:33.512014 dv-cinder-803823-6-smb neutron-server[94125]: DEBUG neutron.db.l3_dvrscheduler_db [req-fc86f37c-4061-4c62-9a07-d63ae40e7386 req-d49222f0-364c-4539-b132-64f4a52dd17d tempest-AttachVolumeTestJSON-1473027460 tempest-AttachVolumeTestJSON-1473027460-project] Received port after_create {{(pid=94125) _notify_l3_agent_new_port /opt/stack/neutron/neutron/db/l3_dvrscheduler_db.py:535}}
Aug 12 16:22:33.581356 dv-cinder-803823-6-smb neutron-server[94125]: DEBUG neutron_lib.callbacks.manager [None req-b5f3f385-4c9a-43ff-9cc9-26278c414a26 admin admin] Notify callbacks [] for security_group, before_delete {{(pid=94125) _notify_loop /usr/local/lib/python3.8/dist-packages/neutron_lib/callbacks/manager.py:192}}
Aug 12 16:22:33.604169 dv-cinder-803823-6-smb neutron-server[94126]: DEBUG neutron.api.rpc.handlers.resources_rpc [None req-db77bd01-dbf7-4033-abb8-4893be049688 None None] Pushing event updated for resources: {'Port': ['ID=5ddfb5c2-ab26-4c8d-ac3d-e860e3e45067,revision_number=4']} {{(pid=94126) push /opt/stack/neutron/neutron/api/rpc/handlers/resources_rpc.py:237}}
Aug 12 16:22:33.614893 dv-cinder-803823-6-smb neutron-server[94125]: DEBUG neutron.api.rpc.handlers.resources_rpc [None req-d49222f0-364c-4539-b132-64f4a52dd17d tempest-AttachVolumeTestJSON-1473027460 tempest-AttachVolumeTestJSON-1473027460-project] Pushing event updated for resources: {'Port': ['ID=5599ea10-e602-41bd-9a0b-b4ce35f15229,revision_number=1']} {{(pid=94125) push /opt/stack/neutron/neutron/api/rpc/handlers/resources_rpc.py:237}}
Aug 12 16:22:33.690556 dv-cinder-803823-6-smb neutron-server[94125]: DEBUG neutron.pecan_wsgi.hooks.policy_enforcement [req-0a52308c-3699-4da6-94ff-0235a8ec3e2c req-752c11ec-d535-4ed7-a7fe-ac183a0ee006 service neutron] Attributes excluded by policy engine: ['standard_attr_id'] {{(pid=94125) _exclude_attributes_by_policy /opt/stack/neutron/neutron/pecan_wsgi/hooks/policy_enforcement.py:255}}
Aug 12 16:22:33.694739 dv-cinder-803823-6-smb neutron-server[94125]: INFO neutron.wsgi [req-0a52308c-3699-4da6-94ff-0235a8ec3e2c req-752c11ec-d535-4ed7-a7fe-ac183a0ee006 service neutron] 10.222.0.106 "GET /v2.0/ports?tenant_id=70311911e4ab4baca4447ee695c61298&device_id=10714308-c5a7-49bd-b94f-f4122c0e74ee HTTP/1.1" status: 200 len: 1096 time: 0.4048133
Aug 12 16:22:33.703472 dv-cinder-803823-6-smb neutron-server[94125]: DEBUG novaclient.v2.client [-] REQ: curl -g -i --cacert "/opt/stack/data/ca-bundle.pem" -X POST http://10.222.0.97/compute/v2.1/os-server-external-events -H "Accept: application/json" -H "Content-Type: application/json" -H "User-Agent: python-novaclient" -H "X-Auth-Token: {SHA256}e747682600269b64aa4f6aa6f699c3334d1a8fae222212e3d9732651686e96ea" -H "X-OpenStack-Nova-API-Version: 2.1" -H "X-OpenStack-Request-ID: req-1923f89b-2808-4017-85c4-807f722d9be1" -d '{"events": [{"name": "network-changed", "server_uuid": "10714308-c5a7-49bd-b94f-f4122c0e74ee", "tag": "fcd66d71-338e-42de-a95f-0c4bf8fa0f5a"}]}' {{(pid=94125) _http_log_request /usr/local/lib/python3.8/dist-packages/keystoneauth1/session.py:519}}
Aug 12 16:22:33.732771 dv-cinder-803823-6-smb neutron-server[94125]: DEBUG neutron.pecan_wsgi.hooks.policy_enforcement [req-fc86f37c-4061-4c62-9a07-d63ae40e7386 req-d49222f0-364c-4539-b132-64f4a52dd17d tempest-AttachVolumeTestJSON-1473027460 tempest-AttachVolumeTestJSON-1473027460-project] Attributes excluded by policy engine: ['standard_attr_id', 'binding:profile', 'binding:host_id', 'binding:vif_type', 'binding:vif_details', 'network'] {{(pid=94125) _exclude_attributes_by_policy /opt/stack/neutron/neutron/pecan_wsgi/hooks/policy_enforcement.py:255}}
Aug 12 16:22:33.733369 dv-cinder-803823-6-smb neutron-server[94125]: DEBUG neutron_lib.callbacks.manager [req-fc86f37c-4061-4c62-9a07-d63ae40e7386 req-d49222f0-364c-4539-b132-64f4a52dd17d tempest-AttachVolumeTestJSON-1473027460 tempest-AttachVolumeTestJSON-1473027460-project] Notify callbacks ['neutron.notifiers.nova.Notifier._send_nova_notification-125036', 'neutron.api.rpc.agentnotifiers.dhcp_rpc_agent_api.DhcpAgentNotifyAPI._send_dhcp_notification-1668135'] for port, before_response {{(pid=94125) _notify_loop /usr/local/lib/python3.8/dist-packages/neutron_lib/callbacks/manager.py:192}}
Aug 12 16:22:33.739911 dv-cinder-803823-6-smb neutron-server[94126]: DEBUG neutron.plugins.ml2.db [None req-db77bd01-dbf7-4033-abb8-4893be049688 None None] get_ports_and_sgs() called for port_ids ['5ddfb5c2-ab26-4c8d-ac3d-e860e3e45067'] {{(pid=94126) get_ports_and_sgs /opt/stack/neutron/neutron/plugins/ml2/db.py:156}}
Aug 12 16:22:33.839206 dv-cinder-803823-6-smb neutron-server[94125]: INFO neutron.wsgi [req-0a52308c-3699-4da6-94ff-0235a8ec3e2c req-9b9fd669-5077-47ee-ab9a-ee63d20ad157 service neutron] 10.222.0.106 "GET /v2.0/floatingips?fixed_ip_address=172.20.0.5&port_id=fcd66d71-338e-42de-a95f-0c4bf8fa0f5a HTTP/1.1" status: 200 len: 217 time: 0.1199524
Aug 12 16:22:33.852646 dv-cinder-803823-6-smb neutron-server[94125]: DEBUG neutron_lib.callbacks.manager [None req-b5f3f385-4c9a-43ff-9cc9-26278c414a26 admin admin] Notify callbacks [] for security_group, precommit_delete {{(pid=94125) _notify_loop /usr/local/lib/python3.8/dist-packages/neutron_lib/callbacks/manager.py:192}}
Aug 12 16:22:33.943783 dv-cinder-803823-6-smb neutron-server[94125]: INFO neutron.wsgi [req-fc86f37c-4061-4c62-9a07-d63ae40e7386 req-d49222f0-364c-4539-b132-64f4a52dd17d tempest-AttachVolumeTestJSON-1473027460 tempest-AttachVolumeTestJSON-1473027460-project] 10.222.0.106 "POST /v2.0/ports HTTP/1.1" status: 201 len: 934 time: 2.6790080
Aug 12 16:22:33.965595 dv-cinder-803823-6-smb neutron-server[94125]: DEBUG neutron.api.v2.base [req-fc86f37c-4061-4c62-9a07-d63ae40e7386 req-27bb9761-4aeb-493b-9e6e-eac89bcf0901 service neutron] Request body: {'port': {'device_id': '62eed85f-b716-4bbd-be58-5f0a83b3efdc', 'device_owner': 'compute:nova', 'binding:host_id': 'hv-cinder-80382'}} {{(pid=94125) prepare_request_body /opt/stack/neutron/neutron/api/v2/base.py:729}}
Aug 12 16:22:34.027053 dv-cinder-803823-6-smb neutron-server[94124]: DEBUG neutron.pecan_wsgi.hooks.policy_enforcement [req-e42d4360-2c1c-45e9-a214-d513f6f634f3 req-6cd6adf2-a8de-499f-8798-4c3f11fc1193 tempest-DeleteServersTestJSON-173070034 tempest-DeleteServersTestJSON-173070034-project] Attributes excluded by policy engine: ['standard_attr_id', 'binding:profile', 'binding:host_id', 'binding:vif_type', 'binding:vif_details'] {{(pid=94124) _exclude_attributes_by_policy /opt/stack/neutron/neutron/pecan_wsgi/hooks/policy_enforcement.py:255}}
Aug 12 16:22:34.029144 dv-cinder-803823-6-smb neutron-server[94124]: INFO neutron.wsgi [req-e42d4360-2c1c-45e9-a214-d513f6f634f3 req-6cd6adf2-a8de-499f-8798-4c3f11fc1193 tempest-DeleteServersTestJSON-173070034 tempest-DeleteServersTestJSON-173070034-project] 10.222.0.97 "GET /v2.0/ports?device_id=92b912a6-5e94-4bb1-a1cb-d6c331e5f9fd HTTP/1.1" status: 200 len: 944 time: 0.1312289
Aug 12 16:22:34.059954 dv-cinder-803823-6-smb neutron-server[94126]: DEBUG neutron.db.provisioning_blocks [None req-a1139334-88ec-42ca-bb5b-a3e1aa7fe82b None None] Provisioning for port 5599ea10-e602-41bd-9a0b-b4ce35f15229 completed by entity DHCP. {{(pid=94126) provisioning_complete /opt/stack/neutron/neutron/db/provisioning_blocks.py:133}}
Aug 12 16:22:34.099762 dv-cinder-803823-6-smb neutron-server[94126]: DEBUG neutron.db.provisioning_blocks [None req-a1139334-88ec-42ca-bb5b-a3e1aa7fe82b None None] Provisioning complete for port 5599ea10-e602-41bd-9a0b-b4ce35f15229 triggered by entity DHCP. {{(pid=94126) provisioning_complete /opt/stack/neutron/neutron/db/provisioning_blocks.py:139}}
Aug 12 16:22:34.100743 dv-cinder-803823-6-smb neutron-server[94126]: DEBUG neutron_lib.callbacks.manager [None req-a1139334-88ec-42ca-bb5b-a3e1aa7fe82b None None] Notify callbacks ['neutron.plugins.ml2.plugin.Ml2Plugin._port_provisioned-551832'] for port, provisioning_complete {{(pid=94126) _notify_loop /usr/local/lib/python3.8/dist-packages/neutron_lib/callbacks/manager.py:192}}
Aug 12 16:22:34.135406 dv-cinder-803823-6-smb neutron-server[94124]: INFO neutron.wsgi [req-e42d4360-2c1c-45e9-a214-d513f6f634f3 req-ea88ac1e-4917-475f-8dda-f28edc3ce9f8 tempest-DeleteServersTestJSON-173070034 tempest-DeleteServersTestJSON-173070034-project] 10.222.0.97 "GET /v2.0/security-groups?id=9f5679ca-4b8a-4273-a1ca-0180f25d1475&fields=id&fields=name HTTP/1.1" status: 200 len: 286 time: 0.0982988
Aug 12 16:22:34.150322 dv-cinder-803823-6-smb neutron-server[94126]: DEBUG neutron.plugins.ml2.plugin [None req-a1139334-88ec-42ca-bb5b-a3e1aa7fe82b None None] Port 5599ea10-e602-41bd-9a0b-b4ce35f15229 cannot update to ACTIVE because it is not bound. {{(pid=94126) _port_provisioned /opt/stack/neutron/neutron/plugins/ml2/plugin.py:337}}
Aug 12 16:22:34.304269 dv-cinder-803823-6-smb neutron-server[94124]: DEBUG neutron.pecan_wsgi.hooks.policy_enforcement [req-0d513370-ba94-4d4d-b43c-9cedc713ebff req-5f176e21-0dcf-4a9b-b1ad-d0625d8b2e36 tempest-AttachVolumeShelveTestJSON-32494625 tempest-AttachVolumeShelveTestJSON-32494625-project] Attributes excluded by policy engine: ['standard_attr_id', 'binding:profile', 'binding:host_id', 'binding:vif_type', 'binding:vif_details'] {{(pid=94124) _exclude_attributes_by_policy /opt/stack/neutron/neutron/pecan_wsgi/hooks/policy_enforcement.py:255}}
Aug 12 16:22:34.305971 dv-cinder-803823-6-smb neutron-server[94124]: INFO neutron.wsgi [req-0d513370-ba94-4d4d-b43c-9cedc713ebff req-5f176e21-0dcf-4a9b-b1ad-d0625d8b2e36 tempest-AttachVolumeShelveTestJSON-32494625 tempest-AttachVolumeShelveTestJSON-32494625-project] 10.222.0.97 "GET /v2.0/ports?device_id=10714308-c5a7-49bd-b94f-f4122c0e74ee HTTP/1.1" status: 200 len: 943 time: 0.0732124
Aug 12 16:22:34.372431 dv-cinder-803823-6-smb neutron-server[94124]: INFO neutron.wsgi [req-0d513370-ba94-4d4d-b43c-9cedc713ebff req-22c07162-a197-4346-abbf-980cdfb5fd4d tempest-AttachVolumeShelveTestJSON-32494625 tempest-AttachVolumeShelveTestJSON-32494625-project] 10.222.0.97 "GET /v2.0/security-groups?id=27bcdaf7-3db0-4ad3-b563-683f3c98fd98&fields=id&fields=name HTTP/1.1" status: 200 len: 313 time: 0.0585361
Aug 12 16:22:34.400527 dv-cinder-803823-6-smb neutron-server[94125]: DEBUG novaclient.v2.client [-] RESP: [200] Connection: close Content-Length: 179 Content-Type: application/json Date: Thu, 12 Aug 2021 16:22:33 GMT OpenStack-API-Version: compute 2.1 Server: Apache/2.4.41 (Ubuntu) Vary: OpenStack-API-Version,X-OpenStack-Nova-API-Version X-OpenStack-Nova-API-Version: 2.1 x-compute-request-id: req-7cb665e1-60da-4e79-a4c4-c349a0ef1876 x-openstack-request-id: req-7cb665e1-60da-4e79-a4c4-c349a0ef1876 {{(pid=94125) _http_log_response /usr/local/lib/python3.8/dist-packages/keystoneauth1/session.py:550}}
Aug 12 16:22:34.400817 dv-cinder-803823-6-smb neutron-server[94125]: DEBUG novaclient.v2.client [-] RESP BODY: {"events": [{"name": "network-changed", "server_uuid": "10714308-c5a7-49bd-b94f-f4122c0e74ee", "tag": "fcd66d71-338e-42de-a95f-0c4bf8fa0f5a", "status": "completed", "code": 200}]} {{(pid=94125) _http_log_response /usr/local/lib/python3.8/dist-packages/keystoneauth1/session.py:582}}
Aug 12 16:22:34.401093 dv-cinder-803823-6-smb neutron-server[94125]: DEBUG novaclient.v2.client [-] POST call to compute for http://10.222.0.97/compute/v2.1/os-server-external-events used request id req-7cb665e1-60da-4e79-a4c4-c349a0ef1876 {{(pid=94125) request /usr/local/lib/python3.8/dist-packages/keystoneauth1/session.py:954}}
Aug 12 16:22:34.401629 dv-cinder-803823-6-smb neutron-server[94125]: INFO neutron.notifiers.nova [-] Nova event response: {'name': 'network-changed', 'server_uuid': '10714308-c5a7-49bd-b94f-f4122c0e74ee', 'tag': 'fcd66d71-338e-42de-a95f-0c4bf8fa0f5a', 'status': 'completed', 'code': 200}
Aug 12 16:22:34.415783 dv-cinder-803823-6-smb neutron-server[94125]: DEBUG neutron.pecan_wsgi.hooks.policy_enforcement [req-0a52308c-3699-4da6-94ff-0235a8ec3e2c req-5c0d3fb1-eb1b-44fb-8161-b86b1555ac0b service neutron] Attributes excluded by policy engine: ['standard_attr_id', 'shared', 'segment_id'] {{(pid=94125) _exclude_attributes_by_policy /opt/stack/neutron/neutron/pecan_wsgi/hooks/policy_enforcement.py:255}}
Aug 12 16:22:34.417482 dv-cinder-803823-6-smb neutron-server[94125]: INFO neutron.wsgi [req-0a52308c-3699-4da6-94ff-0235a8ec3e2c req-5c0d3fb1-eb1b-44fb-8161-b86b1555ac0b service neutron] 10.222.0.106 "GET /v2.0/subnets?id=e80f74cd-001d-4813-8ce1-8fd526cefa9e HTTP/1.1" status: 200 len: 855 time: 0.5409012
Aug 12 16:22:34.422280 dv-cinder-803823-6-smb neutron-server[94125]: DEBUG neutron_lib.callbacks.manager [req-fc86f37c-4061-4c62-9a07-d63ae40e7386 req-27bb9761-4aeb-493b-9e6e-eac89bcf0901 service neutron] Notify callbacks ['neutron.plugins.ml2.plugin.SecurityGroupDbMixin._ensure_default_security_group_handler-670939'] for port, before_update {{(pid=94125) _notify_loop /usr/local/lib/python3.8/dist-packages/neutron_lib/callbacks/manager.py:192}}
Aug 12 16:22:34.566591 dv-cinder-803823-6-smb neutron-server[94125]: DEBUG neutron_lib.callbacks.manager [None req-b5f3f385-4c9a-43ff-9cc9-26278c414a26 admin admin] Notify callbacks ['neutron.plugins.ml2.ovo_rpc._ObjectChangeHandler.handle_event-1799350'] for security_group, after_delete {{(pid=94125) _notify_loop /usr/local/lib/python3.8/dist-packages/neutron_lib/callbacks/manager.py:192}}
Aug 12 16:22:34.569898 dv-cinder-803823-6-smb neutron-server[94125]: DEBUG neutron_lib.callbacks.manager [None req-b5f3f385-4c9a-43ff-9cc9-26278c414a26 admin admin] Notify callbacks [] for security_group, before_response {{(pid=94125) _notify_loop /usr/local/lib/python3.8/dist-packages/neutron_lib/callbacks/manager.py:192}}
Aug 12 16:22:34.576654 dv-cinder-803823-6-smb neutron-server[94125]: INFO neutron.wsgi [None req-b5f3f385-4c9a-43ff-9cc9-26278c414a26 admin admin] 10.222.0.97 "DELETE /v2.0/security-groups/47fa4f78-a73c-4d59-a239-0abc4494fbba HTTP/1.1" status: 204 len: 168 time: 1.5122070
Aug 12 16:22:34.706916 dv-cinder-803823-6-smb neutron-server[94124]: DEBUG neutron.pecan_wsgi.hooks.policy_enforcement [req-6fdb0101-a0ea-45fa-be93-63f06f08f53d req-bec5b5d6-22d4-4196-9e8e-6e139b749546 tempest-AttachVolumeTestJSON-1473027460 tempest-AttachVolumeTestJSON-1473027460-project] Attributes excluded by policy engine: ['standard_attr_id', 'binding:profile', 'binding:host_id', 'binding:vif_type', 'binding:vif_details'] {{(pid=94124) _exclude_attributes_by_policy /opt/stack/neutron/neutron/pecan_wsgi/hooks/policy_enforcement.py:255}}
Aug 12 16:22:34.706916 dv-cinder-803823-6-smb neutron-server[94124]: INFO neutron.wsgi [req-6fdb0101-a0ea-45fa-be93-63f06f08f53d req-bec5b5d6-22d4-4196-9e8e-6e139b749546 tempest-AttachVolumeTestJSON-1473027460 tempest-AttachVolumeTestJSON-1473027460-project] 10.222.0.97 "GET /v2.0/ports?device_id=62eed85f-b716-4bbd-be58-5f0a83b3efdc HTTP/1.1" status: 200 len: 932 time: 0.1127882
Aug 12 16:22:34.735241 dv-cinder-803823-6-smb neutron-server[94125]: DEBUG neutron.api.rpc.handlers.resources_rpc [None req-b5f3f385-4c9a-43ff-9cc9-26278c414a26 admin admin] Pushing event deleted for resources: {'SecurityGroup': ['ID=47fa4f78-a73c-4d59-a239-0abc4494fbba,revision_number=None']} {{(pid=94125) push /opt/stack/neutron/neutron/api/rpc/handlers/resources_rpc.py:237}}
Aug 12 16:22:34.776349 dv-cinder-803823-6-smb neutron-server[94125]: DEBUG neutron.pecan_wsgi.hooks.policy_enforcement [req-0a52308c-3699-4da6-94ff-0235a8ec3e2c req-63a0de50-df7b-4293-86a1-7ede21b7f286 service neutron] Attributes excluded by policy engine: ['standard_attr_id'] {{(pid=94125) _exclude_attributes_by_policy /opt/stack/neutron/neutron/pecan_wsgi/hooks/policy_enforcement.py:255}}
Aug 12 16:22:34.780944 dv-cinder-803823-6-smb neutron-server[94125]: INFO neutron.wsgi [req-0a52308c-3699-4da6-94ff-0235a8ec3e2c req-63a0de50-df7b-4293-86a1-7ede21b7f286 service neutron] 10.222.0.106 "GET /v2.0/ports?network_id=e5ef7796-64ea-4caf-87a1-e0bcf9ab6013&device_owner=network%3Adhcp HTTP/1.1" status: 200 len: 1173 time: 0.3527129
Aug 12 16:22:34.808880 dv-cinder-803823-6-smb neutron-server[94126]: DEBUG neutron.plugins.ml2.rpc [None req-db77bd01-dbf7-4033-abb8-4893be049688 None None] Device 5ddfb5c2-ab26-4c8d-ac3d-e860e3e45067 up at agent hyperv_hv-cinder-80382 {{(pid=94126) update_device_up /opt/stack/neutron/neutron/plugins/ml2/rpc.py:296}}
Aug 12 16:22:34.844713 dv-cinder-803823-6-smb neutron-server[94124]: INFO neutron.wsgi [req-6fdb0101-a0ea-45fa-be93-63f06f08f53d req-195c473d-cb70-427d-a4de-5e74b6f499c4 tempest-AttachVolumeTestJSON-1473027460 tempest-AttachVolumeTestJSON-1473027460-project] 10.222.0.97 "GET /v2.0/security-groups?id=a41c1e2d-10de-4b5d-a789-fa8b248f0ade&fields=id&fields=name HTTP/1.1" status: 200 len: 312 time: 0.1162150
Aug 12 16:22:34.910762 dv-cinder-803823-6-smb neutron-server[94126]: DEBUG neutron.db.provisioning_blocks [None req-db77bd01-dbf7-4033-abb8-4893be049688 None None] Provisioning for port 5ddfb5c2-ab26-4c8d-ac3d-e860e3e45067 completed by entity L2. {{(pid=94126) provisioning_complete /opt/stack/neutron/neutron/db/provisioning_blocks.py:133}}
Aug 12 16:22:34.919047 dv-cinder-803823-6-smb neutron-server[94126]: DEBUG neutron.db.provisioning_blocks [None req-db77bd01-dbf7-4033-abb8-4893be049688 None None] Provisioning complete for port 5ddfb5c2-ab26-4c8d-ac3d-e860e3e45067 triggered by entity L2. {{(pid=94126) provisioning_complete /opt/stack/neutron/neutron/db/provisioning_blocks.py:139}}
Aug 12 16:22:34.919804 dv-cinder-803823-6-smb neutron-server[94126]: DEBUG neutron_lib.callbacks.manager [None req-db77bd01-dbf7-4033-abb8-4893be049688 None None] Notify callbacks ['neutron.plugins.ml2.plugin.Ml2Plugin._port_provisioned-551832'] for port, provisioning_complete {{(pid=94126) _notify_loop /usr/local/lib/python3.8/dist-packages/neutron_lib/callbacks/manager.py:192}}
Aug 12 16:22:35.033617 dv-cinder-803823-6-smb neutron-server[94125]: INFO neutron.wsgi [req-0a52308c-3699-4da6-94ff-0235a8ec3e2c req-c78f7163-459a-4fe2-854a-0385d1854306 service neutron] 10.222.0.106 "GET /v2.0/networks/e5ef7796-64ea-4caf-87a1-e0bcf9ab6013?fields=segments HTTP/1.1" status: 200 len: 212 time: 0.2450728
Aug 12 16:22:35.053858 dv-cinder-803823-6-smb neutron-server[94126]: DEBUG neutron_lib.callbacks.manager [None req-db77bd01-dbf7-4033-abb8-4893be049688 None None] Notify callbacks ['neutron.plugins.ml2.plugin.SecurityGroupDbMixin._ensure_default_security_group_handler-670939'] for port, before_update {{(pid=94126) _notify_loop /usr/local/lib/python3.8/dist-packages/neutron_lib/callbacks/manager.py:192}}
Aug 12 16:22:35.106536 dv-cinder-803823-6-smb neutron-server[94126]: DEBUG neutron.plugins.ml2.db [None req-db77bd01-dbf7-4033-abb8-4893be049688 None None] For port 5ddfb5c2-ab26-4c8d-ac3d-e860e3e45067, host hv-cinder-80382, got binding levels [PortBindingLevel(driver='hyperv',host='hv-cinder-80382',level=0,port_id=5ddfb5c2-ab26-4c8d-ac3d-e860e3e45067,segment=NetworkSegment(9434f6d5-c818-4ad4-b47c-b10e9b10afdc),segment_id=9434f6d5-c818-4ad4-b47c-b10e9b10afdc)] {{(pid=94126) get_binding_level_objs /opt/stack/neutron/neutron/plugins/ml2/db.py:74}}
Aug 12 16:22:35.109242 dv-cinder-803823-6-smb neutron-server[94126]: DEBUG neutron.notifiers.nova [-] Sending events: [{'server_uuid': '92b912a6-5e94-4bb1-a1cb-d6c331e5f9fd', 'name': 'network-vif-plugged', 'status': 'completed', 'tag': '5ddfb5c2-ab26-4c8d-ac3d-e860e3e45067'}] {{(pid=94126) send_events /opt/stack/neutron/neutron/notifiers/nova.py:262}}
Aug 12 16:22:35.223864 dv-cinder-803823-6-smb neutron-server[94125]: DEBUG neutron.notifiers.nova [req-fc86f37c-4061-4c62-9a07-d63ae40e7386 req-27bb9761-4aeb-493b-9e6e-eac89bcf0901 service neutron] Ignoring state change previous_port_status: DOWN current_port_status: DOWN port_id 5599ea10-e602-41bd-9a0b-b4ce35f15229 {{(pid=94125) record_port_status_changed /opt/stack/neutron/neutron/notifiers/nova.py:224}}
Aug 12 16:22:35.232677 dv-cinder-803823-6-smb neutron-server[94125]: INFO neutron.wsgi [req-0a52308c-3699-4da6-94ff-0235a8ec3e2c req-8f9b49d4-8644-40e4-b608-259fd7e0ea0e service neutron] 10.222.0.106 "GET /v2.0/networks/e5ef7796-64ea-4caf-87a1-e0bcf9ab6013?fields=provider%3Aphysical_network&fields=provider%3Anetwork_type HTTP/1.1" status: 200 len: 281 time: 0.1883035
Aug 12 16:22:35.238325 dv-cinder-803823-6-smb neutron-server[94125]: DEBUG neutron_lib.callbacks.manager [req-fc86f37c-4061-4c62-9a07-d63ae40e7386 req-27bb9761-4aeb-493b-9e6e-eac89bcf0901 service neutron] Notify callbacks [] for port, precommit_update {{(pid=94125) _notify_loop /usr/local/lib/python3.8/dist-packages/neutron_lib/callbacks/manager.py:192}}
Aug 12 16:22:35.263066 dv-cinder-803823-6-smb neutron-server[94125]: DEBUG neutron.db.provisioning_blocks [req-fc86f37c-4061-4c62-9a07-d63ae40e7386 req-27bb9761-4aeb-493b-9e6e-eac89bcf0901 service neutron] Transition to ACTIVE for port object 5599ea10-e602-41bd-9a0b-b4ce35f15229 will not be triggered until provisioned by entity L2. {{(pid=94125) add_provisioning_component /opt/stack/neutron/neutron/db/provisioning_blocks.py:73}}
Aug 12 16:22:35.269063 dv-cinder-803823-6-smb neutron-server[94125]: DEBUG neutron_lib.callbacks.manager [req-fc86f37c-4061-4c62-9a07-d63ae40e7386 req-27bb9761-4aeb-493b-9e6e-eac89bcf0901 service neutron] Notify callbacks ['neutron.plugins.ml2.plugin.SecurityGroupServerNotifierRpcMixin._notify_sg_on_port_change-670325', 'neutron.plugins.ml2.ovo_rpc._ObjectChangeHandler.handle_event-122074', 'neutron.api.rpc.agentnotifiers.dhcp_rpc_agent_api.DhcpAgentNotifyAPI._native_event_send_dhcp_notification-1668153', 'neutron.db.l3_db.L3RpcNotifierMixin._notify_gateway_port_ip_changed-8741452897940', 'neutron.db.l3_dvrscheduler_db._notify_l3_agent_port_update-8741452391949', 'neutron.db.l3_hascheduler_db._notify_l3_agent_ha_port_update-8741452391967', 'neutron.services.segments.plugin.NovaSegmentNotifier._notify_port_updated-3645295'] for port, after_update {{(pid=94125) _notify_loop /usr/local/lib/python3.8/dist-packages/neutron_lib/callbacks/manager.py:192}}
Aug 12 16:22:35.329334 dv-cinder-803823-6-smb neutron-server[94125]: DEBUG neutron.api.rpc.handlers.resources_rpc [None req-27bb9761-4aeb-493b-9e6e-eac89bcf0901 service neutron] Pushing event updated for resources: {'Port': ['ID=5599ea10-e602-41bd-9a0b-b4ce35f15229,revision_number=2']} {{(pid=94125) push /opt/stack/neutron/neutron/api/rpc/handlers/resources_rpc.py:237}}
Aug 12 16:22:35.442145 dv-cinder-803823-6-smb neutron-server[94124]: DEBUG neutron.pecan_wsgi.hooks.policy_enforcement [req-8becdece-6c4f-423d-a9f6-26a840499c9c req-b2f576f7-4ce5-400a-8eca-f26b104893bf tempest-DeleteServersTestJSON-173070034 tempest-DeleteServersTestJSON-173070034-project] Attributes excluded by policy engine: ['standard_attr_id', 'binding:profile', 'binding:host_id', 'binding:vif_type', 'binding:vif_details'] {{(pid=94124) _exclude_attributes_by_policy /opt/stack/neutron/neutron/pecan_wsgi/hooks/policy_enforcement.py:255}}
Aug 12 16:22:35.443978 dv-cinder-803823-6-smb neutron-server[94124]: INFO neutron.wsgi [req-8becdece-6c4f-423d-a9f6-26a840499c9c req-b2f576f7-4ce5-400a-8eca-f26b104893bf tempest-DeleteServersTestJSON-173070034 tempest-DeleteServersTestJSON-173070034-project] 10.222.0.97 "GET /v2.0/ports?device_id=92b912a6-5e94-4bb1-a1cb-d6c331e5f9fd HTTP/1.1" status: 200 len: 945 time: 0.1324208
Aug 12 16:22:35.493716 dv-cinder-803823-6-smb neutron-server[94125]: DEBUG neutron.pecan_wsgi.hooks.policy_enforcement [req-1923f89b-2808-4017-85c4-807f722d9be1 req-003844dd-b610-4302-a325-58202c2a0662 service neutron] Attributes excluded by policy engine: ['standard_attr_id'] {{(pid=94125) _exclude_attributes_by_policy /opt/stack/neutron/neutron/pecan_wsgi/hooks/policy_enforcement.py:255}}
Aug 12 16:22:35.495565 dv-cinder-803823-6-smb neutron-server[94125]: INFO neutron.wsgi [req-1923f89b-2808-4017-85c4-807f722d9be1 req-003844dd-b610-4302-a325-58202c2a0662 service neutron] 10.222.0.106 "GET /v2.0/ports?tenant_id=70311911e4ab4baca4447ee695c61298&device_id=10714308-c5a7-49bd-b94f-f4122c0e74ee HTTP/1.1" status: 200 len: 1096 time: 0.1675706
Aug 12 16:22:35.506832 dv-cinder-803823-6-smb neutron-server[94126]: DEBUG neutron_lib.callbacks.manager [None req-db77bd01-dbf7-4033-abb8-4893be049688 None None] Notify callbacks ['neutron.plugins.ml2.plugin.SecurityGroupServerNotifierRpcMixin._notify_sg_on_port_change-670325', 'neutron.plugins.ml2.ovo_rpc._ObjectChangeHandler.handle_event-122074', 'neutron.api.rpc.agentnotifiers.dhcp_rpc_agent_api.DhcpAgentNotifyAPI._native_event_send_dhcp_notification-1668153', 'neutron.db.l3_db.L3RpcNotifierMixin._notify_gateway_port_ip_changed-8741452897940', 'neutron.db.l3_dvrscheduler_db._notify_l3_agent_port_update-8741452391949', 'neutron.db.l3_hascheduler_db._notify_l3_agent_ha_port_update-8741452391967'] for port, after_update {{(pid=94126) _notify_loop /usr/local/lib/python3.8/dist-packages/neutron_lib/callbacks/manager.py:192}}
Aug 12 16:22:35.559166 dv-cinder-803823-6-smb neutron-server[94124]: INFO neutron.wsgi [req-8becdece-6c4f-423d-a9f6-26a840499c9c req-68a61214-d8be-4bea-bf1d-d74cf46cc94e tempest-DeleteServersTestJSON-173070034 tempest-DeleteServersTestJSON-173070034-project] 10.222.0.97 "GET /v2.0/security-groups?id=9f5679ca-4b8a-4273-a1ca-0180f25d1475&fields=id&fields=name HTTP/1.1" status: 200 len: 286 time: 0.1022129
Aug 12 16:22:35.680879 dv-cinder-803823-6-smb neutron-server[94125]: DEBUG neutron.plugins.ml2.managers [req-fc86f37c-4061-4c62-9a07-d63ae40e7386 req-27bb9761-4aeb-493b-9e6e-eac89bcf0901 service neutron] Attempting to bind port 5599ea10-e602-41bd-9a0b-b4ce35f15229 on host hv-cinder-80382 for vnic_type normal with profile {{(pid=94125) bind_port /opt/stack/neutron/neutron/plugins/ml2/managers.py:790}}
Aug 12 16:22:35.681649 dv-cinder-803823-6-smb neutron-server[94125]: DEBUG neutron.plugins.ml2.managers [req-fc86f37c-4061-4c62-9a07-d63ae40e7386 req-27bb9761-4aeb-493b-9e6e-eac89bcf0901 service neutron] Attempting to bind port 5599ea10-e602-41bd-9a0b-b4ce35f15229 by drivers openvswitch,hyperv on host hv-cinder-80382 at level 0 using segments [{'id': '9b862490-ca2f-452f-93d4-24269117134a', 'network_type': 'vlan', 'physical_network': 'physnet1', 'segmentation_id': 1322, 'network_id': '69a24bd6-dfdf-4879-9931-0d0f1d2ecbf5'}] {{(pid=94125) _bind_port_level /opt/stack/neutron/neutron/plugins/ml2/managers.py:815}}
Aug 12 16:22:35.682191 dv-cinder-803823-6-smb neutron-server[94125]: DEBUG neutron.plugins.ml2.drivers.mech_agent [req-fc86f37c-4061-4c62-9a07-d63ae40e7386 req-27bb9761-4aeb-493b-9e6e-eac89bcf0901 service neutron] Attempting to bind port 5599ea10-e602-41bd-9a0b-b4ce35f15229 on network 69a24bd6-dfdf-4879-9931-0d0f1d2ecbf5 {{(pid=94125) bind_port /opt/stack/neutron/neutron/plugins/ml2/drivers/mech_agent.py:85}}
