Aug 08 17:13:09.163558 dv-cinder-803823-3-smb devstack@n-api.service[107737]: DEBUG nova.api.openstack.wsgi_app [-] profiler.enabled = False {{(pid=107737) log_opt_values /usr/local/lib/python3.8/dist-packages/oslo_config/cfg.py:2609}}
Aug 08 17:13:09.163896 dv-cinder-803823-3-smb devstack@n-api.service[107737]: DEBUG nova.api.openstack.wsgi_app [-] profiler.es_doc_type = notification {{(pid=107737) log_opt_values /usr/local/lib/python3.8/dist-packages/oslo_config/cfg.py:2609}}
Aug 08 17:13:09.164218 dv-cinder-803823-3-smb devstack@n-api.service[107737]: DEBUG nova.api.openstack.wsgi_app [-] profiler.es_scroll_size = 10000 {{(pid=107737) log_opt_values /usr/local/lib/python3.8/dist-packages/oslo_config/cfg.py:2609}}
Aug 08 17:13:09.164548 dv-cinder-803823-3-smb devstack@n-api.service[107737]: DEBUG nova.api.openstack.wsgi_app [-] profiler.es_scroll_time = 2m {{(pid=107737) log_opt_values /usr/local/lib/python3.8/dist-packages/oslo_config/cfg.py:2609}}
Aug 08 17:13:09.165123 dv-cinder-803823-3-smb devstack@n-api.service[107737]: DEBUG nova.api.openstack.wsgi_app [-] profiler.filter_error_trace = False {{(pid=107737) log_opt_values /usr/local/lib/python3.8/dist-packages/oslo_config/cfg.py:2609}}
Aug 08 17:13:09.165481 dv-cinder-803823-3-smb devstack@n-api.service[107737]: DEBUG nova.api.openstack.wsgi_app [-] profiler.hmac_keys = SECRET_KEY {{(pid=107737) log_opt_values /usr/local/lib/python3.8/dist-packages/oslo_config/cfg.py:2609}}
Aug 08 17:13:09.165813 dv-cinder-803823-3-smb devstack@n-api.service[107737]: DEBUG nova.api.openstack.wsgi_app [-] profiler.sentinel_service_name = mymaster {{(pid=107737) log_opt_values /usr/local/lib/python3.8/dist-packages/oslo_config/cfg.py:2609}}
Aug 08 17:13:09.166141 dv-cinder-803823-3-smb devstack@n-api.service[107737]: DEBUG nova.api.openstack.wsgi_app [-] profiler.socket_timeout = 0.1 {{(pid=107737) log_opt_values /usr/local/lib/python3.8/dist-packages/oslo_config/cfg.py:2609}}
Aug 08 17:13:09.166617 dv-cinder-803823-3-smb devstack@n-api.service[107737]: DEBUG nova.api.openstack.wsgi_app [-] profiler.trace_sqlalchemy = False {{(pid=107737) log_opt_values /usr/local/lib/python3.8/dist-packages/oslo_config/cfg.py:2609}}
Aug 08 17:13:09.166965 dv-cinder-803823-3-smb devstack@n-api.service[107737]: DEBUG nova.api.openstack.wsgi_app [-] oslo_messaging_rabbit.amqp_auto_delete = False {{(pid=107737) log_opt_values /usr/local/lib/python3.8/dist-packages/oslo_config/cfg.py:2609}}
Aug 08 17:13:09.167284 dv-cinder-803823-3-smb devstack@n-api.service[107737]: DEBUG nova.api.openstack.wsgi_app [-] oslo_messaging_rabbit.amqp_durable_queues = False {{(pid=107737) log_opt_values /usr/local/lib/python3.8/dist-packages/oslo_config/cfg.py:2609}}
Aug 08 17:13:09.167603 dv-cinder-803823-3-smb devstack@n-api.service[107737]: DEBUG nova.api.openstack.wsgi_app [-] oslo_messaging_rabbit.conn_pool_min_size = 2 {{(pid=107737) log_opt_values /usr/local/lib/python3.8/dist-packages/oslo_config/cfg.py:2609}}
Aug 08 17:13:09.167922 dv-cinder-803823-3-smb devstack@n-api.service[107737]: DEBUG nova.api.openstack.wsgi_app [-] oslo_messaging_rabbit.conn_pool_ttl = 1200 {{(pid=107737) log_opt_values /usr/local/lib/python3.8/dist-packages/oslo_config/cfg.py:2609}}
Aug 08 17:13:09.168238 dv-cinder-803823-3-smb devstack@n-api.service[107737]: DEBUG nova.api.openstack.wsgi_app [-] oslo_messaging_rabbit.direct_mandatory_flag = True {{(pid=107737) log_opt_values /usr/local/lib/python3.8/dist-packages/oslo_config/cfg.py:2609}}
Aug 08 17:13:09.168555 dv-cinder-803823-3-smb devstack@n-api.service[107737]: DEBUG nova.api.openstack.wsgi_app [-] oslo_messaging_rabbit.enable_cancel_on_failover = False {{(pid=107737) log_opt_values /usr/local/lib/python3.8/dist-packages/oslo_config/cfg.py:2609}}
Aug 08 17:13:09.168869 dv-cinder-803823-3-smb devstack@n-api.service[107737]: DEBUG nova.api.openstack.wsgi_app [-] oslo_messaging_rabbit.heartbeat_in_pthread = True {{(pid=107737) log_opt_values /usr/local/lib/python3.8/dist-packages/oslo_config/cfg.py:2609}}
Aug 08 17:13:09.169224 dv-cinder-803823-3-smb devstack@n-api.service[107737]: DEBUG nova.api.openstack.wsgi_app [-] oslo_messaging_rabbit.heartbeat_rate = 3 {{(pid=107737) log_opt_values /usr/local/lib/python3.8/dist-packages/oslo_config/cfg.py:2609}}
Aug 08 17:13:09.169614 dv-cinder-803823-3-smb devstack@n-api.service[107737]: DEBUG nova.api.openstack.wsgi_app [-] oslo_messaging_rabbit.heartbeat_timeout_threshold = 600 {{(pid=107737) log_opt_values /usr/local/lib/python3.8/dist-packages/oslo_config/cfg.py:2609}}
Aug 08 17:13:09.170073 dv-cinder-803823-3-smb devstack@n-api.service[107737]: DEBUG nova.api.openstack.wsgi_app [-] oslo_messaging_rabbit.kombu_compression = None {{(pid=107737) log_opt_values /usr/local/lib/python3.8/dist-packages/oslo_config/cfg.py:2609}}
Aug 08 17:13:09.170407 dv-cinder-803823-3-smb devstack@n-api.service[107737]: DEBUG nova.api.openstack.wsgi_app [-] oslo_messaging_rabbit.kombu_failover_strategy = round-robin {{(pid=107737) log_opt_values /usr/local/lib/python3.8/dist-packages/oslo_config/cfg.py:2609}}
Aug 08 17:13:09.170731 dv-cinder-803823-3-smb devstack@n-api.service[107737]: DEBUG nova.api.openstack.wsgi_app [-] oslo_messaging_rabbit.kombu_missing_consumer_retry_timeout = 60 {{(pid=107737) log_opt_values /usr/local/lib/python3.8/dist-packages/oslo_config/cfg.py:2609}}
Aug 08 17:13:09.171059 dv-cinder-803823-3-smb devstack@n-api.service[107737]: DEBUG nova.api.openstack.wsgi_app [-] oslo_messaging_rabbit.kombu_reconnect_delay = 1.0 {{(pid=107737) log_opt_values /usr/local/lib/python3.8/dist-packages/oslo_config/cfg.py:2609}}
Aug 08 17:13:09.171381 dv-cinder-803823-3-smb devstack@n-api.service[107737]: DEBUG nova.api.openstack.wsgi_app [-] oslo_messaging_rabbit.rabbit_ha_queues = False {{(pid=107737) log_opt_values /usr/local/lib/python3.8/dist-packages/oslo_config/cfg.py:2609}}
Aug 08 17:13:09.171696 dv-cinder-803823-3-smb devstack@n-api.service[107737]: DEBUG nova.api.openstack.wsgi_app [-] oslo_messaging_rabbit.rabbit_interval_max = 30 {{(pid=107737) log_opt_values /usr/local/lib/python3.8/dist-packages/oslo_config/cfg.py:2609}}
Aug 08 17:13:09.172029 dv-cinder-803823-3-smb devstack@n-api.service[107737]: DEBUG nova.api.openstack.wsgi_app [-] oslo_messaging_rabbit.rabbit_login_method = AMQPLAIN {{(pid=107737) log_opt_values /usr/local/lib/python3.8/dist-packages/oslo_config/cfg.py:2609}}
Aug 08 17:13:09.172352 dv-cinder-803823-3-smb devstack@n-api.service[107737]: DEBUG nova.api.openstack.wsgi_app [-] oslo_messaging_rabbit.rabbit_qos_prefetch_count = 0 {{(pid=107737) log_opt_values /usr/local/lib/python3.8/dist-packages/oslo_config/cfg.py:2609}}
Aug 08 17:13:09.172670 dv-cinder-803823-3-smb devstack@n-api.service[107737]: DEBUG nova.api.openstack.wsgi_app [-] oslo_messaging_rabbit.rabbit_retry_backoff = 2 {{(pid=107737) log_opt_values /usr/local/lib/python3.8/dist-packages/oslo_config/cfg.py:2609}}
Aug 08 17:13:09.172983 dv-cinder-803823-3-smb devstack@n-api.service[107737]: DEBUG nova.api.openstack.wsgi_app [-] oslo_messaging_rabbit.rabbit_retry_interval = 1 {{(pid=107737) log_opt_values /usr/local/lib/python3.8/dist-packages/oslo_config/cfg.py:2609}}
Aug 08 17:13:09.173321 dv-cinder-803823-3-smb devstack@n-api.service[107737]: DEBUG nova.api.openstack.wsgi_app [-] oslo_messaging_rabbit.rabbit_transient_queues_ttl = 1800 {{(pid=107737) log_opt_values /usr/local/lib/python3.8/dist-packages/oslo_config/cfg.py:2609}}
Aug 08 17:13:09.173732 dv-cinder-803823-3-smb devstack@n-api.service[107737]: DEBUG nova.api.openstack.wsgi_app [-] oslo_messaging_rabbit.rpc_conn_pool_size = 30 {{(pid=107737) log_opt_values /usr/local/lib/python3.8/dist-packages/oslo_config/cfg.py:2609}}
Aug 08 17:13:09.174052 dv-cinder-803823-3-smb devstack@n-api.service[107737]: DEBUG nova.api.openstack.wsgi_app [-] oslo_messaging_rabbit.ssl = False {{(pid=107737) log_opt_values /usr/local/lib/python3.8/dist-packages/oslo_config/cfg.py:2609}}
Aug 08 17:13:09.174386 dv-cinder-803823-3-smb devstack@n-api.service[107737]: DEBUG nova.api.openstack.wsgi_app [-] oslo_messaging_rabbit.ssl_ca_file = {{(pid=107737) log_opt_values /usr/local/lib/python3.8/dist-packages/oslo_config/cfg.py:2609}}
Aug 08 17:13:09.174718 dv-cinder-803823-3-smb devstack@n-api.service[107737]: DEBUG nova.api.openstack.wsgi_app [-] oslo_messaging_rabbit.ssl_cert_file = {{(pid=107737) log_opt_values /usr/local/lib/python3.8/dist-packages/oslo_config/cfg.py:2609}}
Aug 08 17:13:09.175049 dv-cinder-803823-3-smb devstack@n-api.service[107737]: DEBUG nova.api.openstack.wsgi_app [-] oslo_messaging_rabbit.ssl_key_file = {{(pid=107737) log_opt_values /usr/local/lib/python3.8/dist-packages/oslo_config/cfg.py:2609}}
Aug 08 17:13:09.175381 dv-cinder-803823-3-smb devstack@n-api.service[107737]: DEBUG nova.api.openstack.wsgi_app [-] oslo_messaging_rabbit.ssl_version = {{(pid=107737) log_opt_values /usr/local/lib/python3.8/dist-packages/oslo_config/cfg.py:2609}}
Aug 08 17:13:09.175741 dv-cinder-803823-3-smb devstack@n-api.service[107737]: DEBUG nova.api.openstack.wsgi_app [-] oslo_messaging_notifications.driver = ['messagingv2'] {{(pid=107737) log_opt_values /usr/local/lib/python3.8/dist-packages/oslo_config/cfg.py:2609}}
Aug 08 17:13:09.176057 dv-cinder-803823-3-smb devstack@n-api.service[107737]: DEBUG nova.api.openstack.wsgi_app [-] oslo_messaging_notifications.retry = -1 {{(pid=107737) log_opt_values /usr/local/lib/python3.8/dist-packages/oslo_config/cfg.py:2609}}
Aug 08 17:13:09.176439 dv-cinder-803823-3-smb devstack@n-api.service[107737]: DEBUG nova.api.openstack.wsgi_app [-] oslo_messaging_notifications.topics = ['notifications'] {{(pid=107737) log_opt_values /usr/local/lib/python3.8/dist-packages/oslo_config/cfg.py:2609}}
Aug 08 17:13:09.176793 dv-cinder-803823-3-smb devstack@n-api.service[107737]: DEBUG nova.api.openstack.wsgi_app [-] oslo_messaging_notifications.transport_url = **** {{(pid=107737) log_opt_values /usr/local/lib/python3.8/dist-packages/oslo_config/cfg.py:2609}}
Aug 08 17:13:09.177040 dv-cinder-803823-3-smb devstack@n-api.service[107737]: DEBUG nova.api.openstack.wsgi_app [-] ******************************************************************************** {{(pid=107737) log_opt_values /usr/local/lib/python3.8/dist-packages/oslo_config/cfg.py:2613}}
Aug 08 17:13:09.202001 dv-cinder-803823-3-smb devstack@n-api.service[107737]: DEBUG oslo_db.sqlalchemy.engines [None req-7b757b87-33df-40d4-99e6-7bf7fbcde1fc None None] MySQL server mode set to STRICT_TRANS_TABLES,STRICT_ALL_TABLES,NO_ZERO_IN_DATE,NO_ZERO_DATE,ERROR_FOR_DIVISION_BY_ZERO,TRADITIONAL,NO_ENGINE_SUBSTITUTION {{(pid=107737) _check_effective_sql_mode /usr/local/lib/python3.8/dist-packages/oslo_db/sqlalchemy/engines.py:314}}
Aug 08 17:13:09.327262 dv-cinder-803823-3-smb devstack@n-api.service[107736]: DEBUG nova.context [None req-d65581eb-a24d-47a9-9cbe-9bb72b820faa None None] Found 2 cells: 00000000-0000-0000-0000-000000000000(cell0),6760e529-35c3-4677-bcda-a477c0c003d0(cell1) {{(pid=107736) load_cells /opt/stack/nova/nova/context.py:464}}
Aug 08 17:13:09.331533 dv-cinder-803823-3-smb devstack@n-api.service[107736]: DEBUG oslo_concurrency.lockutils [None req-d65581eb-a24d-47a9-9cbe-9bb72b820faa None None] Lock "00000000-0000-0000-0000-000000000000" acquired by "nova.context.set_target_cell..get_or_set_cached_cell_and_set_connections" :: waited 0.000s {{(pid=107736) inner /usr/local/lib/python3.8/dist-packages/oslo_concurrency/lockutils.py:355}}
Aug 08 17:13:09.333073 dv-cinder-803823-3-smb devstack@n-api.service[107736]: DEBUG oslo_concurrency.lockutils [None req-d65581eb-a24d-47a9-9cbe-9bb72b820faa None None] Lock "00000000-0000-0000-0000-000000000000" released by "nova.context.set_target_cell..get_or_set_cached_cell_and_set_connections" :: held 0.002s {{(pid=107736) inner /usr/local/lib/python3.8/dist-packages/oslo_concurrency/lockutils.py:367}}
Aug 08 17:13:09.333904 dv-cinder-803823-3-smb devstack@n-api.service[107736]: DEBUG oslo_concurrency.lockutils [None req-d65581eb-a24d-47a9-9cbe-9bb72b820faa None None] Lock "6760e529-35c3-4677-bcda-a477c0c003d0" acquired by "nova.context.set_target_cell..get_or_set_cached_cell_and_set_connections" :: waited 0.000s {{(pid=107736) inner /usr/local/lib/python3.8/dist-packages/oslo_concurrency/lockutils.py:355}}
Aug 08 17:13:09.335834 dv-cinder-803823-3-smb devstack@n-api.service[107736]: DEBUG oslo_concurrency.lockutils [None req-d65581eb-a24d-47a9-9cbe-9bb72b820faa None None] Lock "6760e529-35c3-4677-bcda-a477c0c003d0" released by "nova.context.set_target_cell..get_or_set_cached_cell_and_set_connections" :: held 0.002s {{(pid=107736) inner /usr/local/lib/python3.8/dist-packages/oslo_concurrency/lockutils.py:367}}
Aug 08 17:13:09.346765 dv-cinder-803823-3-smb devstack@n-api.service[107736]: DEBUG oslo_db.sqlalchemy.engines [None req-d65581eb-a24d-47a9-9cbe-9bb72b820faa None None] MySQL server mode set to STRICT_TRANS_TABLES,STRICT_ALL_TABLES,NO_ZERO_IN_DATE,NO_ZERO_DATE,ERROR_FOR_DIVISION_BY_ZERO,TRADITIONAL,NO_ENGINE_SUBSTITUTION {{(pid=107736) _check_effective_sql_mode /usr/local/lib/python3.8/dist-packages/oslo_db/sqlalchemy/engines.py:314}}
Aug 08 17:13:09.348117 dv-cinder-803823-3-smb devstack@n-api.service[107736]: DEBUG oslo_db.sqlalchemy.engines [None req-d65581eb-a24d-47a9-9cbe-9bb72b820faa None None] MySQL server mode set to STRICT_TRANS_TABLES,STRICT_ALL_TABLES,NO_ZERO_IN_DATE,NO_ZERO_DATE,ERROR_FOR_DIVISION_BY_ZERO,TRADITIONAL,NO_ENGINE_SUBSTITUTION {{(pid=107736) _check_effective_sql_mode /usr/local/lib/python3.8/dist-packages/oslo_db/sqlalchemy/engines.py:314}}
Aug 08 17:13:09.369725 dv-cinder-803823-3-smb devstack@n-api.service[107737]: DEBUG nova.context [None req-7b757b87-33df-40d4-99e6-7bf7fbcde1fc None None] Found 2 cells: 00000000-0000-0000-0000-000000000000(cell0),6760e529-35c3-4677-bcda-a477c0c003d0(cell1) {{(pid=107737) load_cells /opt/stack/nova/nova/context.py:464}}
Aug 08 17:13:09.374049 dv-cinder-803823-3-smb devstack@n-api.service[107737]: DEBUG oslo_concurrency.lockutils [None req-7b757b87-33df-40d4-99e6-7bf7fbcde1fc None None] Lock "00000000-0000-0000-0000-000000000000" acquired by "nova.context.set_target_cell..get_or_set_cached_cell_and_set_connections" :: waited 0.000s {{(pid=107737) inner /usr/local/lib/python3.8/dist-packages/oslo_concurrency/lockutils.py:355}}
Aug 08 17:13:09.375626 dv-cinder-803823-3-smb devstack@n-api.service[107737]: DEBUG oslo_concurrency.lockutils [None req-7b757b87-33df-40d4-99e6-7bf7fbcde1fc None None] Lock "00000000-0000-0000-0000-000000000000" released by "nova.context.set_target_cell..get_or_set_cached_cell_and_set_connections" :: held 0.002s {{(pid=107737) inner /usr/local/lib/python3.8/dist-packages/oslo_concurrency/lockutils.py:367}}
Aug 08 17:13:09.376476 dv-cinder-803823-3-smb devstack@n-api.service[107737]: DEBUG oslo_concurrency.lockutils [None req-7b757b87-33df-40d4-99e6-7bf7fbcde1fc None None] Lock "6760e529-35c3-4677-bcda-a477c0c003d0" acquired by "nova.context.set_target_cell..get_or_set_cached_cell_and_set_connections" :: waited 0.000s {{(pid=107737) inner /usr/local/lib/python3.8/dist-packages/oslo_concurrency/lockutils.py:355}}
Aug 08 17:13:09.385026 dv-cinder-803823-3-smb devstack@n-api.service[107737]: DEBUG oslo_concurrency.lockutils [None req-7b757b87-33df-40d4-99e6-7bf7fbcde1fc None None] Lock "6760e529-35c3-4677-bcda-a477c0c003d0" released by "nova.context.set_target_cell..get_or_set_cached_cell_and_set_connections" :: held 0.006s {{(pid=107737) inner /usr/local/lib/python3.8/dist-packages/oslo_concurrency/lockutils.py:367}}
Aug 08 17:13:09.396180 dv-cinder-803823-3-smb devstack@n-api.service[107737]: DEBUG oslo_db.sqlalchemy.engines [None req-7b757b87-33df-40d4-99e6-7bf7fbcde1fc None None] MySQL server mode set to STRICT_TRANS_TABLES,STRICT_ALL_TABLES,NO_ZERO_IN_DATE,NO_ZERO_DATE,ERROR_FOR_DIVISION_BY_ZERO,TRADITIONAL,NO_ENGINE_SUBSTITUTION {{(pid=107737) _check_effective_sql_mode /usr/local/lib/python3.8/dist-packages/oslo_db/sqlalchemy/engines.py:314}}
Aug 08 17:13:09.397734 dv-cinder-803823-3-smb devstack@n-api.service[107737]: DEBUG oslo_db.sqlalchemy.engines [None req-7b757b87-33df-40d4-99e6-7bf7fbcde1fc None None] MySQL server mode set to STRICT_TRANS_TABLES,STRICT_ALL_TABLES,NO_ZERO_IN_DATE,NO_ZERO_DATE,ERROR_FOR_DIVISION_BY_ZERO,TRADITIONAL,NO_ENGINE_SUBSTITUTION {{(pid=107737) _check_effective_sql_mode /usr/local/lib/python3.8/dist-packages/oslo_db/sqlalchemy/engines.py:314}}
Aug 08 17:13:09.615436 dv-cinder-803823-3-smb devstack@n-api.service[107736]: DEBUG oslo_db.sqlalchemy.engines [None req-d65581eb-a24d-47a9-9cbe-9bb72b820faa None None] MySQL server mode set to STRICT_TRANS_TABLES,STRICT_ALL_TABLES,NO_ZERO_IN_DATE,NO_ZERO_DATE,ERROR_FOR_DIVISION_BY_ZERO,TRADITIONAL,NO_ENGINE_SUBSTITUTION {{(pid=107736) _check_effective_sql_mode /usr/local/lib/python3.8/dist-packages/oslo_db/sqlalchemy/engines.py:314}}
Aug 08 17:13:09.662357 dv-cinder-803823-3-smb devstack@n-api.service[107737]: DEBUG oslo_db.sqlalchemy.engines [None req-7b757b87-33df-40d4-99e6-7bf7fbcde1fc None None] MySQL server mode set to STRICT_TRANS_TABLES,STRICT_ALL_TABLES,NO_ZERO_IN_DATE,NO_ZERO_DATE,ERROR_FOR_DIVISION_BY_ZERO,TRADITIONAL,NO_ENGINE_SUBSTITUTION {{(pid=107737) _check_effective_sql_mode /usr/local/lib/python3.8/dist-packages/oslo_db/sqlalchemy/engines.py:314}}
Aug 08 17:13:09.945690 dv-cinder-803823-3-smb devstack@n-api.service[107736]: WARNING keystonemiddleware.auth_token [None req-d65581eb-a24d-47a9-9cbe-9bb72b820faa None None] AuthToken middleware is set with keystone_authtoken.service_token_roles_required set to False. This is backwards compatible but deprecated behaviour. Please set this to True.
Aug 08 17:13:09.952295 dv-cinder-803823-3-smb devstack@n-api.service[107736]: WARNING keystonemiddleware.auth_token [None req-d65581eb-a24d-47a9-9cbe-9bb72b820faa None None] Configuring www_authenticate_uri to point to the public identity endpoint is required; clients may not be able to authenticate against an admin endpoint
Aug 08 17:13:09.987660 dv-cinder-803823-3-smb devstack@n-api.service[107737]: WARNING keystonemiddleware.auth_token [None req-7b757b87-33df-40d4-99e6-7bf7fbcde1fc None None] AuthToken middleware is set with keystone_authtoken.service_token_roles_required set to False. This is backwards compatible but deprecated behaviour. Please set this to True.
Aug 08 17:13:09.994230 dv-cinder-803823-3-smb devstack@n-api.service[107737]: WARNING keystonemiddleware.auth_token [None req-7b757b87-33df-40d4-99e6-7bf7fbcde1fc None None] Configuring www_authenticate_uri to point to the public identity endpoint is required; clients may not be able to authenticate against an admin endpoint
Aug 08 17:13:10.302103 dv-cinder-803823-3-smb devstack@n-api.service[107736]: WARNING keystonemiddleware.auth_token [None req-d65581eb-a24d-47a9-9cbe-9bb72b820faa None None] AuthToken middleware is set with keystone_authtoken.service_token_roles_required set to False. This is backwards compatible but deprecated behaviour. Please set this to True.
Aug 08 17:13:10.307532 dv-cinder-803823-3-smb devstack@n-api.service[107736]: WARNING keystonemiddleware.auth_token [None req-d65581eb-a24d-47a9-9cbe-9bb72b820faa None None] Configuring www_authenticate_uri to point to the public identity endpoint is required; clients may not be able to authenticate against an admin endpoint
Aug 08 17:13:10.313110 dv-cinder-803823-3-smb devstack@n-api.service[107736]: WSGI app 0 (mountpoint='') ready in 6 seconds on interpreter 0x55d18251f9c0 pid: 107736 (default app)
Aug 08 17:13:10.342059 dv-cinder-803823-3-smb devstack@n-api.service[107737]: WARNING keystonemiddleware.auth_token [None req-7b757b87-33df-40d4-99e6-7bf7fbcde1fc None None] AuthToken middleware is set with keystone_authtoken.service_token_roles_required set to False. This is backwards compatible but deprecated behaviour. Please set this to True.
Aug 08 17:13:10.347280 dv-cinder-803823-3-smb devstack@n-api.service[107737]: WARNING keystonemiddleware.auth_token [None req-7b757b87-33df-40d4-99e6-7bf7fbcde1fc None None] Configuring www_authenticate_uri to point to the public identity endpoint is required; clients may not be able to authenticate against an admin endpoint
Aug 08 17:13:10.352629 dv-cinder-803823-3-smb devstack@n-api.service[107737]: WSGI app 0 (mountpoint='') ready in 6 seconds on interpreter 0x55d18251f9c0 pid: 107737 (default app)
Aug 08 17:13:43.843780 dv-cinder-803823-3-smb devstack@n-api.service[107736]: DEBUG nova.api.openstack.wsgi [None req-e0e7b84c-3077-4306-9513-29aa382140a9 tempest-VolumesTestJSON-1588889463 tempest-VolumesTestJSON-1588889463-project] Calling method '.version_select at 0x7f0987c631f0>' {{(pid=107736) _process_stack /opt/stack/nova/nova/api/openstack/wsgi.py:513}}
Aug 08 17:13:44.476613 dv-cinder-803823-3-smb devstack@n-api.service[107737]: DEBUG nova.api.openstack.wsgi [None req-2a6917f1-4b70-4c1e-b2c8-ea2c2b1418a1 tempest-VolumesSnapshotsTestJSON-1724710827 tempest-VolumesSnapshotsTestJSON-1724710827-project] Action: 'create', calling method: .version_select at 0x7f0987c18550>, body: {"volume": {"size": 1, "display_name": "tempest-VolumesSnapshotsTestJSON-volume-692869343"}} {{(pid=107737) _process_stack /opt/stack/nova/nova/api/openstack/wsgi.py:511}}
Aug 08 17:13:45.682858 dv-cinder-803823-3-smb devstack@n-api.service[107736]: INFO nova.api.openstack.requestlog [None req-e0e7b84c-3077-4306-9513-29aa382140a9 tempest-VolumesTestJSON-1588889463 tempest-VolumesTestJSON-1588889463-project] 10.222.0.13 "GET /compute/v2.1/os-volumes/8d8ad83c-cf1e-4c36-a31c-28ff9af46ae2" status: 200 len: 350 microversion: 2.1 time: 2.290119
Aug 08 17:13:45.684521 dv-cinder-803823-3-smb devstack@n-api.service[107736]: [pid: 107736|app: 0|req: 1/1] 10.222.0.13 () {58 vars in 1245 bytes} [Sun Aug 8 17:13:43 2021] GET /compute/v2.1/os-volumes/8d8ad83c-cf1e-4c36-a31c-28ff9af46ae2 => generated 350 bytes in 2294 msecs (HTTP/1.1 200) 9 headers in 357 bytes (1 switches on core 0)
Aug 08 17:13:45.858206 dv-cinder-803823-3-smb devstack@n-api.service[107737]: INFO nova.api.openstack.requestlog [None req-2a6917f1-4b70-4c1e-b2c8-ea2c2b1418a1 tempest-VolumesSnapshotsTestJSON-1724710827 tempest-VolumesSnapshotsTestJSON-1724710827-project] 10.222.0.13 "POST /compute/v2.1/os-volumes" status: 200 len: 344 microversion: 2.1 time: 2.466245
Aug 08 17:13:45.865285 dv-cinder-803823-3-smb devstack@n-api.service[107737]: [pid: 107737|app: 0|req: 1/2] 10.222.0.13 () {60 vars in 1155 bytes} [Sun Aug 8 17:13:43 2021] POST /compute/v2.1/os-volumes => generated 344 bytes in 2469 msecs (HTTP/1.1 200) 10 headers in 448 bytes (1 switches on core 0)
Aug 08 17:13:45.928566 dv-cinder-803823-3-smb devstack@n-api.service[107736]: DEBUG nova.api.openstack.wsgi [None req-71427bd2-4721-44f0-b325-81217f8eeb7d tempest-DeleteServersTestJSON-779365467 tempest-DeleteServersTestJSON-779365467-project] Action: 'create', calling method: >, body: {"server": {"name": "tempest-DeleteServersTestJSON-server-1115249743", "imageRef": "4fc8ac4e-85db-4a4f-b35d-e330ca194553", "flavorRef": "452", "networks": [{"uuid": "6c7a2889-cd2b-4c8c-a771-6e594e116ee0"}]}} {{(pid=107736) _process_stack /opt/stack/nova/nova/api/openstack/wsgi.py:511}}
Aug 08 17:13:45.986918 dv-cinder-803823-3-smb devstack@n-api.service[107737]: DEBUG nova.api.openstack.wsgi [None req-5f767f8c-6b29-465a-86c3-bdce3f487275 tempest-AttachVolumeNegativeTest-1450157636 tempest-AttachVolumeNegativeTest-1450157636-project] Action: 'create', calling method: >, body: {"server": {"name": "tempest-AttachVolumeNegativeTest-server-262668502", "imageRef": "4fc8ac4e-85db-4a4f-b35d-e330ca194553", "flavorRef": "452", "networks": [{"uuid": "65fbfb10-1ce2-496e-9a0c-5cde63ca8040"}]}} {{(pid=107737) _process_stack /opt/stack/nova/nova/api/openstack/wsgi.py:511}}
Aug 08 17:13:46.182301 dv-cinder-803823-3-smb devstack@n-api.service[107736]: DEBUG nova.network.neutron [None req-71427bd2-4721-44f0-b325-81217f8eeb7d tempest-DeleteServersTestJSON-779365467 tempest-DeleteServersTestJSON-779365467-project] validate_networks() for [('6c7a2889-cd2b-4c8c-a771-6e594e116ee0', None, None, None)] {{(pid=107736) validate_networks /opt/stack/nova/nova/network/neutron.py:2255}}
Aug 08 17:13:46.187420 dv-cinder-803823-3-smb devstack@n-api.service[107737]: DEBUG nova.network.neutron [None req-5f767f8c-6b29-465a-86c3-bdce3f487275 tempest-AttachVolumeNegativeTest-1450157636 tempest-AttachVolumeNegativeTest-1450157636-project] validate_networks() for [('65fbfb10-1ce2-496e-9a0c-5cde63ca8040', None, None, None)] {{(pid=107737) validate_networks /opt/stack/nova/nova/network/neutron.py:2255}}
Aug 08 17:13:47.554146 dv-cinder-803823-3-smb devstack@n-api.service[107736]: DEBUG nova.virt.hardware [None req-71427bd2-4721-44f0-b325-81217f8eeb7d tempest-DeleteServersTestJSON-779365467 tempest-DeleteServersTestJSON-779365467-project] Flavor limits 0:0:0 {{(pid=107736) get_cpu_topology_constraints /opt/stack/nova/nova/virt/hardware.py:343}}
Aug 08 17:13:47.554624 dv-cinder-803823-3-smb devstack@n-api.service[107736]: DEBUG nova.virt.hardware [None req-71427bd2-4721-44f0-b325-81217f8eeb7d tempest-DeleteServersTestJSON-779365467 tempest-DeleteServersTestJSON-779365467-project] Image limits 0:0:0 {{(pid=107736) get_cpu_topology_constraints /opt/stack/nova/nova/virt/hardware.py:347}}
Aug 08 17:13:47.555068 dv-cinder-803823-3-smb devstack@n-api.service[107736]: DEBUG nova.virt.hardware [None req-71427bd2-4721-44f0-b325-81217f8eeb7d tempest-DeleteServersTestJSON-779365467 tempest-DeleteServersTestJSON-779365467-project] Flavor pref 0:0:0 {{(pid=107736) get_cpu_topology_constraints /opt/stack/nova/nova/virt/hardware.py:383}}
Aug 08 17:13:47.555566 dv-cinder-803823-3-smb devstack@n-api.service[107736]: DEBUG nova.virt.hardware [None req-71427bd2-4721-44f0-b325-81217f8eeb7d tempest-DeleteServersTestJSON-779365467 tempest-DeleteServersTestJSON-779365467-project] Image pref 0:0:0 {{(pid=107736) get_cpu_topology_constraints /opt/stack/nova/nova/virt/hardware.py:387}}
Aug 08 17:13:47.556150 dv-cinder-803823-3-smb devstack@n-api.service[107736]: DEBUG nova.virt.hardware [None req-71427bd2-4721-44f0-b325-81217f8eeb7d tempest-DeleteServersTestJSON-779365467 tempest-DeleteServersTestJSON-779365467-project] Chose sockets=0, cores=0, threads=0; limits were sockets=65536, cores=65536, threads=65536 {{(pid=107736) get_cpu_topology_constraints /opt/stack/nova/nova/virt/hardware.py:425}}
Aug 08 17:13:47.588749 dv-cinder-803823-3-smb devstack@n-api.service[107736]: DEBUG oslo_concurrency.lockutils [None req-71427bd2-4721-44f0-b325-81217f8eeb7d tempest-DeleteServersTestJSON-779365467 tempest-DeleteServersTestJSON-779365467-project] Lock "00000000-0000-0000-0000-000000000000" acquired by "nova.context.set_target_cell..get_or_set_cached_cell_and_set_connections" :: waited 0.000s {{(pid=107736) inner /usr/local/lib/python3.8/dist-packages/oslo_concurrency/lockutils.py:355}}
Aug 08 17:13:47.589463 dv-cinder-803823-3-smb devstack@n-api.service[107736]: DEBUG oslo_concurrency.lockutils [None req-71427bd2-4721-44f0-b325-81217f8eeb7d tempest-DeleteServersTestJSON-779365467 tempest-DeleteServersTestJSON-779365467-project] Lock "00000000-0000-0000-0000-000000000000" released by "nova.context.set_target_cell..get_or_set_cached_cell_and_set_connections" :: held 0.001s {{(pid=107736) inner /usr/local/lib/python3.8/dist-packages/oslo_concurrency/lockutils.py:367}}
Aug 08 17:13:47.590411 dv-cinder-803823-3-smb devstack@n-api.service[107736]: DEBUG oslo_concurrency.lockutils [None req-71427bd2-4721-44f0-b325-81217f8eeb7d tempest-DeleteServersTestJSON-779365467 tempest-DeleteServersTestJSON-779365467-project] Lock "6760e529-35c3-4677-bcda-a477c0c003d0" acquired by "nova.context.set_target_cell..get_or_set_cached_cell_and_set_connections" :: waited 0.000s {{(pid=107736) inner /usr/local/lib/python3.8/dist-packages/oslo_concurrency/lockutils.py:355}}
Aug 08 17:13:47.591308 dv-cinder-803823-3-smb devstack@n-api.service[107736]: DEBUG oslo_concurrency.lockutils [None req-71427bd2-4721-44f0-b325-81217f8eeb7d tempest-DeleteServersTestJSON-779365467 tempest-DeleteServersTestJSON-779365467-project] Lock "6760e529-35c3-4677-bcda-a477c0c003d0" released by "nova.context.set_target_cell..get_or_set_cached_cell_and_set_connections" :: held 0.001s {{(pid=107736) inner /usr/local/lib/python3.8/dist-packages/oslo_concurrency/lockutils.py:367}}
Aug 08 17:13:47.643641 dv-cinder-803823-3-smb devstack@n-api.service[107736]: DEBUG nova.quota [None req-71427bd2-4721-44f0-b325-81217f8eeb7d tempest-DeleteServersTestJSON-779365467 tempest-DeleteServersTestJSON-779365467-project] Getting quotas for project 39246f18ed28475b9580dfbd7eb668a6. Resources: {'instances', 'ram', 'cores'} {{(pid=107736) _get_quotas /opt/stack/nova/nova/quota.py:384}}
Aug 08 17:13:47.653413 dv-cinder-803823-3-smb devstack@n-api.service[107736]: DEBUG nova.quota [None req-71427bd2-4721-44f0-b325-81217f8eeb7d tempest-DeleteServersTestJSON-779365467 tempest-DeleteServersTestJSON-779365467-project] Getting quotas for user 2d36466b2e684903915e30b5beddc51b and project 39246f18ed28475b9580dfbd7eb668a6. Resources: {'instances', 'ram', 'cores'} {{(pid=107736) _get_quotas /opt/stack/nova/nova/quota.py:374}}
Aug 08 17:13:47.683142 dv-cinder-803823-3-smb devstack@n-api.service[107736]: DEBUG nova.compute.api [None req-71427bd2-4721-44f0-b325-81217f8eeb7d tempest-DeleteServersTestJSON-779365467 tempest-DeleteServersTestJSON-779365467-project] Going to run 1 instances... {{(pid=107736) _provision_instances /opt/stack/nova/nova/compute/api.py:1280}}
Aug 08 17:13:47.686257 dv-cinder-803823-3-smb devstack@n-api.service[107736]: DEBUG nova.compute.api [None req-71427bd2-4721-44f0-b325-81217f8eeb7d tempest-DeleteServersTestJSON-779365467 tempest-DeleteServersTestJSON-779365467-project] [instance: 16adb124-56a4-4ee5-bccf-2e899d9f47c3] block_device_mapping [BlockDeviceMapping(attachment_id=,boot_index=0,connection_info=None,created_at=,delete_on_termination=True,deleted=,deleted_at=,destination_type='local',device_name=None,device_type='disk',disk_bus=None,guest_format=None,id=,image_id='4fc8ac4e-85db-4a4f-b35d-e330ca194553',instance=,instance_uuid=,no_device=False,snapshot_id=None,source_type='image',tag=None,updated_at=,uuid=,volume_id=None,volume_size=None,volume_type=None)] {{(pid=107736) _bdm_validate_set_size_and_instance /opt/stack/nova/nova/compute/api.py:1685}}
Aug 08 17:13:47.779073 dv-cinder-803823-3-smb devstack@n-api.service[107737]: DEBUG nova.virt.hardware [None req-5f767f8c-6b29-465a-86c3-bdce3f487275 tempest-AttachVolumeNegativeTest-1450157636 tempest-AttachVolumeNegativeTest-1450157636-project] Flavor limits 0:0:0 {{(pid=107737) get_cpu_topology_constraints /opt/stack/nova/nova/virt/hardware.py:343}}
Aug 08 17:13:47.784274 dv-cinder-803823-3-smb devstack@n-api.service[107737]: DEBUG nova.virt.hardware [None req-5f767f8c-6b29-465a-86c3-bdce3f487275 tempest-AttachVolumeNegativeTest-1450157636 tempest-AttachVolumeNegativeTest-1450157636-project] Image limits 0:0:0 {{(pid=107737) get_cpu_topology_constraints /opt/stack/nova/nova/virt/hardware.py:347}}
Aug 08 17:13:47.785711 dv-cinder-803823-3-smb devstack@n-api.service[107737]: DEBUG nova.virt.hardware [None req-5f767f8c-6b29-465a-86c3-bdce3f487275 tempest-AttachVolumeNegativeTest-1450157636 tempest-AttachVolumeNegativeTest-1450157636-project] Flavor pref 0:0:0 {{(pid=107737) get_cpu_topology_constraints /opt/stack/nova/nova/virt/hardware.py:383}}
Aug 08 17:13:47.787094 dv-cinder-803823-3-smb devstack@n-api.service[107737]: DEBUG nova.virt.hardware [None req-5f767f8c-6b29-465a-86c3-bdce3f487275 tempest-AttachVolumeNegativeTest-1450157636 tempest-AttachVolumeNegativeTest-1450157636-project] Image pref 0:0:0 {{(pid=107737) get_cpu_topology_constraints /opt/stack/nova/nova/virt/hardware.py:387}}
Aug 08 17:13:47.788574 dv-cinder-803823-3-smb devstack@n-api.service[107737]: DEBUG nova.virt.hardware [None req-5f767f8c-6b29-465a-86c3-bdce3f487275 tempest-AttachVolumeNegativeTest-1450157636 tempest-AttachVolumeNegativeTest-1450157636-project] Chose sockets=0, cores=0, threads=0; limits were sockets=65536, cores=65536, threads=65536 {{(pid=107737) get_cpu_topology_constraints /opt/stack/nova/nova/virt/hardware.py:425}}
Aug 08 17:13:47.840964 dv-cinder-803823-3-smb devstack@n-api.service[107736]: INFO nova.api.openstack.requestlog [None req-71427bd2-4721-44f0-b325-81217f8eeb7d tempest-DeleteServersTestJSON-779365467 tempest-DeleteServersTestJSON-779365467-project] 10.222.0.13 "POST /compute/v2.1/servers" status: 202 len: 380 microversion: 2.1 time: 2.154888
Aug 08 17:13:47.841533 dv-cinder-803823-3-smb devstack@n-api.service[107737]: DEBUG oslo_concurrency.lockutils [None req-5f767f8c-6b29-465a-86c3-bdce3f487275 tempest-AttachVolumeNegativeTest-1450157636 tempest-AttachVolumeNegativeTest-1450157636-project] Lock "00000000-0000-0000-0000-000000000000" acquired by "nova.context.set_target_cell..get_or_set_cached_cell_and_set_connections" :: waited 0.000s {{(pid=107737) inner /usr/local/lib/python3.8/dist-packages/oslo_concurrency/lockutils.py:355}}
Aug 08 17:13:47.841984 dv-cinder-803823-3-smb devstack@n-api.service[107737]: DEBUG oslo_concurrency.lockutils [None req-5f767f8c-6b29-465a-86c3-bdce3f487275 tempest-AttachVolumeNegativeTest-1450157636 tempest-AttachVolumeNegativeTest-1450157636-project] Lock "00000000-0000-0000-0000-000000000000" released by "nova.context.set_target_cell..get_or_set_cached_cell_and_set_connections" :: held 0.001s {{(pid=107737) inner /usr/local/lib/python3.8/dist-packages/oslo_concurrency/lockutils.py:367}}
Aug 08 17:13:47.842114 dv-cinder-803823-3-smb devstack@n-api.service[107736]: [pid: 107736|app: 0|req: 2/3] 10.222.0.13 () {60 vars in 1147 bytes} [Sun Aug 8 17:13:45 2021] POST /compute/v2.1/servers => generated 380 bytes in 2156 msecs (HTTP/1.1 202) 10 headers in 451 bytes (1 switches on core 0)
Aug 08 17:13:47.842789 dv-cinder-803823-3-smb devstack@n-api.service[107737]: DEBUG oslo_concurrency.lockutils [None req-5f767f8c-6b29-465a-86c3-bdce3f487275 tempest-AttachVolumeNegativeTest-1450157636 tempest-AttachVolumeNegativeTest-1450157636-project] Lock "6760e529-35c3-4677-bcda-a477c0c003d0" acquired by "nova.context.set_target_cell..get_or_set_cached_cell_and_set_connections" :: waited 0.000s {{(pid=107737) inner /usr/local/lib/python3.8/dist-packages/oslo_concurrency/lockutils.py:355}}
Aug 08 17:13:47.843224 dv-cinder-803823-3-smb devstack@n-api.service[107737]: DEBUG oslo_concurrency.lockutils [None req-5f767f8c-6b29-465a-86c3-bdce3f487275 tempest-AttachVolumeNegativeTest-1450157636 tempest-AttachVolumeNegativeTest-1450157636-project] Lock "6760e529-35c3-4677-bcda-a477c0c003d0" released by "nova.context.set_target_cell..get_or_set_cached_cell_and_set_connections" :: held 0.000s {{(pid=107737) inner /usr/local/lib/python3.8/dist-packages/oslo_concurrency/lockutils.py:367}}
Aug 08 17:13:47.852041 dv-cinder-803823-3-smb devstack@n-api.service[107736]: DEBUG nova.api.openstack.wsgi [None req-16a59d25-0701-4da6-b1d9-f70367844e06 tempest-VolumesSnapshotsTestJSON-1724710827 tempest-VolumesSnapshotsTestJSON-1724710827-project] Calling method '.version_select at 0x7f09879e28b0>' {{(pid=107736) _process_stack /opt/stack/nova/nova/api/openstack/wsgi.py:513}}
Aug 08 17:13:47.988250 dv-cinder-803823-3-smb devstack@n-api.service[107737]: DEBUG nova.quota [None req-5f767f8c-6b29-465a-86c3-bdce3f487275 tempest-AttachVolumeNegativeTest-1450157636 tempest-AttachVolumeNegativeTest-1450157636-project] Getting quotas for project 429b5d71bf8e4117a5d2af70cc44a85c. Resources: {'instances', 'ram', 'cores'} {{(pid=107737) _get_quotas /opt/stack/nova/nova/quota.py:384}}
Aug 08 17:13:48.007022 dv-cinder-803823-3-smb devstack@n-api.service[107737]: DEBUG nova.quota [None req-5f767f8c-6b29-465a-86c3-bdce3f487275 tempest-AttachVolumeNegativeTest-1450157636 tempest-AttachVolumeNegativeTest-1450157636-project] Getting quotas for user 37b1dd6be59449eda3693d0a043b8c78 and project 429b5d71bf8e4117a5d2af70cc44a85c. Resources: {'instances', 'ram', 'cores'} {{(pid=107737) _get_quotas /opt/stack/nova/nova/quota.py:374}}
Aug 08 17:13:48.018850 dv-cinder-803823-3-smb devstack@n-api.service[107736]: INFO nova.api.openstack.requestlog [None req-16a59d25-0701-4da6-b1d9-f70367844e06 tempest-VolumesSnapshotsTestJSON-1724710827 tempest-VolumesSnapshotsTestJSON-1724710827-project] 10.222.0.13 "GET /compute/v2.1/os-volumes/55765fec-5bb0-4bf2-b80d-cbead7867a41" status: 200 len: 345 microversion: 2.1 time: 0.175153
Aug 08 17:13:48.019804 dv-cinder-803823-3-smb devstack@n-api.service[107736]: [pid: 107736|app: 0|req: 3/4] 10.222.0.13 () {58 vars in 1245 bytes} [Sun Aug 8 17:13:47 2021] GET /compute/v2.1/os-volumes/55765fec-5bb0-4bf2-b80d-cbead7867a41 => generated 345 bytes in 177 msecs (HTTP/1.1 200) 9 headers in 357 bytes (1 switches on core 0)
Aug 08 17:13:48.042389 dv-cinder-803823-3-smb devstack@n-api.service[107736]: DEBUG nova.api.openstack.wsgi [None req-6eb7051a-bff0-487c-9ca8-2e38dce171e9 tempest-VolumesTestJSON-1588889463 tempest-VolumesTestJSON-1588889463-project] Calling method '.version_select at 0x7f09879ff550>' {{(pid=107736) _process_stack /opt/stack/nova/nova/api/openstack/wsgi.py:513}}
Aug 08 17:13:48.044638 dv-cinder-803823-3-smb devstack@n-api.service[107737]: DEBUG nova.compute.api [None req-5f767f8c-6b29-465a-86c3-bdce3f487275 tempest-AttachVolumeNegativeTest-1450157636 tempest-AttachVolumeNegativeTest-1450157636-project] Going to run 1 instances... {{(pid=107737) _provision_instances /opt/stack/nova/nova/compute/api.py:1280}}
Aug 08 17:13:48.049301 dv-cinder-803823-3-smb devstack@n-api.service[107737]: DEBUG nova.compute.api [None req-5f767f8c-6b29-465a-86c3-bdce3f487275 tempest-AttachVolumeNegativeTest-1450157636 tempest-AttachVolumeNegativeTest-1450157636-project] [instance: 41d9aa14-4bbf-4694-ab2e-0545f56c00d9] block_device_mapping [BlockDeviceMapping(attachment_id=,boot_index=0,connection_info=None,created_at=,delete_on_termination=True,deleted=,deleted_at=,destination_type='local',device_name=None,device_type='disk',disk_bus=None,guest_format=None,id=,image_id='4fc8ac4e-85db-4a4f-b35d-e330ca194553',instance=,instance_uuid=,no_device=False,snapshot_id=None,source_type='image',tag=None,updated_at=,uuid=,volume_id=None,volume_size=None,volume_type=None)] {{(pid=107737) _bdm_validate_set_size_and_instance /opt/stack/nova/nova/compute/api.py:1685}}
Aug 08 17:13:48.186511 dv-cinder-803823-3-smb devstack@n-api.service[107737]: INFO nova.api.openstack.requestlog [None req-5f767f8c-6b29-465a-86c3-bdce3f487275 tempest-AttachVolumeNegativeTest-1450157636 tempest-AttachVolumeNegativeTest-1450157636-project] 10.222.0.13 "POST /compute/v2.1/servers" status: 202 len: 380 microversion: 2.1 time: 2.324287
Aug 08 17:13:48.191212 dv-cinder-803823-3-smb devstack@n-api.service[107737]: [pid: 107737|app: 0|req: 2/5] 10.222.0.13 () {60 vars in 1147 bytes} [Sun Aug 8 17:13:45 2021] POST /compute/v2.1/servers => generated 380 bytes in 2331 msecs (HTTP/1.1 202) 10 headers in 451 bytes (1 switches on core 0)
Aug 08 17:13:48.203549 dv-cinder-803823-3-smb devstack@n-api.service[107737]: DEBUG nova.api.openstack.wsgi [None req-2850e801-d25b-4885-bfd6-92bd03b1991f tempest-DeleteServersTestJSON-779365467 tempest-DeleteServersTestJSON-779365467-project] Calling method '>' {{(pid=107737) _process_stack /opt/stack/nova/nova/api/openstack/wsgi.py:513}}
Aug 08 17:13:48.204240 dv-cinder-803823-3-smb devstack@n-api.service[107737]: DEBUG nova.compute.api [None req-2850e801-d25b-4885-bfd6-92bd03b1991f tempest-DeleteServersTestJSON-779365467 tempest-DeleteServersTestJSON-779365467-project] [instance: 16adb124-56a4-4ee5-bccf-2e899d9f47c3] Fetching instance by UUID {{(pid=107737) get /opt/stack/nova/nova/compute/api.py:2791}}
Aug 08 17:13:48.312279 dv-cinder-803823-3-smb devstack@n-api.service[107736]: INFO nova.api.openstack.requestlog [None req-6eb7051a-bff0-487c-9ca8-2e38dce171e9 tempest-VolumesTestJSON-1588889463 tempest-VolumesTestJSON-1588889463-project] 10.222.0.13 "GET /compute/v2.1/os-volumes/173a45fd-4b5a-461d-bcd4-3f6ea8e749ea" status: 200 len: 350 microversion: 2.1 time: 0.290984
Aug 08 17:13:48.312857 dv-cinder-803823-3-smb devstack@n-api.service[107736]: [pid: 107736|app: 0|req: 4/6] 10.222.0.13 () {58 vars in 1245 bytes} [Sun Aug 8 17:13:48 2021] GET /compute/v2.1/os-volumes/173a45fd-4b5a-461d-bcd4-3f6ea8e749ea => generated 350 bytes in 292 msecs (HTTP/1.1 200) 9 headers in 357 bytes (1 switches on core 0)
Aug 08 17:13:48.322248 dv-cinder-803823-3-smb devstack@n-api.service[107736]: DEBUG nova.api.openstack.wsgi [None req-6fc72e6a-329c-45cd-a2ef-353a2fd86985 tempest-VolumesSnapshotsTestJSON-1724710827 tempest-VolumesSnapshotsTestJSON-1724710827-project] Action: 'create', calling method: .version_select at 0x7f09879e2a60>, body: {"snapshot": {"volume_id": "55765fec-5bb0-4bf2-b80d-cbead7867a41", "display_name": "tempest-VolumesSnapshotsTestJSON-Snapshot-919096487"}} {{(pid=107736) _process_stack /opt/stack/nova/nova/api/openstack/wsgi.py:511}}
Aug 08 17:13:48.612029 dv-cinder-803823-3-smb devstack@n-api.service[107737]: DEBUG nova.policy [None req-2850e801-d25b-4885-bfd6-92bd03b1991f tempest-DeleteServersTestJSON-779365467 tempest-DeleteServersTestJSON-779365467-project] Policy check for os_compute_api:os-extended-server-attributes failed with credentials {'is_admin': False, 'user_id': '2d36466b2e684903915e30b5beddc51b', 'user_domain_id': 'default', 'system_scope': None, 'domain_id': None, 'project_id': '39246f18ed28475b9580dfbd7eb668a6', 'project_domain_id': 'default', 'roles': ['member', 'reader'], 'is_admin_project': True, 'service_user_id': None, 'service_user_domain_id': None, 'service_project_id': None, 'service_project_domain_id': None, 'service_roles': []} {{(pid=107737) authorize /opt/stack/nova/nova/policy.py:199}}
Aug 08 17:13:48.664954 dv-cinder-803823-3-smb devstack@n-api.service[107737]: INFO nova.api.openstack.requestlog [None req-2850e801-d25b-4885-bfd6-92bd03b1991f tempest-DeleteServersTestJSON-779365467 tempest-DeleteServersTestJSON-779365467-project] 10.222.0.13 "GET /compute/v2.1/servers/16adb124-56a4-4ee5-bccf-2e899d9f47c3" status: 200 len: 1215 microversion: 2.1 time: 0.472021
Aug 08 17:13:48.678612 dv-cinder-803823-3-smb devstack@n-api.service[107737]: [pid: 107737|app: 0|req: 3/7] 10.222.0.13 () {58 vars in 1236 bytes} [Sun Aug 8 17:13:48 2021] GET /compute/v2.1/servers/16adb124-56a4-4ee5-bccf-2e899d9f47c3 => generated 1215 bytes in 485 msecs (HTTP/1.1 200) 9 headers in 358 bytes (1 switches on core 0)
Aug 08 17:13:48.690609 dv-cinder-803823-3-smb devstack@n-api.service[107737]: DEBUG nova.api.openstack.wsgi [None req-116ca0bd-33cb-4c8a-b11a-3f3f456f0b89 tempest-AttachVolumeNegativeTest-1450157636 tempest-AttachVolumeNegativeTest-1450157636-project] Calling method '>' {{(pid=107737) _process_stack /opt/stack/nova/nova/api/openstack/wsgi.py:513}}
Aug 08 17:13:48.691227 dv-cinder-803823-3-smb devstack@n-api.service[107737]: DEBUG nova.compute.api [None req-116ca0bd-33cb-4c8a-b11a-3f3f456f0b89 tempest-AttachVolumeNegativeTest-1450157636 tempest-AttachVolumeNegativeTest-1450157636-project] [instance: 41d9aa14-4bbf-4694-ab2e-0545f56c00d9] Fetching instance by UUID {{(pid=107737) get /opt/stack/nova/nova/compute/api.py:2791}}
Aug 08 17:13:48.876313 dv-cinder-803823-3-smb devstack@n-api.service[107736]: INFO nova.api.openstack.requestlog [None req-6fc72e6a-329c-45cd-a2ef-353a2fd86985 tempest-VolumesSnapshotsTestJSON-1724710827 tempest-VolumesSnapshotsTestJSON-1724710827-project] 10.222.0.13 "POST /compute/v2.1/os-snapshots" status: 200 len: 286 microversion: 2.1 time: 0.562140
Aug 08 17:13:48.877990 dv-cinder-803823-3-smb devstack@n-api.service[107736]: [pid: 107736|app: 0|req: 5/8] 10.222.0.13 () {60 vars in 1162 bytes} [Sun Aug 8 17:13:48 2021] POST /compute/v2.1/os-snapshots => generated 286 bytes in 564 msecs (HTTP/1.1 200) 9 headers in 357 bytes (1 switches on core 0)
Aug 08 17:13:48.889033 dv-cinder-803823-3-smb devstack@n-api.service[107736]: DEBUG nova.api.openstack.wsgi [None req-57b5c21b-240d-4fa0-ae06-3e5048f780b8 tempest-VolumesSnapshotsTestJSON-1724710827 tempest-VolumesSnapshotsTestJSON-1724710827-project] Calling method '.version_select at 0x7f09879ff9d0>' {{(pid=107736) _process_stack /opt/stack/nova/nova/api/openstack/wsgi.py:513}}
Aug 08 17:13:48.962678 dv-cinder-803823-3-smb devstack@n-api.service[107736]: INFO nova.api.openstack.requestlog [None req-57b5c21b-240d-4fa0-ae06-3e5048f780b8 tempest-VolumesSnapshotsTestJSON-1724710827 tempest-VolumesSnapshotsTestJSON-1724710827-project] 10.222.0.13 "GET /compute/v2.1/os-snapshots/7ea9d592-1765-49bb-aa34-e6e75e2d4382" status: 200 len: 286 microversion: 2.1 time: 0.077860
Aug 08 17:13:48.963364 dv-cinder-803823-3-smb devstack@n-api.service[107736]: [pid: 107736|app: 0|req: 6/9] 10.222.0.13 () {58 vars in 1251 bytes} [Sun Aug 8 17:13:48 2021] GET /compute/v2.1/os-snapshots/7ea9d592-1765-49bb-aa34-e6e75e2d4382 => generated 286 bytes in 79 msecs (HTTP/1.1 200) 9 headers in 357 bytes (1 switches on core 0)
Aug 08 17:13:48.981910 dv-cinder-803823-3-smb devstack@n-api.service[107736]: DEBUG nova.api.openstack.wsgi [None req-95836f7d-3564-49ac-9a06-f48beec133ed tempest-VolumesSnapshotsTestJSON-1724710827 tempest-VolumesSnapshotsTestJSON-1724710827-project] Calling method '.version_select at 0x7f09879ffe50>' {{(pid=107736) _process_stack /opt/stack/nova/nova/api/openstack/wsgi.py:513}}
Aug 08 17:13:49.098371 dv-cinder-803823-3-smb devstack@n-api.service[107736]: INFO nova.api.openstack.requestlog [None req-95836f7d-3564-49ac-9a06-f48beec133ed tempest-VolumesSnapshotsTestJSON-1724710827 tempest-VolumesSnapshotsTestJSON-1724710827-project] 10.222.0.13 "GET /compute/v2.1/os-snapshots" status: 200 len: 289 microversion: 2.1 time: 0.123938
Aug 08 17:13:49.099079 dv-cinder-803823-3-smb devstack@n-api.service[107736]: [pid: 107736|app: 0|req: 7/10] 10.222.0.13 () {58 vars in 1140 bytes} [Sun Aug 8 17:13:48 2021] GET /compute/v2.1/os-snapshots => generated 289 bytes in 125 msecs (HTTP/1.1 200) 9 headers in 357 bytes (1 switches on core 0)
Aug 08 17:13:49.109412 dv-cinder-803823-3-smb devstack@n-api.service[107736]: DEBUG nova.api.openstack.wsgi [None req-97af6b91-7ca7-430a-afaf-b719e1dcd9fb tempest-VolumesSnapshotsTestJSON-1724710827 tempest-VolumesSnapshotsTestJSON-1724710827-project] Calling method '.version_select at 0x7f09879ff0d0>' {{(pid=107736) _process_stack /opt/stack/nova/nova/api/openstack/wsgi.py:513}}
Aug 08 17:13:49.145838 dv-cinder-803823-3-smb devstack@n-api.service[107737]: DEBUG nova.policy [None req-116ca0bd-33cb-4c8a-b11a-3f3f456f0b89 tempest-AttachVolumeNegativeTest-1450157636 tempest-AttachVolumeNegativeTest-1450157636-project] Policy check for os_compute_api:os-extended-server-attributes failed with credentials {'is_admin': False, 'user_id': '37b1dd6be59449eda3693d0a043b8c78', 'user_domain_id': 'default', 'system_scope': None, 'domain_id': None, 'project_id': '429b5d71bf8e4117a5d2af70cc44a85c', 'project_domain_id': 'default', 'roles': ['member', 'reader'], 'is_admin_project': True, 'service_user_id': None, 'service_user_domain_id': None, 'service_project_id': None, 'service_project_domain_id': None, 'service_roles': []} {{(pid=107737) authorize /opt/stack/nova/nova/policy.py:199}}
Aug 08 17:13:49.169299 dv-cinder-803823-3-smb devstack@n-api.service[107737]: INFO nova.api.openstack.requestlog [None req-116ca0bd-33cb-4c8a-b11a-3f3f456f0b89 tempest-AttachVolumeNegativeTest-1450157636 tempest-AttachVolumeNegativeTest-1450157636-project] 10.222.0.13 "GET /compute/v2.1/servers/41d9aa14-4bbf-4694-ab2e-0545f56c00d9" status: 200 len: 1217 microversion: 2.1 time: 0.481357
Aug 08 17:13:49.171607 dv-cinder-803823-3-smb devstack@n-api.service[107737]: [pid: 107737|app: 0|req: 4/11] 10.222.0.13 () {58 vars in 1236 bytes} [Sun Aug 8 17:13:48 2021] GET /compute/v2.1/servers/41d9aa14-4bbf-4694-ab2e-0545f56c00d9 => generated 1217 bytes in 492 msecs (HTTP/1.1 200) 9 headers in 358 bytes (1 switches on core 0)
Aug 08 17:13:49.261868 dv-cinder-803823-3-smb devstack@n-api.service[107736]: INFO nova.api.openstack.requestlog [None req-97af6b91-7ca7-430a-afaf-b719e1dcd9fb tempest-VolumesSnapshotsTestJSON-1724710827 tempest-VolumesSnapshotsTestJSON-1724710827-project] 10.222.0.13 "GET /compute/v2.1/os-snapshots/7ea9d592-1765-49bb-aa34-e6e75e2d4382" status: 200 len: 286 microversion: 2.1 time: 0.155836
Aug 08 17:13:49.263583 dv-cinder-803823-3-smb devstack@n-api.service[107736]: [pid: 107736|app: 0|req: 8/12] 10.222.0.13 () {58 vars in 1251 bytes} [Sun Aug 8 17:13:49 2021] GET /compute/v2.1/os-snapshots/7ea9d592-1765-49bb-aa34-e6e75e2d4382 => generated 286 bytes in 158 msecs (HTTP/1.1 200) 9 headers in 357 bytes (2 switches on core 0)
Aug 08 17:13:49.685640 dv-cinder-803823-3-smb devstack@n-api.service[107737]: DEBUG nova.api.openstack.wsgi [None req-43598f13-5d58-4ead-ac36-30c37ae9dc6d tempest-DeleteServersTestJSON-779365467 tempest-DeleteServersTestJSON-779365467-project] Calling method '>' {{(pid=107737) _process_stack /opt/stack/nova/nova/api/openstack/wsgi.py:513}}
Aug 08 17:13:49.686738 dv-cinder-803823-3-smb devstack@n-api.service[107737]: DEBUG nova.compute.api [None req-43598f13-5d58-4ead-ac36-30c37ae9dc6d tempest-DeleteServersTestJSON-779365467 tempest-DeleteServersTestJSON-779365467-project] [instance: 16adb124-56a4-4ee5-bccf-2e899d9f47c3] Fetching instance by UUID {{(pid=107737) get /opt/stack/nova/nova/compute/api.py:2791}}
Aug 08 17:13:50.190252 dv-cinder-803823-3-smb devstack@n-api.service[107736]: DEBUG nova.api.openstack.wsgi [None req-aae4b8fd-cf7a-4fcb-b970-07e0cee53c37 tempest-AttachVolumeNegativeTest-1450157636 tempest-AttachVolumeNegativeTest-1450157636-project] Calling method '>' {{(pid=107736) _process_stack /opt/stack/nova/nova/api/openstack/wsgi.py:513}}
