Aug 08 17:11:08.271282 dv-cinder-803823-3-iscsi devstack@c-api.service[100236]: INFO cinder.volume.api [None req-49bd1ba7-2367-41ea-8b21-fdd33ed9ebc6 tempest-VolumesMetadataTest-1966494059 tempest-VolumesMetadataTest-1966494059-project] Get volume metadata completed successfully.
Aug 08 17:11:08.271787 dv-cinder-803823-3-iscsi devstack@c-api.service[100236]: INFO cinder.api.openstack.wsgi [None req-49bd1ba7-2367-41ea-8b21-fdd33ed9ebc6 tempest-VolumesMetadataTest-1966494059 tempest-VolumesMetadataTest-1966494059-project] http://10.222.0.10/volume/v3/6d5195f406094716b9f4d22500968ae8/volumes/c457e809-3155-44b5-a270-8188329e9886/metadata returned with HTTP 200
Aug 08 17:11:08.272573 dv-cinder-803823-3-iscsi devstack@c-api.service[100236]: [pid: 100236|app: 0|req: 206/439] 10.222.0.10 () {58 vars in 1352 bytes} [Sun Aug 8 17:11:08 2021] GET /volume/v3/6d5195f406094716b9f4d22500968ae8/volumes/c457e809-3155-44b5-a270-8188329e9886/metadata => generated 75 bytes in 30 msecs (HTTP/1.1 200) 7 headers in 284 bytes (2 switches on core 0)
Aug 08 17:11:08.282281 dv-cinder-803823-3-iscsi devstack@c-api.service[100237]: INFO cinder.api.openstack.wsgi [None req-9e9c088d-2fcd-4cb5-b19f-9abebb237988 tempest-VolumesMetadataTest-1966494059 tempest-VolumesMetadataTest-1966494059-project] PUT http://10.222.0.10/volume/v3/6d5195f406094716b9f4d22500968ae8/volumes/c457e809-3155-44b5-a270-8188329e9886/metadata
Aug 08 17:11:08.282281 dv-cinder-803823-3-iscsi devstack@c-api.service[100237]: /usr/local/lib/python3.8/dist-packages/webob/acceptparse.py:1047: DeprecationWarning: The behavior of AcceptValidHeader.best_match is currently being maintained for backward compatibility, but it will be deprecated in the future, as it does not conform to the RFC.
Aug 08 17:11:08.282281 dv-cinder-803823-3-iscsi devstack@c-api.service[100237]: warnings.warn(
Aug 08 17:11:08.282635 dv-cinder-803823-3-iscsi devstack@c-api.service[100237]: DEBUG cinder.api.openstack.wsgi [None req-9e9c088d-2fcd-4cb5-b19f-9abebb237988 tempest-VolumesMetadataTest-1966494059 tempest-VolumesMetadataTest-1966494059-project] Action: 'update_all', calling method: update_all, body: {"metadata": {}} {{(pid=100237) _process_stack /opt/stack/cinder/cinder/api/openstack/wsgi.py:854}}
Aug 08 17:11:08.287362 dv-cinder-803823-3-iscsi devstack@c-api.service[100236]: INFO cinder.api.openstack.wsgi [None req-5ffedbb6-9cf5-47a4-845c-848bbf36dd3b tempest-VolumesActionsTest-674463095 tempest-VolumesActionsTest-674463095-project] GET http://10.222.0.10/volume/v3/b584e64fa0804555a2db8648d2498220/volumes/d4e4602c-48dc-4773-96f6-9384985a7c5b
Aug 08 17:11:08.287831 dv-cinder-803823-3-iscsi devstack@c-api.service[100236]: DEBUG cinder.api.openstack.wsgi [None req-5ffedbb6-9cf5-47a4-845c-848bbf36dd3b tempest-VolumesActionsTest-674463095 tempest-VolumesActionsTest-674463095-project] Empty body provided in request {{(pid=100236) get_body /opt/stack/cinder/cinder/api/openstack/wsgi.py:703}}
Aug 08 17:11:08.288000 dv-cinder-803823-3-iscsi devstack@c-api.service[100236]: /usr/local/lib/python3.8/dist-packages/webob/acceptparse.py:1047: DeprecationWarning: The behavior of AcceptValidHeader.best_match is currently being maintained for backward compatibility, but it will be deprecated in the future, as it does not conform to the RFC.
Aug 08 17:11:08.288000 dv-cinder-803823-3-iscsi devstack@c-api.service[100236]: warnings.warn(
Aug 08 17:11:08.288334 dv-cinder-803823-3-iscsi devstack@c-api.service[100236]: DEBUG cinder.api.openstack.wsgi [None req-5ffedbb6-9cf5-47a4-845c-848bbf36dd3b tempest-VolumesActionsTest-674463095 tempest-VolumesActionsTest-674463095-project] Calling method 'show' {{(pid=100236) _process_stack /opt/stack/cinder/cinder/api/openstack/wsgi.py:856}}
Aug 08 17:11:08.300650 dv-cinder-803823-3-iscsi devstack@c-api.service[100237]: /usr/local/lib/python3.8/dist-packages/oslo_context/context.py:105: DeprecationWarning: Policy enforcement is depending on the value of is_admin. This key is deprecated. Please update your policy file to use the standard policy values.
Aug 08 17:11:08.300650 dv-cinder-803823-3-iscsi devstack@c-api.service[100237]: warnings.warn('Policy enforcement is depending on the value of '
Aug 08 17:11:08.302759 dv-cinder-803823-3-iscsi devstack@c-api.service[100237]: INFO cinder.volume.api [None req-9e9c088d-2fcd-4cb5-b19f-9abebb237988 tempest-VolumesMetadataTest-1966494059 tempest-VolumesMetadataTest-1966494059-project] Volume info retrieved successfully.
Aug 08 17:11:08.303394 dv-cinder-803823-3-iscsi devstack@c-api.service[100236]: /usr/local/lib/python3.8/dist-packages/oslo_context/context.py:105: DeprecationWarning: Policy enforcement is depending on the value of is_admin. This key is deprecated. Please update your policy file to use the standard policy values.
Aug 08 17:11:08.303394 dv-cinder-803823-3-iscsi devstack@c-api.service[100236]: warnings.warn('Policy enforcement is depending on the value of '
Aug 08 17:11:08.311824 dv-cinder-803823-3-iscsi devstack@c-api.service[100236]: INFO cinder.volume.api [None req-5ffedbb6-9cf5-47a4-845c-848bbf36dd3b tempest-VolumesActionsTest-674463095 tempest-VolumesActionsTest-674463095-project] Volume info retrieved successfully.
Aug 08 17:11:08.322249 dv-cinder-803823-3-iscsi devstack@c-api.service[100237]: INFO cinder.volume.api [None req-9e9c088d-2fcd-4cb5-b19f-9abebb237988 tempest-VolumesMetadataTest-1966494059 tempest-VolumesMetadataTest-1966494059-project] Update volume metadata completed successfully.
Aug 08 17:11:08.322826 dv-cinder-803823-3-iscsi devstack@c-api.service[100237]: INFO cinder.api.openstack.wsgi [None req-9e9c088d-2fcd-4cb5-b19f-9abebb237988 tempest-VolumesMetadataTest-1966494059 tempest-VolumesMetadataTest-1966494059-project] http://10.222.0.10/volume/v3/6d5195f406094716b9f4d22500968ae8/volumes/c457e809-3155-44b5-a270-8188329e9886/metadata returned with HTTP 200
Aug 08 17:11:08.323628 dv-cinder-803823-3-iscsi devstack@c-api.service[100237]: [pid: 100237|app: 0|req: 234/440] 10.222.0.10 () {60 vars in 1372 bytes} [Sun Aug 8 17:11:08 2021] PUT /volume/v3/6d5195f406094716b9f4d22500968ae8/volumes/c457e809-3155-44b5-a270-8188329e9886/metadata => generated 16 bytes in 47 msecs (HTTP/1.1 200) 7 headers in 284 bytes (1 switches on core 0)
Aug 08 17:11:08.327792 dv-cinder-803823-3-iscsi devstack@c-api.service[100236]: INFO cinder.api.openstack.wsgi [None req-5ffedbb6-9cf5-47a4-845c-848bbf36dd3b tempest-VolumesActionsTest-674463095 tempest-VolumesActionsTest-674463095-project] http://10.222.0.10/volume/v3/b584e64fa0804555a2db8648d2498220/volumes/d4e4602c-48dc-4773-96f6-9384985a7c5b returned with HTTP 200
Aug 08 17:11:08.328702 dv-cinder-803823-3-iscsi devstack@c-api.service[100236]: [pid: 100236|app: 0|req: 207/441] 10.222.0.10 () {58 vars in 1325 bytes} [Sun Aug 8 17:11:08 2021] GET /volume/v3/b584e64fa0804555a2db8648d2498220/volumes/d4e4602c-48dc-4773-96f6-9384985a7c5b => generated 910 bytes in 45 msecs (HTTP/1.1 200) 7 headers in 285 bytes (1 switches on core 0)
Aug 08 17:11:08.332250 dv-cinder-803823-3-iscsi devstack@c-api.service[100236]: INFO cinder.api.openstack.wsgi [None req-65ccee8e-f88c-4298-9453-12d7842ae909 tempest-VolumesMetadataTest-1966494059 tempest-VolumesMetadataTest-1966494059-project] DELETE http://10.222.0.10/volume/v3/6d5195f406094716b9f4d22500968ae8/volumes/c457e809-3155-44b5-a270-8188329e9886
Aug 08 17:11:08.332690 dv-cinder-803823-3-iscsi devstack@c-api.service[100236]: DEBUG cinder.api.openstack.wsgi [None req-65ccee8e-f88c-4298-9453-12d7842ae909 tempest-VolumesMetadataTest-1966494059 tempest-VolumesMetadataTest-1966494059-project] Empty body provided in request {{(pid=100236) get_body /opt/stack/cinder/cinder/api/openstack/wsgi.py:703}}
Aug 08 17:11:08.332851 dv-cinder-803823-3-iscsi devstack@c-api.service[100236]: /usr/local/lib/python3.8/dist-packages/webob/acceptparse.py:1047: DeprecationWarning: The behavior of AcceptValidHeader.best_match is currently being maintained for backward compatibility, but it will be deprecated in the future, as it does not conform to the RFC.
Aug 08 17:11:08.332851 dv-cinder-803823-3-iscsi devstack@c-api.service[100236]: warnings.warn(
Aug 08 17:11:08.333157 dv-cinder-803823-3-iscsi devstack@c-api.service[100236]: DEBUG cinder.api.openstack.wsgi [None req-65ccee8e-f88c-4298-9453-12d7842ae909 tempest-VolumesMetadataTest-1966494059 tempest-VolumesMetadataTest-1966494059-project] Calling method 'delete' {{(pid=100236) _process_stack /opt/stack/cinder/cinder/api/openstack/wsgi.py:856}}
Aug 08 17:11:08.333549 dv-cinder-803823-3-iscsi devstack@c-api.service[100236]: INFO cinder.api.v3.volumes [None req-65ccee8e-f88c-4298-9453-12d7842ae909 tempest-VolumesMetadataTest-1966494059 tempest-VolumesMetadataTest-1966494059-project] Delete volume with id: c457e809-3155-44b5-a270-8188329e9886
Aug 08 17:11:08.342712 dv-cinder-803823-3-iscsi devstack@c-api.service[100237]: INFO cinder.api.openstack.wsgi [None req-7b09d1d8-d02b-466a-a5bd-c93aef75adbd tempest-VolumesActionsTest-1937283840 tempest-VolumesActionsTest-1937283840-project-admin] POST http://10.222.0.10/volume/v3/96dd8b69e09140028421e8636f3a81de/volumes/d4e4602c-48dc-4773-96f6-9384985a7c5b/action
Aug 08 17:11:08.343664 dv-cinder-803823-3-iscsi devstack@c-api.service[100237]: /usr/local/lib/python3.8/dist-packages/webob/acceptparse.py:1047: DeprecationWarning: The behavior of AcceptValidHeader.best_match is currently being maintained for backward compatibility, but it will be deprecated in the future, as it does not conform to the RFC.
Aug 08 17:11:08.343664 dv-cinder-803823-3-iscsi devstack@c-api.service[100237]: warnings.warn(
Aug 08 17:11:08.344042 dv-cinder-803823-3-iscsi devstack@c-api.service[100237]: DEBUG cinder.api.openstack.wsgi [None req-7b09d1d8-d02b-466a-a5bd-c93aef75adbd tempest-VolumesActionsTest-1937283840 tempest-VolumesActionsTest-1937283840-project-admin] Action body: b'{"os-reset_status": {"status": "maintenance"}}' {{(pid=100237) get_method /opt/stack/cinder/cinder/api/openstack/wsgi.py:971}}
Aug 08 17:11:08.344367 dv-cinder-803823-3-iscsi devstack@c-api.service[100237]: DEBUG cinder.api.openstack.wsgi [None req-7b09d1d8-d02b-466a-a5bd-c93aef75adbd tempest-VolumesActionsTest-1937283840 tempest-VolumesActionsTest-1937283840-project-admin] Action: 'action', calling method: _reset_status, body: {"os-reset_status": {"status": "maintenance"}} {{(pid=100237) _process_stack /opt/stack/cinder/cinder/api/openstack/wsgi.py:854}}
Aug 08 17:11:08.345147 dv-cinder-803823-3-iscsi devstack@c-api.service[100237]: DEBUG cinder.api.contrib.admin_actions [None req-7b09d1d8-d02b-466a-a5bd-c93aef75adbd tempest-VolumesActionsTest-1937283840 tempest-VolumesActionsTest-1937283840-project-admin] Updating volume 'd4e4602c-48dc-4773-96f6-9384985a7c5b' with '{'status': 'maintenance'}' {{(pid=100237) _reset_status /opt/stack/cinder/cinder/api/contrib/admin_actions.py:100}}
Aug 08 17:11:08.350284 dv-cinder-803823-3-iscsi devstack@c-api.service[100236]: /usr/local/lib/python3.8/dist-packages/oslo_context/context.py:105: DeprecationWarning: Policy enforcement is depending on the value of is_admin. This key is deprecated. Please update your policy file to use the standard policy values.
Aug 08 17:11:08.350284 dv-cinder-803823-3-iscsi devstack@c-api.service[100236]: warnings.warn('Policy enforcement is depending on the value of '
Aug 08 17:11:08.351365 dv-cinder-803823-3-iscsi devstack@c-api.service[100236]: INFO cinder.volume.api [None req-65ccee8e-f88c-4298-9453-12d7842ae909 tempest-VolumesMetadataTest-1966494059 tempest-VolumesMetadataTest-1966494059-project] Volume info retrieved successfully.
Aug 08 17:11:08.370616 dv-cinder-803823-3-iscsi devstack@c-api.service[100237]: /usr/local/lib/python3.8/dist-packages/oslo_context/context.py:105: DeprecationWarning: Policy enforcement is depending on the value of is_admin. This key is deprecated. Please update your policy file to use the standard policy values.
Aug 08 17:11:08.370616 dv-cinder-803823-3-iscsi devstack@c-api.service[100237]: warnings.warn('Policy enforcement is depending on the value of '
Aug 08 17:11:08.377702 dv-cinder-803823-3-iscsi devstack@c-api.service[100236]: INFO cinder.volume.api [None req-65ccee8e-f88c-4298-9453-12d7842ae909 tempest-VolumesMetadataTest-1966494059 tempest-VolumesMetadataTest-1966494059-project] Delete volume request issued successfully.
Aug 08 17:11:08.378115 dv-cinder-803823-3-iscsi devstack@c-api.service[100236]: INFO cinder.api.openstack.wsgi [None req-65ccee8e-f88c-4298-9453-12d7842ae909 tempest-VolumesMetadataTest-1966494059 tempest-VolumesMetadataTest-1966494059-project] http://10.222.0.10/volume/v3/6d5195f406094716b9f4d22500968ae8/volumes/c457e809-3155-44b5-a270-8188329e9886 returned with HTTP 202
Aug 08 17:11:08.379449 dv-cinder-803823-3-iscsi devstack@c-api.service[100236]: [pid: 100236|app: 0|req: 208/442] 10.222.0.10 () {58 vars in 1328 bytes} [Sun Aug 8 17:11:08 2021] DELETE /volume/v3/6d5195f406094716b9f4d22500968ae8/volumes/c457e809-3155-44b5-a270-8188329e9886 => generated 0 bytes in 50 msecs (HTTP/1.1 202) 6 headers in 233 bytes (2 switches on core 0)
Aug 08 17:11:08.386188 dv-cinder-803823-3-iscsi devstack@c-api.service[100236]: INFO cinder.api.openstack.wsgi [None req-bf02acad-3635-41ae-bb6c-e1be93bab068 tempest-VolumesMetadataTest-1966494059 tempest-VolumesMetadataTest-1966494059-project] GET http://10.222.0.10/volume/v3/6d5195f406094716b9f4d22500968ae8/volumes/c457e809-3155-44b5-a270-8188329e9886
Aug 08 17:11:08.386625 dv-cinder-803823-3-iscsi devstack@c-api.service[100236]: DEBUG cinder.api.openstack.wsgi [None req-bf02acad-3635-41ae-bb6c-e1be93bab068 tempest-VolumesMetadataTest-1966494059 tempest-VolumesMetadataTest-1966494059-project] Empty body provided in request {{(pid=100236) get_body /opt/stack/cinder/cinder/api/openstack/wsgi.py:703}}
Aug 08 17:11:08.386819 dv-cinder-803823-3-iscsi devstack@c-api.service[100236]: /usr/local/lib/python3.8/dist-packages/webob/acceptparse.py:1047: DeprecationWarning: The behavior of AcceptValidHeader.best_match is currently being maintained for backward compatibility, but it will be deprecated in the future, as it does not conform to the RFC.
Aug 08 17:11:08.386819 dv-cinder-803823-3-iscsi devstack@c-api.service[100236]: warnings.warn(
Aug 08 17:11:08.387131 dv-cinder-803823-3-iscsi devstack@c-api.service[100236]: DEBUG cinder.api.openstack.wsgi [None req-bf02acad-3635-41ae-bb6c-e1be93bab068 tempest-VolumesMetadataTest-1966494059 tempest-VolumesMetadataTest-1966494059-project] Calling method 'show' {{(pid=100236) _process_stack /opt/stack/cinder/cinder/api/openstack/wsgi.py:856}}
Aug 08 17:11:08.393952 dv-cinder-803823-3-iscsi devstack@c-api.service[100237]: INFO cinder.api.openstack.wsgi [None req-7b09d1d8-d02b-466a-a5bd-c93aef75adbd tempest-VolumesActionsTest-1937283840 tempest-VolumesActionsTest-1937283840-project-admin] http://10.222.0.10/volume/v3/96dd8b69e09140028421e8636f3a81de/volumes/d4e4602c-48dc-4773-96f6-9384985a7c5b/action returned with HTTP 202
Aug 08 17:11:08.397804 dv-cinder-803823-3-iscsi devstack@c-api.service[100237]: [pid: 100237|app: 0|req: 235/443] 10.222.0.10 () {60 vars in 1367 bytes} [Sun Aug 8 17:11:08 2021] POST /volume/v3/96dd8b69e09140028421e8636f3a81de/volumes/d4e4602c-48dc-4773-96f6-9384985a7c5b/action => generated 0 bytes in 56 msecs (HTTP/1.1 202) 7 headers in 289 bytes (2 switches on core 0)
Aug 08 17:11:08.401123 dv-cinder-803823-3-iscsi devstack@c-api.service[100236]: /usr/local/lib/python3.8/dist-packages/oslo_context/context.py:105: DeprecationWarning: Policy enforcement is depending on the value of is_admin. This key is deprecated. Please update your policy file to use the standard policy values.
Aug 08 17:11:08.401123 dv-cinder-803823-3-iscsi devstack@c-api.service[100236]: warnings.warn('Policy enforcement is depending on the value of '
Aug 08 17:11:08.402383 dv-cinder-803823-3-iscsi devstack@c-api.service[100237]: INFO cinder.api.openstack.wsgi [None req-e52dbeb3-a3d8-47b1-9790-13948d3dd568 tempest-VolumesActionsTest-674463095 tempest-VolumesActionsTest-674463095-project] GET http://10.222.0.10/volume/v3/b584e64fa0804555a2db8648d2498220/volumes/d4e4602c-48dc-4773-96f6-9384985a7c5b
Aug 08 17:11:08.402885 dv-cinder-803823-3-iscsi devstack@c-api.service[100237]: DEBUG cinder.api.openstack.wsgi [None req-e52dbeb3-a3d8-47b1-9790-13948d3dd568 tempest-VolumesActionsTest-674463095 tempest-VolumesActionsTest-674463095-project] Empty body provided in request {{(pid=100237) get_body /opt/stack/cinder/cinder/api/openstack/wsgi.py:703}}
Aug 08 17:11:08.403050 dv-cinder-803823-3-iscsi devstack@c-api.service[100237]: /usr/local/lib/python3.8/dist-packages/webob/acceptparse.py:1047: DeprecationWarning: The behavior of AcceptValidHeader.best_match is currently being maintained for backward compatibility, but it will be deprecated in the future, as it does not conform to the RFC.
Aug 08 17:11:08.403050 dv-cinder-803823-3-iscsi devstack@c-api.service[100237]: warnings.warn(
Aug 08 17:11:08.403361 dv-cinder-803823-3-iscsi devstack@c-api.service[100237]: DEBUG cinder.api.openstack.wsgi [None req-e52dbeb3-a3d8-47b1-9790-13948d3dd568 tempest-VolumesActionsTest-674463095 tempest-VolumesActionsTest-674463095-project] Calling method 'show' {{(pid=100237) _process_stack /opt/stack/cinder/cinder/api/openstack/wsgi.py:856}}
Aug 08 17:11:08.410189 dv-cinder-803823-3-iscsi devstack@c-api.service[100236]: INFO cinder.volume.api [None req-bf02acad-3635-41ae-bb6c-e1be93bab068 tempest-VolumesMetadataTest-1966494059 tempest-VolumesMetadataTest-1966494059-project] Volume info retrieved successfully.
Aug 08 17:11:08.417394 dv-cinder-803823-3-iscsi devstack@c-api.service[100237]: /usr/local/lib/python3.8/dist-packages/oslo_context/context.py:105: DeprecationWarning: Policy enforcement is depending on the value of is_admin. This key is deprecated. Please update your policy file to use the standard policy values.
Aug 08 17:11:08.417394 dv-cinder-803823-3-iscsi devstack@c-api.service[100237]: warnings.warn('Policy enforcement is depending on the value of '
Aug 08 17:11:08.423992 dv-cinder-803823-3-iscsi devstack@c-api.service[100236]: INFO cinder.api.openstack.wsgi [None req-bf02acad-3635-41ae-bb6c-e1be93bab068 tempest-VolumesMetadataTest-1966494059 tempest-VolumesMetadataTest-1966494059-project] http://10.222.0.10/volume/v3/6d5195f406094716b9f4d22500968ae8/volumes/c457e809-3155-44b5-a270-8188329e9886 returned with HTTP 200
Aug 08 17:11:08.424124 dv-cinder-803823-3-iscsi devstack@c-api.service[100237]: INFO cinder.volume.api [None req-e52dbeb3-a3d8-47b1-9790-13948d3dd568 tempest-VolumesActionsTest-674463095 tempest-VolumesActionsTest-674463095-project] Volume info retrieved successfully.
Aug 08 17:11:08.424713 dv-cinder-803823-3-iscsi devstack@c-api.service[100236]: [pid: 100236|app: 0|req: 209/444] 10.222.0.10 () {58 vars in 1325 bytes} [Sun Aug 8 17:11:08 2021] GET /volume/v3/6d5195f406094716b9f4d22500968ae8/volumes/c457e809-3155-44b5-a270-8188329e9886 => generated 911 bytes in 42 msecs (HTTP/1.1 200) 7 headers in 285 bytes (2 switches on core 0)
Aug 08 17:11:08.428973 dv-cinder-803823-3-iscsi devstack@c-api.service[100236]: INFO cinder.api.openstack.wsgi [None req-d1b16034-49eb-4ba8-9f18-86d1563ca3fa tempest-GroupsTest-1143628088 tempest-GroupsTest-1143628088-project] GET http://10.222.0.10/volume/v3/6ba0c7a859154453a81ccdb6083c2557/groups/02e7e88a-e585-43f9-9f0b-86ee80dd47f9
Aug 08 17:11:08.429797 dv-cinder-803823-3-iscsi devstack@c-api.service[100236]: DEBUG cinder.api.openstack.wsgi [None req-d1b16034-49eb-4ba8-9f18-86d1563ca3fa tempest-GroupsTest-1143628088 tempest-GroupsTest-1143628088-project] Empty body provided in request {{(pid=100236) get_body /opt/stack/cinder/cinder/api/openstack/wsgi.py:703}}
Aug 08 17:11:08.429797 dv-cinder-803823-3-iscsi devstack@c-api.service[100236]: /usr/local/lib/python3.8/dist-packages/webob/acceptparse.py:1047: DeprecationWarning: The behavior of AcceptValidHeader.best_match is currently being maintained for backward compatibility, but it will be deprecated in the future, as it does not conform to the RFC.
Aug 08 17:11:08.429797 dv-cinder-803823-3-iscsi devstack@c-api.service[100236]: warnings.warn(
Aug 08 17:11:08.430090 dv-cinder-803823-3-iscsi devstack@c-api.service[100236]: DEBUG cinder.api.openstack.wsgi [None req-d1b16034-49eb-4ba8-9f18-86d1563ca3fa tempest-GroupsTest-1143628088 tempest-GroupsTest-1143628088-project] Calling method 'version_select' {{(pid=100236) _process_stack /opt/stack/cinder/cinder/api/openstack/wsgi.py:856}}
Aug 08 17:11:08.430267 dv-cinder-803823-3-iscsi devstack@c-api.service[100236]: DEBUG cinder.api.v3.groups [None req-d1b16034-49eb-4ba8-9f18-86d1563ca3fa tempest-GroupsTest-1143628088 tempest-GroupsTest-1143628088-project] show called for member 02e7e88a-e585-43f9-9f0b-86ee80dd47f9 {{(pid=100236) show /opt/stack/cinder/cinder/api/v3/groups.py:58}}
Aug 08 17:11:08.435613 dv-cinder-803823-3-iscsi devstack@c-api.service[100236]: /usr/local/lib/python3.8/dist-packages/oslo_context/context.py:105: DeprecationWarning: Policy enforcement is depending on the value of is_admin. This key is deprecated. Please update your policy file to use the standard policy values.
Aug 08 17:11:08.435613 dv-cinder-803823-3-iscsi devstack@c-api.service[100236]: warnings.warn('Policy enforcement is depending on the value of '
Aug 08 17:11:08.441123 dv-cinder-803823-3-iscsi devstack@c-api.service[100237]: INFO cinder.api.openstack.wsgi [None req-e52dbeb3-a3d8-47b1-9790-13948d3dd568 tempest-VolumesActionsTest-674463095 tempest-VolumesActionsTest-674463095-project] http://10.222.0.10/volume/v3/b584e64fa0804555a2db8648d2498220/volumes/d4e4602c-48dc-4773-96f6-9384985a7c5b returned with HTTP 200
Aug 08 17:11:08.443736 dv-cinder-803823-3-iscsi devstack@c-api.service[100237]: [pid: 100237|app: 0|req: 236/445] 10.222.0.10 () {58 vars in 1325 bytes} [Sun Aug 8 17:11:08 2021] GET /volume/v3/b584e64fa0804555a2db8648d2498220/volumes/d4e4602c-48dc-4773-96f6-9384985a7c5b => generated 912 bytes in 44 msecs (HTTP/1.1 200) 7 headers in 285 bytes (1 switches on core 0)
Aug 08 17:11:08.447445 dv-cinder-803823-3-iscsi devstack@c-api.service[100237]: INFO cinder.api.openstack.wsgi [None req-af9b8520-dc5c-4ac3-a851-df38b63f7eac tempest-DeleteServersTestJSON-1754522365 tempest-DeleteServersTestJSON-1754522365-project] GET http://10.222.0.10/volume/v3/064a3f710b4e41d6be8f1ab6b778bee6/volumes/3867f455-3597-43e9-b722-575f6de0d658
Aug 08 17:11:08.447880 dv-cinder-803823-3-iscsi devstack@c-api.service[100237]: DEBUG cinder.api.openstack.wsgi [None req-af9b8520-dc5c-4ac3-a851-df38b63f7eac tempest-DeleteServersTestJSON-1754522365 tempest-DeleteServersTestJSON-1754522365-project] Empty body provided in request {{(pid=100237) get_body /opt/stack/cinder/cinder/api/openstack/wsgi.py:703}}
Aug 08 17:11:08.448054 dv-cinder-803823-3-iscsi devstack@c-api.service[100237]: /usr/local/lib/python3.8/dist-packages/webob/acceptparse.py:1047: DeprecationWarning: The behavior of AcceptValidHeader.best_match is currently being maintained for backward compatibility, but it will be deprecated in the future, as it does not conform to the RFC.
Aug 08 17:11:08.448054 dv-cinder-803823-3-iscsi devstack@c-api.service[100237]: warnings.warn(
Aug 08 17:11:08.448350 dv-cinder-803823-3-iscsi devstack@c-api.service[100237]: DEBUG cinder.api.openstack.wsgi [None req-af9b8520-dc5c-4ac3-a851-df38b63f7eac tempest-DeleteServersTestJSON-1754522365 tempest-DeleteServersTestJSON-1754522365-project] Calling method 'show' {{(pid=100237) _process_stack /opt/stack/cinder/cinder/api/openstack/wsgi.py:856}}
Aug 08 17:11:08.450282 dv-cinder-803823-3-iscsi devstack@c-api.service[100236]: INFO cinder.api.openstack.wsgi [None req-d1b16034-49eb-4ba8-9f18-86d1563ca3fa tempest-GroupsTest-1143628088 tempest-GroupsTest-1143628088-project] http://10.222.0.10/volume/v3/6ba0c7a859154453a81ccdb6083c2557/groups/02e7e88a-e585-43f9-9f0b-86ee80dd47f9 returned with HTTP 200
Aug 08 17:11:08.457069 dv-cinder-803823-3-iscsi devstack@c-api.service[100236]: [pid: 100236|app: 0|req: 210/446] 10.222.0.10 () {60 vars in 1363 bytes} [Sun Aug 8 17:11:08 2021] GET /volume/v3/6ba0c7a859154453a81ccdb6083c2557/groups/02e7e88a-e585-43f9-9f0b-86ee80dd47f9 => generated 323 bytes in 26 msecs (HTTP/1.1 200) 7 headers in 286 bytes (1 switches on core 0)
Aug 08 17:11:08.458139 dv-cinder-803823-3-iscsi devstack@c-api.service[100236]: INFO cinder.api.openstack.wsgi [None req-56cd1343-0e37-4a90-8fff-b0e870f3fdb4 tempest-VolumesActionsTest-1937283840 tempest-VolumesActionsTest-1937283840-project-admin] POST http://10.222.0.10/volume/v3/96dd8b69e09140028421e8636f3a81de/volumes/d4e4602c-48dc-4773-96f6-9384985a7c5b/action
Aug 08 17:11:08.458502 dv-cinder-803823-3-iscsi devstack@c-api.service[100236]: /usr/local/lib/python3.8/dist-packages/webob/acceptparse.py:1047: DeprecationWarning: The behavior of AcceptValidHeader.best_match is currently being maintained for backward compatibility, but it will be deprecated in the future, as it does not conform to the RFC.
Aug 08 17:11:08.458502 dv-cinder-803823-3-iscsi devstack@c-api.service[100236]: warnings.warn(
Aug 08 17:11:08.458899 dv-cinder-803823-3-iscsi devstack@c-api.service[100236]: DEBUG cinder.api.openstack.wsgi [None req-56cd1343-0e37-4a90-8fff-b0e870f3fdb4 tempest-VolumesActionsTest-1937283840 tempest-VolumesActionsTest-1937283840-project-admin] Action body: b'{"os-force_delete": {}}' {{(pid=100236) get_method /opt/stack/cinder/cinder/api/openstack/wsgi.py:971}}
Aug 08 17:11:08.459225 dv-cinder-803823-3-iscsi devstack@c-api.service[100236]: DEBUG cinder.api.openstack.wsgi [None req-56cd1343-0e37-4a90-8fff-b0e870f3fdb4 tempest-VolumesActionsTest-1937283840 tempest-VolumesActionsTest-1937283840-project-admin] Action: 'action', calling method: _force_delete, body: {"os-force_delete": {}} {{(pid=100236) _process_stack /opt/stack/cinder/cinder/api/openstack/wsgi.py:854}}
Aug 08 17:11:08.462579 dv-cinder-803823-3-iscsi devstack@c-api.service[100237]: /usr/local/lib/python3.8/dist-packages/oslo_context/context.py:105: DeprecationWarning: Policy enforcement is depending on the value of is_admin. This key is deprecated. Please update your policy file to use the standard policy values.
Aug 08 17:11:08.462579 dv-cinder-803823-3-iscsi devstack@c-api.service[100237]: warnings.warn('Policy enforcement is depending on the value of '
Aug 08 17:11:08.470384 dv-cinder-803823-3-iscsi devstack@c-api.service[100237]: INFO cinder.volume.api [None req-af9b8520-dc5c-4ac3-a851-df38b63f7eac tempest-DeleteServersTestJSON-1754522365 tempest-DeleteServersTestJSON-1754522365-project] Volume info retrieved successfully.
Aug 08 17:11:08.473984 dv-cinder-803823-3-iscsi devstack@c-api.service[100236]: /usr/local/lib/python3.8/dist-packages/oslo_context/context.py:105: DeprecationWarning: Policy enforcement is depending on the value of is_admin. This key is deprecated. Please update your policy file to use the standard policy values.
Aug 08 17:11:08.473984 dv-cinder-803823-3-iscsi devstack@c-api.service[100236]: warnings.warn('Policy enforcement is depending on the value of '
Aug 08 17:11:08.474734 dv-cinder-803823-3-iscsi devstack@c-api.service[100236]: INFO cinder.volume.api [None req-56cd1343-0e37-4a90-8fff-b0e870f3fdb4 tempest-VolumesActionsTest-1937283840 tempest-VolumesActionsTest-1937283840-project-admin] Volume info retrieved successfully.
Aug 08 17:11:08.481244 dv-cinder-803823-3-iscsi devstack@c-api.service[100237]: /usr/local/lib/python3.8/dist-packages/oslo_context/context.py:105: DeprecationWarning: Policy enforcement is depending on the value of is_admin. This key is deprecated. Please update your policy file to use the standard policy values.
Aug 08 17:11:08.481244 dv-cinder-803823-3-iscsi devstack@c-api.service[100237]: warnings.warn('Policy enforcement is depending on the value of '
Aug 08 17:11:08.489102 dv-cinder-803823-3-iscsi devstack@c-api.service[100237]: INFO cinder.api.openstack.wsgi [None req-af9b8520-dc5c-4ac3-a851-df38b63f7eac tempest-DeleteServersTestJSON-1754522365 tempest-DeleteServersTestJSON-1754522365-project] http://10.222.0.10/volume/v3/064a3f710b4e41d6be8f1ab6b778bee6/volumes/3867f455-3597-43e9-b722-575f6de0d658 returned with HTTP 200
Aug 08 17:11:08.489213 dv-cinder-803823-3-iscsi devstack@c-api.service[100237]: [pid: 100237|app: 0|req: 237/447] 10.222.0.10 () {58 vars in 1325 bytes} [Sun Aug 8 17:11:08 2021] GET /volume/v3/064a3f710b4e41d6be8f1ab6b778bee6/volumes/3867f455-3597-43e9-b722-575f6de0d658 => generated 914 bytes in 45 msecs (HTTP/1.1 200) 7 headers in 285 bytes (1 switches on core 0)
Aug 08 17:11:08.492970 dv-cinder-803823-3-iscsi devstack@c-api.service[100237]: INFO cinder.api.openstack.wsgi [None req-7e354966-0b73-4fbb-99b4-d11cfcc0f5fc tempest-GroupsTest-1143628088 tempest-GroupsTest-1143628088-project] POST http://10.222.0.10/volume/v3/6ba0c7a859154453a81ccdb6083c2557/groups
Aug 08 17:11:08.493485 dv-cinder-803823-3-iscsi devstack@c-api.service[100237]: /usr/local/lib/python3.8/dist-packages/webob/acceptparse.py:1047: DeprecationWarning: The behavior of AcceptValidHeader.best_match is currently being maintained for backward compatibility, but it will be deprecated in the future, as it does not conform to the RFC.
Aug 08 17:11:08.493485 dv-cinder-803823-3-iscsi devstack@c-api.service[100237]: warnings.warn(
Aug 08 17:11:08.493839 dv-cinder-803823-3-iscsi devstack@c-api.service[100237]: DEBUG cinder.api.openstack.wsgi [None req-7e354966-0b73-4fbb-99b4-d11cfcc0f5fc tempest-GroupsTest-1143628088 tempest-GroupsTest-1143628088-project] Action: 'create', calling method: version_select, body: {"group": {"group_type": "209fe606-d365-49bc-8488-61552916313b", "volume_types": ["32ff1692-5017-4113-b39b-1dbdf1ffcfa7"], "name": "tempest-Group2-327213802"}} {{(pid=100237) _process_stack /opt/stack/cinder/cinder/api/openstack/wsgi.py:854}}
Aug 08 17:11:08.494726 dv-cinder-803823-3-iscsi devstack@c-api.service[100237]: DEBUG cinder.api.v3.groups [None req-7e354966-0b73-4fbb-99b4-d11cfcc0f5fc tempest-GroupsTest-1143628088 tempest-GroupsTest-1143628088-project] Creating new group {'group': {'group_type': '209fe606-d365-49bc-8488-61552916313b', 'volume_types': ['32ff1692-5017-4113-b39b-1dbdf1ffcfa7'], 'name': 'tempest-Group2-327213802'}} {{(pid=100237) create /opt/stack/cinder/cinder/api/v3/groups.py:190}}
Aug 08 17:11:08.499612 dv-cinder-803823-3-iscsi devstack@c-api.service[100237]: INFO cinder.api.v3.groups [None req-7e354966-0b73-4fbb-99b4-d11cfcc0f5fc tempest-GroupsTest-1143628088 tempest-GroupsTest-1143628088-project] Creating group tempest-Group2-327213802.
Aug 08 17:11:08.502041 dv-cinder-803823-3-iscsi devstack@c-api.service[100236]: INFO cinder.volume.api [None req-56cd1343-0e37-4a90-8fff-b0e870f3fdb4 tempest-VolumesActionsTest-1937283840 tempest-VolumesActionsTest-1937283840-project-admin] Delete volume request issued successfully.
Aug 08 17:11:08.502565 dv-cinder-803823-3-iscsi devstack@c-api.service[100236]: INFO cinder.api.openstack.wsgi [None req-56cd1343-0e37-4a90-8fff-b0e870f3fdb4 tempest-VolumesActionsTest-1937283840 tempest-VolumesActionsTest-1937283840-project-admin] http://10.222.0.10/volume/v3/96dd8b69e09140028421e8636f3a81de/volumes/d4e4602c-48dc-4773-96f6-9384985a7c5b/action returned with HTTP 202
Aug 08 17:11:08.506387 dv-cinder-803823-3-iscsi devstack@c-api.service[100236]: [pid: 100236|app: 0|req: 211/448] 10.222.0.10 () {60 vars in 1367 bytes} [Sun Aug 8 17:11:08 2021] POST /volume/v3/96dd8b69e09140028421e8636f3a81de/volumes/d4e4602c-48dc-4773-96f6-9384985a7c5b/action => generated 0 bytes in 48 msecs (HTTP/1.1 202) 7 headers in 289 bytes (1 switches on core 0)
Aug 08 17:11:08.510811 dv-cinder-803823-3-iscsi devstack@c-api.service[100236]: INFO cinder.api.openstack.wsgi [None req-99f90adf-1ea8-4537-9f55-8da7f9ebf521 tempest-VolumesActionsTest-674463095 tempest-VolumesActionsTest-674463095-project] GET http://10.222.0.10/volume/v3/b584e64fa0804555a2db8648d2498220/volumes/d4e4602c-48dc-4773-96f6-9384985a7c5b
Aug 08 17:11:08.510943 dv-cinder-803823-3-iscsi devstack@c-api.service[100237]: INFO cinder.volume.api [None req-7e354966-0b73-4fbb-99b4-d11cfcc0f5fc tempest-GroupsTest-1143628088 tempest-GroupsTest-1143628088-project] Availability Zones retrieved successfully.
Aug 08 17:11:08.511245 dv-cinder-803823-3-iscsi devstack@c-api.service[100236]: DEBUG cinder.api.openstack.wsgi [None req-99f90adf-1ea8-4537-9f55-8da7f9ebf521 tempest-VolumesActionsTest-674463095 tempest-VolumesActionsTest-674463095-project] Empty body provided in request {{(pid=100236) get_body /opt/stack/cinder/cinder/api/openstack/wsgi.py:703}}
Aug 08 17:11:08.511407 dv-cinder-803823-3-iscsi devstack@c-api.service[100236]: /usr/local/lib/python3.8/dist-packages/webob/acceptparse.py:1047: DeprecationWarning: The behavior of AcceptValidHeader.best_match is currently being maintained for backward compatibility, but it will be deprecated in the future, as it does not conform to the RFC.
Aug 08 17:11:08.511407 dv-cinder-803823-3-iscsi devstack@c-api.service[100236]: warnings.warn(
Aug 08 17:11:08.511717 dv-cinder-803823-3-iscsi devstack@c-api.service[100236]: DEBUG cinder.api.openstack.wsgi [None req-99f90adf-1ea8-4537-9f55-8da7f9ebf521 tempest-VolumesActionsTest-674463095 tempest-VolumesActionsTest-674463095-project] Calling method 'show' {{(pid=100236) _process_stack /opt/stack/cinder/cinder/api/openstack/wsgi.py:856}}
Aug 08 17:11:08.525996 dv-cinder-803823-3-iscsi devstack@c-api.service[100236]: /usr/local/lib/python3.8/dist-packages/oslo_context/context.py:105: DeprecationWarning: Policy enforcement is depending on the value of is_admin. This key is deprecated. Please update your policy file to use the standard policy values.
Aug 08 17:11:08.525996 dv-cinder-803823-3-iscsi devstack@c-api.service[100236]: warnings.warn('Policy enforcement is depending on the value of '
Aug 08 17:11:08.527924 dv-cinder-803823-3-iscsi devstack@c-api.service[100237]: DEBUG cinder.quota [None req-7e354966-0b73-4fbb-99b4-d11cfcc0f5fc tempest-GroupsTest-1143628088 tempest-GroupsTest-1143628088-project] Created reservations ['e95698a1-db0a-4e49-a178-a4193172f44f'] {{(pid=100237) reserve /opt/stack/cinder/cinder/quota.py:755}}
Aug 08 17:11:08.534582 dv-cinder-803823-3-iscsi devstack@c-api.service[100236]: INFO cinder.volume.api [None req-99f90adf-1ea8-4537-9f55-8da7f9ebf521 tempest-VolumesActionsTest-674463095 tempest-VolumesActionsTest-674463095-project] Volume info retrieved successfully.
Aug 08 17:11:08.549090 dv-cinder-803823-3-iscsi devstack@c-api.service[100236]: INFO cinder.api.openstack.wsgi [None req-99f90adf-1ea8-4537-9f55-8da7f9ebf521 tempest-VolumesActionsTest-674463095 tempest-VolumesActionsTest-674463095-project] http://10.222.0.10/volume/v3/b584e64fa0804555a2db8648d2498220/volumes/d4e4602c-48dc-4773-96f6-9384985a7c5b returned with HTTP 200
Aug 08 17:11:08.553819 dv-cinder-803823-3-iscsi devstack@c-api.service[100236]: [pid: 100236|app: 0|req: 212/449] 10.222.0.10 () {58 vars in 1325 bytes} [Sun Aug 8 17:11:08 2021] GET /volume/v3/b584e64fa0804555a2db8648d2498220/volumes/d4e4602c-48dc-4773-96f6-9384985a7c5b => generated 909 bytes in 43 msecs (HTTP/1.1 200) 7 headers in 285 bytes (2 switches on core 0)
Aug 08 17:11:08.568936 dv-cinder-803823-3-iscsi devstack@c-api.service[100237]: INFO cinder.api.openstack.wsgi [None req-7e354966-0b73-4fbb-99b4-d11cfcc0f5fc tempest-GroupsTest-1143628088 tempest-GroupsTest-1143628088-project] http://10.222.0.10/volume/v3/6ba0c7a859154453a81ccdb6083c2557/groups returned with HTTP 202
Aug 08 17:11:08.573296 dv-cinder-803823-3-iscsi devstack@c-api.service[100237]: [pid: 100237|app: 0|req: 238/450] 10.222.0.10 () {62 vars in 1274 bytes} [Sun Aug 8 17:11:08 2021] POST /volume/v3/6ba0c7a859154453a81ccdb6083c2557/groups => generated 93 bytes in 80 msecs (HTTP/1.1 202) 7 headers in 291 bytes (1 switches on core 0)
Aug 08 17:11:08.578876 dv-cinder-803823-3-iscsi devstack@c-api.service[100236]: INFO cinder.api.openstack.wsgi [None req-fed35848-4f53-41d6-81e4-9b12a3f631de tempest-GroupsTest-1143628088 tempest-GroupsTest-1143628088-project] GET http://10.222.0.10/volume/v3/6ba0c7a859154453a81ccdb6083c2557/groups/108f9839-caa0-4cfd-999f-c2062175d2e0
Aug 08 17:11:08.579169 dv-cinder-803823-3-iscsi devstack@c-api.service[100236]: DEBUG cinder.api.openstack.wsgi [None req-fed35848-4f53-41d6-81e4-9b12a3f631de tempest-GroupsTest-1143628088 tempest-GroupsTest-1143628088-project] Empty body provided in request {{(pid=100236) get_body /opt/stack/cinder/cinder/api/openstack/wsgi.py:703}}
Aug 08 17:11:08.579357 dv-cinder-803823-3-iscsi devstack@c-api.service[100236]: /usr/local/lib/python3.8/dist-packages/webob/acceptparse.py:1047: DeprecationWarning: The behavior of AcceptValidHeader.best_match is currently being maintained for backward compatibility, but it will be deprecated in the future, as it does not conform to the RFC.
Aug 08 17:11:08.579357 dv-cinder-803823-3-iscsi devstack@c-api.service[100236]: warnings.warn(
Aug 08 17:11:08.579686 dv-cinder-803823-3-iscsi devstack@c-api.service[100236]: DEBUG cinder.api.openstack.wsgi [None req-fed35848-4f53-41d6-81e4-9b12a3f631de tempest-GroupsTest-1143628088 tempest-GroupsTest-1143628088-project] Calling method 'version_select' {{(pid=100236) _process_stack /opt/stack/cinder/cinder/api/openstack/wsgi.py:856}}
Aug 08 17:11:08.580022 dv-cinder-803823-3-iscsi devstack@c-api.service[100236]: DEBUG cinder.api.v3.groups [None req-fed35848-4f53-41d6-81e4-9b12a3f631de tempest-GroupsTest-1143628088 tempest-GroupsTest-1143628088-project] show called for member 108f9839-caa0-4cfd-999f-c2062175d2e0 {{(pid=100236) show /opt/stack/cinder/cinder/api/v3/groups.py:58}}
Aug 08 17:11:08.585132 dv-cinder-803823-3-iscsi devstack@c-api.service[100236]: /usr/local/lib/python3.8/dist-packages/oslo_context/context.py:105: DeprecationWarning: Policy enforcement is depending on the value of is_admin. This key is deprecated. Please update your policy file to use the standard policy values.
Aug 08 17:11:08.585132 dv-cinder-803823-3-iscsi devstack@c-api.service[100236]: warnings.warn('Policy enforcement is depending on the value of '
Aug 08 17:11:08.600009 dv-cinder-803823-3-iscsi devstack@c-api.service[100236]: INFO cinder.api.openstack.wsgi [None req-fed35848-4f53-41d6-81e4-9b12a3f631de tempest-GroupsTest-1143628088 tempest-GroupsTest-1143628088-project] http://10.222.0.10/volume/v3/6ba0c7a859154453a81ccdb6083c2557/groups/108f9839-caa0-4cfd-999f-c2062175d2e0 returned with HTTP 200
Aug 08 17:11:08.602704 dv-cinder-803823-3-iscsi devstack@c-api.service[100236]: [pid: 100236|app: 0|req: 213/451] 10.222.0.10 () {60 vars in 1363 bytes} [Sun Aug 8 17:11:08 2021] GET /volume/v3/6ba0c7a859154453a81ccdb6083c2557/groups/108f9839-caa0-4cfd-999f-c2062175d2e0 => generated 321 bytes in 26 msecs (HTTP/1.1 200) 7 headers in 286 bytes (2 switches on core 0)
Aug 08 17:11:08.835241 dv-cinder-803823-3-iscsi devstack@c-api.service[100237]: INFO cinder.api.openstack.wsgi [None req-0991cc56-740f-41e9-9628-63089002f9eb tempest-VolumesExtendTest-1384471000 tempest-VolumesExtendTest-1384471000-project] GET http://10.222.0.10/volume/v3/add87e8e8aab4d929f6b09726d62a2da/volumes/91a7887f-7f36-4850-b057-bf4fd6087491
Aug 08 17:11:08.835917 dv-cinder-803823-3-iscsi devstack@c-api.service[100237]: DEBUG cinder.api.openstack.wsgi [None req-0991cc56-740f-41e9-9628-63089002f9eb tempest-VolumesExtendTest-1384471000 tempest-VolumesExtendTest-1384471000-project] Empty body provided in request {{(pid=100237) get_body /opt/stack/cinder/cinder/api/openstack/wsgi.py:703}}
Aug 08 17:11:08.836140 dv-cinder-803823-3-iscsi devstack@c-api.service[100237]: /usr/local/lib/python3.8/dist-packages/webob/acceptparse.py:1047: DeprecationWarning: The behavior of AcceptValidHeader.best_match is currently being maintained for backward compatibility, but it will be deprecated in the future, as it does not conform to the RFC.
Aug 08 17:11:08.836140 dv-cinder-803823-3-iscsi devstack@c-api.service[100237]: warnings.warn(
Aug 08 17:11:08.836535 dv-cinder-803823-3-iscsi devstack@c-api.service[100237]: DEBUG cinder.api.openstack.wsgi [None req-0991cc56-740f-41e9-9628-63089002f9eb tempest-VolumesExtendTest-1384471000 tempest-VolumesExtendTest-1384471000-project] Calling method 'show' {{(pid=100237) _process_stack /opt/stack/cinder/cinder/api/openstack/wsgi.py:856}}
Aug 08 17:11:08.849966 dv-cinder-803823-3-iscsi devstack@c-api.service[100237]: /usr/local/lib/python3.8/dist-packages/oslo_context/context.py:105: DeprecationWarning: Policy enforcement is depending on the value of is_admin. This key is deprecated. Please update your policy file to use the standard policy values.
Aug 08 17:11:08.849966 dv-cinder-803823-3-iscsi devstack@c-api.service[100237]: warnings.warn('Policy enforcement is depending on the value of '
Aug 08 17:11:08.857469 dv-cinder-803823-3-iscsi devstack@c-api.service[100237]: INFO cinder.volume.api [None req-0991cc56-740f-41e9-9628-63089002f9eb tempest-VolumesExtendTest-1384471000 tempest-VolumesExtendTest-1384471000-project] Volume info retrieved successfully.
Aug 08 17:11:08.871708 dv-cinder-803823-3-iscsi devstack@c-api.service[100237]: INFO cinder.api.openstack.wsgi [None req-0991cc56-740f-41e9-9628-63089002f9eb tempest-VolumesExtendTest-1384471000 tempest-VolumesExtendTest-1384471000-project] http://10.222.0.10/volume/v3/add87e8e8aab4d929f6b09726d62a2da/volumes/91a7887f-7f36-4850-b057-bf4fd6087491 returned with HTTP 200
Aug 08 17:11:08.872440 dv-cinder-803823-3-iscsi devstack@c-api.service[100237]: [pid: 100237|app: 0|req: 239/452] 10.222.0.10 () {58 vars in 1325 bytes} [Sun Aug 8 17:11:08 2021] GET /volume/v3/add87e8e8aab4d929f6b09726d62a2da/volumes/91a7887f-7f36-4850-b057-bf4fd6087491 => generated 909 bytes in 41 msecs (HTTP/1.1 200) 7 headers in 285 bytes (1 switches on core 0)
Aug 08 17:11:09.440503 dv-cinder-803823-3-iscsi devstack@c-api.service[100236]: INFO cinder.api.openstack.wsgi [None req-b5d494ed-97fe-4121-98d1-aeaaefe81ed4 tempest-VolumesMetadataTest-1966494059 tempest-VolumesMetadataTest-1966494059-project] GET http://10.222.0.10/volume/v3/6d5195f406094716b9f4d22500968ae8/volumes/c457e809-3155-44b5-a270-8188329e9886
Aug 08 17:11:09.441096 dv-cinder-803823-3-iscsi devstack@c-api.service[100236]: DEBUG cinder.api.openstack.wsgi [None req-b5d494ed-97fe-4121-98d1-aeaaefe81ed4 tempest-VolumesMetadataTest-1966494059 tempest-VolumesMetadataTest-1966494059-project] Empty body provided in request {{(pid=100236) get_body /opt/stack/cinder/cinder/api/openstack/wsgi.py:703}}
Aug 08 17:11:09.441096 dv-cinder-803823-3-iscsi devstack@c-api.service[100236]: /usr/local/lib/python3.8/dist-packages/webob/acceptparse.py:1047: DeprecationWarning: The behavior of AcceptValidHeader.best_match is currently being maintained for backward compatibility, but it will be deprecated in the future, as it does not conform to the RFC.
Aug 08 17:11:09.441096 dv-cinder-803823-3-iscsi devstack@c-api.service[100236]: warnings.warn(
Aug 08 17:11:09.441349 dv-cinder-803823-3-iscsi devstack@c-api.service[100236]: DEBUG cinder.api.openstack.wsgi [None req-b5d494ed-97fe-4121-98d1-aeaaefe81ed4 tempest-VolumesMetadataTest-1966494059 tempest-VolumesMetadataTest-1966494059-project] Calling method 'show' {{(pid=100236) _process_stack /opt/stack/cinder/cinder/api/openstack/wsgi.py:856}}
Aug 08 17:11:09.452064 dv-cinder-803823-3-iscsi devstack@c-api.service[100236]: INFO cinder.api.openstack.wsgi [None req-b5d494ed-97fe-4121-98d1-aeaaefe81ed4 tempest-VolumesMetadataTest-1966494059 tempest-VolumesMetadataTest-1966494059-project] http://10.222.0.10/volume/v3/6d5195f406094716b9f4d22500968ae8/volumes/c457e809-3155-44b5-a270-8188329e9886 returned with HTTP 404
Aug 08 17:11:09.452980 dv-cinder-803823-3-iscsi devstack@c-api.service[100236]: [pid: 100236|app: 0|req: 214/453] 10.222.0.10 () {58 vars in 1325 bytes} [Sun Aug 8 17:11:09 2021] GET /volume/v3/6d5195f406094716b9f4d22500968ae8/volumes/c457e809-3155-44b5-a270-8188329e9886 => generated 109 bytes in 17 msecs (HTTP/1.1 404) 7 headers in 292 bytes (1 switches on core 0)
Aug 08 17:11:09.507556 dv-cinder-803823-3-iscsi devstack@c-api.service[100237]: INFO cinder.api.openstack.wsgi [None req-6e42e572-a1f7-4c6f-b307-db8222a0ec44 tempest-DeleteServersTestJSON-1754522365 tempest-DeleteServersTestJSON-1754522365-project] GET http://10.222.0.10/volume/v3/064a3f710b4e41d6be8f1ab6b778bee6/volumes/3867f455-3597-43e9-b722-575f6de0d658
Aug 08 17:11:09.509563 dv-cinder-803823-3-iscsi devstack@c-api.service[100237]: DEBUG cinder.api.openstack.wsgi [None req-6e42e572-a1f7-4c6f-b307-db8222a0ec44 tempest-DeleteServersTestJSON-1754522365 tempest-DeleteServersTestJSON-1754522365-project] Empty body provided in request {{(pid=100237) get_body /opt/stack/cinder/cinder/api/openstack/wsgi.py:703}}
Aug 08 17:11:09.509797 dv-cinder-803823-3-iscsi devstack@c-api.service[100237]: /usr/local/lib/python3.8/dist-packages/webob/acceptparse.py:1047: DeprecationWarning: The behavior of AcceptValidHeader.best_match is currently being maintained for backward compatibility, but it will be deprecated in the future, as it does not conform to the RFC.
Aug 08 17:11:09.509797 dv-cinder-803823-3-iscsi devstack@c-api.service[100237]: warnings.warn(
Aug 08 17:11:09.510267 dv-cinder-803823-3-iscsi devstack@c-api.service[100237]: DEBUG cinder.api.openstack.wsgi [None req-6e42e572-a1f7-4c6f-b307-db8222a0ec44 tempest-DeleteServersTestJSON-1754522365 tempest-DeleteServersTestJSON-1754522365-project] Calling method 'show' {{(pid=100237) _process_stack /opt/stack/cinder/cinder/api/openstack/wsgi.py:856}}
Aug 08 17:11:09.523934 dv-cinder-803823-3-iscsi devstack@c-api.service[100237]: /usr/local/lib/python3.8/dist-packages/oslo_context/context.py:105: DeprecationWarning: Policy enforcement is depending on the value of is_admin. This key is deprecated. Please update your policy file to use the standard policy values.
Aug 08 17:11:09.523934 dv-cinder-803823-3-iscsi devstack@c-api.service[100237]: warnings.warn('Policy enforcement is depending on the value of '
Aug 08 17:11:09.533524 dv-cinder-803823-3-iscsi devstack@c-api.service[100237]: INFO cinder.volume.api [None req-6e42e572-a1f7-4c6f-b307-db8222a0ec44 tempest-DeleteServersTestJSON-1754522365 tempest-DeleteServersTestJSON-1754522365-project] Volume info retrieved successfully.
Aug 08 17:11:09.546038 dv-cinder-803823-3-iscsi devstack@c-api.service[100237]: /usr/local/lib/python3.8/dist-packages/oslo_context/context.py:105: DeprecationWarning: Policy enforcement is depending on the value of is_admin. This key is deprecated. Please update your policy file to use the standard policy values.
Aug 08 17:11:09.546038 dv-cinder-803823-3-iscsi devstack@c-api.service[100237]: warnings.warn('Policy enforcement is depending on the value of '
Aug 08 17:11:09.553989 dv-cinder-803823-3-iscsi devstack@c-api.service[100237]: INFO cinder.api.openstack.wsgi [None req-6e42e572-a1f7-4c6f-b307-db8222a0ec44 tempest-DeleteServersTestJSON-1754522365 tempest-DeleteServersTestJSON-1754522365-project] http://10.222.0.10/volume/v3/064a3f710b4e41d6be8f1ab6b778bee6/volumes/3867f455-3597-43e9-b722-575f6de0d658 returned with HTTP 200
Aug 08 17:11:09.563260 dv-cinder-803823-3-iscsi devstack@c-api.service[100237]: [pid: 100237|app: 0|req: 240/454] 10.222.0.10 () {58 vars in 1325 bytes} [Sun Aug 8 17:11:09 2021] GET /volume/v3/064a3f710b4e41d6be8f1ab6b778bee6/volumes/3867f455-3597-43e9-b722-575f6de0d658 => generated 914 bytes in 54 msecs (HTTP/1.1 200) 7 headers in 285 bytes (1 switches on core 0)
Aug 08 17:11:09.567297 dv-cinder-803823-3-iscsi devstack@c-api.service[100236]: INFO cinder.api.openstack.wsgi [None req-97812055-d9ad-40a6-9e30-69de91b009b9 tempest-VolumesActionsTest-674463095 tempest-VolumesActionsTest-674463095-project] GET http://10.222.0.10/volume/v3/b584e64fa0804555a2db8648d2498220/volumes/d4e4602c-48dc-4773-96f6-9384985a7c5b
Aug 08 17:11:09.567747 dv-cinder-803823-3-iscsi devstack@c-api.service[100236]: DEBUG cinder.api.openstack.wsgi [None req-97812055-d9ad-40a6-9e30-69de91b009b9 tempest-VolumesActionsTest-674463095 tempest-VolumesActionsTest-674463095-project] Empty body provided in request {{(pid=100236) get_body /opt/stack/cinder/cinder/api/openstack/wsgi.py:703}}
Aug 08 17:11:09.568146 dv-cinder-803823-3-iscsi devstack@c-api.service[100236]: DEBUG cinder.api.openstack.wsgi [None req-97812055-d9ad-40a6-9e30-69de91b009b9 tempest-VolumesActionsTest-674463095 tempest-VolumesActionsTest-674463095-project] Calling method 'show' {{(pid=100236) _process_stack /opt/stack/cinder/cinder/api/openstack/wsgi.py:856}}
Aug 08 17:11:09.579297 dv-cinder-803823-3-iscsi devstack@c-api.service[100236]: INFO cinder.api.openstack.wsgi [None req-97812055-d9ad-40a6-9e30-69de91b009b9 tempest-VolumesActionsTest-674463095 tempest-VolumesActionsTest-674463095-project] http://10.222.0.10/volume/v3/b584e64fa0804555a2db8648d2498220/volumes/d4e4602c-48dc-4773-96f6-9384985a7c5b returned with HTTP 404
Aug 08 17:11:09.580965 dv-cinder-803823-3-iscsi devstack@c-api.service[100236]: [pid: 100236|app: 0|req: 215/455] 10.222.0.10 () {58 vars in 1325 bytes} [Sun Aug 8 17:11:09 2021] GET /volume/v3/b584e64fa0804555a2db8648d2498220/volumes/d4e4602c-48dc-4773-96f6-9384985a7c5b => generated 109 bytes in 17 msecs (HTTP/1.1 404) 7 headers in 292 bytes (1 switches on core 0)
Aug 08 17:11:09.589246 dv-cinder-803823-3-iscsi devstack@c-api.service[100237]: INFO cinder.api.openstack.wsgi [None req-03f28912-fdd4-4595-b9a0-8be3214c4752 tempest-VolumesActionsTest-674463095 tempest-VolumesActionsTest-674463095-project] POST http://10.222.0.10/volume/v3/b584e64fa0804555a2db8648d2498220/volumes
Aug 08 17:11:09.589686 dv-cinder-803823-3-iscsi devstack@c-api.service[100237]: /usr/local/lib/python3.8/dist-packages/webob/acceptparse.py:1047: DeprecationWarning: The behavior of AcceptValidHeader.best_match is currently being maintained for backward compatibility, but it will be deprecated in the future, as it does not conform to the RFC.
