Aug 07 14:28:12.360318 dv-cinder-803823-2-iscsi devstack@c-api.service[100906]: [pid: 100906|app: 0|req: 30/57] 10.222.0.26 () {60 vars in 1432 bytes} [Sat Aug 7 14:28:12 2021] DELETE /volume/v3/0a64c880b383408cab25d855ab46d7a3/group_types/9ef35c72-634e-4db8-8752-ff8d604d48be/group_specs/key1 => generated 0 bytes in 293 msecs (HTTP/1.1 202) 6 headers in 234 bytes (1 switches on core 0)
Aug 07 14:28:12.368658 dv-cinder-803823-2-iscsi devstack@c-api.service[100907]: INFO cinder.api.openstack.wsgi [None req-604a99cd-f3fa-4eec-8d29-d7f615d9c040 tempest-GroupTypeSpecsTest-612238389 tempest-GroupTypeSpecsTest-612238389-project-admin] GET http://10.222.0.26/volume/v3/0a64c880b383408cab25d855ab46d7a3/group_types/9ef35c72-634e-4db8-8752-ff8d604d48be/group_specs/key1
Aug 07 14:28:12.369180 dv-cinder-803823-2-iscsi devstack@c-api.service[100907]: DEBUG cinder.api.openstack.wsgi [None req-604a99cd-f3fa-4eec-8d29-d7f615d9c040 tempest-GroupTypeSpecsTest-612238389 tempest-GroupTypeSpecsTest-612238389-project-admin] Empty body provided in request {{(pid=100907) get_body /opt/stack/cinder/cinder/api/openstack/wsgi.py:703}}
Aug 07 14:28:12.369603 dv-cinder-803823-2-iscsi devstack@c-api.service[100907]: DEBUG cinder.api.openstack.wsgi [None req-604a99cd-f3fa-4eec-8d29-d7f615d9c040 tempest-GroupTypeSpecsTest-612238389 tempest-GroupTypeSpecsTest-612238389-project-admin] Calling method 'version_select' {{(pid=100907) _process_stack /opt/stack/cinder/cinder/api/openstack/wsgi.py:856}}
Aug 07 14:28:12.421648 dv-cinder-803823-2-iscsi devstack@c-api.service[100907]: INFO cinder.api.openstack.wsgi [None req-604a99cd-f3fa-4eec-8d29-d7f615d9c040 tempest-GroupTypeSpecsTest-612238389 tempest-GroupTypeSpecsTest-612238389-project-admin] HTTP exception thrown: Group Type 9ef35c72-634e-4db8-8752-ff8d604d48be has no extra spec with key key1.
Aug 07 14:28:12.422350 dv-cinder-803823-2-iscsi devstack@c-api.service[100907]: INFO cinder.api.openstack.wsgi [None req-604a99cd-f3fa-4eec-8d29-d7f615d9c040 tempest-GroupTypeSpecsTest-612238389 tempest-GroupTypeSpecsTest-612238389-project-admin] http://10.222.0.26/volume/v3/0a64c880b383408cab25d855ab46d7a3/group_types/9ef35c72-634e-4db8-8752-ff8d604d48be/group_specs/key1 returned with HTTP 404
Aug 07 14:28:12.423655 dv-cinder-803823-2-iscsi devstack@c-api.service[100907]: [pid: 100907|app: 0|req: 28/58] 10.222.0.26 () {60 vars in 1429 bytes} [Sat Aug 7 14:28:12 2021] GET /volume/v3/0a64c880b383408cab25d855ab46d7a3/group_types/9ef35c72-634e-4db8-8752-ff8d604d48be/group_specs/key1 => generated 126 bytes in 59 msecs (HTTP/1.1 404) 7 headers in 293 bytes (1 switches on core 0)
Aug 07 14:28:12.434429 dv-cinder-803823-2-iscsi devstack@c-api.service[100906]: INFO cinder.api.openstack.wsgi [None req-1b1b8c4a-9e1d-4c4f-83c9-48abfd3c6b80 tempest-GroupTypeSpecsTest-612238389 tempest-GroupTypeSpecsTest-612238389-project-admin] DELETE http://10.222.0.26/volume/v3/0a64c880b383408cab25d855ab46d7a3/group_types/9ef35c72-634e-4db8-8752-ff8d604d48be
Aug 07 14:28:12.435736 dv-cinder-803823-2-iscsi devstack@c-api.service[100906]: DEBUG cinder.api.openstack.wsgi [None req-1b1b8c4a-9e1d-4c4f-83c9-48abfd3c6b80 tempest-GroupTypeSpecsTest-612238389 tempest-GroupTypeSpecsTest-612238389-project-admin] Empty body provided in request {{(pid=100906) get_body /opt/stack/cinder/cinder/api/openstack/wsgi.py:703}}
Aug 07 14:28:12.436475 dv-cinder-803823-2-iscsi devstack@c-api.service[100906]: DEBUG cinder.api.openstack.wsgi [None req-1b1b8c4a-9e1d-4c4f-83c9-48abfd3c6b80 tempest-GroupTypeSpecsTest-612238389 tempest-GroupTypeSpecsTest-612238389-project-admin] Calling method 'version_select' {{(pid=100906) _process_stack /opt/stack/cinder/cinder/api/openstack/wsgi.py:856}}
Aug 07 14:28:12.655765 dv-cinder-803823-2-iscsi devstack@c-api.service[100906]: INFO cinder.api.openstack.wsgi [None req-1b1b8c4a-9e1d-4c4f-83c9-48abfd3c6b80 tempest-GroupTypeSpecsTest-612238389 tempest-GroupTypeSpecsTest-612238389-project-admin] http://10.222.0.26/volume/v3/0a64c880b383408cab25d855ab46d7a3/group_types/9ef35c72-634e-4db8-8752-ff8d604d48be returned with HTTP 202
Aug 07 14:28:12.657377 dv-cinder-803823-2-iscsi devstack@c-api.service[100906]: [pid: 100906|app: 0|req: 31/59] 10.222.0.26 () {60 vars in 1381 bytes} [Sat Aug 7 14:28:12 2021] DELETE /volume/v3/0a64c880b383408cab25d855ab46d7a3/group_types/9ef35c72-634e-4db8-8752-ff8d604d48be => generated 0 bytes in 229 msecs (HTTP/1.1 202) 6 headers in 234 bytes (1 switches on core 0)
Aug 07 14:28:12.735864 dv-cinder-803823-2-iscsi devstack@c-api.service[100907]: INFO cinder.api.openstack.wsgi [None req-b45d9d42-bd63-4550-ab86-a8922a00502c tempest-GroupSnapshotsTest-1992745740 tempest-GroupSnapshotsTest-1992745740-project] GET http://10.222.0.26/volume/v3/96a30cac1ce84a74bf394b1cd18bc0b2/group_snapshots/540b3d87-8b0b-4eec-bef7-0d34bf9c4534
Aug 07 14:28:12.737141 dv-cinder-803823-2-iscsi devstack@c-api.service[100907]: DEBUG cinder.api.openstack.wsgi [None req-b45d9d42-bd63-4550-ab86-a8922a00502c tempest-GroupSnapshotsTest-1992745740 tempest-GroupSnapshotsTest-1992745740-project] Empty body provided in request {{(pid=100907) get_body /opt/stack/cinder/cinder/api/openstack/wsgi.py:703}}
Aug 07 14:28:12.737705 dv-cinder-803823-2-iscsi devstack@c-api.service[100907]: DEBUG cinder.api.openstack.wsgi [None req-b45d9d42-bd63-4550-ab86-a8922a00502c tempest-GroupSnapshotsTest-1992745740 tempest-GroupSnapshotsTest-1992745740-project] Calling method 'version_select' {{(pid=100907) _process_stack /opt/stack/cinder/cinder/api/openstack/wsgi.py:856}}
Aug 07 14:28:12.738378 dv-cinder-803823-2-iscsi devstack@c-api.service[100907]: DEBUG cinder.api.v3.group_snapshots [None req-b45d9d42-bd63-4550-ab86-a8922a00502c tempest-GroupSnapshotsTest-1992745740 tempest-GroupSnapshotsTest-1992745740-project] show called for member 540b3d87-8b0b-4eec-bef7-0d34bf9c4534 {{(pid=100907) show /opt/stack/cinder/cinder/api/v3/group_snapshots.py:58}}
Aug 07 14:28:12.749880 dv-cinder-803823-2-iscsi devstack@c-api.service[100907]: /usr/local/lib/python3.8/dist-packages/oslo_context/context.py:105: DeprecationWarning: Policy enforcement is depending on the value of is_admin. This key is deprecated. Please update your policy file to use the standard policy values.
Aug 07 14:28:12.749880 dv-cinder-803823-2-iscsi devstack@c-api.service[100907]: warnings.warn('Policy enforcement is depending on the value of '
Aug 07 14:28:12.776186 dv-cinder-803823-2-iscsi devstack@c-api.service[100907]: INFO cinder.api.openstack.wsgi [None req-b45d9d42-bd63-4550-ab86-a8922a00502c tempest-GroupSnapshotsTest-1992745740 tempest-GroupSnapshotsTest-1992745740-project] http://10.222.0.26/volume/v3/96a30cac1ce84a74bf394b1cd18bc0b2/group_snapshots/540b3d87-8b0b-4eec-bef7-0d34bf9c4534 returned with HTTP 200
Aug 07 14:28:12.788246 dv-cinder-803823-2-iscsi devstack@c-api.service[100907]: [pid: 100907|app: 0|req: 29/60] 10.222.0.26 () {60 vars in 1390 bytes} [Sat Aug 7 14:28:12 2021] GET /volume/v3/96a30cac1ce84a74bf394b1cd18bc0b2/group_snapshots/540b3d87-8b0b-4eec-bef7-0d34bf9c4534 => generated 306 bytes in 57 msecs (HTTP/1.1 200) 7 headers in 286 bytes (1 switches on core 0)
Aug 07 14:28:13.791430 dv-cinder-803823-2-iscsi devstack@c-api.service[100906]: INFO cinder.api.openstack.wsgi [None req-4b31f98b-a6a5-475a-ab9f-4ecde76f2246 tempest-GroupSnapshotsTest-1992745740 tempest-GroupSnapshotsTest-1992745740-project] GET http://10.222.0.26/volume/v3/96a30cac1ce84a74bf394b1cd18bc0b2/group_snapshots/540b3d87-8b0b-4eec-bef7-0d34bf9c4534
Aug 07 14:28:13.794132 dv-cinder-803823-2-iscsi devstack@c-api.service[100906]: DEBUG cinder.api.openstack.wsgi [None req-4b31f98b-a6a5-475a-ab9f-4ecde76f2246 tempest-GroupSnapshotsTest-1992745740 tempest-GroupSnapshotsTest-1992745740-project] Empty body provided in request {{(pid=100906) get_body /opt/stack/cinder/cinder/api/openstack/wsgi.py:703}}
Aug 07 14:28:13.795559 dv-cinder-803823-2-iscsi devstack@c-api.service[100906]: DEBUG cinder.api.openstack.wsgi [None req-4b31f98b-a6a5-475a-ab9f-4ecde76f2246 tempest-GroupSnapshotsTest-1992745740 tempest-GroupSnapshotsTest-1992745740-project] Calling method 'version_select' {{(pid=100906) _process_stack /opt/stack/cinder/cinder/api/openstack/wsgi.py:856}}
Aug 07 14:28:13.796577 dv-cinder-803823-2-iscsi devstack@c-api.service[100906]: DEBUG cinder.api.v3.group_snapshots [None req-4b31f98b-a6a5-475a-ab9f-4ecde76f2246 tempest-GroupSnapshotsTest-1992745740 tempest-GroupSnapshotsTest-1992745740-project] show called for member 540b3d87-8b0b-4eec-bef7-0d34bf9c4534 {{(pid=100906) show /opt/stack/cinder/cinder/api/v3/group_snapshots.py:58}}
Aug 07 14:28:13.812639 dv-cinder-803823-2-iscsi devstack@c-api.service[100906]: /usr/local/lib/python3.8/dist-packages/oslo_context/context.py:105: DeprecationWarning: Policy enforcement is depending on the value of is_admin. This key is deprecated. Please update your policy file to use the standard policy values.
Aug 07 14:28:13.812639 dv-cinder-803823-2-iscsi devstack@c-api.service[100906]: warnings.warn('Policy enforcement is depending on the value of '
Aug 07 14:28:13.835345 dv-cinder-803823-2-iscsi devstack@c-api.service[100906]: INFO cinder.api.openstack.wsgi [None req-4b31f98b-a6a5-475a-ab9f-4ecde76f2246 tempest-GroupSnapshotsTest-1992745740 tempest-GroupSnapshotsTest-1992745740-project] http://10.222.0.26/volume/v3/96a30cac1ce84a74bf394b1cd18bc0b2/group_snapshots/540b3d87-8b0b-4eec-bef7-0d34bf9c4534 returned with HTTP 200
Aug 07 14:28:13.838782 dv-cinder-803823-2-iscsi devstack@c-api.service[100906]: [pid: 100906|app: 0|req: 32/61] 10.222.0.26 () {60 vars in 1390 bytes} [Sat Aug 7 14:28:13 2021] GET /volume/v3/96a30cac1ce84a74bf394b1cd18bc0b2/group_snapshots/540b3d87-8b0b-4eec-bef7-0d34bf9c4534 => generated 307 bytes in 52 msecs (HTTP/1.1 200) 7 headers in 286 bytes (1 switches on core 0)
Aug 07 14:28:13.860795 dv-cinder-803823-2-iscsi devstack@c-api.service[100907]: INFO cinder.api.openstack.wsgi [None req-1cb624d4-1461-454f-964d-0ee91dd5a6cb tempest-GroupSnapshotsTest-1992745740 tempest-GroupSnapshotsTest-1992745740-project] GET http://10.222.0.26/volume/v3/96a30cac1ce84a74bf394b1cd18bc0b2/snapshots/detail
Aug 07 14:28:13.869157 dv-cinder-803823-2-iscsi devstack@c-api.service[100907]: DEBUG cinder.api.openstack.wsgi [None req-1cb624d4-1461-454f-964d-0ee91dd5a6cb tempest-GroupSnapshotsTest-1992745740 tempest-GroupSnapshotsTest-1992745740-project] Empty body provided in request {{(pid=100907) get_body /opt/stack/cinder/cinder/api/openstack/wsgi.py:703}}
Aug 07 14:28:13.871089 dv-cinder-803823-2-iscsi devstack@c-api.service[100907]: /usr/local/lib/python3.8/dist-packages/webob/acceptparse.py:1047: DeprecationWarning: The behavior of AcceptValidHeader.best_match is currently being maintained for backward compatibility, but it will be deprecated in the future, as it does not conform to the RFC.
Aug 07 14:28:13.871089 dv-cinder-803823-2-iscsi devstack@c-api.service[100907]: warnings.warn(
Aug 07 14:28:13.874136 dv-cinder-803823-2-iscsi devstack@c-api.service[100907]: DEBUG cinder.api.openstack.wsgi [None req-1cb624d4-1461-454f-964d-0ee91dd5a6cb tempest-GroupSnapshotsTest-1992745740 tempest-GroupSnapshotsTest-1992745740-project] Calling method 'detail' {{(pid=100907) _process_stack /opt/stack/cinder/cinder/api/openstack/wsgi.py:856}}
Aug 07 14:28:13.879851 dv-cinder-803823-2-iscsi devstack@c-api.service[100907]: DEBUG cinder.api.api_utils [None req-1cb624d4-1461-454f-964d-0ee91dd5a6cb tempest-GroupSnapshotsTest-1992745740 tempest-GroupSnapshotsTest-1992745740-project] Removing options '' from query. {{(pid=100907) remove_invalid_filter_options /opt/stack/cinder/cinder/api/api_utils.py:73}}
Aug 07 14:28:13.901175 dv-cinder-803823-2-iscsi devstack@c-api.service[100907]: DEBUG cinder.db.sqlalchemy.api [None req-1cb624d4-1461-454f-964d-0ee91dd5a6cb tempest-GroupSnapshotsTest-1992745740 tempest-GroupSnapshotsTest-1992745740-project] Building query based on filter {{(pid=100907) _process_snaps_filters /opt/stack/cinder/cinder/db/sqlalchemy/api.py:3138}}
Aug 07 14:28:14.151162 dv-cinder-803823-2-iscsi devstack@c-api.service[100907]: INFO cinder.volume.api [None req-1cb624d4-1461-454f-964d-0ee91dd5a6cb tempest-GroupSnapshotsTest-1992745740 tempest-GroupSnapshotsTest-1992745740-project] Get all snapshots completed successfully.
Aug 07 14:28:14.151162 dv-cinder-803823-2-iscsi devstack@c-api.service[100907]: /usr/local/lib/python3.8/dist-packages/oslo_context/context.py:105: DeprecationWarning: Policy enforcement is depending on the value of is_admin. This key is deprecated. Please update your policy file to use the standard policy values.
Aug 07 14:28:14.151162 dv-cinder-803823-2-iscsi devstack@c-api.service[100907]: warnings.warn('Policy enforcement is depending on the value of '
Aug 07 14:28:14.151162 dv-cinder-803823-2-iscsi devstack@c-api.service[100907]: INFO cinder.api.openstack.wsgi [None req-1cb624d4-1461-454f-964d-0ee91dd5a6cb tempest-GroupSnapshotsTest-1992745740 tempest-GroupSnapshotsTest-1992745740-project] http://10.222.0.26/volume/v3/96a30cac1ce84a74bf394b1cd18bc0b2/snapshots/detail returned with HTTP 200
Aug 07 14:28:14.151162 dv-cinder-803823-2-iscsi devstack@c-api.service[100907]: [pid: 100907|app: 0|req: 30/62] 10.222.0.26 () {58 vars in 1241 bytes} [Sat Aug 7 14:28:13 2021] GET /volume/v3/96a30cac1ce84a74bf394b1cd18bc0b2/snapshots/detail => generated 453 bytes in 295 msecs (HTTP/1.1 200) 7 headers in 285 bytes (2 switches on core 0)
Aug 07 14:28:14.174882 dv-cinder-803823-2-iscsi devstack@c-api.service[100906]: INFO cinder.api.openstack.wsgi [None req-b4754344-efc9-4a9f-a472-065119bd56ee tempest-GroupSnapshotsTest-1992745740 tempest-GroupSnapshotsTest-1992745740-project] GET http://10.222.0.26/volume/v3/96a30cac1ce84a74bf394b1cd18bc0b2/snapshots/40e4b55a-2879-466f-8726-8dd59622b6a9
Aug 07 14:28:14.182469 dv-cinder-803823-2-iscsi devstack@c-api.service[100906]: DEBUG cinder.api.openstack.wsgi [None req-b4754344-efc9-4a9f-a472-065119bd56ee tempest-GroupSnapshotsTest-1992745740 tempest-GroupSnapshotsTest-1992745740-project] Empty body provided in request {{(pid=100906) get_body /opt/stack/cinder/cinder/api/openstack/wsgi.py:703}}
Aug 07 14:28:14.182469 dv-cinder-803823-2-iscsi devstack@c-api.service[100906]: /usr/local/lib/python3.8/dist-packages/webob/acceptparse.py:1047: DeprecationWarning: The behavior of AcceptValidHeader.best_match is currently being maintained for backward compatibility, but it will be deprecated in the future, as it does not conform to the RFC.
Aug 07 14:28:14.182469 dv-cinder-803823-2-iscsi devstack@c-api.service[100906]: warnings.warn(
Aug 07 14:28:14.182469 dv-cinder-803823-2-iscsi devstack@c-api.service[100906]: DEBUG cinder.api.openstack.wsgi [None req-b4754344-efc9-4a9f-a472-065119bd56ee tempest-GroupSnapshotsTest-1992745740 tempest-GroupSnapshotsTest-1992745740-project] Calling method 'show' {{(pid=100906) _process_stack /opt/stack/cinder/cinder/api/openstack/wsgi.py:856}}
Aug 07 14:28:14.200644 dv-cinder-803823-2-iscsi devstack@c-api.service[100906]: /usr/local/lib/python3.8/dist-packages/oslo_context/context.py:105: DeprecationWarning: Policy enforcement is depending on the value of is_admin. This key is deprecated. Please update your policy file to use the standard policy values.
Aug 07 14:28:14.200644 dv-cinder-803823-2-iscsi devstack@c-api.service[100906]: warnings.warn('Policy enforcement is depending on the value of '
Aug 07 14:28:14.206770 dv-cinder-803823-2-iscsi devstack@c-api.service[100906]: INFO cinder.volume.api [None req-b4754344-efc9-4a9f-a472-065119bd56ee tempest-GroupSnapshotsTest-1992745740 tempest-GroupSnapshotsTest-1992745740-project] Snapshot retrieved successfully.
Aug 07 14:28:14.224172 dv-cinder-803823-2-iscsi devstack@c-api.service[100906]: INFO cinder.api.openstack.wsgi [None req-b4754344-efc9-4a9f-a472-065119bd56ee tempest-GroupSnapshotsTest-1992745740 tempest-GroupSnapshotsTest-1992745740-project] http://10.222.0.26/volume/v3/96a30cac1ce84a74bf394b1cd18bc0b2/snapshots/40e4b55a-2879-466f-8726-8dd59622b6a9 returned with HTTP 200
Aug 07 14:28:14.228656 dv-cinder-803823-2-iscsi devstack@c-api.service[100906]: [pid: 100906|app: 0|req: 33/63] 10.222.0.26 () {58 vars in 1331 bytes} [Sat Aug 7 14:28:14 2021] GET /volume/v3/96a30cac1ce84a74bf394b1cd18bc0b2/snapshots/40e4b55a-2879-466f-8726-8dd59622b6a9 => generated 450 bytes in 59 msecs (HTTP/1.1 200) 7 headers in 285 bytes (1 switches on core 0)
Aug 07 14:28:14.241829 dv-cinder-803823-2-iscsi devstack@c-api.service[100907]: INFO cinder.api.openstack.wsgi [None req-cf2a4b6b-c83b-418c-a294-562755a11d39 tempest-GroupSnapshotsTest-1992745740 tempest-GroupSnapshotsTest-1992745740-project] POST http://10.222.0.26/volume/v3/96a30cac1ce84a74bf394b1cd18bc0b2/groups/action
Aug 07 14:28:14.242652 dv-cinder-803823-2-iscsi devstack@c-api.service[100907]: /usr/local/lib/python3.8/dist-packages/webob/acceptparse.py:1047: DeprecationWarning: The behavior of AcceptValidHeader.best_match is currently being maintained for backward compatibility, but it will be deprecated in the future, as it does not conform to the RFC.
Aug 07 14:28:14.242652 dv-cinder-803823-2-iscsi devstack@c-api.service[100907]: warnings.warn(
Aug 07 14:28:14.243769 dv-cinder-803823-2-iscsi devstack@c-api.service[100907]: DEBUG cinder.api.openstack.wsgi [None req-cf2a4b6b-c83b-418c-a294-562755a11d39 tempest-GroupSnapshotsTest-1992745740 tempest-GroupSnapshotsTest-1992745740-project] Action body: b'{"create-from-src": {"group_snapshot_id": "540b3d87-8b0b-4eec-bef7-0d34bf9c4534", "name": "tempest-Group_from_snap-854318519"}}' {{(pid=100907) get_method /opt/stack/cinder/cinder/api/openstack/wsgi.py:971}}
Aug 07 14:28:14.244426 dv-cinder-803823-2-iscsi devstack@c-api.service[100907]: DEBUG cinder.api.openstack.wsgi [None req-cf2a4b6b-c83b-418c-a294-562755a11d39 tempest-GroupSnapshotsTest-1992745740 tempest-GroupSnapshotsTest-1992745740-project] Action: 'action', calling method: version_select, body: {"create-from-src": {"group_snapshot_id": "540b3d87-8b0b-4eec-bef7-0d34bf9c4534", "name": "tempest-Group_from_snap-854318519"}} {{(pid=100907) _process_stack /opt/stack/cinder/cinder/api/openstack/wsgi.py:854}}
Aug 07 14:28:14.245891 dv-cinder-803823-2-iscsi devstack@c-api.service[100907]: DEBUG cinder.api.v3.groups [None req-cf2a4b6b-c83b-418c-a294-562755a11d39 tempest-GroupSnapshotsTest-1992745740 tempest-GroupSnapshotsTest-1992745740-project] Creating new group {'create-from-src': {'group_snapshot_id': '540b3d87-8b0b-4eec-bef7-0d34bf9c4534', 'name': 'tempest-Group_from_snap-854318519'}}. {{(pid=100907) create_from_src /opt/stack/cinder/cinder/api/v3/groups.py:236}}
Aug 07 14:28:14.246422 dv-cinder-803823-2-iscsi devstack@c-api.service[100907]: INFO cinder.api.v3.groups [None req-cf2a4b6b-c83b-418c-a294-562755a11d39 tempest-GroupSnapshotsTest-1992745740 tempest-GroupSnapshotsTest-1992745740-project] Creating group tempest-Group_from_snap-854318519 from group_snapshot 540b3d87-8b0b-4eec-bef7-0d34bf9c4534.
Aug 07 14:28:14.262722 dv-cinder-803823-2-iscsi devstack@c-api.service[100907]: /usr/local/lib/python3.8/dist-packages/oslo_context/context.py:105: DeprecationWarning: Policy enforcement is depending on the value of is_admin. This key is deprecated. Please update your policy file to use the standard policy values.
Aug 07 14:28:14.262722 dv-cinder-803823-2-iscsi devstack@c-api.service[100907]: warnings.warn('Policy enforcement is depending on the value of '
Aug 07 14:28:14.294316 dv-cinder-803823-2-iscsi devstack@c-api.service[100907]: /usr/local/lib/python3.8/dist-packages/oslo_context/context.py:105: DeprecationWarning: Policy enforcement is depending on the value of is_admin. This key is deprecated. Please update your policy file to use the standard policy values.
Aug 07 14:28:14.294316 dv-cinder-803823-2-iscsi devstack@c-api.service[100907]: warnings.warn('Policy enforcement is depending on the value of '
Aug 07 14:28:14.310042 dv-cinder-803823-2-iscsi devstack@c-api.service[100907]: /usr/local/lib/python3.8/dist-packages/oslo_context/context.py:105: DeprecationWarning: Policy enforcement is depending on the value of is_admin. This key is deprecated. Please update your policy file to use the standard policy values.
Aug 07 14:28:14.310042 dv-cinder-803823-2-iscsi devstack@c-api.service[100907]: warnings.warn('Policy enforcement is depending on the value of '
Aug 07 14:28:14.760781 dv-cinder-803823-2-iscsi devstack@c-api.service[100907]: DEBUG cinder.quota [None req-cf2a4b6b-c83b-418c-a294-562755a11d39 tempest-GroupSnapshotsTest-1992745740 tempest-GroupSnapshotsTest-1992745740-project] Created reservations ['c0a86332-1a1d-4e2a-848a-f0784c3a13b0'] {{(pid=100907) reserve /opt/stack/cinder/cinder/quota.py:755}}
Aug 07 14:28:15.507405 dv-cinder-803823-2-iscsi devstack@c-api.service[100907]: INFO cinder.group.api [None req-cf2a4b6b-c83b-418c-a294-562755a11d39 tempest-GroupSnapshotsTest-1992745740 tempest-GroupSnapshotsTest-1992745740-project] A mapping entry already exists for group 458227d1-17e9-488a-a018-5e63dab9c577 and volume type 7109c317-e595-4d3a-8275-a3fbb581486d. Do not need to create again.
Aug 07 14:28:15.510537 dv-cinder-803823-2-iscsi devstack@c-api.service[100907]: /usr/local/lib/python3.8/dist-packages/oslo_context/context.py:105: DeprecationWarning: Policy enforcement is depending on the value of is_admin. This key is deprecated. Please update your policy file to use the standard policy values.
Aug 07 14:28:15.510537 dv-cinder-803823-2-iscsi devstack@c-api.service[100907]: warnings.warn('Policy enforcement is depending on the value of '
Aug 07 14:28:15.512138 dv-cinder-803823-2-iscsi devstack@c-api.service[100907]: INFO cinder.volume.api [None req-cf2a4b6b-c83b-418c-a294-562755a11d39 tempest-GroupSnapshotsTest-1992745740 tempest-GroupSnapshotsTest-1992745740-project] Availability Zones retrieved successfully.
Aug 07 14:28:15.598681 dv-cinder-803823-2-iscsi devstack@c-api.service[100907]: DEBUG cinder.volume.api [None req-cf2a4b6b-c83b-418c-a294-562755a11d39 tempest-GroupSnapshotsTest-1992745740 tempest-GroupSnapshotsTest-1992745740-project] Flow 'volume_create_api' (13f20a05-4f66-47c1-ad0f-0cfe56bbb1f7) transitioned into state 'RUNNING' from state 'PENDING' {{(pid=100907) _flow_receiver /usr/local/lib/python3.8/dist-packages/taskflow/listeners/logging.py:141}}
Aug 07 14:28:15.621267 dv-cinder-803823-2-iscsi devstack@c-api.service[100907]: DEBUG cinder.volume.api [None req-cf2a4b6b-c83b-418c-a294-562755a11d39 tempest-GroupSnapshotsTest-1992745740 tempest-GroupSnapshotsTest-1992745740-project] Task 'cinder.volume.flows.api.create_volume.ExtractVolumeRequestTask;volume:create' (ceb54678-b217-40b6-a4da-2746ba6515f0) transitioned into state 'RUNNING' from state 'PENDING' {{(pid=100907) _task_receiver /usr/local/lib/python3.8/dist-packages/taskflow/listeners/logging.py:190}}
Aug 07 14:28:15.642559 dv-cinder-803823-2-iscsi devstack@c-api.service[100907]: DEBUG cinder.volume.flows.api.create_volume [None req-cf2a4b6b-c83b-418c-a294-562755a11d39 tempest-GroupSnapshotsTest-1992745740 tempest-GroupSnapshotsTest-1992745740-project] Validating volume size '1' using validate_int, validate_snap_size {{(pid=100907) _extract_size /opt/stack/cinder/cinder/volume/flows/api/create_volume.py:201}}
Aug 07 14:28:15.786793 dv-cinder-803823-2-iscsi devstack@c-api.service[100907]: DEBUG cinder.volume.api [None req-cf2a4b6b-c83b-418c-a294-562755a11d39 tempest-GroupSnapshotsTest-1992745740 tempest-GroupSnapshotsTest-1992745740-project] Task 'cinder.volume.flows.api.create_volume.ExtractVolumeRequestTask;volume:create' (ceb54678-b217-40b6-a4da-2746ba6515f0) transitioned into state 'SUCCESS' from state 'RUNNING' with result '{'size': 1, 'snapshot_id': '40e4b55a-2879-466f-8726-8dd59622b6a9', 'source_volid': None, 'volume_type': VolumeType(created_at=2021-08-07T14:28:02Z,deleted=False,deleted_at=None,description=None,extra_specs={},id=7109c317-e595-4d3a-8275-a3fbb581486d,is_public=True,name='tempest-GroupSnapshotsTest-volume-type-635722192',projects=[],qos_specs=,qos_specs_id=None,updated_at=None), 'volume_type_id': '7109c317-e595-4d3a-8275-a3fbb581486d', 'encryption_key_id': None, 'qos_specs': None, 'consistencygroup_id': None, 'cgsnapshot_id': None, 'group_id': '458227d1-17e9-488a-a018-5e63dab9c577', 'replication_status': 'disabled', 'refresh_az': False, 'backup_id': None, 'multiattach': False, 'availability_zones': ['nova']}' {{(pid=100907) _task_receiver /usr/local/lib/python3.8/dist-packages/taskflow/listeners/logging.py:178}}
Aug 07 14:28:15.795890 dv-cinder-803823-2-iscsi devstack@c-api.service[100907]: DEBUG cinder.volume.api [None req-cf2a4b6b-c83b-418c-a294-562755a11d39 tempest-GroupSnapshotsTest-1992745740 tempest-GroupSnapshotsTest-1992745740-project] Task 'cinder.volume.flows.api.create_volume.QuotaReserveTask;volume:create' (e896b27d-4f71-44a2-9199-8c5908fdbded) transitioned into state 'RUNNING' from state 'PENDING' {{(pid=100907) _task_receiver /usr/local/lib/python3.8/dist-packages/taskflow/listeners/logging.py:190}}
Aug 07 14:28:15.914556 dv-cinder-803823-2-iscsi devstack@c-api.service[100907]: WARNING cinder.quota [None req-cf2a4b6b-c83b-418c-a294-562755a11d39 tempest-GroupSnapshotsTest-1992745740 tempest-GroupSnapshotsTest-1992745740-project] Deprecated: Default quota for resource: volumes_tempest-GroupSnapshotsTest-volume-type-635722192 is set by the default quota flag: quota_volumes_tempest-GroupSnapshotsTest-volume-type-635722192, it is now deprecated. Please use the default quota class for default quota.
Aug 07 14:28:16.120599 dv-cinder-803823-2-iscsi devstack@c-api.service[100907]: DEBUG cinder.quota [None req-cf2a4b6b-c83b-418c-a294-562755a11d39 tempest-GroupSnapshotsTest-1992745740 tempest-GroupSnapshotsTest-1992745740-project] Created reservations ['4a066cd8-4754-4884-bf9a-437b751aada7', '6dd08faa-84da-42d2-b809-4a9474723163'] {{(pid=100907) reserve /opt/stack/cinder/cinder/quota.py:755}}
Aug 07 14:28:16.125447 dv-cinder-803823-2-iscsi devstack@c-api.service[100907]: DEBUG cinder.volume.api [None req-cf2a4b6b-c83b-418c-a294-562755a11d39 tempest-GroupSnapshotsTest-1992745740 tempest-GroupSnapshotsTest-1992745740-project] Task 'cinder.volume.flows.api.create_volume.QuotaReserveTask;volume:create' (e896b27d-4f71-44a2-9199-8c5908fdbded) transitioned into state 'SUCCESS' from state 'RUNNING' with result '{'reservations': ['4a066cd8-4754-4884-bf9a-437b751aada7', '6dd08faa-84da-42d2-b809-4a9474723163']}' {{(pid=100907) _task_receiver /usr/local/lib/python3.8/dist-packages/taskflow/listeners/logging.py:178}}
Aug 07 14:28:16.132515 dv-cinder-803823-2-iscsi devstack@c-api.service[100907]: DEBUG cinder.volume.api [None req-cf2a4b6b-c83b-418c-a294-562755a11d39 tempest-GroupSnapshotsTest-1992745740 tempest-GroupSnapshotsTest-1992745740-project] Task 'cinder.volume.flows.api.create_volume.EntryCreateTask;volume:create' (d4bae2b3-c530-4bd6-b7ac-b673e91665a6) transitioned into state 'RUNNING' from state 'PENDING' {{(pid=100907) _task_receiver /usr/local/lib/python3.8/dist-packages/taskflow/listeners/logging.py:190}}
Aug 07 14:28:16.445429 dv-cinder-803823-2-iscsi devstack@c-api.service[100906]: INFO cinder.api.openstack.wsgi [None req-127ae89e-f980-4fe1-965f-eb57a9ba51b5 tempest-GroupTypesTest-1641974962 tempest-GroupTypesTest-1641974962-project-admin] POST http://10.222.0.26/volume/v3/5673471b47164910886ce914672b76e1/group_types
Aug 07 14:28:16.447306 dv-cinder-803823-2-iscsi devstack@c-api.service[100906]: /usr/local/lib/python3.8/dist-packages/webob/acceptparse.py:1047: DeprecationWarning: The behavior of AcceptValidHeader.best_match is currently being maintained for backward compatibility, but it will be deprecated in the future, as it does not conform to the RFC.
Aug 07 14:28:16.447306 dv-cinder-803823-2-iscsi devstack@c-api.service[100906]: warnings.warn(
Aug 07 14:28:16.450021 dv-cinder-803823-2-iscsi devstack@c-api.service[100906]: DEBUG cinder.api.openstack.wsgi [None req-127ae89e-f980-4fe1-965f-eb57a9ba51b5 tempest-GroupTypesTest-1641974962 tempest-GroupTypesTest-1641974962-project-admin] Action: 'create', calling method: version_select, body: {"group_type": {"name": "tempest-GroupTypesTest-group-type-845386556", "description": "tempest-group-type-description-992605013", "group_specs": {"consistent_group_snapshot_enabled": " False"}, "is_public": true}} {{(pid=100906) _process_stack /opt/stack/cinder/cinder/api/openstack/wsgi.py:854}}
Aug 07 14:28:16.546919 dv-cinder-803823-2-iscsi devstack@c-api.service[100907]: DEBUG cinder.volume.api [None req-cf2a4b6b-c83b-418c-a294-562755a11d39 tempest-GroupSnapshotsTest-1992745740 tempest-GroupSnapshotsTest-1992745740-project] Task 'cinder.volume.flows.api.create_volume.EntryCreateTask;volume:create' (d4bae2b3-c530-4bd6-b7ac-b673e91665a6) transitioned into state 'SUCCESS' from state 'RUNNING' with result '{'volume_id': 'c321d2eb-6164-49af-a790-51a12c51e352', 'volume_properties': VolumeProperties(attach_status='detached',availability_zone='nova',cgsnapshot_id=None,consistencygroup_id=None,display_description=None,display_name=None,encryption_key_id=None,group_id=458227d1-17e9-488a-a018-5e63dab9c577,group_type_id=,metadata={},multiattach=False,project_id='96a30cac1ce84a74bf394b1cd18bc0b2',qos_specs=None,replication_status=,reservations=['4a066cd8-4754-4884-bf9a-437b751aada7','6dd08faa-84da-42d2-b809-4a9474723163'],size=1,snapshot_id=40e4b55a-2879-466f-8726-8dd59622b6a9,source_replicaid=,source_volid=None,status='creating',user_id='2e179a1cbe4748d3be1dddba9580bc32',volume_type_id=7109c317-e595-4d3a-8275-a3fbb581486d), 'volume': Volume(_name_id=None,admin_metadata=,attach_status='detached',availability_zone='nova',bootable=False,cluster=,cluster_name=None,consistencygroup=,consistencygroup_id=None,created_at=2021-08-07T14:28:16Z,deleted=False,deleted_at=None,display_description=None,display_name=None,ec2_id=None,encryption_key_id=None,glance_metadata=,group=,group_id=458227d1-17e9-488a-a018-5e63dab9c577,host=None,id=c321d2eb-6164-49af-a790-51a12c51e352,launched_at=None,metadata={},migration_status=None,multiattach=False,previous_status=None,project_id='96a30cac1ce84a74bf394b1cd18bc0b2',provider_auth=None,provider_geometry=None,provider_id=None,provider_location=None,replication_driver_data=None,replication_extended_status=None,replication_status=None,scheduled_at=None,service_uuid=None,shared_targets=True,size=1,snapshot_id=40e4b55a-2879-466f-8726-8dd59622b6a9,snapshots=,source_volid=None,status='creating',terminated_at=None,updated_at=None,user_id='2e179a1cbe4748d3be1dddba9580bc32',volume_attachment=,volume_type=VolumeType(7109c317-e595-4d3a-8275-a3fbb581486d),volume_type_id=7109c317-e595-4d3a-8275-a3fbb581486d)}' {{(pid=100907) _task_receiver /usr/local/lib/python3.8/dist-packages/taskflow/listeners/logging.py:178}}
Aug 07 14:28:16.577927 dv-cinder-803823-2-iscsi devstack@c-api.service[100907]: DEBUG cinder.volume.api [None req-cf2a4b6b-c83b-418c-a294-562755a11d39 tempest-GroupSnapshotsTest-1992745740 tempest-GroupSnapshotsTest-1992745740-project] Task 'cinder.volume.flows.api.create_volume.QuotaCommitTask;volume:create' (c827b22a-13b2-4f56-aaf1-aa39b706742c) transitioned into state 'RUNNING' from state 'PENDING' {{(pid=100907) _task_receiver /usr/local/lib/python3.8/dist-packages/taskflow/listeners/logging.py:190}}
Aug 07 14:28:16.820055 dv-cinder-803823-2-iscsi devstack@c-api.service[100907]: DEBUG cinder.volume.api [None req-cf2a4b6b-c83b-418c-a294-562755a11d39 tempest-GroupSnapshotsTest-1992745740 tempest-GroupSnapshotsTest-1992745740-project] Task 'cinder.volume.flows.api.create_volume.QuotaCommitTask;volume:create' (c827b22a-13b2-4f56-aaf1-aa39b706742c) transitioned into state 'SUCCESS' from state 'RUNNING' with result '{'volume_properties': VolumeProperties(attach_status='detached',availability_zone='nova',cgsnapshot_id=None,consistencygroup_id=None,display_description=None,display_name=None,encryption_key_id=None,group_id=458227d1-17e9-488a-a018-5e63dab9c577,group_type_id=,metadata={},multiattach=False,project_id='96a30cac1ce84a74bf394b1cd18bc0b2',qos_specs=None,replication_status=,reservations=['4a066cd8-4754-4884-bf9a-437b751aada7','6dd08faa-84da-42d2-b809-4a9474723163'],size=1,snapshot_id=40e4b55a-2879-466f-8726-8dd59622b6a9,source_replicaid=,source_volid=None,status='creating',user_id='2e179a1cbe4748d3be1dddba9580bc32',volume_type_id=7109c317-e595-4d3a-8275-a3fbb581486d)}' {{(pid=100907) _task_receiver /usr/local/lib/python3.8/dist-packages/taskflow/listeners/logging.py:178}}
Aug 07 14:28:16.824810 dv-cinder-803823-2-iscsi devstack@c-api.service[100907]: DEBUG cinder.volume.api [None req-cf2a4b6b-c83b-418c-a294-562755a11d39 tempest-GroupSnapshotsTest-1992745740 tempest-GroupSnapshotsTest-1992745740-project] Flow 'volume_create_api' (13f20a05-4f66-47c1-ad0f-0cfe56bbb1f7) transitioned into state 'SUCCESS' from state 'RUNNING' {{(pid=100907) _flow_receiver /usr/local/lib/python3.8/dist-packages/taskflow/listeners/logging.py:141}}
Aug 07 14:28:16.826487 dv-cinder-803823-2-iscsi devstack@c-api.service[100907]: INFO cinder.volume.api [None req-cf2a4b6b-c83b-418c-a294-562755a11d39 tempest-GroupSnapshotsTest-1992745740 tempest-GroupSnapshotsTest-1992745740-project] Create volume request issued successfully.
Aug 07 14:28:16.828312 dv-cinder-803823-2-iscsi devstack@c-api.service[100906]: INFO cinder.api.openstack.wsgi [None req-127ae89e-f980-4fe1-965f-eb57a9ba51b5 tempest-GroupTypesTest-1641974962 tempest-GroupTypesTest-1641974962-project-admin] http://10.222.0.26/volume/v3/5673471b47164910886ce914672b76e1/group_types returned with HTTP 202
Aug 07 14:28:16.836613 dv-cinder-803823-2-iscsi devstack@c-api.service[100906]: [pid: 100906|app: 0|req: 34/64] 10.222.0.26 () {62 vars in 1289 bytes} [Sat Aug 7 14:28:15 2021] POST /volume/v3/5673471b47164910886ce914672b76e1/group_types => generated 263 bytes in 963 msecs (HTTP/1.1 202) 7 headers in 292 bytes (1 switches on core 0)
Aug 07 14:28:16.849812 dv-cinder-803823-2-iscsi devstack@c-api.service[100906]: INFO cinder.api.openstack.wsgi [None req-ac405cc9-8638-48b4-9221-65f8dc80a58f tempest-GroupTypesTest-1641974962 tempest-GroupTypesTest-1641974962-project-admin] GET http://10.222.0.26/volume/v3/5673471b47164910886ce914672b76e1/group_types
Aug 07 14:28:16.851805 dv-cinder-803823-2-iscsi devstack@c-api.service[100906]: DEBUG cinder.api.openstack.wsgi [None req-ac405cc9-8638-48b4-9221-65f8dc80a58f tempest-GroupTypesTest-1641974962 tempest-GroupTypesTest-1641974962-project-admin] Empty body provided in request {{(pid=100906) get_body /opt/stack/cinder/cinder/api/openstack/wsgi.py:703}}
Aug 07 14:28:16.852792 dv-cinder-803823-2-iscsi devstack@c-api.service[100906]: DEBUG cinder.api.openstack.wsgi [None req-ac405cc9-8638-48b4-9221-65f8dc80a58f tempest-GroupTypesTest-1641974962 tempest-GroupTypesTest-1641974962-project-admin] Calling method 'version_select' {{(pid=100906) _process_stack /opt/stack/cinder/cinder/api/openstack/wsgi.py:856}}
Aug 07 14:28:16.905683 dv-cinder-803823-2-iscsi devstack@c-api.service[100906]: INFO cinder.api.openstack.wsgi [None req-ac405cc9-8638-48b4-9221-65f8dc80a58f tempest-GroupTypesTest-1641974962 tempest-GroupTypesTest-1641974962-project-admin] http://10.222.0.26/volume/v3/5673471b47164910886ce914672b76e1/group_types returned with HTTP 200
Aug 07 14:28:16.918707 dv-cinder-803823-2-iscsi devstack@c-api.service[100906]: [pid: 100906|app: 0|req: 35/65] 10.222.0.26 () {60 vars in 1267 bytes} [Sat Aug 7 14:28:16 2021] GET /volume/v3/5673471b47164910886ce914672b76e1/group_types => generated 664 bytes in 68 msecs (HTTP/1.1 200) 7 headers in 286 bytes (1 switches on core 0)
Aug 07 14:28:16.941054 dv-cinder-803823-2-iscsi devstack@c-api.service[100906]: INFO cinder.api.openstack.wsgi [None req-94e48e55-2f8b-4f48-9cfe-bcd78767fdc6 tempest-GroupTypesTest-1641974962 tempest-GroupTypesTest-1641974962-project-admin] PUT http://10.222.0.26/volume/v3/5673471b47164910886ce914672b76e1/group_types/c394b5ca-f7f2-47ae-ab8c-42fde687e8af
Aug 07 14:28:16.942652 dv-cinder-803823-2-iscsi devstack@c-api.service[100906]: DEBUG cinder.api.openstack.wsgi [None req-94e48e55-2f8b-4f48-9cfe-bcd78767fdc6 tempest-GroupTypesTest-1641974962 tempest-GroupTypesTest-1641974962-project-admin] Action: 'update', calling method: version_select, body: {"group_type": {"name": "tempest-GroupTypesTest-updated-group-type-1008830948", "description": "updated-group-type-desc"}} {{(pid=100906) _process_stack /opt/stack/cinder/cinder/api/openstack/wsgi.py:854}}
Aug 07 14:28:17.159746 dv-cinder-803823-2-iscsi devstack@c-api.service[100906]: INFO cinder.api.openstack.wsgi [None req-94e48e55-2f8b-4f48-9cfe-bcd78767fdc6 tempest-GroupTypesTest-1641974962 tempest-GroupTypesTest-1641974962-project-admin] http://10.222.0.26/volume/v3/5673471b47164910886ce914672b76e1/group_types/c394b5ca-f7f2-47ae-ab8c-42fde687e8af returned with HTTP 200
Aug 07 14:28:17.176217 dv-cinder-803823-2-iscsi devstack@c-api.service[100906]: [pid: 100906|app: 0|req: 36/66] 10.222.0.26 () {62 vars in 1399 bytes} [Sat Aug 7 14:28:16 2021] PUT /volume/v3/5673471b47164910886ce914672b76e1/group_types/c394b5ca-f7f2-47ae-ab8c-42fde687e8af => generated 255 bytes in 249 msecs (HTTP/1.1 200) 7 headers in 286 bytes (1 switches on core 0)
Aug 07 14:28:17.192654 dv-cinder-803823-2-iscsi devstack@c-api.service[100906]: INFO cinder.api.openstack.wsgi [None req-12bf4303-d59f-455b-9dc4-ac3303c56da8 tempest-GroupTypesTest-1641974962 tempest-GroupTypesTest-1641974962-project-admin] GET http://10.222.0.26/volume/v3/5673471b47164910886ce914672b76e1/group_types/c394b5ca-f7f2-47ae-ab8c-42fde687e8af
Aug 07 14:28:17.197693 dv-cinder-803823-2-iscsi devstack@c-api.service[100907]: INFO cinder.api.openstack.wsgi [None req-cf2a4b6b-c83b-418c-a294-562755a11d39 tempest-GroupSnapshotsTest-1992745740 tempest-GroupSnapshotsTest-1992745740-project] http://10.222.0.26/volume/v3/96a30cac1ce84a74bf394b1cd18bc0b2/groups/action returned with HTTP 202
Aug 07 14:28:17.206049 dv-cinder-803823-2-iscsi devstack@c-api.service[100906]: DEBUG cinder.api.openstack.wsgi [None req-12bf4303-d59f-455b-9dc4-ac3303c56da8 tempest-GroupTypesTest-1641974962 tempest-GroupTypesTest-1641974962-project-admin] Empty body provided in request {{(pid=100906) get_body /opt/stack/cinder/cinder/api/openstack/wsgi.py:703}}
Aug 07 14:28:17.206343 dv-cinder-803823-2-iscsi devstack@c-api.service[100907]: [pid: 100907|app: 0|req: 31/67] 10.222.0.26 () {62 vars in 1295 bytes} [Sat Aug 7 14:28:14 2021] POST /volume/v3/96a30cac1ce84a74bf394b1cd18bc0b2/groups/action => generated 102 bytes in 2970 msecs (HTTP/1.1 202) 7 headers in 292 bytes (2 switches on core 0)
Aug 07 14:28:17.212659 dv-cinder-803823-2-iscsi devstack@c-api.service[100906]: DEBUG cinder.api.openstack.wsgi [None req-12bf4303-d59f-455b-9dc4-ac3303c56da8 tempest-GroupTypesTest-1641974962 tempest-GroupTypesTest-1641974962-project-admin] Calling method 'version_select' {{(pid=100906) _process_stack /opt/stack/cinder/cinder/api/openstack/wsgi.py:856}}
Aug 07 14:28:17.228630 dv-cinder-803823-2-iscsi devstack@c-api.service[100907]: INFO cinder.api.openstack.wsgi [None req-754b32bb-4eaf-4124-9007-8fbe80235e95 tempest-GroupSnapshotsTest-1992745740 tempest-GroupSnapshotsTest-1992745740-project] GET http://10.222.0.26/volume/v3/96a30cac1ce84a74bf394b1cd18bc0b2/volumes/detail
Aug 07 14:28:17.234513 dv-cinder-803823-2-iscsi devstack@c-api.service[100907]: DEBUG cinder.api.openstack.wsgi [None req-754b32bb-4eaf-4124-9007-8fbe80235e95 tempest-GroupSnapshotsTest-1992745740 tempest-GroupSnapshotsTest-1992745740-project] Empty body provided in request {{(pid=100907) get_body /opt/stack/cinder/cinder/api/openstack/wsgi.py:703}}
Aug 07 14:28:17.238596 dv-cinder-803823-2-iscsi devstack@c-api.service[100907]: /usr/local/lib/python3.8/dist-packages/webob/acceptparse.py:1047: DeprecationWarning: The behavior of AcceptValidHeader.best_match is currently being maintained for backward compatibility, but it will be deprecated in the future, as it does not conform to the RFC.
Aug 07 14:28:17.238596 dv-cinder-803823-2-iscsi devstack@c-api.service[100907]: warnings.warn(
Aug 07 14:28:17.241562 dv-cinder-803823-2-iscsi devstack@c-api.service[100907]: DEBUG cinder.api.openstack.wsgi [None req-754b32bb-4eaf-4124-9007-8fbe80235e95 tempest-GroupSnapshotsTest-1992745740 tempest-GroupSnapshotsTest-1992745740-project] Calling method 'detail' {{(pid=100907) _process_stack /opt/stack/cinder/cinder/api/openstack/wsgi.py:856}}
Aug 07 14:28:17.258028 dv-cinder-803823-2-iscsi devstack@c-api.service[100907]: DEBUG cinder.api.api_utils [None req-754b32bb-4eaf-4124-9007-8fbe80235e95 tempest-GroupSnapshotsTest-1992745740 tempest-GroupSnapshotsTest-1992745740-project] Removing options '' from query. {{(pid=100907) remove_invalid_filter_options /opt/stack/cinder/cinder/api/api_utils.py:73}}
Aug 07 14:28:17.258028 dv-cinder-803823-2-iscsi devstack@c-api.service[100907]: /usr/local/lib/python3.8/dist-packages/oslo_context/context.py:105: DeprecationWarning: Policy enforcement is depending on the value of is_admin. This key is deprecated. Please update your policy file to use the standard policy values.
Aug 07 14:28:17.258028 dv-cinder-803823-2-iscsi devstack@c-api.service[100907]: warnings.warn('Policy enforcement is depending on the value of '
Aug 07 14:28:17.258028 dv-cinder-803823-2-iscsi devstack@c-api.service[100907]: DEBUG cinder.volume.api [None req-754b32bb-4eaf-4124-9007-8fbe80235e95 tempest-GroupSnapshotsTest-1992745740 tempest-GroupSnapshotsTest-1992745740-project] Searching by: MultiDict([('no_migration_targets', True)]). {{(pid=100907) get_all /opt/stack/cinder/cinder/volume/api.py:619}}
Aug 07 14:28:17.259111 dv-cinder-803823-2-iscsi devstack@c-api.service[100906]: INFO cinder.api.openstack.wsgi [None req-12bf4303-d59f-455b-9dc4-ac3303c56da8 tempest-GroupTypesTest-1641974962 tempest-GroupTypesTest-1641974962-project-admin] http://10.222.0.26/volume/v3/5673471b47164910886ce914672b76e1/group_types/c394b5ca-f7f2-47ae-ab8c-42fde687e8af returned with HTTP 200
Aug 07 14:28:17.261389 dv-cinder-803823-2-iscsi devstack@c-api.service[100906]: [pid: 100906|app: 0|req: 37/68] 10.222.0.26 () {60 vars in 1378 bytes} [Sat Aug 7 14:28:17 2021] GET /volume/v3/5673471b47164910886ce914672b76e1/group_types/c394b5ca-f7f2-47ae-ab8c-42fde687e8af => generated 255 bytes in 78 msecs (HTTP/1.1 200) 7 headers in 286 bytes (2 switches on core 0)
Aug 07 14:28:17.279561 dv-cinder-803823-2-iscsi devstack@c-api.service[100906]: INFO cinder.api.openstack.wsgi [None req-2be53876-b75a-477a-bd88-85a6b951cd21 tempest-GroupTypesTest-1641974962 tempest-GroupTypesTest-1641974962-project-admin] DELETE http://10.222.0.26/volume/v3/5673471b47164910886ce914672b76e1/group_types/c394b5ca-f7f2-47ae-ab8c-42fde687e8af
Aug 07 14:28:17.280162 dv-cinder-803823-2-iscsi devstack@c-api.service[100906]: DEBUG cinder.api.openstack.wsgi [None req-2be53876-b75a-477a-bd88-85a6b951cd21 tempest-GroupTypesTest-1641974962 tempest-GroupTypesTest-1641974962-project-admin] Empty body provided in request {{(pid=100906) get_body /opt/stack/cinder/cinder/api/openstack/wsgi.py:703}}
Aug 07 14:28:17.280703 dv-cinder-803823-2-iscsi devstack@c-api.service[100906]: DEBUG cinder.api.openstack.wsgi [None req-2be53876-b75a-477a-bd88-85a6b951cd21 tempest-GroupTypesTest-1641974962 tempest-GroupTypesTest-1641974962-project-admin] Calling method 'version_select' {{(pid=100906) _process_stack /opt/stack/cinder/cinder/api/openstack/wsgi.py:856}}
Aug 07 14:28:17.383400 dv-cinder-803823-2-iscsi devstack@c-api.service[100907]: INFO cinder.volume.api [None req-754b32bb-4eaf-4124-9007-8fbe80235e95 tempest-GroupSnapshotsTest-1992745740 tempest-GroupSnapshotsTest-1992745740-project] Get all volumes completed successfully.
Aug 07 14:28:17.388340 dv-cinder-803823-2-iscsi devstack@c-api.service[100907]: WARNING stevedore.named [None req-754b32bb-4eaf-4124-9007-8fbe80235e95 tempest-GroupSnapshotsTest-1992745740 tempest-GroupSnapshotsTest-1992745740-project] Could not load cinder.keymgr.conf_key_mgr.ConfKeyManager
Aug 07 14:28:17.389613 dv-cinder-803823-2-iscsi devstack@c-api.service[100907]: WARNING castellan.key_manager [None req-754b32bb-4eaf-4124-9007-8fbe80235e95 tempest-GroupSnapshotsTest-1992745740 tempest-GroupSnapshotsTest-1992745740-project] Deprecation Warning : cinder.keymgr.conf_key_mgr.ConfKeyManager is not a stevedore based driver, trying to load it as a class: stevedore.exception.NoMatches: No 'castellan.drivers' driver found, looking for 'cinder.keymgr.conf_key_mgr.ConfKeyManager'
Aug 07 14:28:17.414246 dv-cinder-803823-2-iscsi devstack@c-api.service[100906]: INFO cinder.api.openstack.wsgi [None req-2be53876-b75a-477a-bd88-85a6b951cd21 tempest-GroupTypesTest-1641974962 tempest-GroupTypesTest-1641974962-project-admin] http://10.222.0.26/volume/v3/5673471b47164910886ce914672b76e1/group_types/c394b5ca-f7f2-47ae-ab8c-42fde687e8af returned with HTTP 202
Aug 07 14:28:17.418508 dv-cinder-803823-2-iscsi devstack@c-api.service[100907]: DEBUG oslo_db.sqlalchemy.engines [None req-754b32bb-4eaf-4124-9007-8fbe80235e95 tempest-GroupSnapshotsTest-1992745740 tempest-GroupSnapshotsTest-1992745740-project] MySQL server mode set to STRICT_TRANS_TABLES,STRICT_ALL_TABLES,NO_ZERO_IN_DATE,NO_ZERO_DATE,ERROR_FOR_DIVISION_BY_ZERO,TRADITIONAL,NO_ENGINE_SUBSTITUTION {{(pid=100907) _check_effective_sql_mode /usr/local/lib/python3.8/dist-packages/oslo_db/sqlalchemy/engines.py:314}}
Aug 07 14:28:17.418723 dv-cinder-803823-2-iscsi devstack@c-api.service[100906]: [pid: 100906|app: 0|req: 38/69] 10.222.0.26 () {60 vars in 1381 bytes} [Sat Aug 7 14:28:17 2021] DELETE /volume/v3/5673471b47164910886ce914672b76e1/group_types/c394b5ca-f7f2-47ae-ab8c-42fde687e8af => generated 0 bytes in 146 msecs (HTTP/1.1 202) 6 headers in 234 bytes (1 switches on core 0)
Aug 07 14:28:17.440103 dv-cinder-803823-2-iscsi devstack@c-api.service[100907]: /usr/local/lib/python3.8/dist-packages/oslo_context/context.py:105: DeprecationWarning: Policy enforcement is depending on the value of is_admin. This key is deprecated. Please update your policy file to use the standard policy values.
Aug 07 14:28:17.440103 dv-cinder-803823-2-iscsi devstack@c-api.service[100907]: warnings.warn('Policy enforcement is depending on the value of '
Aug 07 14:28:17.475555 dv-cinder-803823-2-iscsi devstack@c-api.service[100907]: WARNING stevedore.named [None req-754b32bb-4eaf-4124-9007-8fbe80235e95 tempest-GroupSnapshotsTest-1992745740 tempest-GroupSnapshotsTest-1992745740-project] Could not load cinder.keymgr.conf_key_mgr.ConfKeyManager
Aug 07 14:28:17.476282 dv-cinder-803823-2-iscsi devstack@c-api.service[100907]: WARNING castellan.key_manager [None req-754b32bb-4eaf-4124-9007-8fbe80235e95 tempest-GroupSnapshotsTest-1992745740 tempest-GroupSnapshotsTest-1992745740-project] Deprecation Warning : cinder.keymgr.conf_key_mgr.ConfKeyManager is not a stevedore based driver, trying to load it as a class: stevedore.exception.NoMatches: No 'castellan.drivers' driver found, looking for 'cinder.keymgr.conf_key_mgr.ConfKeyManager'
Aug 07 14:28:17.501569 dv-cinder-803823-2-iscsi devstack@c-api.service[100907]: DEBUG oslo_db.sqlalchemy.engines [None req-754b32bb-4eaf-4124-9007-8fbe80235e95 tempest-GroupSnapshotsTest-1992745740 tempest-GroupSnapshotsTest-1992745740-project] MySQL server mode set to STRICT_TRANS_TABLES,STRICT_ALL_TABLES,NO_ZERO_IN_DATE,NO_ZERO_DATE,ERROR_FOR_DIVISION_BY_ZERO,TRADITIONAL,NO_ENGINE_SUBSTITUTION {{(pid=100907) _check_effective_sql_mode /usr/local/lib/python3.8/dist-packages/oslo_db/sqlalchemy/engines.py:314}}
Aug 07 14:28:17.524356 dv-cinder-803823-2-iscsi devstack@c-api.service[100907]: /usr/local/lib/python3.8/dist-packages/oslo_context/context.py:105: DeprecationWarning: Policy enforcement is depending on the value of is_admin. This key is deprecated. Please update your policy file to use the standard policy values.
Aug 07 14:28:17.524356 dv-cinder-803823-2-iscsi devstack@c-api.service[100907]: warnings.warn('Policy enforcement is depending on the value of '
Aug 07 14:28:17.595406 dv-cinder-803823-2-iscsi devstack@c-api.service[100907]: INFO cinder.api.openstack.wsgi [None req-754b32bb-4eaf-4124-9007-8fbe80235e95 tempest-GroupSnapshotsTest-1992745740 tempest-GroupSnapshotsTest-1992745740-project] http://10.222.0.26/volume/v3/96a30cac1ce84a74bf394b1cd18bc0b2/volumes/detail returned with HTTP 200
Aug 07 14:28:17.602567 dv-cinder-803823-2-iscsi devstack@c-api.service[100907]: [pid: 100907|app: 0|req: 32/70] 10.222.0.26 () {60 vars in 1276 bytes} [Sat Aug 7 14:28:17 2021] GET /volume/v3/96a30cac1ce84a74bf394b1cd18bc0b2/volumes/detail => generated 1984 bytes in 393 msecs (HTTP/1.1 200) 7 headers in 287 bytes (1 switches on core 0)
Aug 07 14:28:17.629626 dv-cinder-803823-2-iscsi devstack@c-api.service[100906]: INFO cinder.api.openstack.wsgi [None req-83f9139e-5b78-463c-9237-e08e72b82ef3 tempest-GroupSnapshotsTest-1992745740 tempest-GroupSnapshotsTest-1992745740-project] GET http://10.222.0.26/volume/v3/96a30cac1ce84a74bf394b1cd18bc0b2/volumes/c321d2eb-6164-49af-a790-51a12c51e352
Aug 07 14:28:17.630855 dv-cinder-803823-2-iscsi devstack@c-api.service[100906]: DEBUG cinder.api.openstack.wsgi [None req-83f9139e-5b78-463c-9237-e08e72b82ef3 tempest-GroupSnapshotsTest-1992745740 tempest-GroupSnapshotsTest-1992745740-project] Empty body provided in request {{(pid=100906) get_body /opt/stack/cinder/cinder/api/openstack/wsgi.py:703}}
Aug 07 14:28:17.631452 dv-cinder-803823-2-iscsi devstack@c-api.service[100906]: DEBUG cinder.api.openstack.wsgi [None req-83f9139e-5b78-463c-9237-e08e72b82ef3 tempest-GroupSnapshotsTest-1992745740 tempest-GroupSnapshotsTest-1992745740-project] Calling method 'show' {{(pid=100906) _process_stack /opt/stack/cinder/cinder/api/openstack/wsgi.py:856}}
Aug 07 14:28:17.679330 dv-cinder-803823-2-iscsi devstack@c-api.service[100906]: /usr/local/lib/python3.8/dist-packages/oslo_context/context.py:105: DeprecationWarning: Policy enforcement is depending on the value of is_admin. This key is deprecated. Please update your policy file to use the standard policy values.
