Jun 16 00:35:09.051909 dv-cinder-803823-11-iscsi devstack@c-api.service[117772]: INFO cinder.api.openstack.wsgi [None req-28e1318c-63c2-4d64-a6a5-a10c078e4fb8 tempest-GroupTypeSpecsTest-350899606 tempest-GroupTypeSpecsTest-350899606-project-admin] http://10.222.0.20/volume/v3/cead018c947641e4b83680e5609c78f0/group_types/36454582-877c-46d3-adb6-e3860a0c53b3/group_specs/key3 returned with HTTP 202
Jun 16 00:35:09.057616 dv-cinder-803823-11-iscsi devstack@c-api.service[117772]: [pid: 117772|app: 0|req: 69/133] 10.222.0.20 () {60 vars in 1431 bytes} [Thu Jun 16 00:35:08 2022] DELETE /volume/v3/cead018c947641e4b83680e5609c78f0/group_types/36454582-877c-46d3-adb6-e3860a0c53b3/group_specs/key3 => generated 0 bytes in 117 msecs (HTTP/1.1 202) 6 headers in 234 bytes (1 switches on core 0)
Jun 16 00:35:09.059222 dv-cinder-803823-11-iscsi devstack@c-api.service[117773]: DEBUG cinder.api.middleware.request_id [None req-37f73e25-4ef2-4428-b53c-f72ff2d91a01 None None] RequestId filter calling following filter/app {{(pid=117773) _context_setter /opt/stack/cinder/cinder/api/middleware/request_id.py:62}}
Jun 16 00:35:09.061920 dv-cinder-803823-11-iscsi devstack@c-api.service[117772]: DEBUG cinder.api.middleware.request_id [None req-c47f5668-9d1f-4a71-83c4-a3abfe8a22bd None None] RequestId filter calling following filter/app {{(pid=117772) _context_setter /opt/stack/cinder/cinder/api/middleware/request_id.py:62}}
Jun 16 00:35:09.063334 dv-cinder-803823-11-iscsi devstack@c-api.service[117773]: INFO cinder.api.openstack.wsgi [None req-37f73e25-4ef2-4428-b53c-f72ff2d91a01 tempest-GroupTypeSpecsTest-350899606 tempest-GroupTypeSpecsTest-350899606-project-admin] GET http://10.222.0.20/volume/v3/cead018c947641e4b83680e5609c78f0/group_types/36454582-877c-46d3-adb6-e3860a0c53b3/group_specs/key3
Jun 16 00:35:09.064438 dv-cinder-803823-11-iscsi devstack@c-api.service[117773]: DEBUG cinder.api.openstack.wsgi [None req-37f73e25-4ef2-4428-b53c-f72ff2d91a01 tempest-GroupTypeSpecsTest-350899606 tempest-GroupTypeSpecsTest-350899606-project-admin] Empty body provided in request {{(pid=117773) get_body /opt/stack/cinder/cinder/api/openstack/wsgi.py:715}}
Jun 16 00:35:09.065791 dv-cinder-803823-11-iscsi devstack@c-api.service[117773]: DEBUG cinder.api.openstack.wsgi [None req-37f73e25-4ef2-4428-b53c-f72ff2d91a01 tempest-GroupTypeSpecsTest-350899606 tempest-GroupTypeSpecsTest-350899606-project-admin] Calling method 'version_select' {{(pid=117773) _process_stack /opt/stack/cinder/cinder/api/openstack/wsgi.py:868}}
Jun 16 00:35:09.067276 dv-cinder-803823-11-iscsi devstack@c-api.service[117772]: INFO cinder.api.openstack.wsgi [None req-c47f5668-9d1f-4a71-83c4-a3abfe8a22bd tempest-GroupsTest-1222164014 tempest-GroupsTest-1222164014-project] GET http://10.222.0.20/volume/v3/1604f4a9e69d4667a255e02b0de2e538/groups/69daf570-d487-4ba5-ac84-5fc6e6ec3fdc
Jun 16 00:35:09.067832 dv-cinder-803823-11-iscsi devstack@c-api.service[117772]: DEBUG cinder.api.openstack.wsgi [None req-c47f5668-9d1f-4a71-83c4-a3abfe8a22bd tempest-GroupsTest-1222164014 tempest-GroupsTest-1222164014-project] Empty body provided in request {{(pid=117772) get_body /opt/stack/cinder/cinder/api/openstack/wsgi.py:715}}
Jun 16 00:35:09.068291 dv-cinder-803823-11-iscsi devstack@c-api.service[117772]: DEBUG cinder.api.openstack.wsgi [None req-c47f5668-9d1f-4a71-83c4-a3abfe8a22bd tempest-GroupsTest-1222164014 tempest-GroupsTest-1222164014-project] Calling method 'version_select' {{(pid=117772) _process_stack /opt/stack/cinder/cinder/api/openstack/wsgi.py:868}}
Jun 16 00:35:09.069000 dv-cinder-803823-11-iscsi devstack@c-api.service[117772]: DEBUG cinder.api.v3.groups [None req-c47f5668-9d1f-4a71-83c4-a3abfe8a22bd tempest-GroupsTest-1222164014 tempest-GroupsTest-1222164014-project] show called for member 69daf570-d487-4ba5-ac84-5fc6e6ec3fdc {{(pid=117772) show /opt/stack/cinder/cinder/api/v3/groups.py:58}}
Jun 16 00:35:09.078128 dv-cinder-803823-11-iscsi devstack@c-api.service[117772]: INFO cinder.api.openstack.wsgi [None req-c47f5668-9d1f-4a71-83c4-a3abfe8a22bd tempest-GroupsTest-1222164014 tempest-GroupsTest-1222164014-project] http://10.222.0.20/volume/v3/1604f4a9e69d4667a255e02b0de2e538/groups/69daf570-d487-4ba5-ac84-5fc6e6ec3fdc returned with HTTP 404
Jun 16 00:35:09.079087 dv-cinder-803823-11-iscsi devstack@c-api.service[117772]: [pid: 117772|app: 0|req: 70/134] 10.222.0.20 () {60 vars in 1362 bytes} [Thu Jun 16 00:35:09 2022] GET /volume/v3/1604f4a9e69d4667a255e02b0de2e538/groups/69daf570-d487-4ba5-ac84-5fc6e6ec3fdc => generated 108 bytes in 18 msecs (HTTP/1.1 404) 7 headers in 293 bytes (2 switches on core 0)
Jun 16 00:35:09.087431 dv-cinder-803823-11-iscsi devstack@c-api.service[117773]: INFO cinder.api.openstack.wsgi [None req-37f73e25-4ef2-4428-b53c-f72ff2d91a01 tempest-GroupTypeSpecsTest-350899606 tempest-GroupTypeSpecsTest-350899606-project-admin] HTTP exception thrown: Group Type 36454582-877c-46d3-adb6-e3860a0c53b3 has no extra spec with key key3.
Jun 16 00:35:09.088013 dv-cinder-803823-11-iscsi devstack@c-api.service[117773]: INFO cinder.api.openstack.wsgi [None req-37f73e25-4ef2-4428-b53c-f72ff2d91a01 tempest-GroupTypeSpecsTest-350899606 tempest-GroupTypeSpecsTest-350899606-project-admin] http://10.222.0.20/volume/v3/cead018c947641e4b83680e5609c78f0/group_types/36454582-877c-46d3-adb6-e3860a0c53b3/group_specs/key3 returned with HTTP 404
Jun 16 00:35:09.089757 dv-cinder-803823-11-iscsi devstack@c-api.service[117773]: [pid: 117773|app: 0|req: 65/135] 10.222.0.20 () {60 vars in 1428 bytes} [Thu Jun 16 00:35:09 2022] GET /volume/v3/cead018c947641e4b83680e5609c78f0/group_types/36454582-877c-46d3-adb6-e3860a0c53b3/group_specs/key3 => generated 126 bytes in 31 msecs (HTTP/1.1 404) 7 headers in 293 bytes (1 switches on core 0)
Jun 16 00:35:09.091419 dv-cinder-803823-11-iscsi devstack@c-api.service[117772]: DEBUG cinder.api.middleware.request_id [None req-30e07874-d952-41b1-a877-102181121f95 None None] RequestId filter calling following filter/app {{(pid=117772) _context_setter /opt/stack/cinder/cinder/api/middleware/request_id.py:62}}
Jun 16 00:35:09.095204 dv-cinder-803823-11-iscsi devstack@c-api.service[117772]: INFO cinder.api.openstack.wsgi [None req-30e07874-d952-41b1-a877-102181121f95 tempest-GroupsTest-1222164014 tempest-GroupsTest-1222164014-project] GET http://10.222.0.20/volume/v3/1604f4a9e69d4667a255e02b0de2e538/groups/detail
Jun 16 00:35:09.095694 dv-cinder-803823-11-iscsi devstack@c-api.service[117772]: DEBUG cinder.api.openstack.wsgi [None req-30e07874-d952-41b1-a877-102181121f95 tempest-GroupsTest-1222164014 tempest-GroupsTest-1222164014-project] Empty body provided in request {{(pid=117772) get_body /opt/stack/cinder/cinder/api/openstack/wsgi.py:715}}
Jun 16 00:35:09.096914 dv-cinder-803823-11-iscsi devstack@c-api.service[117772]: DEBUG cinder.api.openstack.wsgi [None req-30e07874-d952-41b1-a877-102181121f95 tempest-GroupsTest-1222164014 tempest-GroupsTest-1222164014-project] Calling method 'version_select' {{(pid=117772) _process_stack /opt/stack/cinder/cinder/api/openstack/wsgi.py:868}}
Jun 16 00:35:09.100070 dv-cinder-803823-11-iscsi devstack@c-api.service[117773]: DEBUG cinder.api.middleware.request_id [None req-bc211d5a-2a0e-4cfa-9648-ea89cd9569b4 None None] RequestId filter calling following filter/app {{(pid=117773) _context_setter /opt/stack/cinder/cinder/api/middleware/request_id.py:62}}
Jun 16 00:35:09.106506 dv-cinder-803823-11-iscsi devstack@c-api.service[117773]: INFO cinder.api.openstack.wsgi [None req-bc211d5a-2a0e-4cfa-9648-ea89cd9569b4 tempest-GroupTypeSpecsTest-350899606 tempest-GroupTypeSpecsTest-350899606-project-admin] DELETE http://10.222.0.20/volume/v3/cead018c947641e4b83680e5609c78f0/group_types/36454582-877c-46d3-adb6-e3860a0c53b3
Jun 16 00:35:09.107113 dv-cinder-803823-11-iscsi devstack@c-api.service[117773]: DEBUG cinder.api.openstack.wsgi [None req-bc211d5a-2a0e-4cfa-9648-ea89cd9569b4 tempest-GroupTypeSpecsTest-350899606 tempest-GroupTypeSpecsTest-350899606-project-admin] Empty body provided in request {{(pid=117773) get_body /opt/stack/cinder/cinder/api/openstack/wsgi.py:715}}
Jun 16 00:35:09.107889 dv-cinder-803823-11-iscsi devstack@c-api.service[117773]: DEBUG cinder.api.openstack.wsgi [None req-bc211d5a-2a0e-4cfa-9648-ea89cd9569b4 tempest-GroupTypeSpecsTest-350899606 tempest-GroupTypeSpecsTest-350899606-project-admin] Calling method 'version_select' {{(pid=117773) _process_stack /opt/stack/cinder/cinder/api/openstack/wsgi.py:868}}
Jun 16 00:35:09.110075 dv-cinder-803823-11-iscsi devstack@c-api.service[117772]: INFO cinder.api.openstack.wsgi [None req-30e07874-d952-41b1-a877-102181121f95 tempest-GroupsTest-1222164014 tempest-GroupsTest-1222164014-project] http://10.222.0.20/volume/v3/1604f4a9e69d4667a255e02b0de2e538/groups/detail returned with HTTP 200
Jun 16 00:35:09.113456 dv-cinder-803823-11-iscsi devstack@c-api.service[117772]: [pid: 117772|app: 0|req: 71/136] 10.222.0.20 () {60 vars in 1272 bytes} [Thu Jun 16 00:35:09 2022] GET /volume/v3/1604f4a9e69d4667a255e02b0de2e538/groups/detail => generated 14 bytes in 23 msecs (HTTP/1.1 200) 7 headers in 285 bytes (1 switches on core 0)
Jun 16 00:35:09.121697 dv-cinder-803823-11-iscsi devstack@c-api.service[117772]: DEBUG cinder.api.middleware.request_id [None req-b96c9ef1-6435-4d5c-9bed-cf3860ddfec6 None None] RequestId filter calling following filter/app {{(pid=117772) _context_setter /opt/stack/cinder/cinder/api/middleware/request_id.py:62}}
Jun 16 00:35:09.126498 dv-cinder-803823-11-iscsi devstack@c-api.service[117772]: INFO cinder.api.openstack.wsgi [None req-b96c9ef1-6435-4d5c-9bed-cf3860ddfec6 tempest-GroupsTest-1222164014 tempest-GroupsTest-1222164014-project] GET http://10.222.0.20/volume/v3/1604f4a9e69d4667a255e02b0de2e538/volumes/detail
Jun 16 00:35:09.127391 dv-cinder-803823-11-iscsi devstack@c-api.service[117772]: DEBUG cinder.api.openstack.wsgi [None req-b96c9ef1-6435-4d5c-9bed-cf3860ddfec6 tempest-GroupsTest-1222164014 tempest-GroupsTest-1222164014-project] Empty body provided in request {{(pid=117772) get_body /opt/stack/cinder/cinder/api/openstack/wsgi.py:715}}
Jun 16 00:35:09.128078 dv-cinder-803823-11-iscsi devstack@c-api.service[117772]: DEBUG cinder.api.openstack.wsgi [None req-b96c9ef1-6435-4d5c-9bed-cf3860ddfec6 tempest-GroupsTest-1222164014 tempest-GroupsTest-1222164014-project] Calling method 'detail' {{(pid=117772) _process_stack /opt/stack/cinder/cinder/api/openstack/wsgi.py:868}}
Jun 16 00:35:09.129415 dv-cinder-803823-11-iscsi devstack@c-api.service[117772]: DEBUG cinder.api.api_utils [None req-b96c9ef1-6435-4d5c-9bed-cf3860ddfec6 tempest-GroupsTest-1222164014 tempest-GroupsTest-1222164014-project] Removing options '' from query. {{(pid=117772) remove_invalid_filter_options /opt/stack/cinder/cinder/api/api_utils.py:73}}
Jun 16 00:35:09.131226 dv-cinder-803823-11-iscsi devstack@c-api.service[117772]: DEBUG cinder.volume.api [None req-b96c9ef1-6435-4d5c-9bed-cf3860ddfec6 tempest-GroupsTest-1222164014 tempest-GroupsTest-1222164014-project] Searching by: MultiDict([('no_migration_targets', True)]). {{(pid=117772) get_all /opt/stack/cinder/cinder/volume/api.py:664}}
Jun 16 00:35:09.157503 dv-cinder-803823-11-iscsi devstack@c-api.service[117773]: DEBUG dbcounter [-] [117773] Writing DB stats cinder:SELECT=79,cinder:INSERT=7,cinder:UPDATE=14 {{(pid=117773) stat_writer /usr/local/lib/python3.8/dist-packages/dbcounter.py:114}}
Jun 16 00:35:09.177661 dv-cinder-803823-11-iscsi devstack@c-api.service[117772]: INFO cinder.volume.api [None req-b96c9ef1-6435-4d5c-9bed-cf3860ddfec6 tempest-GroupsTest-1222164014 tempest-GroupsTest-1222164014-project] Get all volumes completed successfully.
Jun 16 00:35:09.187295 dv-cinder-803823-11-iscsi devstack@c-api.service[117772]: INFO cinder.api.openstack.wsgi [None req-b96c9ef1-6435-4d5c-9bed-cf3860ddfec6 tempest-GroupsTest-1222164014 tempest-GroupsTest-1222164014-project] http://10.222.0.20/volume/v3/1604f4a9e69d4667a255e02b0de2e538/volumes/detail returned with HTTP 200
Jun 16 00:35:09.188834 dv-cinder-803823-11-iscsi devstack@c-api.service[117772]: [pid: 117772|app: 0|req: 72/137] 10.222.0.20 () {60 vars in 1275 bytes} [Thu Jun 16 00:35:09 2022] GET /volume/v3/1604f4a9e69d4667a255e02b0de2e538/volumes/detail => generated 15 bytes in 69 msecs (HTTP/1.1 200) 7 headers in 285 bytes (2 switches on core 0)
Jun 16 00:35:09.190288 dv-cinder-803823-11-iscsi devstack@c-api.service[117772]: DEBUG cinder.api.middleware.request_id [None req-578439f9-c34f-451a-a6f1-6493962e9337 None None] RequestId filter calling following filter/app {{(pid=117772) _context_setter /opt/stack/cinder/cinder/api/middleware/request_id.py:62}}
Jun 16 00:35:09.193819 dv-cinder-803823-11-iscsi devstack@c-api.service[117772]: INFO cinder.api.openstack.wsgi [None req-578439f9-c34f-451a-a6f1-6493962e9337 tempest-VolumeQuotasAdminTestJSON-1289292212 tempest-VolumeQuotasAdminTestJSON-1289292212-project] GET http://10.222.0.20/volume/v3/513f80928bb34def978c26254b5152f7/volumes/56fa430f-0413-4a22-90fc-8c4ac0e13d3c
Jun 16 00:35:09.194254 dv-cinder-803823-11-iscsi devstack@c-api.service[117772]: DEBUG cinder.api.openstack.wsgi [None req-578439f9-c34f-451a-a6f1-6493962e9337 tempest-VolumeQuotasAdminTestJSON-1289292212 tempest-VolumeQuotasAdminTestJSON-1289292212-project] Empty body provided in request {{(pid=117772) get_body /opt/stack/cinder/cinder/api/openstack/wsgi.py:715}}
Jun 16 00:35:09.194730 dv-cinder-803823-11-iscsi devstack@c-api.service[117772]: DEBUG cinder.api.openstack.wsgi [None req-578439f9-c34f-451a-a6f1-6493962e9337 tempest-VolumeQuotasAdminTestJSON-1289292212 tempest-VolumeQuotasAdminTestJSON-1289292212-project] Calling method 'show' {{(pid=117772) _process_stack /opt/stack/cinder/cinder/api/openstack/wsgi.py:868}}
Jun 16 00:35:09.205746 dv-cinder-803823-11-iscsi devstack@c-api.service[117773]: INFO cinder.api.openstack.wsgi [None req-bc211d5a-2a0e-4cfa-9648-ea89cd9569b4 tempest-GroupTypeSpecsTest-350899606 tempest-GroupTypeSpecsTest-350899606-project-admin] http://10.222.0.20/volume/v3/cead018c947641e4b83680e5609c78f0/group_types/36454582-877c-46d3-adb6-e3860a0c53b3 returned with HTTP 202
Jun 16 00:35:09.206558 dv-cinder-803823-11-iscsi devstack@c-api.service[117773]: [pid: 117773|app: 0|req: 66/138] 10.222.0.20 () {60 vars in 1380 bytes} [Thu Jun 16 00:35:09 2022] DELETE /volume/v3/cead018c947641e4b83680e5609c78f0/group_types/36454582-877c-46d3-adb6-e3860a0c53b3 => generated 0 bytes in 109 msecs (HTTP/1.1 202) 6 headers in 234 bytes (1 switches on core 0)
Jun 16 00:35:09.207848 dv-cinder-803823-11-iscsi devstack@c-api.service[117773]: DEBUG cinder.api.middleware.request_id [None req-95e9381a-d767-4abd-b7df-3cf3c8d2c407 None None] RequestId filter calling following filter/app {{(pid=117773) _context_setter /opt/stack/cinder/cinder/api/middleware/request_id.py:62}}
Jun 16 00:35:09.208677 dv-cinder-803823-11-iscsi devstack@c-api.service[117772]: /usr/local/lib/python3.8/dist-packages/oslo_context/context.py:100: DeprecationWarning: Policy enforcement is depending on the value of is_admin. This key is deprecated. Please update your policy file to use the standard policy values.
Jun 16 00:35:09.208677 dv-cinder-803823-11-iscsi devstack@c-api.service[117772]: warnings.warn('Policy enforcement is depending on the value of '
Jun 16 00:35:09.212197 dv-cinder-803823-11-iscsi devstack@c-api.service[117773]: INFO cinder.api.openstack.wsgi [None req-95e9381a-d767-4abd-b7df-3cf3c8d2c407 tempest-GroupsTest-1222164014 tempest-GroupsTest-1222164014-project] POST http://10.222.0.20/volume/v3/1604f4a9e69d4667a255e02b0de2e538/groups/69daf570-d487-4ba5-ac84-5fc6e6ec3fdc/action
Jun 16 00:35:09.213098 dv-cinder-803823-11-iscsi devstack@c-api.service[117773]: DEBUG cinder.api.openstack.wsgi [None req-95e9381a-d767-4abd-b7df-3cf3c8d2c407 tempest-GroupsTest-1222164014 tempest-GroupsTest-1222164014-project] Action body: b'{"delete": {"delete-volumes": true}}' {{(pid=117773) get_method /opt/stack/cinder/cinder/api/openstack/wsgi.py:983}}
Jun 16 00:35:09.213433 dv-cinder-803823-11-iscsi devstack@c-api.service[117773]: DEBUG cinder.api.openstack.wsgi [None req-95e9381a-d767-4abd-b7df-3cf3c8d2c407 tempest-GroupsTest-1222164014 tempest-GroupsTest-1222164014-project] Action: 'action', calling method: delete_group, body: {"delete": {"delete-volumes": true}} {{(pid=117773) _process_stack /opt/stack/cinder/cinder/api/openstack/wsgi.py:866}}
Jun 16 00:35:09.214381 dv-cinder-803823-11-iscsi devstack@c-api.service[117773]: DEBUG cinder.api.v3.groups [None req-95e9381a-d767-4abd-b7df-3cf3c8d2c407 tempest-GroupsTest-1222164014 tempest-GroupsTest-1222164014-project] delete called for group 69daf570-d487-4ba5-ac84-5fc6e6ec3fdc {{(pid=117773) _delete /opt/stack/cinder/cinder/api/v3/groups.py:117}}
Jun 16 00:35:09.219663 dv-cinder-803823-11-iscsi devstack@c-api.service[117773]: INFO cinder.api.v3.groups [None req-95e9381a-d767-4abd-b7df-3cf3c8d2c407 tempest-GroupsTest-1222164014 tempest-GroupsTest-1222164014-project] Delete group with id: 69daf570-d487-4ba5-ac84-5fc6e6ec3fdc
Jun 16 00:35:09.219912 dv-cinder-803823-11-iscsi devstack@c-api.service[117772]: INFO cinder.volume.api [None req-578439f9-c34f-451a-a6f1-6493962e9337 tempest-VolumeQuotasAdminTestJSON-1289292212 tempest-VolumeQuotasAdminTestJSON-1289292212-project] Volume info retrieved successfully.
Jun 16 00:35:09.220613 dv-cinder-803823-11-iscsi devstack@c-api.service[117773]: INFO cinder.api.openstack.wsgi [None req-95e9381a-d767-4abd-b7df-3cf3c8d2c407 tempest-GroupsTest-1222164014 tempest-GroupsTest-1222164014-project] http://10.222.0.20/volume/v3/1604f4a9e69d4667a255e02b0de2e538/groups/69daf570-d487-4ba5-ac84-5fc6e6ec3fdc/action returned with HTTP 404
Jun 16 00:35:09.222530 dv-cinder-803823-11-iscsi devstack@c-api.service[117773]: [pid: 117773|app: 0|req: 67/139] 10.222.0.20 () {62 vars in 1404 bytes} [Thu Jun 16 00:35:09 2022] POST /volume/v3/1604f4a9e69d4667a255e02b0de2e538/groups/69daf570-d487-4ba5-ac84-5fc6e6ec3fdc/action => generated 108 bytes in 15 msecs (HTTP/1.1 404) 7 headers in 293 bytes (1 switches on core 0)
Jun 16 00:35:09.227414 dv-cinder-803823-11-iscsi devstack@c-api.service[117773]: DEBUG cinder.api.middleware.request_id [None req-1dd3b79e-b61f-4539-9011-10a56b030e2e None None] RequestId filter calling following filter/app {{(pid=117773) _context_setter /opt/stack/cinder/cinder/api/middleware/request_id.py:62}}
Jun 16 00:35:09.228361 dv-cinder-803823-11-iscsi devstack@c-api.service[117772]: INFO cinder.api.openstack.wsgi [None req-578439f9-c34f-451a-a6f1-6493962e9337 tempest-VolumeQuotasAdminTestJSON-1289292212 tempest-VolumeQuotasAdminTestJSON-1289292212-project] http://10.222.0.20/volume/v3/513f80928bb34def978c26254b5152f7/volumes/56fa430f-0413-4a22-90fc-8c4ac0e13d3c returned with HTTP 200
Jun 16 00:35:09.229134 dv-cinder-803823-11-iscsi devstack@c-api.service[117772]: [pid: 117772|app: 0|req: 73/140] 10.222.0.20 () {58 vars in 1324 bytes} [Thu Jun 16 00:35:09 2022] GET /volume/v3/513f80928bb34def978c26254b5152f7/volumes/56fa430f-0413-4a22-90fc-8c4ac0e13d3c => generated 917 bytes in 40 msecs (HTTP/1.1 200) 7 headers in 285 bytes (1 switches on core 0)
Jun 16 00:35:09.235290 dv-cinder-803823-11-iscsi devstack@c-api.service[117773]: INFO cinder.api.openstack.wsgi [None req-1dd3b79e-b61f-4539-9011-10a56b030e2e tempest-GroupsTest-1222164014 tempest-GroupsTest-1222164014-project] GET http://10.222.0.20/volume/v3/1604f4a9e69d4667a255e02b0de2e538/volumes/detail
Jun 16 00:35:09.235772 dv-cinder-803823-11-iscsi devstack@c-api.service[117773]: DEBUG cinder.api.openstack.wsgi [None req-1dd3b79e-b61f-4539-9011-10a56b030e2e tempest-GroupsTest-1222164014 tempest-GroupsTest-1222164014-project] Empty body provided in request {{(pid=117773) get_body /opt/stack/cinder/cinder/api/openstack/wsgi.py:715}}
Jun 16 00:35:09.236223 dv-cinder-803823-11-iscsi devstack@c-api.service[117773]: DEBUG cinder.api.openstack.wsgi [None req-1dd3b79e-b61f-4539-9011-10a56b030e2e tempest-GroupsTest-1222164014 tempest-GroupsTest-1222164014-project] Calling method 'detail' {{(pid=117773) _process_stack /opt/stack/cinder/cinder/api/openstack/wsgi.py:868}}
Jun 16 00:35:09.237811 dv-cinder-803823-11-iscsi devstack@c-api.service[117773]: DEBUG cinder.api.api_utils [None req-1dd3b79e-b61f-4539-9011-10a56b030e2e tempest-GroupsTest-1222164014 tempest-GroupsTest-1222164014-project] Removing options '' from query. {{(pid=117773) remove_invalid_filter_options /opt/stack/cinder/cinder/api/api_utils.py:73}}
Jun 16 00:35:09.240897 dv-cinder-803823-11-iscsi devstack@c-api.service[117772]: DEBUG cinder.api.middleware.request_id [None req-a6b55474-1a1b-4377-b9e5-289c4b9e0083 None None] RequestId filter calling following filter/app {{(pid=117772) _context_setter /opt/stack/cinder/cinder/api/middleware/request_id.py:62}}
Jun 16 00:35:09.242103 dv-cinder-803823-11-iscsi devstack@c-api.service[117773]: DEBUG cinder.volume.api [None req-1dd3b79e-b61f-4539-9011-10a56b030e2e tempest-GroupsTest-1222164014 tempest-GroupsTest-1222164014-project] Searching by: MultiDict([('no_migration_targets', True)]). {{(pid=117773) get_all /opt/stack/cinder/cinder/volume/api.py:664}}
Jun 16 00:35:09.246770 dv-cinder-803823-11-iscsi devstack@c-api.service[117772]: INFO cinder.api.openstack.wsgi [None req-a6b55474-1a1b-4377-b9e5-289c4b9e0083 tempest-VolumeQuotasAdminTestJSON-1898148092 tempest-VolumeQuotasAdminTestJSON-1898148092-project-admin] GET http://10.222.0.20/volume/v3/07622697f04e4cebb8aa3a233c62d609/os-quota-sets/513f80928bb34def978c26254b5152f7?usage=True
Jun 16 00:35:09.253742 dv-cinder-803823-11-iscsi devstack@c-api.service[117772]: DEBUG cinder.api.openstack.wsgi [None req-a6b55474-1a1b-4377-b9e5-289c4b9e0083 tempest-VolumeQuotasAdminTestJSON-1898148092 tempest-VolumeQuotasAdminTestJSON-1898148092-project-admin] Empty body provided in request {{(pid=117772) get_body /opt/stack/cinder/cinder/api/openstack/wsgi.py:715}}
Jun 16 00:35:09.253742 dv-cinder-803823-11-iscsi devstack@c-api.service[117772]: DEBUG cinder.api.openstack.wsgi [None req-a6b55474-1a1b-4377-b9e5-289c4b9e0083 tempest-VolumeQuotasAdminTestJSON-1898148092 tempest-VolumeQuotasAdminTestJSON-1898148092-project-admin] Calling method 'show' {{(pid=117772) _process_stack /opt/stack/cinder/cinder/api/openstack/wsgi.py:868}}
Jun 16 00:35:09.291058 dv-cinder-803823-11-iscsi devstack@c-api.service[117773]: INFO cinder.volume.api [None req-1dd3b79e-b61f-4539-9011-10a56b030e2e tempest-GroupsTest-1222164014 tempest-GroupsTest-1222164014-project] Get all volumes completed successfully.
Jun 16 00:35:09.298268 dv-cinder-803823-11-iscsi devstack@c-api.service[117773]: INFO cinder.api.openstack.wsgi [None req-1dd3b79e-b61f-4539-9011-10a56b030e2e tempest-GroupsTest-1222164014 tempest-GroupsTest-1222164014-project] http://10.222.0.20/volume/v3/1604f4a9e69d4667a255e02b0de2e538/volumes/detail returned with HTTP 200
Jun 16 00:35:09.310235 dv-cinder-803823-11-iscsi devstack@c-api.service[117773]: [pid: 117773|app: 0|req: 68/141] 10.222.0.20 () {60 vars in 1275 bytes} [Thu Jun 16 00:35:09 2022] GET /volume/v3/1604f4a9e69d4667a255e02b0de2e538/volumes/detail => generated 15 bytes in 74 msecs (HTTP/1.1 200) 7 headers in 285 bytes (2 switches on core 0)
Jun 16 00:35:09.310235 dv-cinder-803823-11-iscsi devstack@c-api.service[117773]: DEBUG cinder.api.middleware.request_id [None req-87171cce-4148-49c6-80fd-880df3e76e0d None None] RequestId filter calling following filter/app {{(pid=117773) _context_setter /opt/stack/cinder/cinder/api/middleware/request_id.py:62}}
Jun 16 00:35:09.310402 dv-cinder-803823-11-iscsi devstack@c-api.service[117772]: INFO cinder.api.openstack.wsgi [None req-a6b55474-1a1b-4377-b9e5-289c4b9e0083 tempest-VolumeQuotasAdminTestJSON-1898148092 tempest-VolumeQuotasAdminTestJSON-1898148092-project-admin] http://10.222.0.20/volume/v3/07622697f04e4cebb8aa3a233c62d609/os-quota-sets/513f80928bb34def978c26254b5152f7?usage=True returned with HTTP 200
Jun 16 00:35:09.310402 dv-cinder-803823-11-iscsi devstack@c-api.service[117772]: [pid: 117772|app: 0|req: 74/142] 10.222.0.20 () {58 vars in 1351 bytes} [Thu Jun 16 00:35:09 2022] GET /volume/v3/07622697f04e4cebb8aa3a233c62d609/os-quota-sets/513f80928bb34def978c26254b5152f7?usage=True => generated 1473 bytes in 63 msecs (HTTP/1.1 200) 7 headers in 286 bytes (2 switches on core 0)
Jun 16 00:35:09.316249 dv-cinder-803823-11-iscsi devstack@c-api.service[117772]: DEBUG cinder.api.middleware.request_id [None req-c36f9ab6-f7cd-4b82-a1f1-b4794e4ff430 None None] RequestId filter calling following filter/app {{(pid=117772) _context_setter /opt/stack/cinder/cinder/api/middleware/request_id.py:62}}
Jun 16 00:35:09.319088 dv-cinder-803823-11-iscsi devstack@c-api.service[117773]: INFO cinder.api.openstack.wsgi [None req-87171cce-4148-49c6-80fd-880df3e76e0d tempest-GroupSnapshotsTest-1122980401 tempest-GroupSnapshotsTest-1122980401-project] GET http://10.222.0.20/volume/v3/0bfae81d2de24f5bb456de555da2e229/group_snapshots/257fee6f-191e-4469-881d-b415c8d07a7d
Jun 16 00:35:09.319586 dv-cinder-803823-11-iscsi devstack@c-api.service[117773]: DEBUG cinder.api.openstack.wsgi [None req-87171cce-4148-49c6-80fd-880df3e76e0d tempest-GroupSnapshotsTest-1122980401 tempest-GroupSnapshotsTest-1122980401-project] Empty body provided in request {{(pid=117773) get_body /opt/stack/cinder/cinder/api/openstack/wsgi.py:715}}
Jun 16 00:35:09.323838 dv-cinder-803823-11-iscsi devstack@c-api.service[117772]: INFO cinder.api.openstack.wsgi [None req-c36f9ab6-f7cd-4b82-a1f1-b4794e4ff430 tempest-GroupsTest-1222164014 tempest-GroupsTest-1222164014-project] POST http://10.222.0.20/volume/v3/1604f4a9e69d4667a255e02b0de2e538/groups/2fda5f75-962e-4763-b9f8-4bf0597e5524/action
Jun 16 00:35:09.324781 dv-cinder-803823-11-iscsi devstack@c-api.service[117772]: DEBUG cinder.api.openstack.wsgi [None req-c36f9ab6-f7cd-4b82-a1f1-b4794e4ff430 tempest-GroupsTest-1222164014 tempest-GroupsTest-1222164014-project] Action body: b'{"delete": {"delete-volumes": true}}' {{(pid=117772) get_method /opt/stack/cinder/cinder/api/openstack/wsgi.py:983}}
Jun 16 00:35:09.325111 dv-cinder-803823-11-iscsi devstack@c-api.service[117772]: DEBUG cinder.api.openstack.wsgi [None req-c36f9ab6-f7cd-4b82-a1f1-b4794e4ff430 tempest-GroupsTest-1222164014 tempest-GroupsTest-1222164014-project] Action: 'action', calling method: delete_group, body: {"delete": {"delete-volumes": true}} {{(pid=117772) _process_stack /opt/stack/cinder/cinder/api/openstack/wsgi.py:866}}
Jun 16 00:35:09.326186 dv-cinder-803823-11-iscsi devstack@c-api.service[117772]: DEBUG cinder.api.v3.groups [None req-c36f9ab6-f7cd-4b82-a1f1-b4794e4ff430 tempest-GroupsTest-1222164014 tempest-GroupsTest-1222164014-project] delete called for group 2fda5f75-962e-4763-b9f8-4bf0597e5524 {{(pid=117772) _delete /opt/stack/cinder/cinder/api/v3/groups.py:117}}
Jun 16 00:35:09.326620 dv-cinder-803823-11-iscsi devstack@c-api.service[117772]: INFO cinder.api.v3.groups [None req-c36f9ab6-f7cd-4b82-a1f1-b4794e4ff430 tempest-GroupsTest-1222164014 tempest-GroupsTest-1222164014-project] Delete group with id: 2fda5f75-962e-4763-b9f8-4bf0597e5524
Jun 16 00:35:09.328954 dv-cinder-803823-11-iscsi devstack@c-api.service[117773]: DEBUG cinder.api.openstack.wsgi [None req-87171cce-4148-49c6-80fd-880df3e76e0d tempest-GroupSnapshotsTest-1122980401 tempest-GroupSnapshotsTest-1122980401-project] Calling method 'version_select' {{(pid=117773) _process_stack /opt/stack/cinder/cinder/api/openstack/wsgi.py:868}}
Jun 16 00:35:09.329447 dv-cinder-803823-11-iscsi devstack@c-api.service[117773]: DEBUG cinder.api.v3.group_snapshots [None req-87171cce-4148-49c6-80fd-880df3e76e0d tempest-GroupSnapshotsTest-1122980401 tempest-GroupSnapshotsTest-1122980401-project] show called for member 257fee6f-191e-4469-881d-b415c8d07a7d {{(pid=117773) show /opt/stack/cinder/cinder/api/v3/group_snapshots.py:58}}
Jun 16 00:35:09.333090 dv-cinder-803823-11-iscsi devstack@c-api.service[117772]: INFO cinder.api.openstack.wsgi [None req-c36f9ab6-f7cd-4b82-a1f1-b4794e4ff430 tempest-GroupsTest-1222164014 tempest-GroupsTest-1222164014-project] http://10.222.0.20/volume/v3/1604f4a9e69d4667a255e02b0de2e538/groups/2fda5f75-962e-4763-b9f8-4bf0597e5524/action returned with HTTP 404
Jun 16 00:35:09.334618 dv-cinder-803823-11-iscsi devstack@c-api.service[117772]: [pid: 117772|app: 0|req: 75/143] 10.222.0.20 () {62 vars in 1404 bytes} [Thu Jun 16 00:35:09 2022] POST /volume/v3/1604f4a9e69d4667a255e02b0de2e538/groups/2fda5f75-962e-4763-b9f8-4bf0597e5524/action => generated 108 bytes in 19 msecs (HTTP/1.1 404) 7 headers in 293 bytes (1 switches on core 0)
Jun 16 00:35:09.336566 dv-cinder-803823-11-iscsi devstack@c-api.service[117772]: DEBUG cinder.api.middleware.request_id [None req-9e1938b3-1fc1-4c62-b841-ccc6e5e51f01 None None] RequestId filter calling following filter/app {{(pid=117772) _context_setter /opt/stack/cinder/cinder/api/middleware/request_id.py:62}}
Jun 16 00:35:09.342441 dv-cinder-803823-11-iscsi devstack@c-api.service[117772]: INFO cinder.api.openstack.wsgi [None req-9e1938b3-1fc1-4c62-b841-ccc6e5e51f01 tempest-VolumeQuotasAdminTestJSON-1898148092 tempest-VolumeQuotasAdminTestJSON-1898148092-project-admin] GET http://10.222.0.20/volume/v3/07622697f04e4cebb8aa3a233c62d609/os-quota-sets/5633dda8fca54f9b84488004f2d2b050?usage=True
Jun 16 00:35:09.343092 dv-cinder-803823-11-iscsi devstack@c-api.service[117772]: DEBUG cinder.api.openstack.wsgi [None req-9e1938b3-1fc1-4c62-b841-ccc6e5e51f01 tempest-VolumeQuotasAdminTestJSON-1898148092 tempest-VolumeQuotasAdminTestJSON-1898148092-project-admin] Empty body provided in request {{(pid=117772) get_body /opt/stack/cinder/cinder/api/openstack/wsgi.py:715}}
Jun 16 00:35:09.343569 dv-cinder-803823-11-iscsi devstack@c-api.service[117772]: DEBUG cinder.api.openstack.wsgi [None req-9e1938b3-1fc1-4c62-b841-ccc6e5e51f01 tempest-VolumeQuotasAdminTestJSON-1898148092 tempest-VolumeQuotasAdminTestJSON-1898148092-project-admin] Calling method 'show' {{(pid=117772) _process_stack /opt/stack/cinder/cinder/api/openstack/wsgi.py:868}}
Jun 16 00:35:09.348691 dv-cinder-803823-11-iscsi devstack@c-api.service[117773]: /usr/local/lib/python3.8/dist-packages/oslo_context/context.py:100: DeprecationWarning: Policy enforcement is depending on the value of is_admin. This key is deprecated. Please update your policy file to use the standard policy values.
Jun 16 00:35:09.348691 dv-cinder-803823-11-iscsi devstack@c-api.service[117773]: warnings.warn('Policy enforcement is depending on the value of '
Jun 16 00:35:09.356845 dv-cinder-803823-11-iscsi devstack@c-api.service[117773]: INFO cinder.api.openstack.wsgi [None req-87171cce-4148-49c6-80fd-880df3e76e0d tempest-GroupSnapshotsTest-1122980401 tempest-GroupSnapshotsTest-1122980401-project] http://10.222.0.20/volume/v3/0bfae81d2de24f5bb456de555da2e229/group_snapshots/257fee6f-191e-4469-881d-b415c8d07a7d returned with HTTP 200
Jun 16 00:35:09.357646 dv-cinder-803823-11-iscsi devstack@c-api.service[117773]: [pid: 117773|app: 0|req: 69/144] 10.222.0.20 () {60 vars in 1389 bytes} [Thu Jun 16 00:35:09 2022] GET /volume/v3/0bfae81d2de24f5bb456de555da2e229/group_snapshots/257fee6f-191e-4469-881d-b415c8d07a7d => generated 308 bytes in 57 msecs (HTTP/1.1 200) 7 headers in 286 bytes (1 switches on core 0)
Jun 16 00:35:09.358976 dv-cinder-803823-11-iscsi devstack@c-api.service[117773]: DEBUG cinder.api.middleware.request_id [None req-7b5d79d0-f865-4c1a-8a52-1707dc99da8c None None] RequestId filter calling following filter/app {{(pid=117773) _context_setter /opt/stack/cinder/cinder/api/middleware/request_id.py:62}}
Jun 16 00:35:09.369812 dv-cinder-803823-11-iscsi devstack@c-api.service[117773]: INFO cinder.api.openstack.wsgi [None req-7b5d79d0-f865-4c1a-8a52-1707dc99da8c tempest-GroupsTest-1220575017 tempest-GroupsTest-1220575017-project-admin] DELETE http://10.222.0.20/volume/v3/8510c11100914ad9b872c6d31a39f5ab/group_types/11fb9b58-bd99-47c1-ba96-50cf0e40f629
Jun 16 00:35:09.370304 dv-cinder-803823-11-iscsi devstack@c-api.service[117773]: DEBUG cinder.api.openstack.wsgi [None req-7b5d79d0-f865-4c1a-8a52-1707dc99da8c tempest-GroupsTest-1220575017 tempest-GroupsTest-1220575017-project-admin] Empty body provided in request {{(pid=117773) get_body /opt/stack/cinder/cinder/api/openstack/wsgi.py:715}}
Jun 16 00:35:09.370758 dv-cinder-803823-11-iscsi devstack@c-api.service[117773]: DEBUG cinder.api.openstack.wsgi [None req-7b5d79d0-f865-4c1a-8a52-1707dc99da8c tempest-GroupsTest-1220575017 tempest-GroupsTest-1220575017-project-admin] Calling method 'version_select' {{(pid=117773) _process_stack /opt/stack/cinder/cinder/api/openstack/wsgi.py:868}}
Jun 16 00:35:09.387400 dv-cinder-803823-11-iscsi devstack@c-api.service[117772]: DEBUG dbcounter [-] [117772] Writing DB stats cinder:SELECT=84,cinder:UPDATE=12,cinder:INSERT=4 {{(pid=117772) stat_writer /usr/local/lib/python3.8/dist-packages/dbcounter.py:114}}
Jun 16 00:35:09.397310 dv-cinder-803823-11-iscsi devstack@c-api.service[117772]: INFO cinder.api.openstack.wsgi [None req-9e1938b3-1fc1-4c62-b841-ccc6e5e51f01 tempest-VolumeQuotasAdminTestJSON-1898148092 tempest-VolumeQuotasAdminTestJSON-1898148092-project-admin] http://10.222.0.20/volume/v3/07622697f04e4cebb8aa3a233c62d609/os-quota-sets/5633dda8fca54f9b84488004f2d2b050?usage=True returned with HTTP 200
Jun 16 00:35:09.398985 dv-cinder-803823-11-iscsi devstack@c-api.service[117772]: [pid: 117772|app: 0|req: 76/145] 10.222.0.20 () {58 vars in 1351 bytes} [Thu Jun 16 00:35:09 2022] GET /volume/v3/07622697f04e4cebb8aa3a233c62d609/os-quota-sets/5633dda8fca54f9b84488004f2d2b050?usage=True => generated 1473 bytes in 63 msecs (HTTP/1.1 200) 7 headers in 286 bytes (1 switches on core 0)
Jun 16 00:35:09.401140 dv-cinder-803823-11-iscsi devstack@c-api.service[117772]: DEBUG cinder.api.middleware.request_id [None req-855a5607-0b7a-49fb-aaf5-73044dff77d1 None None] RequestId filter calling following filter/app {{(pid=117772) _context_setter /opt/stack/cinder/cinder/api/middleware/request_id.py:62}}
Jun 16 00:35:09.406382 dv-cinder-803823-11-iscsi devstack@c-api.service[117772]: INFO cinder.api.openstack.wsgi [None req-855a5607-0b7a-49fb-aaf5-73044dff77d1 tempest-GroupSnapshotsTest-1122980401 tempest-GroupSnapshotsTest-1122980401-project] GET http://10.222.0.20/volume/v3/0bfae81d2de24f5bb456de555da2e229/snapshots/detail
Jun 16 00:35:09.407201 dv-cinder-803823-11-iscsi devstack@c-api.service[117772]: DEBUG cinder.api.openstack.wsgi [None req-855a5607-0b7a-49fb-aaf5-73044dff77d1 tempest-GroupSnapshotsTest-1122980401 tempest-GroupSnapshotsTest-1122980401-project] Empty body provided in request {{(pid=117772) get_body /opt/stack/cinder/cinder/api/openstack/wsgi.py:715}}
Jun 16 00:35:09.408007 dv-cinder-803823-11-iscsi devstack@c-api.service[117772]: DEBUG cinder.api.openstack.wsgi [None req-855a5607-0b7a-49fb-aaf5-73044dff77d1 tempest-GroupSnapshotsTest-1122980401 tempest-GroupSnapshotsTest-1122980401-project] Calling method 'detail' {{(pid=117772) _process_stack /opt/stack/cinder/cinder/api/openstack/wsgi.py:868}}
Jun 16 00:35:09.410167 dv-cinder-803823-11-iscsi devstack@c-api.service[117772]: DEBUG cinder.api.api_utils [None req-855a5607-0b7a-49fb-aaf5-73044dff77d1 tempest-GroupSnapshotsTest-1122980401 tempest-GroupSnapshotsTest-1122980401-project] Removing options '' from query. {{(pid=117772) remove_invalid_filter_options /opt/stack/cinder/cinder/api/api_utils.py:73}}
Jun 16 00:35:09.413817 dv-cinder-803823-11-iscsi devstack@c-api.service[117772]: DEBUG cinder.db.sqlalchemy.api [None req-855a5607-0b7a-49fb-aaf5-73044dff77d1 tempest-GroupSnapshotsTest-1122980401 tempest-GroupSnapshotsTest-1122980401-project] Building query based on filter {{(pid=117772) _process_snaps_filters /opt/stack/cinder/cinder/db/sqlalchemy/api.py:3878}}
Jun 16 00:35:09.421735 dv-cinder-803823-11-iscsi devstack@c-api.service[117772]: INFO cinder.volume.api [None req-855a5607-0b7a-49fb-aaf5-73044dff77d1 tempest-GroupSnapshotsTest-1122980401 tempest-GroupSnapshotsTest-1122980401-project] Get all snapshots completed successfully.
Jun 16 00:35:09.422955 dv-cinder-803823-11-iscsi devstack@c-api.service[117772]: /usr/local/lib/python3.8/dist-packages/oslo_context/context.py:100: DeprecationWarning: Policy enforcement is depending on the value of is_admin. This key is deprecated. Please update your policy file to use the standard policy values.
Jun 16 00:35:09.422955 dv-cinder-803823-11-iscsi devstack@c-api.service[117772]: warnings.warn('Policy enforcement is depending on the value of '
Jun 16 00:35:09.425158 dv-cinder-803823-11-iscsi devstack@c-api.service[117772]: INFO cinder.api.openstack.wsgi [None req-855a5607-0b7a-49fb-aaf5-73044dff77d1 tempest-GroupSnapshotsTest-1122980401 tempest-GroupSnapshotsTest-1122980401-project] http://10.222.0.20/volume/v3/0bfae81d2de24f5bb456de555da2e229/snapshots/detail returned with HTTP 200
Jun 16 00:35:09.426409 dv-cinder-803823-11-iscsi devstack@c-api.service[117772]: [pid: 117772|app: 0|req: 77/146] 10.222.0.20 () {58 vars in 1240 bytes} [Thu Jun 16 00:35:09 2022] GET /volume/v3/0bfae81d2de24f5bb456de555da2e229/snapshots/detail => generated 454 bytes in 26 msecs (HTTP/1.1 200) 7 headers in 285 bytes (1 switches on core 0)
Jun 16 00:35:09.434399 dv-cinder-803823-11-iscsi devstack@c-api.service[117772]: DEBUG cinder.api.middleware.request_id [None req-1cbcca8c-3d3b-495f-9ae2-b6ff40555409 None None] RequestId filter calling following filter/app {{(pid=117772) _context_setter /opt/stack/cinder/cinder/api/middleware/request_id.py:62}}
Jun 16 00:35:09.440459 dv-cinder-803823-11-iscsi devstack@c-api.service[117772]: INFO cinder.api.openstack.wsgi [None req-1cbcca8c-3d3b-495f-9ae2-b6ff40555409 tempest-VolumeQuotasAdminTestJSON-1289292212 tempest-VolumeQuotasAdminTestJSON-1289292212-project] POST http://10.222.0.20/volume/v3/513f80928bb34def978c26254b5152f7/os-volume-transfer
Jun 16 00:35:09.442121 dv-cinder-803823-11-iscsi devstack@c-api.service[117772]: DEBUG cinder.api.openstack.wsgi [None req-1cbcca8c-3d3b-495f-9ae2-b6ff40555409 tempest-VolumeQuotasAdminTestJSON-1289292212 tempest-VolumeQuotasAdminTestJSON-1289292212-project] Action: 'create', calling method: create, body: {"transfer": {"volume_id": "56fa430f-0413-4a22-90fc-8c4ac0e13d3c"}} {{(pid=117772) _process_stack /opt/stack/cinder/cinder/api/openstack/wsgi.py:866}}
Jun 16 00:35:09.443154 dv-cinder-803823-11-iscsi devstack@c-api.service[117772]: DEBUG cinder.api.contrib.volume_transfer [None req-1cbcca8c-3d3b-495f-9ae2-b6ff40555409 tempest-VolumeQuotasAdminTestJSON-1289292212 tempest-VolumeQuotasAdminTestJSON-1289292212-project] Creating new volume transfer {'transfer': {'volume_id': '56fa430f-0413-4a22-90fc-8c4ac0e13d3c'}} {{(pid=117772) create /opt/stack/cinder/cinder/api/contrib/volume_transfer.py:85}}
Jun 16 00:35:09.443825 dv-cinder-803823-11-iscsi devstack@c-api.service[117772]: INFO cinder.api.contrib.volume_transfer [None req-1cbcca8c-3d3b-495f-9ae2-b6ff40555409 tempest-VolumeQuotasAdminTestJSON-1289292212 tempest-VolumeQuotasAdminTestJSON-1289292212-project] Creating transfer of volume 56fa430f-0413-4a22-90fc-8c4ac0e13d3c
Jun 16 00:35:09.444363 dv-cinder-803823-11-iscsi devstack@c-api.service[117772]: INFO cinder.transfer.api [None req-1cbcca8c-3d3b-495f-9ae2-b6ff40555409 tempest-VolumeQuotasAdminTestJSON-1289292212 tempest-VolumeQuotasAdminTestJSON-1289292212-project] Generating transfer record for volume 56fa430f-0413-4a22-90fc-8c4ac0e13d3c
Jun 16 00:35:09.468270 dv-cinder-803823-11-iscsi devstack@c-api.service[117772]: /usr/local/lib/python3.8/dist-packages/oslo_context/context.py:100: DeprecationWarning: Policy enforcement is depending on the value of is_admin. This key is deprecated. Please update your policy file to use the standard policy values.
Jun 16 00:35:09.468270 dv-cinder-803823-11-iscsi devstack@c-api.service[117772]: warnings.warn('Policy enforcement is depending on the value of '
Jun 16 00:35:09.474701 dv-cinder-803823-11-iscsi devstack@c-api.service[117773]: INFO cinder.api.openstack.wsgi [None req-7b5d79d0-f865-4c1a-8a52-1707dc99da8c tempest-GroupsTest-1220575017 tempest-GroupsTest-1220575017-project-admin] http://10.222.0.20/volume/v3/8510c11100914ad9b872c6d31a39f5ab/group_types/11fb9b58-bd99-47c1-ba96-50cf0e40f629 returned with HTTP 202
Jun 16 00:35:09.475646 dv-cinder-803823-11-iscsi devstack@c-api.service[117773]: [pid: 117773|app: 0|req: 70/147] 10.222.0.20 () {60 vars in 1380 bytes} [Thu Jun 16 00:35:09 2022] DELETE /volume/v3/8510c11100914ad9b872c6d31a39f5ab/group_types/11fb9b58-bd99-47c1-ba96-50cf0e40f629 => generated 0 bytes in 117 msecs (HTTP/1.1 202) 6 headers in 234 bytes (1 switches on core 0)
Jun 16 00:35:09.477398 dv-cinder-803823-11-iscsi devstack@c-api.service[117773]: DEBUG cinder.api.middleware.request_id [None req-9f5711c4-97f3-4438-a04d-3d12d53466bc None None] RequestId filter calling following filter/app {{(pid=117773) _context_setter /opt/stack/cinder/cinder/api/middleware/request_id.py:62}}
Jun 16 00:35:09.482207 dv-cinder-803823-11-iscsi devstack@c-api.service[117773]: INFO cinder.api.openstack.wsgi [None req-9f5711c4-97f3-4438-a04d-3d12d53466bc tempest-GroupSnapshotsTest-1122980401 tempest-GroupSnapshotsTest-1122980401-project] GET http://10.222.0.20/volume/v3/0bfae81d2de24f5bb456de555da2e229/snapshots/4fb96e3e-651f-429a-8652-d26cbcf20655
Jun 16 00:35:09.482846 dv-cinder-803823-11-iscsi devstack@c-api.service[117773]: DEBUG cinder.api.openstack.wsgi [None req-9f5711c4-97f3-4438-a04d-3d12d53466bc tempest-GroupSnapshotsTest-1122980401 tempest-GroupSnapshotsTest-1122980401-project] Empty body provided in request {{(pid=117773) get_body /opt/stack/cinder/cinder/api/openstack/wsgi.py:715}}
Jun 16 00:35:09.487361 dv-cinder-803823-11-iscsi devstack@c-api.service[117773]: DEBUG cinder.api.openstack.wsgi [None req-9f5711c4-97f3-4438-a04d-3d12d53466bc tempest-GroupSnapshotsTest-1122980401 tempest-GroupSnapshotsTest-1122980401-project] Calling method 'show' {{(pid=117773) _process_stack /opt/stack/cinder/cinder/api/openstack/wsgi.py:868}}
Jun 16 00:35:09.499881 dv-cinder-803823-11-iscsi devstack@c-api.service[117773]: /usr/local/lib/python3.8/dist-packages/oslo_context/context.py:100: DeprecationWarning: Policy enforcement is depending on the value of is_admin. This key is deprecated. Please update your policy file to use the standard policy values.
Jun 16 00:35:09.499881 dv-cinder-803823-11-iscsi devstack@c-api.service[117773]: warnings.warn('Policy enforcement is depending on the value of '
Jun 16 00:35:09.500905 dv-cinder-803823-11-iscsi devstack@c-api.service[117773]: INFO cinder.volume.api [None req-9f5711c4-97f3-4438-a04d-3d12d53466bc tempest-GroupSnapshotsTest-1122980401 tempest-GroupSnapshotsTest-1122980401-project] Snapshot retrieved successfully.
Jun 16 00:35:09.503970 dv-cinder-803823-11-iscsi devstack@c-api.service[117773]: INFO cinder.api.openstack.wsgi [None req-9f5711c4-97f3-4438-a04d-3d12d53466bc tempest-GroupSnapshotsTest-1122980401 tempest-GroupSnapshotsTest-1122980401-project] http://10.222.0.20/volume/v3/0bfae81d2de24f5bb456de555da2e229/snapshots/4fb96e3e-651f-429a-8652-d26cbcf20655 returned with HTTP 200
Jun 16 00:35:09.505404 dv-cinder-803823-11-iscsi devstack@c-api.service[117773]: [pid: 117773|app: 0|req: 71/148] 10.222.0.20 () {58 vars in 1330 bytes} [Thu Jun 16 00:35:09 2022] GET /volume/v3/0bfae81d2de24f5bb456de555da2e229/snapshots/4fb96e3e-651f-429a-8652-d26cbcf20655 => generated 451 bytes in 29 msecs (HTTP/1.1 200) 7 headers in 285 bytes (1 switches on core 0)
Jun 16 00:35:09.507215 dv-cinder-803823-11-iscsi devstack@c-api.service[117773]: DEBUG cinder.api.middleware.request_id [None req-c54f16ac-22b8-4f7b-a00b-38f03bd24fc9 None None] RequestId filter calling following filter/app {{(pid=117773) _context_setter /opt/stack/cinder/cinder/api/middleware/request_id.py:62}}
Jun 16 00:35:09.511966 dv-cinder-803823-11-iscsi devstack@c-api.service[117773]: INFO cinder.api.openstack.wsgi [None req-c54f16ac-22b8-4f7b-a00b-38f03bd24fc9 tempest-GroupsTest-1220575017 tempest-GroupsTest-1220575017-project-admin] POST http://10.222.0.20/volume/v3/8510c11100914ad9b872c6d31a39f5ab/types
Jun 16 00:35:09.512956 dv-cinder-803823-11-iscsi devstack@c-api.service[117773]: DEBUG cinder.api.openstack.wsgi [None req-c54f16ac-22b8-4f7b-a00b-38f03bd24fc9 tempest-GroupsTest-1220575017 tempest-GroupsTest-1220575017-project-admin] Action: 'create', calling method: _create, body: {"volume_type": {"name": "tempest-GroupsTest-volume-type-1365443634"}} {{(pid=117773) _process_stack /opt/stack/cinder/cinder/api/openstack/wsgi.py:866}}
Jun 16 00:35:09.596563 dv-cinder-803823-11-iscsi devstack@c-api.service[117772]: INFO cinder.api.openstack.wsgi [None req-1cbcca8c-3d3b-495f-9ae2-b6ff40555409 tempest-VolumeQuotasAdminTestJSON-1289292212 tempest-VolumeQuotasAdminTestJSON-1289292212-project] http://10.222.0.20/volume/v3/513f80928bb34def978c26254b5152f7/os-volume-transfer returned with HTTP 202
Jun 16 00:35:09.597494 dv-cinder-803823-11-iscsi devstack@c-api.service[117772]: [pid: 117772|app: 0|req: 78/149] 10.222.0.20 () {60 vars in 1267 bytes} [Thu Jun 16 00:35:09 2022] POST /volume/v3/513f80928bb34def978c26254b5152f7/os-volume-transfer => generated 507 bytes in 171 msecs (HTTP/1.1 202) 7 headers in 291 bytes (1 switches on core 0)
Jun 16 00:35:09.604044 dv-cinder-803823-11-iscsi devstack@c-api.service[117772]: DEBUG cinder.api.middleware.request_id [None req-4f57c3ba-c59e-4f04-9a89-c88d017d7abb None None] RequestId filter calling following filter/app {{(pid=117772) _context_setter /opt/stack/cinder/cinder/api/middleware/request_id.py:62}}
Jun 16 00:35:09.608487 dv-cinder-803823-11-iscsi devstack@c-api.service[117772]: INFO cinder.api.openstack.wsgi [None req-4f57c3ba-c59e-4f04-9a89-c88d017d7abb tempest-GroupSnapshotsTest-1122980401 tempest-GroupSnapshotsTest-1122980401-project] POST http://10.222.0.20/volume/v3/0bfae81d2de24f5bb456de555da2e229/groups/action
Jun 16 00:35:09.609335 dv-cinder-803823-11-iscsi devstack@c-api.service[117772]: DEBUG cinder.api.openstack.wsgi [None req-4f57c3ba-c59e-4f04-9a89-c88d017d7abb tempest-GroupSnapshotsTest-1122980401 tempest-GroupSnapshotsTest-1122980401-project] Action body: b'{"create-from-src": {"group_snapshot_id": "257fee6f-191e-4469-881d-b415c8d07a7d", "name": "tempest-Group_from_snap-1701617567"}}' {{(pid=117772) get_method /opt/stack/cinder/cinder/api/openstack/wsgi.py:983}}
Jun 16 00:35:09.609669 dv-cinder-803823-11-iscsi devstack@c-api.service[117772]: DEBUG cinder.api.openstack.wsgi [None req-4f57c3ba-c59e-4f04-9a89-c88d017d7abb tempest-GroupSnapshotsTest-1122980401 tempest-GroupSnapshotsTest-1122980401-project] Action: 'action', calling method: version_select, body: {"create-from-src": {"group_snapshot_id": "257fee6f-191e-4469-881d-b415c8d07a7d", "name": "tempest-Group_from_snap-1701617567"}} {{(pid=117772) _process_stack /opt/stack/cinder/cinder/api/openstack/wsgi.py:866}}
Jun 16 00:35:09.610772 dv-cinder-803823-11-iscsi devstack@c-api.service[117772]: DEBUG cinder.api.v3.groups [None req-4f57c3ba-c59e-4f04-9a89-c88d017d7abb tempest-GroupSnapshotsTest-1122980401 tempest-GroupSnapshotsTest-1122980401-project] Creating new group {'create-from-src': {'group_snapshot_id': '257fee6f-191e-4469-881d-b415c8d07a7d', 'name': 'tempest-Group_from_snap-1701617567'}}. {{(pid=117772) create_from_src /opt/stack/cinder/cinder/api/v3/groups.py:236}}
Jun 16 00:35:09.611070 dv-cinder-803823-11-iscsi devstack@c-api.service[117772]: INFO cinder.api.v3.groups [None req-4f57c3ba-c59e-4f04-9a89-c88d017d7abb tempest-GroupSnapshotsTest-1122980401 tempest-GroupSnapshotsTest-1122980401-project] Creating group tempest-Group_from_snap-1701617567 from group_snapshot 257fee6f-191e-4469-881d-b415c8d07a7d.
Jun 16 00:35:09.617258 dv-cinder-803823-11-iscsi devstack@c-api.service[117772]: /usr/local/lib/python3.8/dist-packages/oslo_context/context.py:100: DeprecationWarning: Policy enforcement is depending on the value of is_admin. This key is deprecated. Please update your policy file to use the standard policy values.
Jun 16 00:35:09.617258 dv-cinder-803823-11-iscsi devstack@c-api.service[117772]: warnings.warn('Policy enforcement is depending on the value of '
Jun 16 00:35:09.630377 dv-cinder-803823-11-iscsi devstack@c-api.service[117772]: /usr/local/lib/python3.8/dist-packages/oslo_context/context.py:100: DeprecationWarning: Policy enforcement is depending on the value of is_admin. This key is deprecated. Please update your policy file to use the standard policy values.
Jun 16 00:35:09.630377 dv-cinder-803823-11-iscsi devstack@c-api.service[117772]: warnings.warn('Policy enforcement is depending on the value of '
Jun 16 00:35:09.637194 dv-cinder-803823-11-iscsi devstack@c-api.service[117772]: /usr/local/lib/python3.8/dist-packages/oslo_context/context.py:100: DeprecationWarning: Policy enforcement is depending on the value of is_admin. This key is deprecated. Please update your policy file to use the standard policy values.
Jun 16 00:35:09.637194 dv-cinder-803823-11-iscsi devstack@c-api.service[117772]: warnings.warn('Policy enforcement is depending on the value of '
Jun 16 00:35:09.652035 dv-cinder-803823-11-iscsi devstack@c-api.service[117773]: INFO cinder.api.openstack.wsgi [None req-c54f16ac-22b8-4f7b-a00b-38f03bd24fc9 tempest-GroupsTest-1220575017 tempest-GroupsTest-1220575017-project-admin] http://10.222.0.20/volume/v3/8510c11100914ad9b872c6d31a39f5ab/types returned with HTTP 200
Jun 16 00:35:09.657776 dv-cinder-803823-11-iscsi devstack@c-api.service[117773]: [pid: 117773|app: 0|req: 72/150] 10.222.0.20 () {60 vars in 1228 bytes} [Thu Jun 16 00:35:09 2022] POST /volume/v3/8510c11100914ad9b872c6d31a39f5ab/types => generated 216 bytes in 146 msecs (HTTP/1.1 200) 7 headers in 285 bytes (1 switches on core 0)
Jun 16 00:35:09.657776 dv-cinder-803823-11-iscsi devstack@c-api.service[117773]: DEBUG cinder.api.middleware.request_id [None req-2bdbcc9d-fc6b-4301-af9c-5095414416e0 None None] RequestId filter calling following filter/app {{(pid=117773) _context_setter /opt/stack/cinder/cinder/api/middleware/request_id.py:62}}
