Aug 07 13:11:35.421101 dv-cinder-803823-1-iscsi devstack@c-api.service[100296]: DEBUG cinder.api.openstack.wsgi [None req-72375240-486c-409c-bf0b-ab975d03d081 tempest-GroupSnapshotsTest-854347009 tempest-GroupSnapshotsTest-854347009-project] Action: 'create', calling method: version_select, body: {"group_snapshot": {"group_id": "d115e43d-1cc6-4486-b09e-10dd97e32f76", "name": "tempest-group_snapshot-1616874072"}} {{(pid=100296) _process_stack /opt/stack/cinder/cinder/api/openstack/wsgi.py:854}}
Aug 07 13:11:35.421459 dv-cinder-803823-1-iscsi devstack@c-api.service[100295]: DEBUG cinder.api.openstack.wsgi [req-f41fc0ae-240c-484d-998d-d9d0f76f0dac req-891b5a52-803f-4cce-ba7e-001220d5bb5e tempest-VolumesTestJSON-108603058 tempest-VolumesTestJSON-108603058-project] Calling method 'show' {{(pid=100295) _process_stack /opt/stack/cinder/cinder/api/openstack/wsgi.py:856}}
Aug 07 13:11:35.421983 dv-cinder-803823-1-iscsi devstack@c-api.service[100296]: DEBUG cinder.api.v3.group_snapshots [None req-72375240-486c-409c-bf0b-ab975d03d081 tempest-GroupSnapshotsTest-854347009 tempest-GroupSnapshotsTest-854347009-project] Creating new group_snapshot {'group_snapshot': {'group_id': 'd115e43d-1cc6-4486-b09e-10dd97e32f76', 'name': 'tempest-group_snapshot-1616874072'}} {{(pid=100296) create /opt/stack/cinder/cinder/api/v3/group_snapshots.py:154}}
Aug 07 13:11:35.442159 dv-cinder-803823-1-iscsi devstack@c-api.service[100296]: /usr/local/lib/python3.8/dist-packages/oslo_context/context.py:105: DeprecationWarning: Policy enforcement is depending on the value of is_admin. This key is deprecated. Please update your policy file to use the standard policy values.
Aug 07 13:11:35.442159 dv-cinder-803823-1-iscsi devstack@c-api.service[100296]: warnings.warn('Policy enforcement is depending on the value of '
Aug 07 13:11:35.455713 dv-cinder-803823-1-iscsi devstack@c-api.service[100295]: /usr/local/lib/python3.8/dist-packages/oslo_context/context.py:105: DeprecationWarning: Policy enforcement is depending on the value of is_admin. This key is deprecated. Please update your policy file to use the standard policy values.
Aug 07 13:11:35.455713 dv-cinder-803823-1-iscsi devstack@c-api.service[100295]: warnings.warn('Policy enforcement is depending on the value of '
Aug 07 13:11:35.463441 dv-cinder-803823-1-iscsi devstack@c-api.service[100296]: INFO cinder.api.v3.group_snapshots [None req-72375240-486c-409c-bf0b-ab975d03d081 tempest-GroupSnapshotsTest-854347009 tempest-GroupSnapshotsTest-854347009-project] Creating group_snapshot tempest-group_snapshot-1616874072.
Aug 07 13:11:35.477683 dv-cinder-803823-1-iscsi devstack@c-api.service[100295]: INFO cinder.volume.api [req-f41fc0ae-240c-484d-998d-d9d0f76f0dac req-891b5a52-803f-4cce-ba7e-001220d5bb5e tempest-VolumesTestJSON-108603058 tempest-VolumesTestJSON-108603058-project] Volume info retrieved successfully.
Aug 07 13:11:35.557251 dv-cinder-803823-1-iscsi devstack@c-api.service[100295]: INFO cinder.api.openstack.wsgi [req-f41fc0ae-240c-484d-998d-d9d0f76f0dac req-891b5a52-803f-4cce-ba7e-001220d5bb5e tempest-VolumesTestJSON-108603058 tempest-VolumesTestJSON-108603058-project] http://10.222.0.68/volume/v3/9ee3469b000344bfb419c387cb302aa1/volumes/e0304a94-12d2-432b-af04-5d690d884627 returned with HTTP 200
Aug 07 13:11:35.559585 dv-cinder-803823-1-iscsi devstack@c-api.service[100295]: [pid: 100295|app: 0|req: 19/41] 10.222.0.68 () {60 vars in 1579 bytes} [Sat Aug 7 13:11:35 2021] GET /volume/v3/9ee3469b000344bfb419c387cb302aa1/volumes/e0304a94-12d2-432b-af04-5d690d884627 => generated 921 bytes in 145 msecs (HTTP/1.1 200) 7 headers in 285 bytes (2 switches on core 0)
Aug 07 13:11:35.574237 dv-cinder-803823-1-iscsi devstack@c-api.service[100295]: INFO cinder.api.openstack.wsgi [None req-94ba334e-7d66-4900-a420-dd995f258d6a tempest-VolumesTestJSON-108603058 tempest-VolumesTestJSON-108603058-project] POST http://10.222.0.68/volume/v3/9ee3469b000344bfb419c387cb302aa1/volumes
Aug 07 13:11:35.575052 dv-cinder-803823-1-iscsi devstack@c-api.service[100295]: /usr/local/lib/python3.8/dist-packages/webob/acceptparse.py:1047: DeprecationWarning: The behavior of AcceptValidHeader.best_match is currently being maintained for backward compatibility, but it will be deprecated in the future, as it does not conform to the RFC.
Aug 07 13:11:35.575052 dv-cinder-803823-1-iscsi devstack@c-api.service[100295]: warnings.warn(
Aug 07 13:11:35.575648 dv-cinder-803823-1-iscsi devstack@c-api.service[100295]: DEBUG cinder.api.openstack.wsgi [None req-94ba334e-7d66-4900-a420-dd995f258d6a tempest-VolumesTestJSON-108603058 tempest-VolumesTestJSON-108603058-project] Action: 'create', calling method: create, body: {"volume": {"metadata": {"Type": "work"}, "size": 1, "display_name": "tempest-VolumesTestJSON-volume-1724832183"}} {{(pid=100295) _process_stack /opt/stack/cinder/cinder/api/openstack/wsgi.py:854}}
Aug 07 13:11:35.577608 dv-cinder-803823-1-iscsi devstack@c-api.service[100295]: DEBUG cinder.api.v3.volumes [None req-94ba334e-7d66-4900-a420-dd995f258d6a tempest-VolumesTestJSON-108603058 tempest-VolumesTestJSON-108603058-project] Create volume request body: {'volume': {'metadata': {'Type': 'work'}, 'size': 1, 'display_name': 'tempest-VolumesTestJSON-volume-1724832183'}} {{(pid=100295) create /opt/stack/cinder/cinder/api/v3/volumes.py:290}}
Aug 07 13:11:35.579511 dv-cinder-803823-1-iscsi devstack@c-api.service[100295]: INFO cinder.api.v3.volumes [None req-94ba334e-7d66-4900-a420-dd995f258d6a tempest-VolumesTestJSON-108603058 tempest-VolumesTestJSON-108603058-project] Create volume of 1 GB
Aug 07 13:11:35.586888 dv-cinder-803823-1-iscsi devstack@c-api.service[100295]: INFO cinder.volume.api [None req-94ba334e-7d66-4900-a420-dd995f258d6a tempest-VolumesTestJSON-108603058 tempest-VolumesTestJSON-108603058-project] Availability Zones retrieved successfully.
Aug 07 13:11:35.602311 dv-cinder-803823-1-iscsi devstack@c-api.service[100296]: /usr/local/lib/python3.8/dist-packages/oslo_context/context.py:105: DeprecationWarning: Policy enforcement is depending on the value of is_admin. This key is deprecated. Please update your policy file to use the standard policy values.
Aug 07 13:11:35.602311 dv-cinder-803823-1-iscsi devstack@c-api.service[100296]: warnings.warn('Policy enforcement is depending on the value of '
Aug 07 13:11:35.608194 dv-cinder-803823-1-iscsi devstack@c-api.service[100295]: DEBUG cinder.volume.api [None req-94ba334e-7d66-4900-a420-dd995f258d6a tempest-VolumesTestJSON-108603058 tempest-VolumesTestJSON-108603058-project] Flow 'volume_create_api' (00203611-40ae-47fe-be7a-93c972b9f6d4) transitioned into state 'RUNNING' from state 'PENDING' {{(pid=100295) _flow_receiver /usr/local/lib/python3.8/dist-packages/taskflow/listeners/logging.py:141}}
Aug 07 13:11:35.615997 dv-cinder-803823-1-iscsi devstack@c-api.service[100295]: DEBUG cinder.volume.api [None req-94ba334e-7d66-4900-a420-dd995f258d6a tempest-VolumesTestJSON-108603058 tempest-VolumesTestJSON-108603058-project] Task 'cinder.volume.flows.api.create_volume.ExtractVolumeRequestTask;volume:create' (a5e2f109-ed54-4711-9167-39d42bd07fd8) transitioned into state 'RUNNING' from state 'PENDING' {{(pid=100295) _task_receiver /usr/local/lib/python3.8/dist-packages/taskflow/listeners/logging.py:190}}
Aug 07 13:11:35.619648 dv-cinder-803823-1-iscsi devstack@c-api.service[100295]: DEBUG cinder.volume.flows.api.create_volume [None req-94ba334e-7d66-4900-a420-dd995f258d6a tempest-VolumesTestJSON-108603058 tempest-VolumesTestJSON-108603058-project] Validating volume size '1' using validate_int {{(pid=100295) _extract_size /opt/stack/cinder/cinder/volume/flows/api/create_volume.py:201}}
Aug 07 13:11:35.713712 dv-cinder-803823-1-iscsi devstack@c-api.service[100295]: DEBUG cinder.volume.api [None req-94ba334e-7d66-4900-a420-dd995f258d6a tempest-VolumesTestJSON-108603058 tempest-VolumesTestJSON-108603058-project] Task 'cinder.volume.flows.api.create_volume.ExtractVolumeRequestTask;volume:create' (a5e2f109-ed54-4711-9167-39d42bd07fd8) transitioned into state 'SUCCESS' from state 'RUNNING' with result '{'size': 1, 'snapshot_id': None, 'source_volid': None, 'volume_type': VolumeType(created_at=2021-08-07T13:02:30Z,deleted=False,deleted_at=None,description='Default Volume Type',extra_specs={},id=7f1aa4e1-d7bc-4a35-90ce-665f740a7158,is_public=True,name='__DEFAULT__',projects=[],qos_specs=,qos_specs_id=None,updated_at=2021-08-07T13:02:30Z), 'volume_type_id': '7f1aa4e1-d7bc-4a35-90ce-665f740a7158', 'encryption_key_id': None, 'qos_specs': None, 'consistencygroup_id': None, 'cgsnapshot_id': None, 'group_id': None, 'replication_status': 'disabled', 'refresh_az': False, 'backup_id': None, 'multiattach': False, 'availability_zones': ['nova']}' {{(pid=100295) _task_receiver /usr/local/lib/python3.8/dist-packages/taskflow/listeners/logging.py:178}}
Aug 07 13:11:35.727726 dv-cinder-803823-1-iscsi devstack@c-api.service[100296]: DEBUG cinder.quota [None req-72375240-486c-409c-bf0b-ab975d03d081 tempest-GroupSnapshotsTest-854347009 tempest-GroupSnapshotsTest-854347009-project] Created reservations ['a0928b2c-2c51-42de-8af7-aee0098b8349', '7462f50e-002c-4280-a3f8-f550ebea0e92', '02079b09-e9e3-4ffa-883e-7abdc24c28e7', 'dd5f520f-2023-428c-99c0-b491d92fa704'] {{(pid=100296) reserve /opt/stack/cinder/cinder/quota.py:755}}
Aug 07 13:11:35.728368 dv-cinder-803823-1-iscsi devstack@c-api.service[100295]: DEBUG cinder.volume.api [None req-94ba334e-7d66-4900-a420-dd995f258d6a tempest-VolumesTestJSON-108603058 tempest-VolumesTestJSON-108603058-project] Task 'cinder.volume.flows.api.create_volume.QuotaReserveTask;volume:create' (eb91beed-78ef-4b1b-8813-200cea502042) transitioned into state 'RUNNING' from state 'PENDING' {{(pid=100295) _task_receiver /usr/local/lib/python3.8/dist-packages/taskflow/listeners/logging.py:190}}
Aug 07 13:11:35.876018 dv-cinder-803823-1-iscsi devstack@c-api.service[100296]: INFO cinder.api.openstack.wsgi [None req-72375240-486c-409c-bf0b-ab975d03d081 tempest-GroupSnapshotsTest-854347009 tempest-GroupSnapshotsTest-854347009-project] http://10.222.0.68/volume/v3/c8e52fa88d804098a3e5bf95deb4a376/group_snapshots returned with HTTP 202
Aug 07 13:11:35.881847 dv-cinder-803823-1-iscsi devstack@c-api.service[100296]: [pid: 100296|app: 0|req: 23/42] 10.222.0.68 () {62 vars in 1301 bytes} [Sat Aug 7 13:11:35 2021] POST /volume/v3/c8e52fa88d804098a3e5bf95deb4a376/group_snapshots => generated 168 bytes in 463 msecs (HTTP/1.1 202) 7 headers in 292 bytes (1 switches on core 0)
Aug 07 13:11:35.882241 dv-cinder-803823-1-iscsi devstack@c-api.service[100295]: DEBUG cinder.quota [None req-94ba334e-7d66-4900-a420-dd995f258d6a tempest-VolumesTestJSON-108603058 tempest-VolumesTestJSON-108603058-project] Created reservations ['7f501fd5-f277-4073-a0a3-8e1545f0dc5f', 'f39669c7-070f-45ed-bf8c-439099ba59af', '9c31a25f-ab8a-4a94-bf96-9b7a63a89430', 'd277b5a8-665e-4e10-8b7d-ebe734fe8023'] {{(pid=100295) reserve /opt/stack/cinder/cinder/quota.py:755}}
Aug 07 13:11:35.885925 dv-cinder-803823-1-iscsi devstack@c-api.service[100295]: DEBUG cinder.volume.api [None req-94ba334e-7d66-4900-a420-dd995f258d6a tempest-VolumesTestJSON-108603058 tempest-VolumesTestJSON-108603058-project] Task 'cinder.volume.flows.api.create_volume.QuotaReserveTask;volume:create' (eb91beed-78ef-4b1b-8813-200cea502042) transitioned into state 'SUCCESS' from state 'RUNNING' with result '{'reservations': ['7f501fd5-f277-4073-a0a3-8e1545f0dc5f', 'f39669c7-070f-45ed-bf8c-439099ba59af', '9c31a25f-ab8a-4a94-bf96-9b7a63a89430', 'd277b5a8-665e-4e10-8b7d-ebe734fe8023']}' {{(pid=100295) _task_receiver /usr/local/lib/python3.8/dist-packages/taskflow/listeners/logging.py:178}}
Aug 07 13:11:35.888172 dv-cinder-803823-1-iscsi devstack@c-api.service[100295]: DEBUG cinder.volume.api [None req-94ba334e-7d66-4900-a420-dd995f258d6a tempest-VolumesTestJSON-108603058 tempest-VolumesTestJSON-108603058-project] Task 'cinder.volume.flows.api.create_volume.EntryCreateTask;volume:create' (cdd84a44-bd2b-40d1-8160-1a632c603565) transitioned into state 'RUNNING' from state 'PENDING' {{(pid=100295) _task_receiver /usr/local/lib/python3.8/dist-packages/taskflow/listeners/logging.py:190}}
Aug 07 13:11:35.891481 dv-cinder-803823-1-iscsi devstack@c-api.service[100296]: INFO cinder.api.openstack.wsgi [None req-6478b1e5-94b8-44a0-b2f6-0bb72223f0c2 tempest-VolumeQuotasAdminTestJSON-396278536 tempest-VolumeQuotasAdminTestJSON-396278536-project] GET http://10.222.0.68/volume/v3/e4ad2a7a028e44c9839f7ee7c6663c80/volumes/631ca940-ea76-4ac2-bbe9-7f0ae8540c3b
Aug 07 13:11:35.894105 dv-cinder-803823-1-iscsi devstack@c-api.service[100296]: DEBUG cinder.api.openstack.wsgi [None req-6478b1e5-94b8-44a0-b2f6-0bb72223f0c2 tempest-VolumeQuotasAdminTestJSON-396278536 tempest-VolumeQuotasAdminTestJSON-396278536-project] Empty body provided in request {{(pid=100296) get_body /opt/stack/cinder/cinder/api/openstack/wsgi.py:703}}
Aug 07 13:11:35.894387 dv-cinder-803823-1-iscsi devstack@c-api.service[100296]: /usr/local/lib/python3.8/dist-packages/webob/acceptparse.py:1047: DeprecationWarning: The behavior of AcceptValidHeader.best_match is currently being maintained for backward compatibility, but it will be deprecated in the future, as it does not conform to the RFC.
Aug 07 13:11:35.894387 dv-cinder-803823-1-iscsi devstack@c-api.service[100296]: warnings.warn(
Aug 07 13:11:35.894717 dv-cinder-803823-1-iscsi devstack@c-api.service[100296]: DEBUG cinder.api.openstack.wsgi [None req-6478b1e5-94b8-44a0-b2f6-0bb72223f0c2 tempest-VolumeQuotasAdminTestJSON-396278536 tempest-VolumeQuotasAdminTestJSON-396278536-project] Calling method 'show' {{(pid=100296) _process_stack /opt/stack/cinder/cinder/api/openstack/wsgi.py:856}}
Aug 07 13:11:35.933599 dv-cinder-803823-1-iscsi devstack@c-api.service[100296]: /usr/local/lib/python3.8/dist-packages/oslo_context/context.py:105: DeprecationWarning: Policy enforcement is depending on the value of is_admin. This key is deprecated. Please update your policy file to use the standard policy values.
Aug 07 13:11:35.933599 dv-cinder-803823-1-iscsi devstack@c-api.service[100296]: warnings.warn('Policy enforcement is depending on the value of '
Aug 07 13:11:35.945086 dv-cinder-803823-1-iscsi devstack@c-api.service[100295]: DEBUG cinder.volume.api [None req-94ba334e-7d66-4900-a420-dd995f258d6a tempest-VolumesTestJSON-108603058 tempest-VolumesTestJSON-108603058-project] Task 'cinder.volume.flows.api.create_volume.EntryCreateTask;volume:create' (cdd84a44-bd2b-40d1-8160-1a632c603565) transitioned into state 'SUCCESS' from state 'RUNNING' with result '{'volume_id': 'fd5d25e4-dc16-440d-806a-269df24e816f', 'volume_properties': VolumeProperties(attach_status='detached',availability_zone='nova',cgsnapshot_id=None,consistencygroup_id=None,display_description=None,display_name='tempest-VolumesTestJSON-volume-1724832183',encryption_key_id=None,group_id=None,group_type_id=,metadata={Type='work'},multiattach=False,project_id='9ee3469b000344bfb419c387cb302aa1',qos_specs=None,replication_status=,reservations=['7f501fd5-f277-4073-a0a3-8e1545f0dc5f','f39669c7-070f-45ed-bf8c-439099ba59af','9c31a25f-ab8a-4a94-bf96-9b7a63a89430','d277b5a8-665e-4e10-8b7d-ebe734fe8023'],size=1,snapshot_id=None,source_replicaid=,source_volid=None,status='creating',user_id='f8157791caed4d1fb4ad17bcf618a818',volume_type_id=7f1aa4e1-d7bc-4a35-90ce-665f740a7158), 'volume': Volume(_name_id=None,admin_metadata=,attach_status='detached',availability_zone='nova',bootable=False,cluster=,cluster_name=None,consistencygroup=,consistencygroup_id=None,created_at=2021-08-07T13:11:35Z,deleted=False,deleted_at=None,display_description=None,display_name='tempest-VolumesTestJSON-volume-1724832183',ec2_id=None,encryption_key_id=None,glance_metadata=,group=,group_id=None,host=None,id=fd5d25e4-dc16-440d-806a-269df24e816f,launched_at=None,metadata={Type='work'},migration_status=None,multiattach=False,previous_status=None,project_id='9ee3469b000344bfb419c387cb302aa1',provider_auth=None,provider_geometry=None,provider_id=None,provider_location=None,replication_driver_data=None,replication_extended_status=None,replication_status=None,scheduled_at=None,service_uuid=None,shared_targets=True,size=1,snapshot_id=None,snapshots=,source_volid=None,status='creating',terminated_at=None,updated_at=None,user_id='f8157791caed4d1fb4ad17bcf618a818',volume_attachment=,volume_type=VolumeType(7f1aa4e1-d7bc-4a35-90ce-665f740a7158),volume_type_id=7f1aa4e1-d7bc-4a35-90ce-665f740a7158)}' {{(pid=100295) _task_receiver /usr/local/lib/python3.8/dist-packages/taskflow/listeners/logging.py:178}}
Aug 07 13:11:35.950590 dv-cinder-803823-1-iscsi devstack@c-api.service[100295]: DEBUG cinder.volume.api [None req-94ba334e-7d66-4900-a420-dd995f258d6a tempest-VolumesTestJSON-108603058 tempest-VolumesTestJSON-108603058-project] Task 'cinder.volume.flows.api.create_volume.QuotaCommitTask;volume:create' (9e4f3b4c-a2cd-4d23-bcba-1b02c993da56) transitioned into state 'RUNNING' from state 'PENDING' {{(pid=100295) _task_receiver /usr/local/lib/python3.8/dist-packages/taskflow/listeners/logging.py:190}}
Aug 07 13:11:35.951592 dv-cinder-803823-1-iscsi devstack@c-api.service[100296]: INFO cinder.volume.api [None req-6478b1e5-94b8-44a0-b2f6-0bb72223f0c2 tempest-VolumeQuotasAdminTestJSON-396278536 tempest-VolumeQuotasAdminTestJSON-396278536-project] Volume info retrieved successfully.
Aug 07 13:11:35.992366 dv-cinder-803823-1-iscsi devstack@c-api.service[100296]: INFO cinder.api.openstack.wsgi [None req-6478b1e5-94b8-44a0-b2f6-0bb72223f0c2 tempest-VolumeQuotasAdminTestJSON-396278536 tempest-VolumeQuotasAdminTestJSON-396278536-project] http://10.222.0.68/volume/v3/e4ad2a7a028e44c9839f7ee7c6663c80/volumes/631ca940-ea76-4ac2-bbe9-7f0ae8540c3b returned with HTTP 200
Aug 07 13:11:36.005181 dv-cinder-803823-1-iscsi devstack@c-api.service[100296]: [pid: 100296|app: 0|req: 24/43] 10.222.0.68 () {58 vars in 1325 bytes} [Sat Aug 7 13:11:35 2021] GET /volume/v3/e4ad2a7a028e44c9839f7ee7c6663c80/volumes/631ca940-ea76-4ac2-bbe9-7f0ae8540c3b => generated 917 bytes in 126 msecs (HTTP/1.1 200) 7 headers in 285 bytes (1 switches on core 0)
Aug 07 13:11:36.012462 dv-cinder-803823-1-iscsi devstack@c-api.service[100296]: INFO cinder.api.openstack.wsgi [None req-6e29e87e-24a5-421c-83d4-a06510c3347a tempest-GroupSnapshotsTest-854347009 tempest-GroupSnapshotsTest-854347009-project] GET http://10.222.0.68/volume/v3/c8e52fa88d804098a3e5bf95deb4a376/group_snapshots/d6a1232c-c88f-424c-92a9-3d58f60fade8
Aug 07 13:11:36.013038 dv-cinder-803823-1-iscsi devstack@c-api.service[100296]: DEBUG cinder.api.openstack.wsgi [None req-6e29e87e-24a5-421c-83d4-a06510c3347a tempest-GroupSnapshotsTest-854347009 tempest-GroupSnapshotsTest-854347009-project] Empty body provided in request {{(pid=100296) get_body /opt/stack/cinder/cinder/api/openstack/wsgi.py:703}}
Aug 07 13:11:36.016860 dv-cinder-803823-1-iscsi devstack@c-api.service[100295]: DEBUG cinder.volume.api [None req-94ba334e-7d66-4900-a420-dd995f258d6a tempest-VolumesTestJSON-108603058 tempest-VolumesTestJSON-108603058-project] Task 'cinder.volume.flows.api.create_volume.QuotaCommitTask;volume:create' (9e4f3b4c-a2cd-4d23-bcba-1b02c993da56) transitioned into state 'SUCCESS' from state 'RUNNING' with result '{'volume_properties': VolumeProperties(attach_status='detached',availability_zone='nova',cgsnapshot_id=None,consistencygroup_id=None,display_description=None,display_name='tempest-VolumesTestJSON-volume-1724832183',encryption_key_id=None,group_id=None,group_type_id=,metadata={Type='work'},multiattach=False,project_id='9ee3469b000344bfb419c387cb302aa1',qos_specs=None,replication_status=,reservations=['7f501fd5-f277-4073-a0a3-8e1545f0dc5f','f39669c7-070f-45ed-bf8c-439099ba59af','9c31a25f-ab8a-4a94-bf96-9b7a63a89430','d277b5a8-665e-4e10-8b7d-ebe734fe8023'],size=1,snapshot_id=None,source_replicaid=,source_volid=None,status='creating',user_id='f8157791caed4d1fb4ad17bcf618a818',volume_type_id=7f1aa4e1-d7bc-4a35-90ce-665f740a7158)}' {{(pid=100295) _task_receiver /usr/local/lib/python3.8/dist-packages/taskflow/listeners/logging.py:178}}
Aug 07 13:11:36.018918 dv-cinder-803823-1-iscsi devstack@c-api.service[100295]: DEBUG cinder.volume.api [None req-94ba334e-7d66-4900-a420-dd995f258d6a tempest-VolumesTestJSON-108603058 tempest-VolumesTestJSON-108603058-project] Task 'cinder.volume.flows.api.create_volume.VolumeCastTask;volume:create' (6bfdbb93-4556-4377-823f-423d19620dc2) transitioned into state 'RUNNING' from state 'PENDING' {{(pid=100295) _task_receiver /usr/local/lib/python3.8/dist-packages/taskflow/listeners/logging.py:190}}
Aug 07 13:11:36.022267 dv-cinder-803823-1-iscsi devstack@c-api.service[100296]: /usr/local/lib/python3.8/dist-packages/webob/acceptparse.py:1047: DeprecationWarning: The behavior of AcceptValidHeader.best_match is currently being maintained for backward compatibility, but it will be deprecated in the future, as it does not conform to the RFC.
Aug 07 13:11:36.022267 dv-cinder-803823-1-iscsi devstack@c-api.service[100296]: warnings.warn(
Aug 07 13:11:36.022759 dv-cinder-803823-1-iscsi devstack@c-api.service[100296]: DEBUG cinder.api.openstack.wsgi [None req-6e29e87e-24a5-421c-83d4-a06510c3347a tempest-GroupSnapshotsTest-854347009 tempest-GroupSnapshotsTest-854347009-project] Calling method 'version_select' {{(pid=100296) _process_stack /opt/stack/cinder/cinder/api/openstack/wsgi.py:856}}
Aug 07 13:11:36.023253 dv-cinder-803823-1-iscsi devstack@c-api.service[100296]: DEBUG cinder.api.v3.group_snapshots [None req-6e29e87e-24a5-421c-83d4-a06510c3347a tempest-GroupSnapshotsTest-854347009 tempest-GroupSnapshotsTest-854347009-project] show called for member d6a1232c-c88f-424c-92a9-3d58f60fade8 {{(pid=100296) show /opt/stack/cinder/cinder/api/v3/group_snapshots.py:58}}
Aug 07 13:11:36.033194 dv-cinder-803823-1-iscsi devstack@c-api.service[100296]: /usr/local/lib/python3.8/dist-packages/oslo_context/context.py:105: DeprecationWarning: Policy enforcement is depending on the value of is_admin. This key is deprecated. Please update your policy file to use the standard policy values.
Aug 07 13:11:36.033194 dv-cinder-803823-1-iscsi devstack@c-api.service[100296]: warnings.warn('Policy enforcement is depending on the value of '
Aug 07 13:11:36.051247 dv-cinder-803823-1-iscsi devstack@c-api.service[100295]: DEBUG cinder.volume.api [None req-94ba334e-7d66-4900-a420-dd995f258d6a tempest-VolumesTestJSON-108603058 tempest-VolumesTestJSON-108603058-project] Task 'cinder.volume.flows.api.create_volume.VolumeCastTask;volume:create' (6bfdbb93-4556-4377-823f-423d19620dc2) transitioned into state 'SUCCESS' from state 'RUNNING' with result 'None' {{(pid=100295) _task_receiver /usr/local/lib/python3.8/dist-packages/taskflow/listeners/logging.py:178}}
Aug 07 13:11:36.054026 dv-cinder-803823-1-iscsi devstack@c-api.service[100296]: INFO cinder.api.openstack.wsgi [None req-6e29e87e-24a5-421c-83d4-a06510c3347a tempest-GroupSnapshotsTest-854347009 tempest-GroupSnapshotsTest-854347009-project] http://10.222.0.68/volume/v3/c8e52fa88d804098a3e5bf95deb4a376/group_snapshots/d6a1232c-c88f-424c-92a9-3d58f60fade8 returned with HTTP 200
Aug 07 13:11:36.061250 dv-cinder-803823-1-iscsi devstack@c-api.service[100296]: [pid: 100296|app: 0|req: 25/44] 10.222.0.68 () {60 vars in 1390 bytes} [Sat Aug 7 13:11:36 2021] GET /volume/v3/c8e52fa88d804098a3e5bf95deb4a376/group_snapshots/d6a1232c-c88f-424c-92a9-3d58f60fade8 => generated 307 bytes in 52 msecs (HTTP/1.1 200) 7 headers in 286 bytes (1 switches on core 0)
Aug 07 13:11:36.061447 dv-cinder-803823-1-iscsi devstack@c-api.service[100295]: DEBUG cinder.volume.api [None req-94ba334e-7d66-4900-a420-dd995f258d6a tempest-VolumesTestJSON-108603058 tempest-VolumesTestJSON-108603058-project] Flow 'volume_create_api' (00203611-40ae-47fe-be7a-93c972b9f6d4) transitioned into state 'SUCCESS' from state 'RUNNING' {{(pid=100295) _flow_receiver /usr/local/lib/python3.8/dist-packages/taskflow/listeners/logging.py:141}}
Aug 07 13:11:36.062172 dv-cinder-803823-1-iscsi devstack@c-api.service[100295]: INFO cinder.volume.api [None req-94ba334e-7d66-4900-a420-dd995f258d6a tempest-VolumesTestJSON-108603058 tempest-VolumesTestJSON-108603058-project] Create volume request issued successfully.
Aug 07 13:11:36.073836 dv-cinder-803823-1-iscsi devstack@c-api.service[100296]: INFO cinder.api.openstack.wsgi [None req-a6efbd17-9d13-4aed-a036-c16b9d709eef tempest-VolumeQuotasAdminTestJSON-1420732726 tempest-VolumeQuotasAdminTestJSON-1420732726-project-admin] GET http://10.222.0.68/volume/v3/8382335f3f664c50909aa3a733b79f37/os-quota-sets/e4ad2a7a028e44c9839f7ee7c6663c80?usage=True
Aug 07 13:11:36.074311 dv-cinder-803823-1-iscsi devstack@c-api.service[100296]: DEBUG cinder.api.openstack.wsgi [None req-a6efbd17-9d13-4aed-a036-c16b9d709eef tempest-VolumeQuotasAdminTestJSON-1420732726 tempest-VolumeQuotasAdminTestJSON-1420732726-project-admin] Empty body provided in request {{(pid=100296) get_body /opt/stack/cinder/cinder/api/openstack/wsgi.py:703}}
Aug 07 13:11:36.074523 dv-cinder-803823-1-iscsi devstack@c-api.service[100296]: /usr/local/lib/python3.8/dist-packages/webob/acceptparse.py:1047: DeprecationWarning: The behavior of AcceptValidHeader.best_match is currently being maintained for backward compatibility, but it will be deprecated in the future, as it does not conform to the RFC.
Aug 07 13:11:36.074523 dv-cinder-803823-1-iscsi devstack@c-api.service[100296]: warnings.warn(
Aug 07 13:11:36.076414 dv-cinder-803823-1-iscsi devstack@c-api.service[100296]: DEBUG cinder.api.openstack.wsgi [None req-a6efbd17-9d13-4aed-a036-c16b9d709eef tempest-VolumeQuotasAdminTestJSON-1420732726 tempest-VolumeQuotasAdminTestJSON-1420732726-project-admin] Calling method 'show' {{(pid=100296) _process_stack /opt/stack/cinder/cinder/api/openstack/wsgi.py:856}}
Aug 07 13:11:36.081992 dv-cinder-803823-1-iscsi devstack@c-api.service[100295]: INFO cinder.api.openstack.wsgi [None req-94ba334e-7d66-4900-a420-dd995f258d6a tempest-VolumesTestJSON-108603058 tempest-VolumesTestJSON-108603058-project] http://10.222.0.68/volume/v3/9ee3469b000344bfb419c387cb302aa1/volumes returned with HTTP 202
Aug 07 13:11:36.084297 dv-cinder-803823-1-iscsi devstack@c-api.service[100295]: [pid: 100295|app: 0|req: 20/45] 10.222.0.68 () {60 vars in 1236 bytes} [Sat Aug 7 13:11:35 2021] POST /volume/v3/9ee3469b000344bfb419c387cb302aa1/volumes => generated 829 bytes in 514 msecs (HTTP/1.1 202) 7 headers in 291 bytes (1 switches on core 0)
Aug 07 13:11:36.099003 dv-cinder-803823-1-iscsi devstack@c-api.service[100295]: INFO cinder.api.openstack.wsgi [None req-e3e50286-327b-44ef-a4a3-3368a71d986a tempest-VolumesTestJSON-108603058 tempest-VolumesTestJSON-108603058-project] GET http://10.222.0.68/volume/v3/9ee3469b000344bfb419c387cb302aa1/volumes/fd5d25e4-dc16-440d-806a-269df24e816f
Aug 07 13:11:36.099576 dv-cinder-803823-1-iscsi devstack@c-api.service[100295]: DEBUG cinder.api.openstack.wsgi [None req-e3e50286-327b-44ef-a4a3-3368a71d986a tempest-VolumesTestJSON-108603058 tempest-VolumesTestJSON-108603058-project] Empty body provided in request {{(pid=100295) get_body /opt/stack/cinder/cinder/api/openstack/wsgi.py:703}}
Aug 07 13:11:36.102246 dv-cinder-803823-1-iscsi devstack@c-api.service[100295]: /usr/local/lib/python3.8/dist-packages/webob/acceptparse.py:1047: DeprecationWarning: The behavior of AcceptValidHeader.best_match is currently being maintained for backward compatibility, but it will be deprecated in the future, as it does not conform to the RFC.
Aug 07 13:11:36.102246 dv-cinder-803823-1-iscsi devstack@c-api.service[100295]: warnings.warn(
Aug 07 13:11:36.103465 dv-cinder-803823-1-iscsi devstack@c-api.service[100295]: DEBUG cinder.api.openstack.wsgi [None req-e3e50286-327b-44ef-a4a3-3368a71d986a tempest-VolumesTestJSON-108603058 tempest-VolumesTestJSON-108603058-project] Calling method 'show' {{(pid=100295) _process_stack /opt/stack/cinder/cinder/api/openstack/wsgi.py:856}}
Aug 07 13:11:36.140981 dv-cinder-803823-1-iscsi devstack@c-api.service[100296]: INFO cinder.api.openstack.wsgi [None req-a6efbd17-9d13-4aed-a036-c16b9d709eef tempest-VolumeQuotasAdminTestJSON-1420732726 tempest-VolumeQuotasAdminTestJSON-1420732726-project-admin] http://10.222.0.68/volume/v3/8382335f3f664c50909aa3a733b79f37/os-quota-sets/e4ad2a7a028e44c9839f7ee7c6663c80?usage=True returned with HTTP 200
Aug 07 13:11:36.151979 dv-cinder-803823-1-iscsi devstack@c-api.service[100296]: [pid: 100296|app: 0|req: 26/46] 10.222.0.68 () {58 vars in 1352 bytes} [Sat Aug 7 13:11:36 2021] GET /volume/v3/8382335f3f664c50909aa3a733b79f37/os-quota-sets/e4ad2a7a028e44c9839f7ee7c6663c80?usage=True => generated 1181 bytes in 93 msecs (HTTP/1.1 200) 7 headers in 286 bytes (1 switches on core 0)
Aug 07 13:11:36.154364 dv-cinder-803823-1-iscsi devstack@c-api.service[100295]: /usr/local/lib/python3.8/dist-packages/oslo_context/context.py:105: DeprecationWarning: Policy enforcement is depending on the value of is_admin. This key is deprecated. Please update your policy file to use the standard policy values.
Aug 07 13:11:36.154364 dv-cinder-803823-1-iscsi devstack@c-api.service[100295]: warnings.warn('Policy enforcement is depending on the value of '
Aug 07 13:11:36.158875 dv-cinder-803823-1-iscsi devstack@c-api.service[100296]: INFO cinder.api.openstack.wsgi [None req-dc5da4a5-40b7-4486-b971-816589880c30 tempest-VolumeQuotasAdminTestJSON-396278536 tempest-VolumeQuotasAdminTestJSON-396278536-project] DELETE http://10.222.0.68/volume/v3/e4ad2a7a028e44c9839f7ee7c6663c80/volumes/631ca940-ea76-4ac2-bbe9-7f0ae8540c3b
Aug 07 13:11:36.159705 dv-cinder-803823-1-iscsi devstack@c-api.service[100296]: DEBUG cinder.api.openstack.wsgi [None req-dc5da4a5-40b7-4486-b971-816589880c30 tempest-VolumeQuotasAdminTestJSON-396278536 tempest-VolumeQuotasAdminTestJSON-396278536-project] Empty body provided in request {{(pid=100296) get_body /opt/stack/cinder/cinder/api/openstack/wsgi.py:703}}
Aug 07 13:11:36.160365 dv-cinder-803823-1-iscsi devstack@c-api.service[100296]: DEBUG cinder.api.openstack.wsgi [None req-dc5da4a5-40b7-4486-b971-816589880c30 tempest-VolumeQuotasAdminTestJSON-396278536 tempest-VolumeQuotasAdminTestJSON-396278536-project] Calling method 'delete' {{(pid=100296) _process_stack /opt/stack/cinder/cinder/api/openstack/wsgi.py:856}}
Aug 07 13:11:36.161011 dv-cinder-803823-1-iscsi devstack@c-api.service[100296]: INFO cinder.api.v3.volumes [None req-dc5da4a5-40b7-4486-b971-816589880c30 tempest-VolumeQuotasAdminTestJSON-396278536 tempest-VolumeQuotasAdminTestJSON-396278536-project] Delete volume with id: 631ca940-ea76-4ac2-bbe9-7f0ae8540c3b
Aug 07 13:11:36.177579 dv-cinder-803823-1-iscsi devstack@c-api.service[100295]: INFO cinder.volume.api [None req-e3e50286-327b-44ef-a4a3-3368a71d986a tempest-VolumesTestJSON-108603058 tempest-VolumesTestJSON-108603058-project] Volume info retrieved successfully.
Aug 07 13:11:36.200069 dv-cinder-803823-1-iscsi devstack@c-api.service[100296]: /usr/local/lib/python3.8/dist-packages/oslo_context/context.py:105: DeprecationWarning: Policy enforcement is depending on the value of is_admin. This key is deprecated. Please update your policy file to use the standard policy values.
Aug 07 13:11:36.200069 dv-cinder-803823-1-iscsi devstack@c-api.service[100296]: warnings.warn('Policy enforcement is depending on the value of '
Aug 07 13:11:36.205140 dv-cinder-803823-1-iscsi devstack@c-api.service[100296]: INFO cinder.volume.api [None req-dc5da4a5-40b7-4486-b971-816589880c30 tempest-VolumeQuotasAdminTestJSON-396278536 tempest-VolumeQuotasAdminTestJSON-396278536-project] Volume info retrieved successfully.
Aug 07 13:11:36.231854 dv-cinder-803823-1-iscsi devstack@c-api.service[100295]: INFO cinder.api.openstack.wsgi [None req-e3e50286-327b-44ef-a4a3-3368a71d986a tempest-VolumesTestJSON-108603058 tempest-VolumesTestJSON-108603058-project] http://10.222.0.68/volume/v3/9ee3469b000344bfb419c387cb302aa1/volumes/fd5d25e4-dc16-440d-806a-269df24e816f returned with HTTP 200
Aug 07 13:11:36.242919 dv-cinder-803823-1-iscsi devstack@c-api.service[100295]: [pid: 100295|app: 0|req: 21/47] 10.222.0.68 () {58 vars in 1325 bytes} [Sat Aug 7 13:11:36 2021] GET /volume/v3/9ee3469b000344bfb419c387cb302aa1/volumes/fd5d25e4-dc16-440d-806a-269df24e816f => generated 897 bytes in 141 msecs (HTTP/1.1 200) 7 headers in 285 bytes (1 switches on core 0)
Aug 07 13:11:36.333641 dv-cinder-803823-1-iscsi devstack@c-api.service[100296]: INFO cinder.volume.api [None req-dc5da4a5-40b7-4486-b971-816589880c30 tempest-VolumeQuotasAdminTestJSON-396278536 tempest-VolumeQuotasAdminTestJSON-396278536-project] Delete volume request issued successfully.
Aug 07 13:11:36.333972 dv-cinder-803823-1-iscsi devstack@c-api.service[100296]: INFO cinder.api.openstack.wsgi [None req-dc5da4a5-40b7-4486-b971-816589880c30 tempest-VolumeQuotasAdminTestJSON-396278536 tempest-VolumeQuotasAdminTestJSON-396278536-project] http://10.222.0.68/volume/v3/e4ad2a7a028e44c9839f7ee7c6663c80/volumes/631ca940-ea76-4ac2-bbe9-7f0ae8540c3b returned with HTTP 202
Aug 07 13:11:36.342648 dv-cinder-803823-1-iscsi devstack@c-api.service[100296]: [pid: 100296|app: 0|req: 27/48] 10.222.0.68 () {58 vars in 1328 bytes} [Sat Aug 7 13:11:36 2021] DELETE /volume/v3/e4ad2a7a028e44c9839f7ee7c6663c80/volumes/631ca940-ea76-4ac2-bbe9-7f0ae8540c3b => generated 0 bytes in 189 msecs (HTTP/1.1 202) 6 headers in 233 bytes (1 switches on core 0)
Aug 07 13:11:36.346997 dv-cinder-803823-1-iscsi devstack@c-api.service[100295]: INFO cinder.api.openstack.wsgi [None req-95923585-cee1-478d-995d-ccdf05ff78dc tempest-VolumeQuotasAdminTestJSON-396278536 tempest-VolumeQuotasAdminTestJSON-396278536-project] GET http://10.222.0.68/volume/v3/e4ad2a7a028e44c9839f7ee7c6663c80/volumes/631ca940-ea76-4ac2-bbe9-7f0ae8540c3b
Aug 07 13:11:36.347762 dv-cinder-803823-1-iscsi devstack@c-api.service[100295]: DEBUG cinder.api.openstack.wsgi [None req-95923585-cee1-478d-995d-ccdf05ff78dc tempest-VolumeQuotasAdminTestJSON-396278536 tempest-VolumeQuotasAdminTestJSON-396278536-project] Empty body provided in request {{(pid=100295) get_body /opt/stack/cinder/cinder/api/openstack/wsgi.py:703}}
Aug 07 13:11:36.348357 dv-cinder-803823-1-iscsi devstack@c-api.service[100295]: /usr/local/lib/python3.8/dist-packages/webob/acceptparse.py:1047: DeprecationWarning: The behavior of AcceptValidHeader.best_match is currently being maintained for backward compatibility, but it will be deprecated in the future, as it does not conform to the RFC.
Aug 07 13:11:36.348357 dv-cinder-803823-1-iscsi devstack@c-api.service[100295]: warnings.warn(
Aug 07 13:11:36.349535 dv-cinder-803823-1-iscsi devstack@c-api.service[100295]: DEBUG cinder.api.openstack.wsgi [None req-95923585-cee1-478d-995d-ccdf05ff78dc tempest-VolumeQuotasAdminTestJSON-396278536 tempest-VolumeQuotasAdminTestJSON-396278536-project] Calling method 'show' {{(pid=100295) _process_stack /opt/stack/cinder/cinder/api/openstack/wsgi.py:856}}
Aug 07 13:11:36.373103 dv-cinder-803823-1-iscsi devstack@c-api.service[100295]: /usr/local/lib/python3.8/dist-packages/oslo_context/context.py:105: DeprecationWarning: Policy enforcement is depending on the value of is_admin. This key is deprecated. Please update your policy file to use the standard policy values.
Aug 07 13:11:36.373103 dv-cinder-803823-1-iscsi devstack@c-api.service[100295]: warnings.warn('Policy enforcement is depending on the value of '
Aug 07 13:11:36.391687 dv-cinder-803823-1-iscsi devstack@c-api.service[100295]: INFO cinder.volume.api [None req-95923585-cee1-478d-995d-ccdf05ff78dc tempest-VolumeQuotasAdminTestJSON-396278536 tempest-VolumeQuotasAdminTestJSON-396278536-project] Volume info retrieved successfully.
Aug 07 13:11:36.433119 dv-cinder-803823-1-iscsi devstack@c-api.service[100295]: INFO cinder.api.openstack.wsgi [None req-95923585-cee1-478d-995d-ccdf05ff78dc tempest-VolumeQuotasAdminTestJSON-396278536 tempest-VolumeQuotasAdminTestJSON-396278536-project] http://10.222.0.68/volume/v3/e4ad2a7a028e44c9839f7ee7c6663c80/volumes/631ca940-ea76-4ac2-bbe9-7f0ae8540c3b returned with HTTP 200
Aug 07 13:11:36.434068 dv-cinder-803823-1-iscsi devstack@c-api.service[100295]: [pid: 100295|app: 0|req: 22/49] 10.222.0.68 () {58 vars in 1325 bytes} [Sat Aug 7 13:11:36 2021] GET /volume/v3/e4ad2a7a028e44c9839f7ee7c6663c80/volumes/631ca940-ea76-4ac2-bbe9-7f0ae8540c3b => generated 916 bytes in 93 msecs (HTTP/1.1 200) 7 headers in 285 bytes (2 switches on core 0)
Aug 07 13:11:37.073326 dv-cinder-803823-1-iscsi devstack@c-api.service[100296]: INFO cinder.api.openstack.wsgi [None req-8aed7ce8-f18f-47ca-a7b4-6cf129dafe21 tempest-GroupSnapshotsTest-854347009 tempest-GroupSnapshotsTest-854347009-project] GET http://10.222.0.68/volume/v3/c8e52fa88d804098a3e5bf95deb4a376/group_snapshots/d6a1232c-c88f-424c-92a9-3d58f60fade8
Aug 07 13:11:37.074527 dv-cinder-803823-1-iscsi devstack@c-api.service[100296]: DEBUG cinder.api.openstack.wsgi [None req-8aed7ce8-f18f-47ca-a7b4-6cf129dafe21 tempest-GroupSnapshotsTest-854347009 tempest-GroupSnapshotsTest-854347009-project] Empty body provided in request {{(pid=100296) get_body /opt/stack/cinder/cinder/api/openstack/wsgi.py:703}}
Aug 07 13:11:37.074846 dv-cinder-803823-1-iscsi devstack@c-api.service[100296]: /usr/local/lib/python3.8/dist-packages/webob/acceptparse.py:1047: DeprecationWarning: The behavior of AcceptValidHeader.best_match is currently being maintained for backward compatibility, but it will be deprecated in the future, as it does not conform to the RFC.
Aug 07 13:11:37.074846 dv-cinder-803823-1-iscsi devstack@c-api.service[100296]: warnings.warn(
Aug 07 13:11:37.075720 dv-cinder-803823-1-iscsi devstack@c-api.service[100296]: DEBUG cinder.api.openstack.wsgi [None req-8aed7ce8-f18f-47ca-a7b4-6cf129dafe21 tempest-GroupSnapshotsTest-854347009 tempest-GroupSnapshotsTest-854347009-project] Calling method 'version_select' {{(pid=100296) _process_stack /opt/stack/cinder/cinder/api/openstack/wsgi.py:856}}
Aug 07 13:11:37.076842 dv-cinder-803823-1-iscsi devstack@c-api.service[100296]: DEBUG cinder.api.v3.group_snapshots [None req-8aed7ce8-f18f-47ca-a7b4-6cf129dafe21 tempest-GroupSnapshotsTest-854347009 tempest-GroupSnapshotsTest-854347009-project] show called for member d6a1232c-c88f-424c-92a9-3d58f60fade8 {{(pid=100296) show /opt/stack/cinder/cinder/api/v3/group_snapshots.py:58}}
Aug 07 13:11:37.086779 dv-cinder-803823-1-iscsi devstack@c-api.service[100296]: /usr/local/lib/python3.8/dist-packages/oslo_context/context.py:105: DeprecationWarning: Policy enforcement is depending on the value of is_admin. This key is deprecated. Please update your policy file to use the standard policy values.
Aug 07 13:11:37.086779 dv-cinder-803823-1-iscsi devstack@c-api.service[100296]: warnings.warn('Policy enforcement is depending on the value of '
Aug 07 13:11:37.100432 dv-cinder-803823-1-iscsi devstack@c-api.service[100296]: INFO cinder.api.openstack.wsgi [None req-8aed7ce8-f18f-47ca-a7b4-6cf129dafe21 tempest-GroupSnapshotsTest-854347009 tempest-GroupSnapshotsTest-854347009-project] http://10.222.0.68/volume/v3/c8e52fa88d804098a3e5bf95deb4a376/group_snapshots/d6a1232c-c88f-424c-92a9-3d58f60fade8 returned with HTTP 200
Aug 07 13:11:37.104907 dv-cinder-803823-1-iscsi devstack@c-api.service[100296]: [pid: 100296|app: 0|req: 28/50] 10.222.0.68 () {60 vars in 1390 bytes} [Sat Aug 7 13:11:37 2021] GET /volume/v3/c8e52fa88d804098a3e5bf95deb4a376/group_snapshots/d6a1232c-c88f-424c-92a9-3d58f60fade8 => generated 307 bytes in 39 msecs (HTTP/1.1 200) 7 headers in 286 bytes (1 switches on core 0)
Aug 07 13:11:37.248593 dv-cinder-803823-1-iscsi devstack@c-api.service[100295]: INFO cinder.api.openstack.wsgi [None req-d0930cfe-b5f5-4371-b493-0c7b4ff00e64 tempest-VolumesTestJSON-108603058 tempest-VolumesTestJSON-108603058-project] GET http://10.222.0.68/volume/v3/9ee3469b000344bfb419c387cb302aa1/volumes/fd5d25e4-dc16-440d-806a-269df24e816f
Aug 07 13:11:37.249081 dv-cinder-803823-1-iscsi devstack@c-api.service[100295]: DEBUG cinder.api.openstack.wsgi [None req-d0930cfe-b5f5-4371-b493-0c7b4ff00e64 tempest-VolumesTestJSON-108603058 tempest-VolumesTestJSON-108603058-project] Empty body provided in request {{(pid=100295) get_body /opt/stack/cinder/cinder/api/openstack/wsgi.py:703}}
Aug 07 13:11:37.249202 dv-cinder-803823-1-iscsi devstack@c-api.service[100295]: /usr/local/lib/python3.8/dist-packages/webob/acceptparse.py:1047: DeprecationWarning: The behavior of AcceptValidHeader.best_match is currently being maintained for backward compatibility, but it will be deprecated in the future, as it does not conform to the RFC.
Aug 07 13:11:37.249202 dv-cinder-803823-1-iscsi devstack@c-api.service[100295]: warnings.warn(
Aug 07 13:11:37.249529 dv-cinder-803823-1-iscsi devstack@c-api.service[100295]: DEBUG cinder.api.openstack.wsgi [None req-d0930cfe-b5f5-4371-b493-0c7b4ff00e64 tempest-VolumesTestJSON-108603058 tempest-VolumesTestJSON-108603058-project] Calling method 'show' {{(pid=100295) _process_stack /opt/stack/cinder/cinder/api/openstack/wsgi.py:856}}
Aug 07 13:11:37.272106 dv-cinder-803823-1-iscsi devstack@c-api.service[100295]: /usr/local/lib/python3.8/dist-packages/oslo_context/context.py:105: DeprecationWarning: Policy enforcement is depending on the value of is_admin. This key is deprecated. Please update your policy file to use the standard policy values.
Aug 07 13:11:37.272106 dv-cinder-803823-1-iscsi devstack@c-api.service[100295]: warnings.warn('Policy enforcement is depending on the value of '
Aug 07 13:11:37.300367 dv-cinder-803823-1-iscsi devstack@c-api.service[100295]: INFO cinder.volume.api [None req-d0930cfe-b5f5-4371-b493-0c7b4ff00e64 tempest-VolumesTestJSON-108603058 tempest-VolumesTestJSON-108603058-project] Volume info retrieved successfully.
Aug 07 13:11:37.326118 dv-cinder-803823-1-iscsi devstack@c-api.service[100295]: INFO cinder.api.openstack.wsgi [None req-d0930cfe-b5f5-4371-b493-0c7b4ff00e64 tempest-VolumesTestJSON-108603058 tempest-VolumesTestJSON-108603058-project] http://10.222.0.68/volume/v3/9ee3469b000344bfb419c387cb302aa1/volumes/fd5d25e4-dc16-440d-806a-269df24e816f returned with HTTP 200
Aug 07 13:11:37.337427 dv-cinder-803823-1-iscsi devstack@c-api.service[100295]: [pid: 100295|app: 0|req: 23/51] 10.222.0.68 () {58 vars in 1325 bytes} [Sat Aug 7 13:11:37 2021] GET /volume/v3/9ee3469b000344bfb419c387cb302aa1/volumes/fd5d25e4-dc16-440d-806a-269df24e816f => generated 921 bytes in 91 msecs (HTTP/1.1 200) 7 headers in 285 bytes (1 switches on core 0)
Aug 07 13:11:37.450486 dv-cinder-803823-1-iscsi devstack@c-api.service[100296]: INFO cinder.api.openstack.wsgi [None req-0f6fd2d8-a12f-4728-8088-131da8319712 tempest-VolumeQuotasAdminTestJSON-396278536 tempest-VolumeQuotasAdminTestJSON-396278536-project] GET http://10.222.0.68/volume/v3/e4ad2a7a028e44c9839f7ee7c6663c80/volumes/631ca940-ea76-4ac2-bbe9-7f0ae8540c3b
Aug 07 13:11:37.450939 dv-cinder-803823-1-iscsi devstack@c-api.service[100296]: DEBUG cinder.api.openstack.wsgi [None req-0f6fd2d8-a12f-4728-8088-131da8319712 tempest-VolumeQuotasAdminTestJSON-396278536 tempest-VolumeQuotasAdminTestJSON-396278536-project] Empty body provided in request {{(pid=100296) get_body /opt/stack/cinder/cinder/api/openstack/wsgi.py:703}}
Aug 07 13:11:37.451106 dv-cinder-803823-1-iscsi devstack@c-api.service[100296]: /usr/local/lib/python3.8/dist-packages/webob/acceptparse.py:1047: DeprecationWarning: The behavior of AcceptValidHeader.best_match is currently being maintained for backward compatibility, but it will be deprecated in the future, as it does not conform to the RFC.
Aug 07 13:11:37.451106 dv-cinder-803823-1-iscsi devstack@c-api.service[100296]: warnings.warn(
Aug 07 13:11:37.451428 dv-cinder-803823-1-iscsi devstack@c-api.service[100296]: DEBUG cinder.api.openstack.wsgi [None req-0f6fd2d8-a12f-4728-8088-131da8319712 tempest-VolumeQuotasAdminTestJSON-396278536 tempest-VolumeQuotasAdminTestJSON-396278536-project] Calling method 'show' {{(pid=100296) _process_stack /opt/stack/cinder/cinder/api/openstack/wsgi.py:856}}
Aug 07 13:11:37.492466 dv-cinder-803823-1-iscsi devstack@c-api.service[100296]: /usr/local/lib/python3.8/dist-packages/oslo_context/context.py:105: DeprecationWarning: Policy enforcement is depending on the value of is_admin. This key is deprecated. Please update your policy file to use the standard policy values.
Aug 07 13:11:37.492466 dv-cinder-803823-1-iscsi devstack@c-api.service[100296]: warnings.warn('Policy enforcement is depending on the value of '
Aug 07 13:11:37.515883 dv-cinder-803823-1-iscsi devstack@c-api.service[100296]: INFO cinder.volume.api [None req-0f6fd2d8-a12f-4728-8088-131da8319712 tempest-VolumeQuotasAdminTestJSON-396278536 tempest-VolumeQuotasAdminTestJSON-396278536-project] Volume info retrieved successfully.
Aug 07 13:11:37.551013 dv-cinder-803823-1-iscsi devstack@c-api.service[100296]: INFO cinder.api.openstack.wsgi [None req-0f6fd2d8-a12f-4728-8088-131da8319712 tempest-VolumeQuotasAdminTestJSON-396278536 tempest-VolumeQuotasAdminTestJSON-396278536-project] http://10.222.0.68/volume/v3/e4ad2a7a028e44c9839f7ee7c6663c80/volumes/631ca940-ea76-4ac2-bbe9-7f0ae8540c3b returned with HTTP 200
Aug 07 13:11:37.553847 dv-cinder-803823-1-iscsi devstack@c-api.service[100296]: [pid: 100296|app: 0|req: 29/52] 10.222.0.68 () {58 vars in 1325 bytes} [Sat Aug 7 13:11:37 2021] GET /volume/v3/e4ad2a7a028e44c9839f7ee7c6663c80/volumes/631ca940-ea76-4ac2-bbe9-7f0ae8540c3b => generated 916 bytes in 107 msecs (HTTP/1.1 200) 7 headers in 285 bytes (1 switches on core 0)
Aug 07 13:11:38.115129 dv-cinder-803823-1-iscsi devstack@c-api.service[100295]: INFO cinder.api.openstack.wsgi [None req-2f2d7a76-d551-449c-968a-52034dd55b7b tempest-GroupSnapshotsTest-854347009 tempest-GroupSnapshotsTest-854347009-project] GET http://10.222.0.68/volume/v3/c8e52fa88d804098a3e5bf95deb4a376/group_snapshots/d6a1232c-c88f-424c-92a9-3d58f60fade8
Aug 07 13:11:38.115647 dv-cinder-803823-1-iscsi devstack@c-api.service[100295]: DEBUG cinder.api.openstack.wsgi [None req-2f2d7a76-d551-449c-968a-52034dd55b7b tempest-GroupSnapshotsTest-854347009 tempest-GroupSnapshotsTest-854347009-project] Empty body provided in request {{(pid=100295) get_body /opt/stack/cinder/cinder/api/openstack/wsgi.py:703}}
Aug 07 13:11:38.115981 dv-cinder-803823-1-iscsi devstack@c-api.service[100295]: /usr/local/lib/python3.8/dist-packages/webob/acceptparse.py:1047: DeprecationWarning: The behavior of AcceptValidHeader.best_match is currently being maintained for backward compatibility, but it will be deprecated in the future, as it does not conform to the RFC.
Aug 07 13:11:38.115981 dv-cinder-803823-1-iscsi devstack@c-api.service[100295]: warnings.warn(
Aug 07 13:11:38.116634 dv-cinder-803823-1-iscsi devstack@c-api.service[100295]: DEBUG cinder.api.openstack.wsgi [None req-2f2d7a76-d551-449c-968a-52034dd55b7b tempest-GroupSnapshotsTest-854347009 tempest-GroupSnapshotsTest-854347009-project] Calling method 'version_select' {{(pid=100295) _process_stack /opt/stack/cinder/cinder/api/openstack/wsgi.py:856}}
Aug 07 13:11:38.117946 dv-cinder-803823-1-iscsi devstack@c-api.service[100295]: DEBUG cinder.api.v3.group_snapshots [None req-2f2d7a76-d551-449c-968a-52034dd55b7b tempest-GroupSnapshotsTest-854347009 tempest-GroupSnapshotsTest-854347009-project] show called for member d6a1232c-c88f-424c-92a9-3d58f60fade8 {{(pid=100295) show /opt/stack/cinder/cinder/api/v3/group_snapshots.py:58}}
Aug 07 13:11:38.150098 dv-cinder-803823-1-iscsi devstack@c-api.service[100295]: /usr/local/lib/python3.8/dist-packages/oslo_context/context.py:105: DeprecationWarning: Policy enforcement is depending on the value of is_admin. This key is deprecated. Please update your policy file to use the standard policy values.
Aug 07 13:11:38.150098 dv-cinder-803823-1-iscsi devstack@c-api.service[100295]: warnings.warn('Policy enforcement is depending on the value of '
Aug 07 13:11:38.176914 dv-cinder-803823-1-iscsi devstack@c-api.service[100295]: INFO cinder.api.openstack.wsgi [None req-2f2d7a76-d551-449c-968a-52034dd55b7b tempest-GroupSnapshotsTest-854347009 tempest-GroupSnapshotsTest-854347009-project] http://10.222.0.68/volume/v3/c8e52fa88d804098a3e5bf95deb4a376/group_snapshots/d6a1232c-c88f-424c-92a9-3d58f60fade8 returned with HTTP 200
Aug 07 13:11:38.180989 dv-cinder-803823-1-iscsi devstack@c-api.service[100295]: [pid: 100295|app: 0|req: 24/53] 10.222.0.68 () {60 vars in 1390 bytes} [Sat Aug 7 13:11:38 2021] GET /volume/v3/c8e52fa88d804098a3e5bf95deb4a376/group_snapshots/d6a1232c-c88f-424c-92a9-3d58f60fade8 => generated 307 bytes in 71 msecs (HTTP/1.1 200) 7 headers in 286 bytes (1 switches on core 0)
Aug 07 13:11:38.341297 dv-cinder-803823-1-iscsi devstack@c-api.service[100296]: INFO cinder.api.openstack.wsgi [None req-443d56cd-4f6c-4cc8-ad17-b7102688f97c tempest-VolumesTestJSON-108603058 tempest-VolumesTestJSON-108603058-project] GET http://10.222.0.68/volume/v3/9ee3469b000344bfb419c387cb302aa1/volumes/fd5d25e4-dc16-440d-806a-269df24e816f
Aug 07 13:11:38.341899 dv-cinder-803823-1-iscsi devstack@c-api.service[100296]: DEBUG cinder.api.openstack.wsgi [None req-443d56cd-4f6c-4cc8-ad17-b7102688f97c tempest-VolumesTestJSON-108603058 tempest-VolumesTestJSON-108603058-project] Empty body provided in request {{(pid=100296) get_body /opt/stack/cinder/cinder/api/openstack/wsgi.py:703}}
Aug 07 13:11:38.342263 dv-cinder-803823-1-iscsi devstack@c-api.service[100296]: /usr/local/lib/python3.8/dist-packages/webob/acceptparse.py:1047: DeprecationWarning: The behavior of AcceptValidHeader.best_match is currently being maintained for backward compatibility, but it will be deprecated in the future, as it does not conform to the RFC.
Aug 07 13:11:38.342263 dv-cinder-803823-1-iscsi devstack@c-api.service[100296]: warnings.warn(
Aug 07 13:11:38.342856 dv-cinder-803823-1-iscsi devstack@c-api.service[100296]: DEBUG cinder.api.openstack.wsgi [None req-443d56cd-4f6c-4cc8-ad17-b7102688f97c tempest-VolumesTestJSON-108603058 tempest-VolumesTestJSON-108603058-project] Calling method 'show' {{(pid=100296) _process_stack /opt/stack/cinder/cinder/api/openstack/wsgi.py:856}}
